[INFO] fetching crate xkb_evdev_trans 0.1.2...
[INFO] testing xkb_evdev_trans-0.1.2 against 1.100.0-beta.1+cargoflags=--release for beta-release-1.100-2
[INFO] extracting crate xkb_evdev_trans 0.1.2 into /workspace/builds/worker-0-tc2/source
[INFO] started tweaking crates.io crate xkb_evdev_trans 0.1.2
[INFO] removed 0 missing examples
[INFO] finished tweaking crates.io crate xkb_evdev_trans 0.1.2
[INFO] tweaked toml for crates.io crate xkb_evdev_trans 0.1.2 written to /workspace/builds/worker-0-tc2/source/Cargo.toml
[INFO] validating manifest of crates.io crate xkb_evdev_trans 0.1.2 on toolchain 1.100.0-beta.1
[INFO] running `Command { std: CARGO_HOME="/workspace/cargo-home" RUSTUP_HOME="/workspace/rustup-home" "/workspace/cargo-home/bin/cargo" "+1.100.0-beta.1" "metadata" "--manifest-path" "Cargo.toml" "--no-deps", kill_on_drop: false }`
[INFO] crate crates.io crate xkb_evdev_trans 0.1.2 already has a lockfile, it will not be regenerated
[INFO] running `Command { std: CARGO_HOME="/workspace/cargo-home" RUSTUP_HOME="/workspace/rustup-home" "/workspace/cargo-home/bin/cargo" "+1.100.0-beta.1" "fetch" "--manifest-path" "Cargo.toml", kill_on_drop: false }`
[INFO] running `Command { std: "docker" "create" "-v" "/var/lib/crater-agent-workspace/builds/worker-0-tc2/source:/opt/rustwide/workdir:ro,Z" "-v" "/var/lib/crater-agent-workspace/builds/worker-0-tc2/target:/opt/rustwide/target:rw,Z" "-v" "/var/lib/crater-agent-workspace/cargo-home:/opt/rustwide/cargo-home:ro,Z" "-v" "/var/lib/crater-agent-workspace/rustup-home:/opt/rustwide/rustup-home:ro,Z" "-m" "1610612736" "--network" "none" "ghcr.io/rust-lang/crates-build-env/linux@sha256:77db811e55d90add9212f6832c23229e3de5f1c1f9905e8cb07319ea15df73ac" "sleep" "infinity", kill_on_drop: false }`
[INFO] [stdout] 346996c0918fc7798b8b6a71c0775f8feca5755bf1c435049463a9251c95ab95
[INFO] running `Command { std: "docker" "start" "346996c0918fc7798b8b6a71c0775f8feca5755bf1c435049463a9251c95ab95", kill_on_drop: false }`
[INFO] running `Command { std: "docker" "inspect" "346996c0918fc7798b8b6a71c0775f8feca5755bf1c435049463a9251c95ab95", kill_on_drop: false }`
[INFO] running `Command { std: "docker" "exec" "-e" "SOURCE_DIR=/opt/rustwide/workdir" "-e" "CARGO_HOME=/opt/rustwide/cargo-home" "-e" "RUSTUP_HOME=/opt/rustwide/rustup-home" "-e" "CARGO_TARGET_DIR=/opt/rustwide/target" "-w" "/opt/rustwide/workdir" "--user" "0:0" "346996c0918fc7798b8b6a71c0775f8feca5755bf1c435049463a9251c95ab95" "/opt/rustwide/cargo-home/bin/cargo" "+1.100.0-beta.1" "metadata" "--no-deps" "--format-version=1", kill_on_drop: false }`
[INFO] running `Command { std: "docker" "inspect" "346996c0918fc7798b8b6a71c0775f8feca5755bf1c435049463a9251c95ab95", kill_on_drop: false }`
[INFO] running `Command { std: "docker" "exec" "-e" "SOURCE_DIR=/opt/rustwide/workdir" "-e" "CARGO_HOME=/opt/rustwide/cargo-home" "-e" "RUSTUP_HOME=/opt/rustwide/rustup-home" "-e" "CARGO_TARGET_DIR=/opt/rustwide/target" "-e" "CARGO_INCREMENTAL=0" "-e" "RUST_BACKTRACE=full" "-e" "RUSTFLAGS=--cap-lints=warn" "-e" "RUSTDOCFLAGS=--cap-lints=warn" "-w" "/opt/rustwide/workdir" "--user" "0:0" "346996c0918fc7798b8b6a71c0775f8feca5755bf1c435049463a9251c95ab95" "/opt/rustwide/cargo-home/bin/cargo" "+1.100.0-beta.1" "build" "--frozen" "--message-format=json" "--release", kill_on_drop: false }`
[INFO] [stderr]    Compiling memchr v2.7.4
[INFO] [stderr]    Compiling glob v0.3.2
[INFO] [stderr]    Compiling proc-macro2 v1.0.94
[INFO] [stderr]    Compiling pkg-config v0.3.32
[INFO] [stderr]    Compiling rustix v0.38.44
[INFO] [stderr]    Compiling unicode-ident v1.0.18
[INFO] [stderr]    Compiling libc v0.2.171
[INFO] [stderr]    Compiling bitflags v2.9.0
[INFO] [stderr]    Compiling linux-raw-sys v0.4.15
[INFO] [stderr]    Compiling syn v1.0.109
[INFO] [stderr]    Compiling regex-syntax v0.8.5
[INFO] [stderr]    Compiling bindgen v0.63.0
[INFO] [stderr]    Compiling home v0.5.11
[INFO] [stderr]    Compiling libloading v0.8.6
[INFO] [stderr]    Compiling either v1.15.0
[INFO] [stderr]    Compiling cc v1.2.20
[INFO] [stderr]    Compiling lazy_static v1.5.0
[INFO] [stderr]    Compiling log v0.4.27
[INFO] [stderr]    Compiling clang-sys v1.8.1
[INFO] [stderr]    Compiling nom v7.1.3
[INFO] [stderr]    Compiling quick-xml v0.30.0
[INFO] [stderr]    Compiling quote v1.0.40
[INFO] [stderr]    Compiling xcb v1.5.0
[INFO] [stderr]    Compiling evdev-sys v0.2.5
[INFO] [stderr]    Compiling evdev-rs v0.6.1
[INFO] [stderr]    Compiling cexpr v0.6.0
[INFO] [stderr]    Compiling regex-automata v0.4.9
[INFO] [stderr]    Compiling which v4.4.2
[INFO] [stderr]    Compiling regex v1.11.1
[INFO] [stderr]    Compiling xkbcommon-sys v1.4.1
[INFO] [stderr]    Compiling xkb_evdev_trans v0.1.2 (/opt/rustwide/workdir)
[INFO] [stdout] warning: unused variable: `num_layouts`
[INFO] [stdout]   --> src/lib.rs:99:45
[INFO] [stdout]    |
[INFO] [stdout] 99 |         fn new(ch: char, keysyms: Vec<u32>, num_layouts: u32) -> Symbol {
[INFO] [stdout]    |                                             ^^^^^^^^^^^ help: if this is intentional, prefix it with an underscore: `_num_layouts`
[INFO] [stdout]    |
[INFO] [stdout]    = note: `#[warn(unused_variables)]` (part of `#[warn(unused)]`) on by default
[INFO] [stdout] 
[INFO] [stdout] 
[INFO] [stdout] warning: unused variable: `context`
[INFO] [stdout]    --> src/lib.rs:343:22
[INFO] [stdout]     |
[INFO] [stdout] 343 |         fn init_data(context: *mut xkb_context, keymap: *mut xkb_keymap, all_levels: bool) -> Result<Keymap, KMError> {
[INFO] [stdout]     |                      ^^^^^^^ help: if this is intentional, prefix it with an underscore: `_context`
[INFO] [stdout] 
[INFO] [stdout] 
[INFO] [stdout] warning: enum `CodeType` is never used
[INFO] [stdout]   --> src/map_builder.rs:50:6
[INFO] [stdout]    |
[INFO] [stdout] 50 | enum CodeType {
[INFO] [stdout]    |      ^^^^^^^^
[INFO] [stdout]    |
[INFO] [stdout]    = note: `#[warn(dead_code)]` (part of `#[warn(unused)]`) on by default
[INFO] [stdout] 
[INFO] [stdout] 
[INFO] [stderr]     Finished `release` profile [optimized] target(s) in 23.86s
[INFO] running `Command { std: "docker" "inspect" "346996c0918fc7798b8b6a71c0775f8feca5755bf1c435049463a9251c95ab95", kill_on_drop: false }`
[INFO] running `Command { std: "docker" "exec" "-e" "SOURCE_DIR=/opt/rustwide/workdir" "-e" "CARGO_HOME=/opt/rustwide/cargo-home" "-e" "RUSTUP_HOME=/opt/rustwide/rustup-home" "-e" "CARGO_TARGET_DIR=/opt/rustwide/target" "-e" "CARGO_INCREMENTAL=0" "-e" "RUST_BACKTRACE=full" "-e" "RUSTFLAGS=--cap-lints=warn" "-e" "RUSTDOCFLAGS=--cap-lints=warn" "-w" "/opt/rustwide/workdir" "--user" "0:0" "346996c0918fc7798b8b6a71c0775f8feca5755bf1c435049463a9251c95ab95" "/opt/rustwide/cargo-home/bin/cargo" "+1.100.0-beta.1" "test" "--frozen" "--no-run" "--message-format=json" "--release", kill_on_drop: false }`
[INFO] [stderr]    Compiling xkb_evdev_trans v0.1.2 (/opt/rustwide/workdir)
[INFO] [stdout] warning: unused variable: `num_layouts`
[INFO] [stdout]   --> src/lib.rs:99:45
[INFO] [stdout]    |
[INFO] [stdout] 99 |         fn new(ch: char, keysyms: Vec<u32>, num_layouts: u32) -> Symbol {
[INFO] [stdout]    |                                             ^^^^^^^^^^^ help: if this is intentional, prefix it with an underscore: `_num_layouts`
[INFO] [stdout]    |
[INFO] [stdout]    = note: `#[warn(unused_variables)]` (part of `#[warn(unused)]`) on by default
[INFO] [stdout] 
[INFO] [stdout] 
[INFO] [stdout] warning: unused variable: `context`
[INFO] [stdout]    --> src/lib.rs:343:22
[INFO] [stdout]     |
[INFO] [stdout] 343 |         fn init_data(context: *mut xkb_context, keymap: *mut xkb_keymap, all_levels: bool) -> Result<Keymap, KMError> {
[INFO] [stdout]     |                      ^^^^^^^ help: if this is intentional, prefix it with an underscore: `_context`
[INFO] [stdout] 
[INFO] [stdout] 
[INFO] [stdout] warning: enum `CodeType` is never used
[INFO] [stdout]   --> src/map_builder.rs:50:6
[INFO] [stdout]    |
[INFO] [stdout] 50 | enum CodeType {
[INFO] [stdout]    |      ^^^^^^^^
[INFO] [stdout]    |
[INFO] [stdout]    = note: `#[warn(dead_code)]` (part of `#[warn(unused)]`) on by default
[INFO] [stdout] 
[INFO] [stdout] 
[INFO] [stdout] warning: unused variable: `num_layouts`
[INFO] [stdout]   --> src/lib.rs:99:45
[INFO] [stdout]    |
[INFO] [stdout] 99 |         fn new(ch: char, keysyms: Vec<u32>, num_layouts: u32) -> Symbol {
[INFO] [stdout]    |                                             ^^^^^^^^^^^ help: if this is intentional, prefix it with an underscore: `_num_layouts`
[INFO] [stdout]    |
[INFO] [stdout]    = note: `#[warn(unused_variables)]` (part of `#[warn(unused)]`) on by default
[INFO] [stdout] 
[INFO] [stdout] 
[INFO] [stdout] warning: unused variable: `context`
[INFO] [stdout]    --> src/lib.rs:343:22
[INFO] [stdout]     |
[INFO] [stdout] 343 |         fn init_data(context: *mut xkb_context, keymap: *mut xkb_keymap, all_levels: bool) -> Result<Keymap, KMError> {
[INFO] [stdout]     |                      ^^^^^^^ help: if this is intentional, prefix it with an underscore: `_context`
[INFO] [stdout] 
[INFO] [stdout] 
[INFO] [stdout] warning: enum `CodeType` is never used
[INFO] [stdout]   --> src/map_builder.rs:50:6
[INFO] [stdout]    |
[INFO] [stdout] 50 | enum CodeType {
[INFO] [stdout]    |      ^^^^^^^^
[INFO] [stdout]    |
[INFO] [stdout]    = note: `#[warn(dead_code)]` (part of `#[warn(unused)]`) on by default
[INFO] [stdout] 
[INFO] [stdout] 
[INFO] [stderr]     Finished `release` profile [optimized] target(s) in 2.96s
[INFO] running `Command { std: "docker" "inspect" "346996c0918fc7798b8b6a71c0775f8feca5755bf1c435049463a9251c95ab95", kill_on_drop: false }`
[INFO] running `Command { std: "docker" "exec" "-e" "SOURCE_DIR=/opt/rustwide/workdir" "-e" "CARGO_HOME=/opt/rustwide/cargo-home" "-e" "RUSTUP_HOME=/opt/rustwide/rustup-home" "-e" "CARGO_TARGET_DIR=/opt/rustwide/target" "-e" "CARGO_INCREMENTAL=0" "-e" "RUST_BACKTRACE=full" "-e" "RUSTFLAGS=--cap-lints=warn" "-e" "RUSTDOCFLAGS=--cap-lints=warn" "-w" "/opt/rustwide/workdir" "--user" "0:0" "346996c0918fc7798b8b6a71c0775f8feca5755bf1c435049463a9251c95ab95" "/opt/rustwide/cargo-home/bin/cargo" "+1.100.0-beta.1" "test" "--frozen" "--release", kill_on_drop: false }`
[INFO] [stderr] warning: unused variable: `num_layouts`
[INFO] [stderr]   --> src/lib.rs:99:45
[INFO] [stderr]    |
[INFO] [stderr] 99 |         fn new(ch: char, keysyms: Vec<u32>, num_layouts: u32) -> Symbol {
[INFO] [stderr]    |                                             ^^^^^^^^^^^ help: if this is intentional, prefix it with an underscore: `_num_layouts`
[INFO] [stderr]    |
[INFO] [stderr]    = note: `#[warn(unused_variables)]` (part of `#[warn(unused)]`) on by default
[INFO] [stderr] 
[INFO] [stderr] warning: unused variable: `context`
[INFO] [stderr]    --> src/lib.rs:343:22
[INFO] [stderr]     |
[INFO] [stderr] 343 |         fn init_data(context: *mut xkb_context, keymap: *mut xkb_keymap, all_levels: bool) -> Result<Keymap, KMError> {
[INFO] [stderr]     |                      ^^^^^^^ help: if this is intentional, prefix it with an underscore: `_context`
[INFO] [stderr] 
[INFO] [stderr] warning: enum `CodeType` is never used
[INFO] [stderr]   --> src/map_builder.rs:50:6
[INFO] [stderr]    |
[INFO] [stderr] 50 | enum CodeType {
[INFO] [stderr]    |      ^^^^^^^^
[INFO] [stderr]    |
[INFO] [stderr]    = note: `#[warn(dead_code)]` (part of `#[warn(unused)]`) on by default
[INFO] [stderr] 
[INFO] [stderr] warning: `xkb_evdev_trans` (lib) generated 3 warnings (run `cargo fix --lib -p xkb_evdev_trans` to apply 2 suggestions)
[INFO] [stderr] warning: `xkb_evdev_trans` (lib test) generated 3 warnings (3 duplicates)
[INFO] [stderr]     Finished `release` profile [optimized] target(s) in 0.08s
[INFO] [stderr]      Running unittests src/lib.rs (/opt/rustwide/target/release/build/xkb_evdev_trans/1857cb27b53002ec/out/xkb_evdev_trans-1857cb27b53002ec)
[INFO] [stdout] 
[INFO] [stdout] running 6 tests
[INFO] [stdout] test tests::stuff_is_public_enough ... FAILED
[INFO] [stderr] xkbcommon: ERROR: [XKB-338] Couldn't find file "symbols/this_should_not_exist" in include paths
[INFO] [stderr] xkbcommon: ERROR: [XKB-338] 1 include paths searched:
[INFO] [stderr] xkbcommon: ERROR: [XKB-338] 	/usr/share/X11/xkb
[INFO] [stderr] xkbcommon: ERROR: [XKB-338] 3 include paths could not be added:
[INFO] [stderr] xkbcommon: ERROR: [XKB-338] 	/root/.config/xkb
[INFO] [stderr] xkbcommon: ERROR: [XKB-338] 	/root/.xkb
[INFO] [stderr] xkbcommon: ERROR: [XKB-338] 	/etc/xkb
[INFO] [stderr] xkbcommon: ERROR: [XKB-661] Couldn't process include statement for 'this_should_not_exist'
[INFO] [stderr] xkbcommon: ERROR: [XKB-769] Abandoning symbols file "(unnamed map)"
[INFO] [stderr] xkbcommon: ERROR: Failed to compile xkb_symbols
[INFO] [stderr] xkbcommon: ERROR: [XKB-822] Failed to compile keymap
[INFO] [stdout] test tests::load_invalid_keymap ... ok
[INFO] [stdout] test map_builder::test::test_builder_xkb ... ok
[INFO] [stdout] test tests::load_keymap ... ok
[INFO] [stderr] error: test failed, to rerun pass `--lib`
[INFO] [stdout] test map_builder::test::test_builder_evdev ... FAILED
[INFO] [stdout] test map_builder::test::test_builder_xkb_hw ... ok
[INFO] [stdout] 
[INFO] [stdout] failures:
[INFO] [stdout] 
[INFO] [stdout] ---- tests::stuff_is_public_enough stdout ----
[INFO] [stdout] 
[INFO] [stdout] thread 'tests::stuff_is_public_enough' (1044) panicked at src/lib.rs:494:53:
[INFO] [stdout] called `Result::unwrap()` on an `Err` value: KMError { message: "Error creating XCB connection" }
[INFO] [stdout] stack backtrace:
[INFO] [stdout]    0:     0x5846db8bf4c1 - <<std[617be2ca0a6fd877]::sys::backtrace::BacktraceLock>::print::DisplayBacktrace as core[a373ad73a504971]::fmt::Display>::fmt
[INFO] [stdout]    1:     0x5846db8d4afa - core[a373ad73a504971]::fmt::write
[INFO] [stdout]    2:     0x5846db8c36dc - <alloc[2e1b2a31b91974c5]::vec::Vec<u8> as core[a373ad73a504971]::io::write::Write>::write_fmt
[INFO] [stdout]    3:     0x5846db89b926 - std[617be2ca0a6fd877]::panicking::default_hook::{closure#0}
[INFO] [stdout]    4:     0x5846db8b7b59 - std[617be2ca0a6fd877]::panicking::default_hook
[INFO] [stdout]    5:     0x5846db853d20 - test[aada8e7e76ba119b]::test_main_inner::{closure#0}
[INFO] [stdout]    6:     0x5846db8b7d12 - std[617be2ca0a6fd877]::panicking::panic_with_hook
[INFO] [stdout]    7:     0x5846db89b9d2 - std[617be2ca0a6fd877]::panicking::panic_handler::{closure#0}
[INFO] [stdout]    8:     0x5846db8946e9 - std[617be2ca0a6fd877]::sys::backtrace::__rust_end_short_backtrace::<std[617be2ca0a6fd877]::panicking::panic_handler::{closure#0}, !>
[INFO] [stdout]    9:     0x5846db89c5dd - __rustc[ea4f61d10b84890b]::rust_begin_unwind
[INFO] [stdout]   10:     0x5846db8d522c - core[a373ad73a504971]::panicking::panic_fmt
[INFO] [stdout]   11:     0x5846db8d5002 - core[a373ad73a504971]::result::unwrap_failed
[INFO] [stdout]   12:     0x5846db8392e1 - <xkb_evdev_trans[f3d4bc6c3fac2756]::tests::stuff_is_public_enough::{closure#0} as core[a373ad73a504971]::ops::function::FnOnce<()>>::call_once
[INFO] [stdout]   13:     0x5846db84716b - test[aada8e7e76ba119b]::__rust_begin_short_backtrace::<core[a373ad73a504971]::result::Result<(), alloc[2e1b2a31b91974c5]::string::String>, fn() -> core[a373ad73a504971]::result::Result<(), alloc[2e1b2a31b91974c5]::string::String>>
[INFO] [stdout]   14:     0x5846db854345 - test[aada8e7e76ba119b]::run_test::{closure#0}
[INFO] [stdout]   15:     0x5846db84dc34 - std[617be2ca0a6fd877]::sys::backtrace::__rust_begin_short_backtrace::<test[aada8e7e76ba119b]::run_test::{closure#1}, ()>
[INFO] [stdout]   16:     0x5846db8573d2 - <std[617be2ca0a6fd877]::thread::lifecycle::spawn_unchecked<test[aada8e7e76ba119b]::run_test::{closure#1}, ()>::{closure#1} as core[a373ad73a504971]::ops::function::FnOnce<()>>::call_once::{shim:vtable#0}
[INFO] [stdout]   17:     0x5846db8bed1f - <std[617be2ca0a6fd877]::sys::thread::unix::Thread>::new::thread_start
[INFO] [stdout]   18:     0x7e31aaaeedfa - <unknown>
[INFO] [stdout]   19:     0x7e31aab823d4 - clone
[INFO] [stdout]   20:                0x0 - <unknown>
[INFO] [stdout] 
[INFO] [stdout] ---- map_builder::test::test_builder_evdev stdout ----
[INFO] [stdout] 
[INFO] [stdout] thread 'map_builder::test::test_builder_evdev' (1039) panicked at src/map_builder.rs:845:9:
[INFO] [stdout] assertion `left == right` failed
[INFO] [stdout]   left: "XF86Select"
[INFO] [stdout]  right: "KEY_SELECT"
[INFO] [stdout] stack backtrace:
[INFO] [stdout]    0:     0x5846db8bf4c1 - <<std[617be2ca0a6fd877]::sys::backtrace::BacktraceLock>::print::DisplayBacktrace as core[a373ad73a504971]::fmt::Display>::fmt
[INFO] [stdout]    1:     0x5846db8d4afa - core[a373ad73a504971]::fmt::write
[INFO] [stdout]    2:     0x5846db8c36dc - <alloc[2e1b2a31b91974c5]::vec::Vec<u8> as core[a373ad73a504971]::io::write::Write>::write_fmt
[INFO] [stdout]    3:     0x5846db89b926 - std[617be2ca0a6fd877]::panicking::default_hook::{closure#0}
[INFO] [stdout]    4:     0x5846db8b7b59 - std[617be2ca0a6fd877]::panicking::default_hook
[INFO] [stdout]    5:     0x5846db853d20 - test[aada8e7e76ba119b]::test_main_inner::{closure#0}
[INFO] [stdout]    6:     0x5846db8b7d12 - std[617be2ca0a6fd877]::panicking::panic_with_hook
[INFO] [stdout]    7:     0x5846db89b9d2 - std[617be2ca0a6fd877]::panicking::panic_handler::{closure#0}
[INFO] [stdout]    8:     0x5846db8946e9 - std[617be2ca0a6fd877]::sys::backtrace::__rust_end_short_backtrace::<std[617be2ca0a6fd877]::panicking::panic_handler::{closure#0}, !>
[INFO] [stdout]    9:     0x5846db89c5dd - __rustc[ea4f61d10b84890b]::rust_begin_unwind
[INFO] [stdout]   10:     0x5846db8d522c - core[a373ad73a504971]::panicking::panic_fmt
[INFO] [stdout]   11:     0x5846db8d5143 - core[a373ad73a504971]::panicking::assert_failed_inner
[INFO] [stdout]   12:     0x5846db83a6f4 - core[a373ad73a504971]::panicking::assert_failed::<alloc[2e1b2a31b91974c5]::string::String, &str>
[INFO] [stdout]   13:     0x5846db82de6e - <xkb_evdev_trans[f3d4bc6c3fac2756]::map_builder::test::test_builder_evdev::{closure#0} as core[a373ad73a504971]::ops::function::FnOnce<()>>::call_once
[INFO] [stdout]   14:     0x5846db84716b - test[aada8e7e76ba119b]::__rust_begin_short_backtrace::<core[a373ad73a504971]::result::Result<(), alloc[2e1b2a31b91974c5]::string::String>, fn() -> core[a373ad73a504971]::result::Result<(), alloc[2e1b2a31b91974c5]::string::String>>
[INFO] [stdout]   15:     0x5846db854345 - test[aada8e7e76ba119b]::run_test::{closure#0}
[INFO] [stdout]   16:     0x5846db84dc34 - std[617be2ca0a6fd877]::sys::backtrace::__rust_begin_short_backtrace::<test[aada8e7e76ba119b]::run_test::{closure#1}, ()>
[INFO] [stdout]   17:     0x5846db8573d2 - <std[617be2ca0a6fd877]::thread::lifecycle::spawn_unchecked<test[aada8e7e76ba119b]::run_test::{closure#1}, ()>::{closure#1} as core[a373ad73a504971]::ops::function::FnOnce<()>>::call_once::{shim:vtable#0}
[INFO] [stdout]   18:     0x5846db8bed1f - <std[617be2ca0a6fd877]::sys::thread::unix::Thread>::new::thread_start
[INFO] [stdout]   19:     0x7e31aaaeedfa - <unknown>
[INFO] [stdout]   20:     0x7e31aab823d4 - clone
[INFO] [stdout]   21:                0x0 - <unknown>
[INFO] [stdout] 
[INFO] [stdout] 
[INFO] [stdout] failures:
[INFO] [stdout]     map_builder::test::test_builder_evdev
[INFO] [stdout]     tests::stuff_is_public_enough
[INFO] [stdout] 
[INFO] [stdout] test result: FAILED. 4 passed; 2 failed; 0 ignored; 0 measured; 0 filtered out; finished in 0.03s
[INFO] [stdout] 
[INFO] running `Command { std: "docker" "inspect" "346996c0918fc7798b8b6a71c0775f8feca5755bf1c435049463a9251c95ab95", kill_on_drop: false }`
[INFO] running `Command { std: "docker" "rm" "-f" "346996c0918fc7798b8b6a71c0775f8feca5755bf1c435049463a9251c95ab95", kill_on_drop: false }`
[INFO] [stdout] 346996c0918fc7798b8b6a71c0775f8feca5755bf1c435049463a9251c95ab95
