[INFO] fetching crate xisftool 0.5.1...
[INFO] testing xisftool-0.5.1 against 1.99.0-beta.8+cargoflags=--release for beta-release-1.100-2
[INFO] extracting crate xisftool 0.5.1 into /workspace/builds/worker-7-tc1/source
[INFO] started tweaking crates.io crate xisftool 0.5.1
[INFO] removed 0 missing tests
[INFO] finished tweaking crates.io crate xisftool 0.5.1
[INFO] tweaked toml for crates.io crate xisftool 0.5.1 written to /workspace/builds/worker-7-tc1/source/Cargo.toml
[INFO] validating manifest of crates.io crate xisftool 0.5.1 on toolchain 1.99.0-beta.8
[INFO] running `Command { std: CARGO_HOME="/workspace/cargo-home" RUSTUP_HOME="/workspace/rustup-home" "/workspace/cargo-home/bin/cargo" "+1.99.0-beta.8" "metadata" "--manifest-path" "Cargo.toml" "--no-deps", kill_on_drop: false }`
[INFO] crate crates.io crate xisftool 0.5.1 already has a lockfile, it will not be regenerated
[INFO] running `Command { std: CARGO_HOME="/workspace/cargo-home" RUSTUP_HOME="/workspace/rustup-home" "/workspace/cargo-home/bin/cargo" "+1.99.0-beta.8" "fetch" "--manifest-path" "Cargo.toml", kill_on_drop: false }`
[INFO] [stderr]     Updating crates.io index
[INFO] [stderr]  Downloading crates ...
[INFO] [stderr]   Downloaded zrip-core v0.10.1
[INFO] [stderr]   Downloaded zrip-encode v0.8.7
[INFO] [stderr]   Downloaded zrip v0.8.8
[INFO] [stderr]   Downloaded zrip-decode v0.8.7
[INFO] [stderr]   Downloaded xisf v0.5.1
[INFO] [stderr]   Downloaded xisf-core v0.5.1
[INFO] running `Command { std: "docker" "create" "-v" "/var/lib/crater-agent-workspace/builds/worker-7-tc1/source:/opt/rustwide/workdir:ro,Z" "-v" "/var/lib/crater-agent-workspace/builds/worker-7-tc1/target:/opt/rustwide/target:rw,Z" "-v" "/var/lib/crater-agent-workspace/cargo-home:/opt/rustwide/cargo-home:ro,Z" "-v" "/var/lib/crater-agent-workspace/rustup-home:/opt/rustwide/rustup-home:ro,Z" "-m" "1610612736" "--network" "none" "ghcr.io/rust-lang/crates-build-env/linux@sha256:77db811e55d90add9212f6832c23229e3de5f1c1f9905e8cb07319ea15df73ac" "sleep" "infinity", kill_on_drop: false }`
[INFO] [stdout] 89e1d473c25188104545f597a7d15b8f381501f197368428498378e21cd6bc96
[INFO] running `Command { std: "docker" "start" "89e1d473c25188104545f597a7d15b8f381501f197368428498378e21cd6bc96", kill_on_drop: false }`
[INFO] running `Command { std: "docker" "inspect" "89e1d473c25188104545f597a7d15b8f381501f197368428498378e21cd6bc96", kill_on_drop: false }`
[INFO] running `Command { std: "docker" "exec" "-e" "SOURCE_DIR=/opt/rustwide/workdir" "-e" "CARGO_HOME=/opt/rustwide/cargo-home" "-e" "RUSTUP_HOME=/opt/rustwide/rustup-home" "-e" "CARGO_TARGET_DIR=/opt/rustwide/target" "-w" "/opt/rustwide/workdir" "--user" "0:0" "89e1d473c25188104545f597a7d15b8f381501f197368428498378e21cd6bc96" "/opt/rustwide/cargo-home/bin/cargo" "+1.99.0-beta.8" "metadata" "--no-deps" "--format-version=1", kill_on_drop: false }`
[INFO] running `Command { std: "docker" "inspect" "89e1d473c25188104545f597a7d15b8f381501f197368428498378e21cd6bc96", kill_on_drop: false }`
[INFO] running `Command { std: "docker" "exec" "-e" "SOURCE_DIR=/opt/rustwide/workdir" "-e" "CARGO_HOME=/opt/rustwide/cargo-home" "-e" "RUSTUP_HOME=/opt/rustwide/rustup-home" "-e" "CARGO_TARGET_DIR=/opt/rustwide/target" "-e" "CARGO_INCREMENTAL=0" "-e" "RUST_BACKTRACE=full" "-e" "RUSTFLAGS=--cap-lints=warn" "-e" "RUSTDOCFLAGS=--cap-lints=warn" "-w" "/opt/rustwide/workdir" "--user" "0:0" "89e1d473c25188104545f597a7d15b8f381501f197368428498378e21cd6bc96" "/opt/rustwide/cargo-home/bin/cargo" "+1.99.0-beta.8" "build" "--frozen" "--message-format=json" "--release", kill_on_drop: false }`
[INFO] [stderr]    Compiling crc32fast v1.5.1
[INFO] [stderr]    Compiling zrip-core v0.10.1
[INFO] [stderr]    Compiling keccak v0.2.2
[INFO] [stderr]    Compiling sponge-cursor v0.1.0
[INFO] [stderr]    Compiling twox-hash v2.1.4
[INFO] [stderr]    Compiling quick-xml v0.42.0
[INFO] [stderr]    Compiling sha1 v0.11.0
[INFO] [stderr]    Compiling sha3 v0.12.0
[INFO] [stderr]    Compiling lz4_flex v0.14.0
[INFO] [stderr]    Compiling flate2 v1.1.10
[INFO] [stderr]    Compiling zrip-decode v0.8.7
[INFO] [stderr]    Compiling zrip-encode v0.8.7
[INFO] [stderr]    Compiling zrip v0.8.8
[INFO] [stderr]    Compiling xisf-core v0.5.1
[INFO] [stderr]    Compiling xisf v0.5.1
[INFO] [stderr]    Compiling xisftool v0.5.1 (/opt/rustwide/workdir)
[INFO] [stderr]     Finished `release` profile [optimized] target(s) in 15.07s
[INFO] running `Command { std: "docker" "inspect" "89e1d473c25188104545f597a7d15b8f381501f197368428498378e21cd6bc96", kill_on_drop: false }`
[INFO] running `Command { std: "docker" "exec" "-e" "SOURCE_DIR=/opt/rustwide/workdir" "-e" "CARGO_HOME=/opt/rustwide/cargo-home" "-e" "RUSTUP_HOME=/opt/rustwide/rustup-home" "-e" "CARGO_TARGET_DIR=/opt/rustwide/target" "-e" "CARGO_INCREMENTAL=0" "-e" "RUST_BACKTRACE=full" "-e" "RUSTFLAGS=--cap-lints=warn" "-e" "RUSTDOCFLAGS=--cap-lints=warn" "-w" "/opt/rustwide/workdir" "--user" "0:0" "89e1d473c25188104545f597a7d15b8f381501f197368428498378e21cd6bc96" "/opt/rustwide/cargo-home/bin/cargo" "+1.99.0-beta.8" "test" "--frozen" "--no-run" "--message-format=json" "--release", kill_on_drop: false }`
[INFO] [stderr]    Compiling xisftool v0.5.1 (/opt/rustwide/workdir)
[INFO] [stderr]     Finished `release` profile [optimized] target(s) in 0.97s
[INFO] running `Command { std: "docker" "inspect" "89e1d473c25188104545f597a7d15b8f381501f197368428498378e21cd6bc96", kill_on_drop: false }`
[INFO] running `Command { std: "docker" "exec" "-e" "SOURCE_DIR=/opt/rustwide/workdir" "-e" "CARGO_HOME=/opt/rustwide/cargo-home" "-e" "RUSTUP_HOME=/opt/rustwide/rustup-home" "-e" "CARGO_TARGET_DIR=/opt/rustwide/target" "-e" "CARGO_INCREMENTAL=0" "-e" "RUST_BACKTRACE=full" "-e" "RUSTFLAGS=--cap-lints=warn" "-e" "RUSTDOCFLAGS=--cap-lints=warn" "-w" "/opt/rustwide/workdir" "--user" "0:0" "89e1d473c25188104545f597a7d15b8f381501f197368428498378e21cd6bc96" "/opt/rustwide/cargo-home/bin/cargo" "+1.99.0-beta.8" "test" "--frozen" "--release", kill_on_drop: false }`
[INFO] [stderr]     Finished `release` profile [optimized] target(s) in 0.04s
[INFO] [stderr]      Running unittests src/main.rs (/opt/rustwide/target/release/deps/xisftool-3dd2bc3577b8e2c5)
[INFO] [stderr]      Running tests/cli.rs (/opt/rustwide/target/release/deps/cli-fa92119434c6bedb)
[INFO] [stdout] 
[INFO] [stdout] running 0 tests
[INFO] [stdout] 
[INFO] [stdout] test result: ok. 0 passed; 0 failed; 0 ignored; 0 measured; 0 filtered out; finished in 0.00s
[INFO] [stdout] 
[INFO] [stdout] 
[INFO] [stdout] running 13 tests
[INFO] [stdout] test the_tool_depends_on_the_public_library_only ... ok
[INFO] [stdout] test verify_fails_on_a_corrupted_block ... FAILED
[INFO] [stdout] test header_prints_parsable_xml ... FAILED
[INFO] [stdout] test verify_succeeds_on_an_intact_file ... FAILED
[INFO] [stdout] test info_reports_the_geometry_of_a_real_file ... FAILED
[INFO] [stdout] test help_and_version_work_without_a_file ... ok
[INFO] [stdout] test escape_sequences_in_a_header_are_shown_rather_than_executed ... ok
[INFO] [stdout] test verify_distinguishes_absent_checksums_from_passing_ones ... FAILED
[INFO] [stdout] test verbose_shows_fits_keywords_and_properties ... FAILED
[INFO] [stdout] test a_closed_pipe_is_not_a_panic ... ok
[INFO] [stdout] test dump_writes_exactly_the_pixel_bytes ... FAILED
[INFO] [stdout] test commands_accept_several_files ... FAILED
[INFO] [stdout] test bad_usage_is_reported_rather_than_ignored ... ok
[INFO] [stdout] 
[INFO] [stdout] failures:
[INFO] [stdout] 
[INFO] [stdout] ---- verify_fails_on_a_corrupted_block stdout ----
[INFO] [stdout] 
[INFO] [stdout] thread 'verify_fails_on_a_corrupted_block' (449) panicked at tests/cli.rs:103:42:
[INFO] [stdout] read: Os { code: 2, kind: NotFound, message: "No such file or directory" }
[INFO] [stdout] stack backtrace:
[INFO] [stdout]    0:     0x58aa9bc77b91 - <<std[70759c8f55707aa4]::sys::backtrace::BacktraceLock>::print::DisplayBacktrace as core[df12db4294e9bfd3]::fmt::Display>::fmt
[INFO] [stdout]    1:     0x58aa9bc8d06a - core[df12db4294e9bfd3]::fmt::write
[INFO] [stdout]    2:     0x58aa9bc7c32c - <alloc[2182bb758b4b3781]::vec::Vec<u8> as core[df12db4294e9bfd3]::io::write::Write>::write_fmt
[INFO] [stdout]    3:     0x58aa9bc51ad6 - std[70759c8f55707aa4]::panicking::default_hook::{closure#0}
[INFO] [stdout]    4:     0x58aa9bc6f149 - std[70759c8f55707aa4]::panicking::default_hook
[INFO] [stdout]    5:     0x58aa9bc09940 - test[9d35eded1c95d3be]::test_main_inner::<test[9d35eded1c95d3be]::test_main_static::{closure#0}>::{closure#0}
[INFO] [stdout]    6:     0x58aa9bc6f302 - std[70759c8f55707aa4]::panicking::panic_with_hook
[INFO] [stdout]    7:     0x58aa9bc51b82 - std[70759c8f55707aa4]::panicking::panic_handler::{closure#0}
[INFO] [stdout]    8:     0x58aa9bc4a659 - std[70759c8f55707aa4]::sys::backtrace::__rust_end_short_backtrace::<std[70759c8f55707aa4]::panicking::panic_handler::{closure#0}, !>
[INFO] [stdout]    9:     0x58aa9bc5277d - __rustc[8fa7c3cbc660c2b3]::rust_begin_unwind
[INFO] [stdout]   10:     0x58aa9bc8d79c - core[df12db4294e9bfd3]::panicking::panic_fmt
[INFO] [stdout]   11:     0x58aa9bc8d572 - core[df12db4294e9bfd3]::result::unwrap_failed
[INFO] [stdout]   12:     0x58aa9bbb328d - <cli[3a2ee1243728cfeb]::verify_fails_on_a_corrupted_block::{closure#0} as core[df12db4294e9bfd3]::ops::function::FnOnce<()>>::call_once
[INFO] [stdout]   13:     0x58aa9bbfcc2b - test[9d35eded1c95d3be]::__rust_begin_short_backtrace::<core[df12db4294e9bfd3]::result::Result<(), alloc[2182bb758b4b3781]::string::String>, fn() -> core[df12db4294e9bfd3]::result::Result<(), alloc[2182bb758b4b3781]::string::String>>
[INFO] [stdout]   14:     0x58aa9bc0a295 - test[9d35eded1c95d3be]::run_test::{closure#0}
[INFO] [stdout]   15:     0x58aa9bc03b54 - std[70759c8f55707aa4]::sys::backtrace::__rust_begin_short_backtrace::<test[9d35eded1c95d3be]::run_test::{closure#1}, ()>
[INFO] [stdout]   16:     0x58aa9bc0d3f2 - <std[70759c8f55707aa4]::thread::lifecycle::spawn_unchecked<test[9d35eded1c95d3be]::run_test::{closure#1}, ()>::{closure#1} as core[df12db4294e9bfd3]::ops::function::FnOnce<()>>::call_once::{shim:vtable#0}
[INFO] [stdout]   17:     0x58aa9bc76be9 - <std[70759c8f55707aa4]::sys::thread::unix::Thread>::new::thread_start
[INFO] [stdout]   18:     0x788d268b3dfa - <unknown>
[INFO] [stdout]   19:     0x788d269473d4 - clone
[INFO] [stdout]   20:                0x0 - <unknown>
[INFO] [stdout] 
[INFO] [stdout] ---- header_prints_parsable_xml stdout ----
[INFO] [stdout] 
[INFO] [stdout] thread 'header_prints_parsable_xml' (439) panicked at tests/cli.rs:66:5:
[INFO] [stdout] assertion failed: output.status.success()
[INFO] [stdout] stack backtrace:
[INFO] [stdout]    0:     0x58aa9bc77b91 - <<std[70759c8f55707aa4]::sys::backtrace::BacktraceLock>::print::DisplayBacktrace as core[df12db4294e9bfd3]::fmt::Display>::fmt
[INFO] [stdout]    1:     0x58aa9bc8d06a - core[df12db4294e9bfd3]::fmt::write
[INFO] [stdout]    2:     0x58aa9bc7c32c - <alloc[2182bb758b4b3781]::vec::Vec<u8> as core[df12db4294e9bfd3]::io::write::Write>::write_fmt
[INFO] [stdout]    3:     0x58aa9bc51ad6 - std[70759c8f55707aa4]::panicking::default_hook::{closure#0}
[INFO] [stdout]    4:     0x58aa9bc6f149 - std[70759c8f55707aa4]::panicking::default_hook
[INFO] [stdout]    5:     0x58aa9bc09940 - test[9d35eded1c95d3be]::test_main_inner::<test[9d35eded1c95d3be]::test_main_static::{closure#0}>::{closure#0}
[INFO] [stdout]    6:     0x58aa9bc6f302 - std[70759c8f55707aa4]::panicking::panic_with_hook
[INFO] [stdout]    7:     0x58aa9bc51bb4 - std[70759c8f55707aa4]::panicking::panic_handler::{closure#0}
[INFO] [stdout]    8:     0x58aa9bc4a659 - std[70759c8f55707aa4]::sys::backtrace::__rust_end_short_backtrace::<std[70759c8f55707aa4]::panicking::panic_handler::{closure#0}, !>
[INFO] [stdout]    9:     0x58aa9bc5277d - __rustc[8fa7c3cbc660c2b3]::rust_begin_unwind
[INFO] [stdout]   10:     0x58aa9bc8d79c - core[df12db4294e9bfd3]::panicking::panic_fmt
[INFO] [stdout]   11:     0x58aa9bc8d762 - core[df12db4294e9bfd3]::panicking::panic
[INFO] [stdout]   12:     0x58aa9bbb2116 - <cli[3a2ee1243728cfeb]::header_prints_parsable_xml::{closure#0} as core[df12db4294e9bfd3]::ops::function::FnOnce<()>>::call_once
[INFO] [stdout]   13:     0x58aa9bbfcc2b - test[9d35eded1c95d3be]::__rust_begin_short_backtrace::<core[df12db4294e9bfd3]::result::Result<(), alloc[2182bb758b4b3781]::string::String>, fn() -> core[df12db4294e9bfd3]::result::Result<(), alloc[2182bb758b4b3781]::string::String>>
[INFO] [stdout]   14:     0x58aa9bc0a295 - test[9d35eded1c95d3be]::run_test::{closure#0}
[INFO] [stdout]   15:     0x58aa9bc03b54 - std[70759c8f55707aa4]::sys::backtrace::__rust_begin_short_backtrace::<test[9d35eded1c95d3be]::run_test::{closure#1}, ()>
[INFO] [stdout]   16:     0x58aa9bc0d3f2 - <std[70759c8f55707aa4]::thread::lifecycle::spawn_unchecked<test[9d35eded1c95d3be]::run_test::{closure#1}, ()>::{closure#1} as core[df12db4294e9bfd3]::ops::function::FnOnce<()>>::call_once::{shim:vtable#0}
[INFO] [stdout]   17:     0x58aa9bc76be9 - <std[70759c8f55707aa4]::sys::thread::unix::Thread>::new::thread_start
[INFO] [stdout]   18:     0x788d268b3dfa - <unknown>
[INFO] [stdout]   19:     0x788d269473d4 - clone
[INFO] [stdout]   20:                0x0 - <unknown>
[INFO] [stdout] 
[INFO] [stdout] ---- verify_succeeds_on_an_intact_file stdout ----
[INFO] [stdout] 
[INFO] [stdout] thread 'verify_succeeds_on_an_intact_file' (450) panicked at tests/cli.rs:94:5:
[INFO] [stdout] 
[INFO] [stdout] stack backtrace:
[INFO] [stdout]    0:     0x58aa9bc77b91 - <<std[70759c8f55707aa4]::sys::backtrace::BacktraceLock>::print::DisplayBacktrace as core[df12db4294e9bfd3]::fmt::Display>::fmt
[INFO] [stdout]    1:     0x58aa9bc8d06a - core[df12db4294e9bfd3]::fmt::write
[INFO] [stdout]    2:     0x58aa9bc7c32c - <alloc[2182bb758b4b3781]::vec::Vec<u8> as core[df12db4294e9bfd3]::io::write::Write>::write_fmt
[INFO] [stdout]    3:     0x58aa9bc51ad6 - std[70759c8f55707aa4]::panicking::default_hook::{closure#0}
[INFO] [stdout]    4:     0x58aa9bc6f149 - std[70759c8f55707aa4]::panicking::default_hook
[INFO] [stdout]    5:     0x58aa9bc09940 - test[9d35eded1c95d3be]::test_main_inner::<test[9d35eded1c95d3be]::test_main_static::{closure#0}>::{closure#0}
[INFO] [stdout]    6:     0x58aa9bc6f302 - std[70759c8f55707aa4]::panicking::panic_with_hook
[INFO] [stdout]    7:     0x58aa9bc51b82 - std[70759c8f55707aa4]::panicking::panic_handler::{closure#0}
[INFO] [stdout]    8:     0x58aa9bc4a659 - std[70759c8f55707aa4]::sys::backtrace::__rust_end_short_backtrace::<std[70759c8f55707aa4]::panicking::panic_handler::{closure#0}, !>
[INFO] [stdout]    9:     0x58aa9bc5277d - __rustc[8fa7c3cbc660c2b3]::rust_begin_unwind
[INFO] [stdout]   10:     0x58aa9bc8d79c - core[df12db4294e9bfd3]::panicking::panic_fmt
[INFO] [stdout]   11:     0x58aa9bbb3866 - <cli[3a2ee1243728cfeb]::verify_succeeds_on_an_intact_file::{closure#0} as core[df12db4294e9bfd3]::ops::function::FnOnce<()>>::call_once
[INFO] [stdout]   12:     0x58aa9bbfcc2b - test[9d35eded1c95d3be]::__rust_begin_short_backtrace::<core[df12db4294e9bfd3]::result::Result<(), alloc[2182bb758b4b3781]::string::String>, fn() -> core[df12db4294e9bfd3]::result::Result<(), alloc[2182bb758b4b3781]::string::String>>
[INFO] [stdout]   13:     0x58aa9bc0a295 - test[9d35eded1c95d3be]::run_test::{closure#0}
[INFO] [stdout]   14:     0x58aa9bc03b54 - std[70759c8f55707aa4]::sys::backtrace::__rust_begin_short_backtrace::<test[9d35eded1c95d3be]::run_test::{closure#1}, ()>
[INFO] [stdout]   15:     0x58aa9bc0d3f2 - <std[70759c8f55707aa4]::thread::lifecycle::spawn_unchecked<test[9d35eded1c95d3be]::run_test::{closure#1}, ()>::{closure#1} as core[df12db4294e9bfd3]::ops::function::FnOnce<()>>::call_once::{shim:vtable#0}
[INFO] [stdout]   16:     0x58aa9bc76be9 - <std[70759c8f55707aa4]::sys::thread::unix::Thread>::new::thread_start
[INFO] [stdout]   17:     0x788d268b3dfa - <unknown>
[INFO] [stdout]   18:     0x788d269473d4 - clone
[INFO] [stdout]   19:                0x0 - <unknown>
[INFO] [stdout] 
[INFO] [stdout] ---- info_reports_the_geometry_of_a_real_file stdout ----
[INFO] [stdout] 
[INFO] [stdout] thread 'info_reports_the_geometry_of_a_real_file' (445) panicked at tests/cli.rs:41:5:
[INFO] [stdout] info failed: xisftool: /opt/rustwide/workdir/../../corpus/pixinsight/Sample_F32_ZlibCompression_Sha256Security.xisf: io: No such file or directory (os error 2)
[INFO] [stdout] 
[INFO] [stdout] stack backtrace:
[INFO] [stdout]    0:     0x58aa9bc77b91 - <<std[70759c8f55707aa4]::sys::backtrace::BacktraceLock>::print::DisplayBacktrace as core[df12db4294e9bfd3]::fmt::Display>::fmt
[INFO] [stdout]    1:     0x58aa9bc8d06a - core[df12db4294e9bfd3]::fmt::write
[INFO] [stdout]    2:     0x58aa9bc7c32c - <alloc[2182bb758b4b3781]::vec::Vec<u8> as core[df12db4294e9bfd3]::io::write::Write>::write_fmt
[INFO] [stdout]    3:     0x58aa9bc51ad6 - std[70759c8f55707aa4]::panicking::default_hook::{closure#0}
[INFO] [stdout]    4:     0x58aa9bc6f149 - std[70759c8f55707aa4]::panicking::default_hook
[INFO] [stdout]    5:     0x58aa9bc09940 - test[9d35eded1c95d3be]::test_main_inner::<test[9d35eded1c95d3be]::test_main_static::{closure#0}>::{closure#0}
[INFO] [stdout]    6:     0x58aa9bc6f302 - std[70759c8f55707aa4]::panicking::panic_with_hook
[INFO] [stdout]    7:     0x58aa9bc51b82 - std[70759c8f55707aa4]::panicking::panic_handler::{closure#0}
[INFO] [stdout]    8:     0x58aa9bc4a659 - std[70759c8f55707aa4]::sys::backtrace::__rust_end_short_backtrace::<std[70759c8f55707aa4]::panicking::panic_handler::{closure#0}, !>
[INFO] [stdout]    9:     0x58aa9bc5277d - __rustc[8fa7c3cbc660c2b3]::rust_begin_unwind
[INFO] [stdout]   10:     0x58aa9bc8d79c - core[df12db4294e9bfd3]::panicking::panic_fmt
[INFO] [stdout]   11:     0x58aa9bbb446f - <cli[3a2ee1243728cfeb]::info_reports_the_geometry_of_a_real_file::{closure#0} as core[df12db4294e9bfd3]::ops::function::FnOnce<()>>::call_once
[INFO] [stdout]   12:     0x58aa9bbfcc2b - test[9d35eded1c95d3be]::__rust_begin_short_backtrace::<core[df12db4294e9bfd3]::result::Result<(), alloc[2182bb758b4b3781]::string::String>, fn() -> core[df12db4294e9bfd3]::result::Result<(), alloc[2182bb758b4b3781]::string::String>>
[INFO] [stdout]   13:     0x58aa9bc0a295 - test[9d35eded1c95d3be]::run_test::{closure#0}
[INFO] [stdout]   14:     0x58aa9bc03b54 - std[70759c8f55707aa4]::sys::backtrace::__rust_begin_short_backtrace::<test[9d35eded1c95d3be]::run_test::{closure#1}, ()>
[INFO] [stdout]   15:     0x58aa9bc0d3f2 - <std[70759c8f55707aa4]::thread::lifecycle::spawn_unchecked<test[9d35eded1c95d3be]::run_test::{closure#1}, ()>::{closure#1} as core[df12db4294e9bfd3]::ops::function::FnOnce<()>>::call_once::{shim:vtable#0}
[INFO] [stdout]   16:     0x58aa9bc76be9 - <std[70759c8f55707aa4]::sys::thread::unix::Thread>::new::thread_start
[INFO] [stdout]   17:     0x788d268b3dfa - <unknown>
[INFO] [stdout]   18:     0x788d269473d4 - clone
[INFO] [stdout]   19:                0x0 - <unknown>
[INFO] [stdout] 
[INFO] [stdout] ---- verify_distinguishes_absent_checksums_from_passing_ones stdout ----
[INFO] [stdout] 
[INFO] [stdout] thread 'verify_distinguishes_absent_checksums_from_passing_ones' (448) panicked at tests/cli.rs:137:5:
[INFO] [stdout] an absent checksum is not a failure
[INFO] [stdout] stack backtrace:
[INFO] [stdout]    0:     0x58aa9bc77b91 - <<std[70759c8f55707aa4]::sys::backtrace::BacktraceLock>::print::DisplayBacktrace as core[df12db4294e9bfd3]::fmt::Display>::fmt
[INFO] [stdout]    1:     0x58aa9bc8d06a - core[df12db4294e9bfd3]::fmt::write
[INFO] [stdout]    2:     0x58aa9bc7c32c - <alloc[2182bb758b4b3781]::vec::Vec<u8> as core[df12db4294e9bfd3]::io::write::Write>::write_fmt
[INFO] [stdout]    3:     0x58aa9bc51ad6 - std[70759c8f55707aa4]::panicking::default_hook::{closure#0}
[INFO] [stdout]    4:     0x58aa9bc6f149 - std[70759c8f55707aa4]::panicking::default_hook
[INFO] [stdout]    5:     0x58aa9bc09940 - test[9d35eded1c95d3be]::test_main_inner::<test[9d35eded1c95d3be]::test_main_static::{closure#0}>::{closure#0}
[INFO] [stdout]    6:     0x58aa9bc6f302 - std[70759c8f55707aa4]::panicking::panic_with_hook
[INFO] [stdout]    7:     0x58aa9bc51bb4 - std[70759c8f55707aa4]::panicking::panic_handler::{closure#0}
[INFO] [stdout]    8:     0x58aa9bc4a659 - std[70759c8f55707aa4]::sys::backtrace::__rust_end_short_backtrace::<std[70759c8f55707aa4]::panicking::panic_handler::{closure#0}, !>
[INFO] [stdout]    9:     0x58aa9bc5277d - __rustc[8fa7c3cbc660c2b3]::rust_begin_unwind
[INFO] [stdout]   10:     0x58aa9bc8d79c - core[df12db4294e9bfd3]::panicking::panic_fmt
[INFO] [stdout]   11:     0x58aa9bbb5387 - <cli[3a2ee1243728cfeb]::verify_distinguishes_absent_checksums_from_passing_ones::{closure#0} as core[df12db4294e9bfd3]::ops::function::FnOnce<()>>::call_once
[INFO] [stdout]   12:     0x58aa9bbfcc2b - test[9d35eded1c95d3be]::__rust_begin_short_backtrace::<core[df12db4294e9bfd3]::result::Result<(), alloc[2182bb758b4b3781]::string::String>, fn() -> core[df12db4294e9bfd3]::result::Result<(), alloc[2182bb758b4b3781]::string::String>>
[INFO] [stdout]   13:     0x58aa9bc0a295 - test[9d35eded1c95d3be]::run_test::{closure#0}
[INFO] [stdout]   14:     0x58aa9bc03b54 - std[70759c8f55707aa4]::sys::backtrace::__rust_begin_short_backtrace::<test[9d35eded1c95d3be]::run_test::{closure#1}, ()>
[INFO] [stdout]   15:     0x58aa9bc0d3f2 - <std[70759c8f55707aa4]::thread::lifecycle::spawn_unchecked<test[9d35eded1c95d3be]::run_test::{closure#1}, ()>::{closure#1} as core[df12db4294e9bfd3]::ops::function::FnOnce<()>>::call_once::{shim:vtable#0}
[INFO] [stdout]   16:     0x58aa9bc76be9 - <std[70759c8f55707aa4]::sys::thread::unix::Thread>::new::thread_start
[INFO] [stdout]   17:     0x788d268b3dfa - <unknown>
[INFO] [stdout]   18:     0x788d269473d4 - clone
[INFO] [stdout]   19:                0x0 - <unknown>
[INFO] [stdout] 
[INFO] [stdout] ---- verbose_shows_fits_keywords_and_properties stdout ----
[INFO] [stdout] 
[INFO] [stdout] thread 'verbose_shows_fits_keywords_and_properties' (447) panicked at tests/cli.rs:57:5:
[INFO] [stdout] verbose output was no longer than plain
[INFO] [stdout] stack backtrace:
[INFO] [stdout]    0:     0x58aa9bc77b91 - <<std[70759c8f55707aa4]::sys::backtrace::BacktraceLock>::print::DisplayBacktrace as core[df12db4294e9bfd3]::fmt::Display>::fmt
[INFO] [stdout]    1:     0x58aa9bc8d06a - core[df12db4294e9bfd3]::fmt::write
[INFO] [stdout]    2:     0x58aa9bc7c32c - <alloc[2182bb758b4b3781]::vec::Vec<u8> as core[df12db4294e9bfd3]::io::write::Write>::write_fmt
[INFO] [stdout]    3:     0x58aa9bc51ad6 - std[70759c8f55707aa4]::panicking::default_hook::{closure#0}
[INFO] [stdout]    4:     0x58aa9bc6f149 - std[70759c8f55707aa4]::panicking::default_hook
[INFO] [stdout]    5:     0x58aa9bc09940 - test[9d35eded1c95d3be]::test_main_inner::<test[9d35eded1c95d3be]::test_main_static::{closure#0}>::{closure#0}
[INFO] [stdout]    6:     0x58aa9bc6f302 - std[70759c8f55707aa4]::panicking::panic_with_hook
[INFO] [stdout]    7:     0x58aa9bc51bb4 - std[70759c8f55707aa4]::panicking::panic_handler::{closure#0}
[INFO] [stdout]    8:     0x58aa9bc4a659 - std[70759c8f55707aa4]::sys::backtrace::__rust_end_short_backtrace::<std[70759c8f55707aa4]::panicking::panic_handler::{closure#0}, !>
[INFO] [stdout]    9:     0x58aa9bc5277d - __rustc[8fa7c3cbc660c2b3]::rust_begin_unwind
[INFO] [stdout]   10:     0x58aa9bc8d79c - core[df12db4294e9bfd3]::panicking::panic_fmt
[INFO] [stdout]   11:     0x58aa9bbb4beb - <cli[3a2ee1243728cfeb]::verbose_shows_fits_keywords_and_properties::{closure#0} as core[df12db4294e9bfd3]::ops::function::FnOnce<()>>::call_once
[INFO] [stdout]   12:     0x58aa9bbfcc2b - test[9d35eded1c95d3be]::__rust_begin_short_backtrace::<core[df12db4294e9bfd3]::result::Result<(), alloc[2182bb758b4b3781]::string::String>, fn() -> core[df12db4294e9bfd3]::result::Result<(), alloc[2182bb758b4b3781]::string::String>>
[INFO] [stdout]   13:     0x58aa9bc0a295 - test[9d35eded1c95d3be]::run_test::{closure#0}
[INFO] [stdout]   14:     0x58aa9bc03b54 - std[70759c8f55707aa4]::sys::backtrace::__rust_begin_short_backtrace::<test[9d35eded1c95d3be]::run_test::{closure#1}, ()>
[INFO] [stdout]   15:     0x58aa9bc0d3f2 - <std[70759c8f55707aa4]::thread::lifecycle::spawn_unchecked<test[9d35eded1c95d3be]::run_test::{closure#1}, ()>::{closure#1} as core[df12db4294e9bfd3]::ops::function::FnOnce<()>>::call_once::{shim:vtable#0}
[INFO] [stdout]   16:     0x58aa9bc76be9 - <std[70759c8f55707aa4]::sys::thread::unix::Thread>::new::thread_start
[INFO] [stdout]   17:     0x788d268b3dfa - <unknown>
[INFO] [stdout]   18:     0x788d269473d4 - clone
[INFO] [stdout]   19:                0x0 - <unknown>
[INFO] [stdout] 
[INFO] [stdout] ---- dump_writes_exactly_the_pixel_bytes stdout ----
[INFO] [stdout] 
[INFO] [stdout] thread 'dump_writes_exactly_the_pixel_bytes' (437) panicked at tests/cli.rs:78:5:
[INFO] [stdout] assertion failed: output.status.success()
[INFO] [stdout] stack backtrace:
[INFO] [stdout]    0:     0x58aa9bc77b91 - <<std[70759c8f55707aa4]::sys::backtrace::BacktraceLock>::print::DisplayBacktrace as core[df12db4294e9bfd3]::fmt::Display>::fmt
[INFO] [stdout]    1:     0x58aa9bc8d06a - core[df12db4294e9bfd3]::fmt::write
[INFO] [stdout]    2:     0x58aa9bc7c32c - <alloc[2182bb758b4b3781]::vec::Vec<u8> as core[df12db4294e9bfd3]::io::write::Write>::write_fmt
[INFO] [stdout]    3:     0x58aa9bc51ad6 - std[70759c8f55707aa4]::panicking::default_hook::{closure#0}
[INFO] [stdout]    4:     0x58aa9bc6f149 - std[70759c8f55707aa4]::panicking::default_hook
[INFO] [stdout]    5:     0x58aa9bc09940 - test[9d35eded1c95d3be]::test_main_inner::<test[9d35eded1c95d3be]::test_main_static::{closure#0}>::{closure#0}
[INFO] [stdout]    6:     0x58aa9bc6f302 - std[70759c8f55707aa4]::panicking::panic_with_hook
[INFO] [stdout]    7:     0x58aa9bc51bb4 - std[70759c8f55707aa4]::panicking::panic_handler::{closure#0}
[INFO] [stdout]    8:     0x58aa9bc4a659 - std[70759c8f55707aa4]::sys::backtrace::__rust_end_short_backtrace::<std[70759c8f55707aa4]::panicking::panic_handler::{closure#0}, !>
[INFO] [stdout]    9:     0x58aa9bc5277d - __rustc[8fa7c3cbc660c2b3]::rust_begin_unwind
[INFO] [stdout]   10:     0x58aa9bc8d79c - core[df12db4294e9bfd3]::panicking::panic_fmt
[INFO] [stdout]   11:     0x58aa9bc8d762 - core[df12db4294e9bfd3]::panicking::panic
[INFO] [stdout]   12:     0x58aa9bbb3ca6 - <cli[3a2ee1243728cfeb]::dump_writes_exactly_the_pixel_bytes::{closure#0} as core[df12db4294e9bfd3]::ops::function::FnOnce<()>>::call_once
[INFO] [stdout]   13:     0x58aa9bbfcc2b - test[9d35eded1c95d3be]::__rust_begin_short_backtrace::<core[df12db4294e9bfd3]::result::Result<(), alloc[2182bb758b4b3781]::string::String>, fn() -> core[df12db4294e9bfd3]::result::Result<(), alloc[2182bb758b4b3781]::string::String>>
[INFO] [stdout]   14:     0x58aa9bc0a295 - test[9d35eded1c95d3be]::run_test::{closure#0}
[INFO] [stdout]   15:     0x58aa9bc03b54 - std[70759c8f55707aa4]::sys::backtrace::__rust_begin_short_backtrace::<test[9d35eded1c95d3be]::run_test::{closure#1}, ()>
[INFO] [stdout]   16:     0x58aa9bc0d3f2 - <std[70759c8f55707aa4]::thread::lifecycle::spawn_unchecked<test[9d35eded1c95d3be]::run_test::{closure#1}, ()>::{closure#1} as core[df12db4294e9bfd3]::ops::function::FnOnce<()>>::call_once::{shim:vtable#0}
[INFO] [stdout]   17:     0x58aa9bc76be9 - <std[70759c8f55707aa4]::sys::thread::unix::Thread>::new::thread_start
[INFO] [stdout]   18:     0x788d268b3dfa - <unknown>
[INFO] [stdout]   19:     0x788d269473d4 - clone
[INFO] [stdout]   20:                0x0 - <unknown>
[INFO] [stdout] 
[INFO] [stdout] ---- commands_accept_several_files stdout ----
[INFO] [stdout] 
[INFO] [stdout] thread 'commands_accept_several_files' (436) panicked at tests/cli.rs:185:5:
[INFO] [stdout] assertion failed: output.status.success()
[INFO] [stdout] stack backtrace:
[INFO] [stdout]    0:     0x58aa9bc77b91 - <<std[70759c8f55707aa4]::sys::backtrace::BacktraceLock>::print::DisplayBacktrace as core[df12db4294e9bfd3]::fmt::Display>::fmt
[INFO] [stdout]    1:     0x58aa9bc8d06a - core[df12db4294e9bfd3]::fmt::write
[INFO] [stdout]    2:     0x58aa9bc7c32c - <alloc[2182bb758b4b3781]::vec::Vec<u8> as core[df12db4294e9bfd3]::io::write::Write>::write_fmt
[INFO] [stdout]    3:     0x58aa9bc51ad6 - std[70759c8f55707aa4]::panicking::default_hook::{closure#0}
[INFO] [stdout]    4:     0x58aa9bc6f149 - std[70759c8f55707aa4]::panicking::default_hook
[INFO] [stdout]    5:     0x58aa9bc09940 - test[9d35eded1c95d3be]::test_main_inner::<test[9d35eded1c95d3be]::test_main_static::{closure#0}>::{closure#0}
[INFO] [stdout]    6:     0x58aa9bc6f302 - std[70759c8f55707aa4]::panicking::panic_with_hook
[INFO] [stdout]    7:     0x58aa9bc51bb4 - std[70759c8f55707aa4]::panicking::panic_handler::{closure#0}
[INFO] [stdout]    8:     0x58aa9bc4a659 - std[70759c8f55707aa4]::sys::backtrace::__rust_end_short_backtrace::<std[70759c8f55707aa4]::panicking::panic_handler::{closure#0}, !>
[INFO] [stdout]    9:     0x58aa9bc5277d - __rustc[8fa7c3cbc660c2b3]::rust_begin_unwind
[INFO] [stdout]   10:     0x58aa9bc8d79c - core[df12db4294e9bfd3]::panicking::panic_fmt
[INFO] [stdout]   11:     0x58aa9bc8d762 - core[df12db4294e9bfd3]::panicking::panic
[INFO] [stdout]   12:     0x58aa9bbb2bfa - <cli[3a2ee1243728cfeb]::commands_accept_several_files::{closure#0} as core[df12db4294e9bfd3]::ops::function::FnOnce<()>>::call_once
[INFO] [stdout]   13:     0x58aa9bbfcc2b - test[9d35eded1c95d3be]::__rust_begin_short_backtrace::<core[df12db4294e9bfd3]::result::Result<(), alloc[2182bb758b4b3781]::string::String>, fn() -> core[df12db4294e9bfd3]::result::Result<(), alloc[2182bb758b4b3781]::string::String>>
[INFO] [stdout]   14:     0x58aa9bc0a295 - test[9d35eded1c95d3be]::run_test::{closure#0}
[INFO] [stdout]   15:     0x58aa9bc03b54 - std[70759c8f55707aa4]::sys::backtrace::__rust_begin_short_backtrace::<test[9d35eded1c95d3be]::run_test::{closure#1}, ()>
[INFO] [stdout]   16:     0x58aa9bc0d3f2 - <std[70759c8f55707aa4]::thread::lifecycle::spawn_unchecked<test[9d35eded1c95d3be]::run_test::{closure#1}, ()>::{closure#1} as core[df12db4294e9bfd3]::ops::function::FnOnce<()>>::call_once::{shim:vtable#0}
[INFO] [stdout]   17:     0x58aa9bc76be9 - <std[70759c8f55707aa4]::sys::thread::unix::Thread>::new::thread_start
[INFO] [stdout]   18:     0x788d268b3dfa - <unknown>
[INFO] [stdout]   19:     0x788d269473d4 - clone
[INFO] [stdout]   20:                0x0 - <unknown>
[INFO] [stdout] 
[INFO] [stdout] 
[INFO] [stdout] failures:
[INFO] [stdout]     commands_accept_several_files
[INFO] [stdout]     dump_writes_exactly_the_pixel_bytes
[INFO] [stdout]     header_prints_parsable_xml
[INFO] [stdout]     info_reports_the_geometry_of_a_real_file
[INFO] [stdout]     verbose_shows_fits_keywords_and_properties
[INFO] [stdout]     verify_distinguishes_absent_checksums_from_passing_ones
[INFO] [stdout]     verify_fails_on_a_corrupted_block
[INFO] [stdout]     verify_succeeds_on_an_intact_file
[INFO] [stdout] 
[INFO] [stdout] test result: FAILED. 5 passed; 8 failed; 0 ignored; 0 measured; 0 filtered out; finished in 0.13s
[INFO] [stdout] 
[INFO] [stderr] error: test failed, to rerun pass `--test cli`
[INFO] running `Command { std: "docker" "inspect" "89e1d473c25188104545f597a7d15b8f381501f197368428498378e21cd6bc96", kill_on_drop: false }`
[INFO] running `Command { std: "docker" "rm" "-f" "89e1d473c25188104545f597a7d15b8f381501f197368428498378e21cd6bc96", kill_on_drop: false }`
[INFO] [stdout] 89e1d473c25188104545f597a7d15b8f381501f197368428498378e21cd6bc96
