[INFO] fetching crate xio-rs 0.1.0-alpha.6...
[INFO] testing xio-rs-0.1.0-alpha.6 against 1.100.0-beta.1+cargoflags=--release for beta-release-1.100-2
[INFO] extracting crate xio-rs 0.1.0-alpha.6 into /workspace/builds/worker-2-tc2/source
[INFO] started tweaking crates.io crate xio-rs 0.1.0-alpha.6
[INFO] removed 0 missing examples
[INFO] removed 0 missing tests
[INFO] finished tweaking crates.io crate xio-rs 0.1.0-alpha.6
[INFO] tweaked toml for crates.io crate xio-rs 0.1.0-alpha.6 written to /workspace/builds/worker-2-tc2/source/Cargo.toml
[INFO] validating manifest of crates.io crate xio-rs 0.1.0-alpha.6 on toolchain 1.100.0-beta.1
[INFO] running `Command { std: CARGO_HOME="/workspace/cargo-home" RUSTUP_HOME="/workspace/rustup-home" "/workspace/cargo-home/bin/cargo" "+1.100.0-beta.1" "metadata" "--manifest-path" "Cargo.toml" "--no-deps", kill_on_drop: false }`
[INFO] crate crates.io crate xio-rs 0.1.0-alpha.6 already has a lockfile, it will not be regenerated
[INFO] running `Command { std: CARGO_HOME="/workspace/cargo-home" RUSTUP_HOME="/workspace/rustup-home" "/workspace/cargo-home/bin/cargo" "+1.100.0-beta.1" "fetch" "--manifest-path" "Cargo.toml", kill_on_drop: false }`
[INFO] running `Command { std: "docker" "create" "-v" "/var/lib/crater-agent-workspace/builds/worker-2-tc2/source:/opt/rustwide/workdir:ro,Z" "-v" "/var/lib/crater-agent-workspace/builds/worker-2-tc2/target:/opt/rustwide/target:rw,Z" "-v" "/var/lib/crater-agent-workspace/cargo-home:/opt/rustwide/cargo-home:ro,Z" "-v" "/var/lib/crater-agent-workspace/rustup-home:/opt/rustwide/rustup-home:ro,Z" "-m" "1610612736" "--network" "none" "ghcr.io/rust-lang/crates-build-env/linux@sha256:77db811e55d90add9212f6832c23229e3de5f1c1f9905e8cb07319ea15df73ac" "sleep" "infinity", kill_on_drop: false }`
[INFO] [stdout] d45dff41c7348074c22de43b6454d18a6f560ccec1c00c6583676b8c3e4c9cbe
[INFO] running `Command { std: "docker" "start" "d45dff41c7348074c22de43b6454d18a6f560ccec1c00c6583676b8c3e4c9cbe", kill_on_drop: false }`
[INFO] running `Command { std: "docker" "inspect" "d45dff41c7348074c22de43b6454d18a6f560ccec1c00c6583676b8c3e4c9cbe", kill_on_drop: false }`
[INFO] running `Command { std: "docker" "exec" "-e" "SOURCE_DIR=/opt/rustwide/workdir" "-e" "CARGO_HOME=/opt/rustwide/cargo-home" "-e" "RUSTUP_HOME=/opt/rustwide/rustup-home" "-e" "CARGO_TARGET_DIR=/opt/rustwide/target" "-w" "/opt/rustwide/workdir" "--user" "0:0" "d45dff41c7348074c22de43b6454d18a6f560ccec1c00c6583676b8c3e4c9cbe" "/opt/rustwide/cargo-home/bin/cargo" "+1.100.0-beta.1" "metadata" "--no-deps" "--format-version=1", kill_on_drop: false }`
[INFO] running `Command { std: "docker" "inspect" "d45dff41c7348074c22de43b6454d18a6f560ccec1c00c6583676b8c3e4c9cbe", kill_on_drop: false }`
[INFO] running `Command { std: "docker" "exec" "-e" "SOURCE_DIR=/opt/rustwide/workdir" "-e" "CARGO_HOME=/opt/rustwide/cargo-home" "-e" "RUSTUP_HOME=/opt/rustwide/rustup-home" "-e" "CARGO_TARGET_DIR=/opt/rustwide/target" "-e" "CARGO_INCREMENTAL=0" "-e" "RUST_BACKTRACE=full" "-e" "RUSTFLAGS=--cap-lints=warn" "-e" "RUSTDOCFLAGS=--cap-lints=warn" "-w" "/opt/rustwide/workdir" "--user" "0:0" "d45dff41c7348074c22de43b6454d18a6f560ccec1c00c6583676b8c3e4c9cbe" "/opt/rustwide/cargo-home/bin/cargo" "+1.100.0-beta.1" "build" "--frozen" "--message-format=json" "--release", kill_on_drop: false }`
[INFO] [stderr]    Compiling xio-rs v0.1.0-alpha.6 (/opt/rustwide/workdir)
[INFO] [stdout] warning: unused import: `self::uid_generator_atomic::*`
[INFO] [stdout]   --> src/atomic_op.rs:72:9
[INFO] [stdout]    |
[INFO] [stdout] 72 | pub use self::uid_generator_atomic::*;
[INFO] [stdout]    |         ^^^^^^^^^^^^^^^^^^^^^^^^^^^^^
[INFO] [stdout]    |
[INFO] [stdout]    = note: `#[warn(unused_imports)]` (part of `#[warn(unused)]`) on by default
[INFO] [stdout] 
[INFO] [stdout] 
[INFO] [stdout] warning: unused import: `std::sync::OnceLock`
[INFO] [stdout]  --> src/log.rs:1:5
[INFO] [stdout]   |
[INFO] [stdout] 1 | use std::sync::OnceLock;
[INFO] [stdout]   |     ^^^^^^^^^^^^^^^^^^^
[INFO] [stdout] 
[INFO] [stdout] 
[INFO] [stdout] warning: unused import: `std::sync::LazyLock`
[INFO] [stdout]  --> src/log.rs:5:5
[INFO] [stdout]   |
[INFO] [stdout] 5 | use std::sync::LazyLock;
[INFO] [stdout]   |     ^^^^^^^^^^^^^^^^^^^
[INFO] [stdout] 
[INFO] [stdout] 
[INFO] [stdout] warning: unused import: `std::fmt::Arguments`
[INFO] [stdout]  --> src/log.rs:6:5
[INFO] [stdout]   |
[INFO] [stdout] 6 | use std::fmt::Arguments;
[INFO] [stdout]   |     ^^^^^^^^^^^^^^^^^^^
[INFO] [stdout] 
[INFO] [stdout] 
[INFO] [stdout] warning: unused import: `super::*`
[INFO] [stdout]  --> src/log.rs:8:9
[INFO] [stdout]   |
[INFO] [stdout] 8 | pub use super::*;
[INFO] [stdout]   |         ^^^^^^^^
[INFO] [stdout] 
[INFO] [stdout] 
[INFO] [stdout] warning: unused import: `super::*`
[INFO] [stdout]   --> src/log.rs:13:9
[INFO] [stdout]    |
[INFO] [stdout] 13 |     use super::*;
[INFO] [stdout]    |         ^^^^^^^^
[INFO] [stdout] 
[INFO] [stdout] 
[INFO] [stdout] warning: unused import: `fmt`
[INFO] [stdout]   --> src/unix/timer/mod.rs:86:11
[INFO] [stdout]    |
[INFO] [stdout] 86 | use std::{fmt, io, os::fd::{AsFd, AsRawFd, RawFd}};
[INFO] [stdout]    |           ^^^
[INFO] [stdout] 
[INFO] [stdout] 
[INFO] [stdout] warning: unused import: `VecDeque`
[INFO] [stdout]   --> src/unix/fs/inotify_fs.rs:22:83
[INFO] [stdout]    |
[INFO] [stdout] 22 |     borrow::{Borrow, Cow}, cell::Cell, collections::{BTreeMap, BTreeSet, HashMap, VecDeque}, ffi::{CStr, CString, OsStr, OsString}, ...
[INFO] [stdout]    |                                                                                   ^^^^^^^^
[INFO] [stdout] 
[INFO] [stdout] 
[INFO] [stdout] warning: unused import: `loginfo`
[INFO] [stdout]   --> src/unix/fs/inotify_fs.rs:28:199
[INFO] [stdout]    |
[INFO] [stdout] 28 | ...rr_libc_sup}, event_registry::XioRegistry, logdebug, logerr, loginfo, unix::{FsEvent, FsEventTrait, FsEventTraitExtended, XioEven...
[INFO] [stdout]    |                                                                 ^^^^^^^
[INFO] [stdout] 
[INFO] [stdout] 
[INFO] [stdout] warning: use of deprecated module `std::usize`: all constants in this module replaced by associated constants on the type
[INFO] [stdout]   --> src/event_uid.rs:18:17
[INFO] [stdout]    |
[INFO] [stdout] 18 |  use std::{fmt, usize};
[INFO] [stdout]    |                 ^^^^^
[INFO] [stdout]    |
[INFO] [stdout]    = note: `#[warn(deprecated)]` on by default
[INFO] [stdout] 
[INFO] [stdout] 
[INFO] [stdout] warning: use of deprecated constant `std::usize::MAX`: replaced by the `MAX` associated constant on this type
[INFO] [stdout]   --> src/event_uid.rs:99:33
[INFO] [stdout]    |
[INFO] [stdout] 99 |         return uid.0.min(usize::MAX as u64) as usize;
[INFO] [stdout]    |                                 ^^^
[INFO] [stdout] 
[INFO] [stdout] 
[INFO] [stdout] warning: use of deprecated module `std::usize`: all constants in this module replaced by associated constants on the type
[INFO] [stdout]   --> src/event_fduid.rs:18:16
[INFO] [stdout]    |
[INFO] [stdout] 18 | use std::{fmt, usize};
[INFO] [stdout]    |                ^^^^^
[INFO] [stdout] 
[INFO] [stdout] 
[INFO] [stdout] warning: use of deprecated constant `std::usize::MAX`: replaced by the `MAX` associated constant on this type
[INFO] [stdout]   --> src/event_fduid.rs:98:33
[INFO] [stdout]    |
[INFO] [stdout] 98 |         return uid.0.min(usize::MAX as u64) as usize;
[INFO] [stdout]    |                                 ^^^
[INFO] [stdout] 
[INFO] [stdout] 
[INFO] [stdout] warning: unused import: `crate::event_signal::XioEventSignalPipe`
[INFO] [stdout]   --> src/unix/event/mod.rs:74:16
[INFO] [stdout]    |
[INFO] [stdout] 74 | pub(super) use crate::event_signal::XioEventSignalPipe;
[INFO] [stdout]    |                ^^^^^^^^^^^^^^^^^^^^^^^^^^^^^^^^^^^^^^^
[INFO] [stdout] 
[INFO] [stdout] 
[INFO] [stdout] warning: unused import: `Borrow`
[INFO] [stdout]   --> src/unix/fs/inotify_fs.rs:22:14
[INFO] [stdout]    |
[INFO] [stdout] 22 |     borrow::{Borrow, Cow}, cell::Cell, collections::{BTreeMap, BTreeSet, HashMap, VecDeque}, ffi::{CStr, CString, OsStr, OsString}, ...
[INFO] [stdout]    |              ^^^^^^
[INFO] [stdout] 
[INFO] [stdout] 
[INFO] [stdout] warning: unused variable: `e`
[INFO] [stdout]    --> src/unix/event_system/poll.rs:939:17
[INFO] [stdout]     |
[INFO] [stdout] 939 |             Err(e) =>
[INFO] [stdout]     |                 ^ help: if this is intentional, prefix it with an underscore: `_e`
[INFO] [stdout]     |
[INFO] [stdout]     = note: `#[warn(unused_variables)]` (part of `#[warn(unused)]`) on by default
[INFO] [stdout] 
[INFO] [stdout] 
[INFO] [stdout] warning: unused variable: `e`
[INFO] [stdout]    --> src/unix/event_system/poll.rs:972:17
[INFO] [stdout]     |
[INFO] [stdout] 972 |             Err(e) =>
[INFO] [stdout]     |                 ^ help: if this is intentional, prefix it with an underscore: `_e`
[INFO] [stdout] 
[INFO] [stdout] 
[INFO] [stdout] warning: unused variable: `e`
[INFO] [stdout]     --> src/unix/event_system/poll.rs:1005:17
[INFO] [stdout]      |
[INFO] [stdout] 1005 |             Err(e) =>
[INFO] [stdout]      |                 ^ help: if this is intentional, prefix it with an underscore: `_e`
[INFO] [stdout] 
[INFO] [stdout] 
[INFO] [stdout] warning: unused variable: `k`
[INFO] [stdout]     --> src/unix/fs/inotify_fs.rs:1245:76
[INFO] [stdout]      |
[INFO] [stdout] 1245 | ...                   self.wds.iter_mut().find(|(k, v)| v.path.as_path() == prev_complete_path.as_path())
[INFO] [stdout]      |                                                  ^ help: if this is intentional, prefix it with an underscore: `_k`
[INFO] [stdout] 
[INFO] [stdout] 
[INFO] [stdout] warning: struct `AtomicOpU64` is never constructed
[INFO] [stdout]   --> src/atomic_op.rs:25:16
[INFO] [stdout]    |
[INFO] [stdout] 25 |     pub struct AtomicOpU64<VA: From<u64>>(AtomicU64, PhantomData<VA>);
[INFO] [stdout]    |                ^^^^^^^^^^^
[INFO] [stdout]    |
[INFO] [stdout]    = note: `#[warn(dead_code)]` (part of `#[warn(unused)]`) on by default
[INFO] [stdout] 
[INFO] [stdout] 
[INFO] [stdout] warning: associated items `new`, `inc`, and `dec` are never used
[INFO] [stdout]   --> src/atomic_op.rs:30:12
[INFO] [stdout]    |
[INFO] [stdout] 27 |     impl<VA: From<u64>> AtomicOpU64<VA>
[INFO] [stdout]    |     ----------------------------------- associated items in this implementation
[INFO] [stdout] ...
[INFO] [stdout] 30 |         fn new(start: u64) -> Self
[INFO] [stdout]    |            ^^^
[INFO] [stdout] ...
[INFO] [stdout] 36 |         fn inc(&self) -> Option<VA>
[INFO] [stdout]    |            ^^^
[INFO] [stdout] ...
[INFO] [stdout] 53 |         fn dec(&self) -> Option<VA>
[INFO] [stdout]    |            ^^^
[INFO] [stdout] 
[INFO] [stdout] 
[INFO] [stdout] warning: associated function `generate_next` is never used
[INFO] [stdout]    --> src/unix/event_system/poll.rs:248:8
[INFO] [stdout]     |
[INFO] [stdout] 246 | impl PollInstId
[INFO] [stdout]     | --------------- associated function in this implementation
[INFO] [stdout] 247 | {
[INFO] [stdout] 248 |     fn generate_next() -> Self
[INFO] [stdout]     |        ^^^^^^^^^^^^^
[INFO] [stdout] 
[INFO] [stdout] 
[INFO] [stdout] warning: field `ino_ev` is never read
[INFO] [stdout]    --> src/unix/fs/inotify_fs.rs:710:5
[INFO] [stdout]     |
[INFO] [stdout] 701 | struct MovedSelfHelper
[INFO] [stdout]     |        --------------- field in this struct
[INFO] [stdout] ...
[INFO] [stdout] 710 |     ino_ev: InotifyMsgEnvpOwned,
[INFO] [stdout]     |     ^^^^^^
[INFO] [stdout]     |
[INFO] [stdout]     = note: `MovedSelfHelper` has a derived impl for the trait `Debug`, but this is intentionally ignored during dead code analysis
[INFO] [stdout] 
[INFO] [stdout] 
[INFO] [stdout] warning: associated function `reserved_signal` is never used
[INFO] [stdout]    --> src/event_fduid.rs:109:8
[INFO] [stdout]     |
[INFO] [stdout] 102 | impl XioFsEventUid
[INFO] [stdout]     | ------------------ associated function in this implementation
[INFO] [stdout] ...
[INFO] [stdout] 109 |     fn reserved_signal() -> Self
[INFO] [stdout]     |        ^^^^^^^^^^^^^^^
[INFO] [stdout] 
[INFO] [stdout] 
[INFO] [stdout] warning: method `is_valid_inner` is never used
[INFO] [stdout]    --> src/event_timer.rs:862:8
[INFO] [stdout]     |
[INFO] [stdout] 857 | impl XioTimerExpireMode<XioAbsoluteTime>
[INFO] [stdout]     | ---------------------------------------- method in this implementation
[INFO] [stdout] ...
[INFO] [stdout] 862 |     fn is_valid_inner(&self) -> bool
[INFO] [stdout]     |        ^^^^^^^^^^^^^^
[INFO] [stdout] 
[INFO] [stdout] 
[INFO] [stdout] warning: methods `get_uid` and `into_inner` are never used
[INFO] [stdout]    --> src/gen_id.rs:193:8
[INFO] [stdout]     |
[INFO] [stdout] 181 | pub(super) trait UidMapRange<const MAP_OFFSET: u8>: Clone + Copy + fmt::Debug
[INFO] [stdout]     |                  ----------- methods in this trait
[INFO] [stdout] ...
[INFO] [stdout] 193 |     fn get_uid(&self) -> Self::UidType;
[INFO] [stdout]     |        ^^^^^^^
[INFO] [stdout] ...
[INFO] [stdout] 196 |     fn into_inner(self) -> Self::UidType;
[INFO] [stdout]     |        ^^^^^^^^^^
[INFO] [stdout] 
[INFO] [stdout] 
[INFO] [stdout] warning: method `get_raw` is never used
[INFO] [stdout]    --> src/gen_id.rs:386:8
[INFO] [stdout]     |
[INFO] [stdout] 352 | impl<const MASK: u8> DecocdedUid<MASK>
[INFO] [stdout]     | -------------------------------------- method in this implementation
[INFO] [stdout] ...
[INFO] [stdout] 386 |     fn get_raw(&self) -> usize
[INFO] [stdout]     |        ^^^^^^^
[INFO] [stdout] 
[INFO] [stdout] 
[INFO] [stdout] warning: method `next` is never used
[INFO] [stdout]   --> src/gen_id.rs:72:12
[INFO] [stdout]    |
[INFO] [stdout] 31 |     impl UidGenInner
[INFO] [stdout]    |     ---------------- method in this implementation
[INFO] [stdout] ...
[INFO] [stdout] 72 |         fn next(&self) -> usize
[INFO] [stdout]    |            ^^^^
[INFO] [stdout] 
[INFO] [stdout] 
[INFO] [stderr]     Finished `release` profile [optimized] target(s) in 4.31s
[INFO] running `Command { std: "docker" "inspect" "d45dff41c7348074c22de43b6454d18a6f560ccec1c00c6583676b8c3e4c9cbe", kill_on_drop: false }`
[INFO] running `Command { std: "docker" "exec" "-e" "SOURCE_DIR=/opt/rustwide/workdir" "-e" "CARGO_HOME=/opt/rustwide/cargo-home" "-e" "RUSTUP_HOME=/opt/rustwide/rustup-home" "-e" "CARGO_TARGET_DIR=/opt/rustwide/target" "-e" "CARGO_INCREMENTAL=0" "-e" "RUST_BACKTRACE=full" "-e" "RUSTFLAGS=--cap-lints=warn" "-e" "RUSTDOCFLAGS=--cap-lints=warn" "-w" "/opt/rustwide/workdir" "--user" "0:0" "d45dff41c7348074c22de43b6454d18a6f560ccec1c00c6583676b8c3e4c9cbe" "/opt/rustwide/cargo-home/bin/cargo" "+1.100.0-beta.1" "test" "--frozen" "--no-run" "--message-format=json" "--release", kill_on_drop: false }`
[INFO] [stderr]    Compiling once_cell v1.21.4
[INFO] [stderr]    Compiling getrandom v0.3.4
[INFO] [stderr]    Compiling xio-rs v0.1.0-alpha.6 (/opt/rustwide/workdir)
[INFO] [stderr]    Compiling tempfile v3.27.0
[INFO] [stdout] warning: unused import: `self::uid_generator_atomic::*`
[INFO] [stdout]   --> src/atomic_op.rs:72:9
[INFO] [stdout]    |
[INFO] [stdout] 72 | pub use self::uid_generator_atomic::*;
[INFO] [stdout]    |         ^^^^^^^^^^^^^^^^^^^^^^^^^^^^^
[INFO] [stdout]    |
[INFO] [stdout]    = note: `#[warn(unused_imports)]` (part of `#[warn(unused)]`) on by default
[INFO] [stdout] 
[INFO] [stdout] 
[INFO] [stdout] warning: unused import: `std::sync::OnceLock`
[INFO] [stdout]  --> src/log.rs:1:5
[INFO] [stdout]   |
[INFO] [stdout] 1 | use std::sync::OnceLock;
[INFO] [stdout]   |     ^^^^^^^^^^^^^^^^^^^
[INFO] [stdout] 
[INFO] [stdout] 
[INFO] [stdout] warning: unused import: `std::sync::LazyLock`
[INFO] [stdout]  --> src/log.rs:5:5
[INFO] [stdout]   |
[INFO] [stdout] 5 | use std::sync::LazyLock;
[INFO] [stdout]   |     ^^^^^^^^^^^^^^^^^^^
[INFO] [stdout] 
[INFO] [stdout] 
[INFO] [stdout] warning: unused import: `std::fmt::Arguments`
[INFO] [stdout]  --> src/log.rs:6:5
[INFO] [stdout]   |
[INFO] [stdout] 6 | use std::fmt::Arguments;
[INFO] [stdout]   |     ^^^^^^^^^^^^^^^^^^^
[INFO] [stdout] 
[INFO] [stdout] 
[INFO] [stdout] warning: unused import: `super::*`
[INFO] [stdout]  --> src/log.rs:8:9
[INFO] [stdout]   |
[INFO] [stdout] 8 | pub use super::*;
[INFO] [stdout]   |         ^^^^^^^^
[INFO] [stdout] 
[INFO] [stdout] 
[INFO] [stdout] warning: unused import: `super::*`
[INFO] [stdout]   --> src/log.rs:13:9
[INFO] [stdout]    |
[INFO] [stdout] 13 |     use super::*;
[INFO] [stdout]    |         ^^^^^^^^
[INFO] [stdout] 
[INFO] [stdout] 
[INFO] [stdout] warning: unused import: `fmt`
[INFO] [stdout]   --> src/unix/timer/mod.rs:86:11
[INFO] [stdout]    |
[INFO] [stdout] 86 | use std::{fmt, io, os::fd::{AsFd, AsRawFd, RawFd}};
[INFO] [stdout]    |           ^^^
[INFO] [stdout] 
[INFO] [stdout] 
[INFO] [stdout] warning: unused import: `VecDeque`
[INFO] [stdout]   --> src/unix/fs/inotify_fs.rs:22:83
[INFO] [stdout]    |
[INFO] [stdout] 22 |     borrow::{Borrow, Cow}, cell::Cell, collections::{BTreeMap, BTreeSet, HashMap, VecDeque}, ffi::{CStr, CString, OsStr, OsString}, ...
[INFO] [stdout]    |                                                                                   ^^^^^^^^
[INFO] [stdout] 
[INFO] [stdout] 
[INFO] [stdout] warning: unused import: `loginfo`
[INFO] [stdout]   --> src/unix/fs/inotify_fs.rs:28:199
[INFO] [stdout]    |
[INFO] [stdout] 28 | ...rr_libc_sup}, event_registry::XioRegistry, logdebug, logerr, loginfo, unix::{FsEvent, FsEventTrait, FsEventTraitExtended, XioEven...
[INFO] [stdout]    |                                                                 ^^^^^^^
[INFO] [stdout] 
[INFO] [stdout] 
[INFO] [stdout] warning: use of deprecated module `std::usize`: all constants in this module replaced by associated constants on the type
[INFO] [stdout]   --> src/event_uid.rs:18:17
[INFO] [stdout]    |
[INFO] [stdout] 18 |  use std::{fmt, usize};
[INFO] [stdout]    |                 ^^^^^
[INFO] [stdout]    |
[INFO] [stdout]    = note: `#[warn(deprecated)]` on by default
[INFO] [stdout] 
[INFO] [stdout] 
[INFO] [stdout] warning: use of deprecated constant `std::usize::MAX`: replaced by the `MAX` associated constant on this type
[INFO] [stdout]   --> src/event_uid.rs:99:33
[INFO] [stdout]    |
[INFO] [stdout] 99 |         return uid.0.min(usize::MAX as u64) as usize;
[INFO] [stdout]    |                                 ^^^
[INFO] [stdout] 
[INFO] [stdout] 
[INFO] [stdout] warning: use of deprecated module `std::usize`: all constants in this module replaced by associated constants on the type
[INFO] [stdout]   --> src/event_fduid.rs:18:16
[INFO] [stdout]    |
[INFO] [stdout] 18 | use std::{fmt, usize};
[INFO] [stdout]    |                ^^^^^
[INFO] [stdout] 
[INFO] [stdout] 
[INFO] [stdout] warning: use of deprecated constant `std::usize::MAX`: replaced by the `MAX` associated constant on this type
[INFO] [stdout]   --> src/event_fduid.rs:98:33
[INFO] [stdout]    |
[INFO] [stdout] 98 |         return uid.0.min(usize::MAX as u64) as usize;
[INFO] [stdout]    |                                 ^^^
[INFO] [stdout] 
[INFO] [stdout] 
[INFO] [stdout] warning: unused import: `crate::event_signal::XioEventSignalPipe`
[INFO] [stdout]   --> src/unix/event/mod.rs:74:16
[INFO] [stdout]    |
[INFO] [stdout] 74 | pub(super) use crate::event_signal::XioEventSignalPipe;
[INFO] [stdout]    |                ^^^^^^^^^^^^^^^^^^^^^^^^^^^^^^^^^^^^^^^
[INFO] [stdout] 
[INFO] [stdout] 
[INFO] [stdout] warning: unused import: `Borrow`
[INFO] [stdout]   --> src/unix/fs/inotify_fs.rs:22:14
[INFO] [stdout]    |
[INFO] [stdout] 22 |     borrow::{Borrow, Cow}, cell::Cell, collections::{BTreeMap, BTreeSet, HashMap, VecDeque}, ffi::{CStr, CString, OsStr, OsString}, ...
[INFO] [stdout]    |              ^^^^^^
[INFO] [stdout] 
[INFO] [stdout] 
[INFO] [stdout] warning: unused variable: `e`
[INFO] [stdout]    --> src/unix/event_system/poll.rs:939:17
[INFO] [stdout]     |
[INFO] [stdout] 939 |             Err(e) =>
[INFO] [stdout]     |                 ^ help: if this is intentional, prefix it with an underscore: `_e`
[INFO] [stdout]     |
[INFO] [stdout]     = note: `#[warn(unused_variables)]` (part of `#[warn(unused)]`) on by default
[INFO] [stdout] 
[INFO] [stdout] 
[INFO] [stdout] warning: unused variable: `e`
[INFO] [stdout]    --> src/unix/event_system/poll.rs:972:17
[INFO] [stdout]     |
[INFO] [stdout] 972 |             Err(e) =>
[INFO] [stdout]     |                 ^ help: if this is intentional, prefix it with an underscore: `_e`
[INFO] [stdout] 
[INFO] [stdout] 
[INFO] [stdout] warning: unused variable: `e`
[INFO] [stdout]     --> src/unix/event_system/poll.rs:1005:17
[INFO] [stdout]      |
[INFO] [stdout] 1005 |             Err(e) =>
[INFO] [stdout]      |                 ^ help: if this is intentional, prefix it with an underscore: `_e`
[INFO] [stdout] 
[INFO] [stdout] 
[INFO] [stdout] warning: unused variable: `k`
[INFO] [stdout]     --> src/unix/fs/inotify_fs.rs:1245:76
[INFO] [stdout]      |
[INFO] [stdout] 1245 | ...                   self.wds.iter_mut().find(|(k, v)| v.path.as_path() == prev_complete_path.as_path())
[INFO] [stdout]      |                                                  ^ help: if this is intentional, prefix it with an underscore: `_k`
[INFO] [stdout] 
[INFO] [stdout] 
[INFO] [stdout] warning: struct `AtomicOpU64` is never constructed
[INFO] [stdout]   --> src/atomic_op.rs:25:16
[INFO] [stdout]    |
[INFO] [stdout] 25 |     pub struct AtomicOpU64<VA: From<u64>>(AtomicU64, PhantomData<VA>);
[INFO] [stdout]    |                ^^^^^^^^^^^
[INFO] [stdout]    |
[INFO] [stdout]    = note: `#[warn(dead_code)]` (part of `#[warn(unused)]`) on by default
[INFO] [stdout] 
[INFO] [stdout] 
[INFO] [stdout] warning: associated items `new`, `inc`, and `dec` are never used
[INFO] [stdout]   --> src/atomic_op.rs:30:12
[INFO] [stdout]    |
[INFO] [stdout] 27 |     impl<VA: From<u64>> AtomicOpU64<VA>
[INFO] [stdout]    |     ----------------------------------- associated items in this implementation
[INFO] [stdout] ...
[INFO] [stdout] 30 |         fn new(start: u64) -> Self
[INFO] [stdout]    |            ^^^
[INFO] [stdout] ...
[INFO] [stdout] 36 |         fn inc(&self) -> Option<VA>
[INFO] [stdout]    |            ^^^
[INFO] [stdout] ...
[INFO] [stdout] 53 |         fn dec(&self) -> Option<VA>
[INFO] [stdout]    |            ^^^
[INFO] [stdout] 
[INFO] [stdout] 
[INFO] [stdout] warning: associated function `generate_next` is never used
[INFO] [stdout]    --> src/unix/event_system/poll.rs:248:8
[INFO] [stdout]     |
[INFO] [stdout] 246 | impl PollInstId
[INFO] [stdout]     | --------------- associated function in this implementation
[INFO] [stdout] 247 | {
[INFO] [stdout] 248 |     fn generate_next() -> Self
[INFO] [stdout]     |        ^^^^^^^^^^^^^
[INFO] [stdout] 
[INFO] [stdout] 
[INFO] [stdout] warning: field `ino_ev` is never read
[INFO] [stdout]    --> src/unix/fs/inotify_fs.rs:710:5
[INFO] [stdout]     |
[INFO] [stdout] 701 | struct MovedSelfHelper
[INFO] [stdout]     |        --------------- field in this struct
[INFO] [stdout] ...
[INFO] [stdout] 710 |     ino_ev: InotifyMsgEnvpOwned,
[INFO] [stdout]     |     ^^^^^^
[INFO] [stdout]     |
[INFO] [stdout]     = note: `MovedSelfHelper` has a derived impl for the trait `Debug`, but this is intentionally ignored during dead code analysis
[INFO] [stdout] 
[INFO] [stdout] 
[INFO] [stdout] warning: associated function `reserved_signal` is never used
[INFO] [stdout]    --> src/event_fduid.rs:109:8
[INFO] [stdout]     |
[INFO] [stdout] 102 | impl XioFsEventUid
[INFO] [stdout]     | ------------------ associated function in this implementation
[INFO] [stdout] ...
[INFO] [stdout] 109 |     fn reserved_signal() -> Self
[INFO] [stdout]     |        ^^^^^^^^^^^^^^^
[INFO] [stdout] 
[INFO] [stdout] 
[INFO] [stdout] warning: method `is_valid_inner` is never used
[INFO] [stdout]    --> src/event_timer.rs:862:8
[INFO] [stdout]     |
[INFO] [stdout] 857 | impl XioTimerExpireMode<XioAbsoluteTime>
[INFO] [stdout]     | ---------------------------------------- method in this implementation
[INFO] [stdout] ...
[INFO] [stdout] 862 |     fn is_valid_inner(&self) -> bool
[INFO] [stdout]     |        ^^^^^^^^^^^^^^
[INFO] [stdout] 
[INFO] [stdout] 
[INFO] [stdout] warning: methods `get_uid` and `into_inner` are never used
[INFO] [stdout]    --> src/gen_id.rs:193:8
[INFO] [stdout]     |
[INFO] [stdout] 181 | pub(super) trait UidMapRange<const MAP_OFFSET: u8>: Clone + Copy + fmt::Debug
[INFO] [stdout]     |                  ----------- methods in this trait
[INFO] [stdout] ...
[INFO] [stdout] 193 |     fn get_uid(&self) -> Self::UidType;
[INFO] [stdout]     |        ^^^^^^^
[INFO] [stdout] ...
[INFO] [stdout] 196 |     fn into_inner(self) -> Self::UidType;
[INFO] [stdout]     |        ^^^^^^^^^^
[INFO] [stdout] 
[INFO] [stdout] 
[INFO] [stdout] warning: method `get_raw` is never used
[INFO] [stdout]    --> src/gen_id.rs:386:8
[INFO] [stdout]     |
[INFO] [stdout] 352 | impl<const MASK: u8> DecocdedUid<MASK>
[INFO] [stdout]     | -------------------------------------- method in this implementation
[INFO] [stdout] ...
[INFO] [stdout] 386 |     fn get_raw(&self) -> usize
[INFO] [stdout]     |        ^^^^^^^
[INFO] [stdout] 
[INFO] [stdout] 
[INFO] [stdout] warning: method `next` is never used
[INFO] [stdout]   --> src/gen_id.rs:72:12
[INFO] [stdout]    |
[INFO] [stdout] 31 |     impl UidGenInner
[INFO] [stdout]    |     ---------------- method in this implementation
[INFO] [stdout] ...
[INFO] [stdout] 72 |         fn next(&self) -> usize
[INFO] [stdout]    |            ^^^^
[INFO] [stdout] 
[INFO] [stdout] 
[INFO] [stdout] warning: unused import: `self::uid_generator_atomic::*`
[INFO] [stdout]   --> src/atomic_op.rs:72:9
[INFO] [stdout]    |
[INFO] [stdout] 72 | pub use self::uid_generator_atomic::*;
[INFO] [stdout]    |         ^^^^^^^^^^^^^^^^^^^^^^^^^^^^^
[INFO] [stdout]    |
[INFO] [stdout]    = note: `#[warn(unused_imports)]` (part of `#[warn(unused)]`) on by default
[INFO] [stdout] 
[INFO] [stdout] 
[INFO] [stdout] warning: unused import: `std::sync::OnceLock`
[INFO] [stdout]  --> src/log.rs:1:5
[INFO] [stdout]   |
[INFO] [stdout] 1 | use std::sync::OnceLock;
[INFO] [stdout]   |     ^^^^^^^^^^^^^^^^^^^
[INFO] [stdout] 
[INFO] [stdout] 
[INFO] [stdout] warning: unused import: `std::sync::LazyLock`
[INFO] [stdout]  --> src/log.rs:5:5
[INFO] [stdout]   |
[INFO] [stdout] 5 | use std::sync::LazyLock;
[INFO] [stdout]   |     ^^^^^^^^^^^^^^^^^^^
[INFO] [stdout] 
[INFO] [stdout] 
[INFO] [stdout] warning: unused import: `std::fmt::Arguments`
[INFO] [stdout]  --> src/log.rs:6:5
[INFO] [stdout]   |
[INFO] [stdout] 6 | use std::fmt::Arguments;
[INFO] [stdout]   |     ^^^^^^^^^^^^^^^^^^^
[INFO] [stdout] 
[INFO] [stdout] 
[INFO] [stdout] warning: unused import: `super::*`
[INFO] [stdout]  --> src/log.rs:8:9
[INFO] [stdout]   |
[INFO] [stdout] 8 | pub use super::*;
[INFO] [stdout]   |         ^^^^^^^^
[INFO] [stdout] 
[INFO] [stdout] 
[INFO] [stdout] warning: unused import: `super::*`
[INFO] [stdout]   --> src/log.rs:13:9
[INFO] [stdout]    |
[INFO] [stdout] 13 |     use super::*;
[INFO] [stdout]    |         ^^^^^^^^
[INFO] [stdout] 
[INFO] [stdout] 
[INFO] [stdout] warning: unused import: `fmt`
[INFO] [stdout]   --> src/unix/timer/mod.rs:86:11
[INFO] [stdout]    |
[INFO] [stdout] 86 | use std::{fmt, io, os::fd::{AsFd, AsRawFd, RawFd}};
[INFO] [stdout]    |           ^^^
[INFO] [stdout] 
[INFO] [stdout] 
[INFO] [stdout] warning: unused imports: `Borrow` and `VecDeque`
[INFO] [stdout]   --> src/unix/fs/inotify_fs.rs:22:14
[INFO] [stdout]    |
[INFO] [stdout] 22 |     borrow::{Borrow, Cow}, cell::Cell, collections::{BTreeMap, BTreeSet, HashMap, VecDeque}, ffi::{CStr, CString, OsStr, OsString}, ...
[INFO] [stdout]    |              ^^^^^^                                                               ^^^^^^^^
[INFO] [stdout] 
[INFO] [stdout] 
[INFO] [stdout] warning: unused import: `loginfo`
[INFO] [stdout]   --> src/unix/fs/inotify_fs.rs:28:199
[INFO] [stdout]    |
[INFO] [stdout] 28 | ...rr_libc_sup}, event_registry::XioRegistry, logdebug, logerr, loginfo, unix::{FsEvent, FsEventTrait, FsEventTraitExtended, XioEven...
[INFO] [stdout]    |                                                                 ^^^^^^^
[INFO] [stdout] 
[INFO] [stdout] 
[INFO] [stdout] warning: use of deprecated module `std::usize`: all constants in this module replaced by associated constants on the type
[INFO] [stdout]   --> src/event_uid.rs:18:17
[INFO] [stdout]    |
[INFO] [stdout] 18 |  use std::{fmt, usize};
[INFO] [stdout]    |                 ^^^^^
[INFO] [stdout]    |
[INFO] [stdout]    = note: `#[warn(deprecated)]` on by default
[INFO] [stdout] 
[INFO] [stdout] 
[INFO] [stdout] warning: use of deprecated constant `std::usize::MAX`: replaced by the `MAX` associated constant on this type
[INFO] [stdout]   --> src/event_uid.rs:99:33
[INFO] [stdout]    |
[INFO] [stdout] 99 |         return uid.0.min(usize::MAX as u64) as usize;
[INFO] [stdout]    |                                 ^^^
[INFO] [stdout] 
[INFO] [stdout] 
[INFO] [stdout] warning: use of deprecated constant `std::usize::MAX`: replaced by the `MAX` associated constant on this type
[INFO] [stdout]    --> src/event_uid.rs:186:84
[INFO] [stdout]     |
[INFO] [stdout] 186 |         let uidgen: UidGenerator<1, XioEventUid> = UidGenerator::new_manual(usize::MAX-0x8000000000000000);
[INFO] [stdout]     |                                                                                    ^^^
[INFO] [stdout] 
[INFO] [stdout] 
[INFO] [stdout] warning: use of deprecated module `std::usize`: all constants in this module replaced by associated constants on the type
[INFO] [stdout]   --> src/event_fduid.rs:18:16
[INFO] [stdout]    |
[INFO] [stdout] 18 | use std::{fmt, usize};
[INFO] [stdout]    |                ^^^^^
[INFO] [stdout] 
[INFO] [stdout] 
[INFO] [stdout] warning: use of deprecated constant `std::usize::MAX`: replaced by the `MAX` associated constant on this type
[INFO] [stdout]   --> src/event_fduid.rs:98:33
[INFO] [stdout]    |
[INFO] [stdout] 98 |         return uid.0.min(usize::MAX as u64) as usize;
[INFO] [stdout]    |                                 ^^^
[INFO] [stdout] 
[INFO] [stdout] 
[INFO] [stdout] warning: use of deprecated constant `std::usize::MAX`: replaced by the `MAX` associated constant on this type
[INFO] [stdout]    --> src/event_fduid.rs:187:86
[INFO] [stdout]     |
[INFO] [stdout] 187 |         let uidgen: UidGenerator<1, XioFsEventUid> = UidGenerator::new_manual(usize::MAX-0x8000000000000000);
[INFO] [stdout]     |                                                                                      ^^^
[INFO] [stdout] 
[INFO] [stdout] 
[INFO] [stdout] warning: unused import: `crate::event_signal::XioEventSignalPipe`
[INFO] [stdout]   --> src/unix/event/mod.rs:74:16
[INFO] [stdout]    |
[INFO] [stdout] 74 | pub(super) use crate::event_signal::XioEventSignalPipe;
[INFO] [stdout]    |                ^^^^^^^^^^^^^^^^^^^^^^^^^^^^^^^^^^^^^^^
[INFO] [stdout] 
[INFO] [stdout] 
[INFO] [stdout] warning: unused variable: `e`
[INFO] [stdout]    --> src/unix/event_system/poll.rs:939:17
[INFO] [stdout]     |
[INFO] [stdout] 939 |             Err(e) =>
[INFO] [stdout]     |                 ^ help: if this is intentional, prefix it with an underscore: `_e`
[INFO] [stdout]     |
[INFO] [stdout]     = note: `#[warn(unused_variables)]` (part of `#[warn(unused)]`) on by default
[INFO] [stdout] 
[INFO] [stdout] 
[INFO] [stdout] warning: unused variable: `e`
[INFO] [stdout]    --> src/unix/event_system/poll.rs:972:17
[INFO] [stdout]     |
[INFO] [stdout] 972 |             Err(e) =>
[INFO] [stdout]     |                 ^ help: if this is intentional, prefix it with an underscore: `_e`
[INFO] [stdout] 
[INFO] [stdout] 
[INFO] [stdout] warning: unused variable: `e`
[INFO] [stdout]     --> src/unix/event_system/poll.rs:1005:17
[INFO] [stdout]      |
[INFO] [stdout] 1005 |             Err(e) =>
[INFO] [stdout]      |                 ^ help: if this is intentional, prefix it with an underscore: `_e`
[INFO] [stdout] 
[INFO] [stdout] 
[INFO] [stdout] warning: unused variable: `tx`
[INFO] [stdout]     --> src/unix/event_system/poll.rs:1464:14
[INFO] [stdout]      |
[INFO] [stdout] 1464 |         let (tx, rx) = mpsc::sync_channel::<()>(1);
[INFO] [stdout]      |              ^^ help: if this is intentional, prefix it with an underscore: `_tx`
[INFO] [stdout] 
[INFO] [stdout] 
[INFO] [stdout] warning: unused variable: `rx`
[INFO] [stdout]     --> src/unix/event_system/poll.rs:1464:18
[INFO] [stdout]      |
[INFO] [stdout] 1464 |         let (tx, rx) = mpsc::sync_channel::<()>(1);
[INFO] [stdout]      |                  ^^ help: if this is intentional, prefix it with an underscore: `_rx`
[INFO] [stdout] 
[INFO] [stdout] 
[INFO] [stdout] warning: unused variable: `tx2`
[INFO] [stdout]     --> src/unix/event_system/poll.rs:1465:14
[INFO] [stdout]      |
[INFO] [stdout] 1465 |         let (tx2, rx2) = mpsc::sync_channel::<()>(1);
[INFO] [stdout]      |              ^^^ help: if this is intentional, prefix it with an underscore: `_tx2`
[INFO] [stdout] 
[INFO] [stdout] 
[INFO] [stdout] warning: unused variable: `rx2`
[INFO] [stdout]     --> src/unix/event_system/poll.rs:1465:19
[INFO] [stdout]      |
[INFO] [stdout] 1465 |         let (tx2, rx2) = mpsc::sync_channel::<()>(1);
[INFO] [stdout]      |                   ^^^ help: if this is intentional, prefix it with an underscore: `_rx2`
[INFO] [stdout] 
[INFO] [stdout] 
[INFO] [stdout] warning: unused variable: `handle1`
[INFO] [stdout]     --> src/unix/event_system/poll.rs:1467:13
[INFO] [stdout]      |
[INFO] [stdout] 1467 |         let handle1 = 
[INFO] [stdout]      |             ^^^^^^^ help: if this is intentional, prefix it with an underscore: `_handle1`
[INFO] [stdout] 
[INFO] [stdout] 
[INFO] [stdout] warning: unused variable: `k`
[INFO] [stdout]     --> src/unix/fs/inotify_fs.rs:1245:76
[INFO] [stdout]      |
[INFO] [stdout] 1245 | ...                   self.wds.iter_mut().find(|(k, v)| v.path.as_path() == prev_complete_path.as_path())
[INFO] [stdout]      |                                                  ^ help: if this is intentional, prefix it with an underscore: `_k`
[INFO] [stdout] 
[INFO] [stdout] 
[INFO] [stdout] warning: unused variable: `d`
[INFO] [stdout]    --> src/gen_id.rs:403:13
[INFO] [stdout]     |
[INFO] [stdout] 403 |         let d = XioUidRange::<1>::derive(1, 1);
[INFO] [stdout]     |             ^ help: if this is intentional, prefix it with an underscore: `_d`
[INFO] [stdout] 
[INFO] [stdout] 
[INFO] [stdout] warning: struct `AtomicOpU64` is never constructed
[INFO] [stdout]   --> src/atomic_op.rs:25:16
[INFO] [stdout]    |
[INFO] [stdout] 25 |     pub struct AtomicOpU64<VA: From<u64>>(AtomicU64, PhantomData<VA>);
[INFO] [stdout]    |                ^^^^^^^^^^^
[INFO] [stdout]    |
[INFO] [stdout]    = note: `#[warn(dead_code)]` (part of `#[warn(unused)]`) on by default
[INFO] [stdout] 
[INFO] [stdout] 
[INFO] [stdout] warning: associated items `new`, `inc`, and `dec` are never used
[INFO] [stdout]   --> src/atomic_op.rs:30:12
[INFO] [stdout]    |
[INFO] [stdout] 27 |     impl<VA: From<u64>> AtomicOpU64<VA>
[INFO] [stdout]    |     ----------------------------------- associated items in this implementation
[INFO] [stdout] ...
[INFO] [stdout] 30 |         fn new(start: u64) -> Self
[INFO] [stdout]    |            ^^^
[INFO] [stdout] ...
[INFO] [stdout] 36 |         fn inc(&self) -> Option<VA>
[INFO] [stdout]    |            ^^^
[INFO] [stdout] ...
[INFO] [stdout] 53 |         fn dec(&self) -> Option<VA>
[INFO] [stdout]    |            ^^^
[INFO] [stdout] 
[INFO] [stdout] 
[INFO] [stdout] warning: associated function `generate_next` is never used
[INFO] [stdout]    --> src/unix/event_system/poll.rs:248:8
[INFO] [stdout]     |
[INFO] [stdout] 246 | impl PollInstId
[INFO] [stdout]     | --------------- associated function in this implementation
[INFO] [stdout] 247 | {
[INFO] [stdout] 248 |     fn generate_next() -> Self
[INFO] [stdout]     |        ^^^^^^^^^^^^^
[INFO] [stdout] 
[INFO] [stdout] 
[INFO] [stdout] warning: field `ino_ev` is never read
[INFO] [stdout]    --> src/unix/fs/inotify_fs.rs:710:5
[INFO] [stdout]     |
[INFO] [stdout] 701 | struct MovedSelfHelper
[INFO] [stdout]     |        --------------- field in this struct
[INFO] [stdout] ...
[INFO] [stdout] 710 |     ino_ev: InotifyMsgEnvpOwned,
[INFO] [stdout]     |     ^^^^^^
[INFO] [stdout]     |
[INFO] [stdout]     = note: `MovedSelfHelper` has a derived impl for the trait `Debug`, but this is intentionally ignored during dead code analysis
[INFO] [stdout] 
[INFO] [stdout] 
[INFO] [stdout] warning: associated function `reserved_signal` is never used
[INFO] [stdout]    --> src/event_fduid.rs:109:8
[INFO] [stdout]     |
[INFO] [stdout] 102 | impl XioFsEventUid
[INFO] [stdout]     | ------------------ associated function in this implementation
[INFO] [stdout] ...
[INFO] [stdout] 109 |     fn reserved_signal() -> Self
[INFO] [stdout]     |        ^^^^^^^^^^^^^^^
[INFO] [stdout] 
[INFO] [stdout] 
[INFO] [stdout] warning: method `is_valid_inner` is never used
[INFO] [stdout]    --> src/event_timer.rs:862:8
[INFO] [stdout]     |
[INFO] [stdout] 857 | impl XioTimerExpireMode<XioAbsoluteTime>
[INFO] [stdout]     | ---------------------------------------- method in this implementation
[INFO] [stdout] ...
[INFO] [stdout] 862 |     fn is_valid_inner(&self) -> bool
[INFO] [stdout]     |        ^^^^^^^^^^^^^^
[INFO] [stdout] 
[INFO] [stdout] 
[INFO] [stdout] warning: methods `get_uid` and `into_inner` are never used
[INFO] [stdout]    --> src/gen_id.rs:193:8
[INFO] [stdout]     |
[INFO] [stdout] 181 | pub(super) trait UidMapRange<const MAP_OFFSET: u8>: Clone + Copy + fmt::Debug
[INFO] [stdout]     |                  ----------- methods in this trait
[INFO] [stdout] ...
[INFO] [stdout] 193 |     fn get_uid(&self) -> Self::UidType;
[INFO] [stdout]     |        ^^^^^^^
[INFO] [stdout] ...
[INFO] [stdout] 196 |     fn into_inner(self) -> Self::UidType;
[INFO] [stdout]     |        ^^^^^^^^^^
[INFO] [stdout] 
[INFO] [stdout] 
[INFO] [stdout] warning: method `get_raw` is never used
[INFO] [stdout]    --> src/gen_id.rs:386:8
[INFO] [stdout]     |
[INFO] [stdout] 352 | impl<const MASK: u8> DecocdedUid<MASK>
[INFO] [stdout]     | -------------------------------------- method in this implementation
[INFO] [stdout] ...
[INFO] [stdout] 386 |     fn get_raw(&self) -> usize
[INFO] [stdout]     |        ^^^^^^^
[INFO] [stdout] 
[INFO] [stdout] 
[INFO] [stdout] warning: method `next` is never used
[INFO] [stdout]   --> src/gen_id.rs:72:12
[INFO] [stdout]    |
[INFO] [stdout] 31 |     impl UidGenInner
[INFO] [stdout]    |     ---------------- method in this implementation
[INFO] [stdout] ...
[INFO] [stdout] 72 |         fn next(&self) -> usize
[INFO] [stdout]    |            ^^^^
[INFO] [stdout] 
[INFO] [stdout] 
[INFO] [stdout] warning: unused variable: `s`
[INFO] [stdout]   --> tests/timer_test.rs:23:9
[INFO] [stdout]    |
[INFO] [stdout] 23 |     let s = Instant::now();
[INFO] [stdout]    |         ^ help: if this is intentional, prefix it with an underscore: `_s`
[INFO] [stdout]    |
[INFO] [stdout]    = note: `#[warn(unused_variables)]` (part of `#[warn(unused)]`) on by default
[INFO] [stdout] 
[INFO] [stdout] 
[INFO] [stdout] warning: unused variable: `res`
[INFO] [stdout]    --> tests/timer_test.rs:186:9
[INFO] [stdout]     |
[INFO] [stdout] 186 |     let res = timer.get_timer().read().unwrap();
[INFO] [stdout]     |         ^^^ help: if this is intentional, prefix it with an underscore: `_res`
[INFO] [stdout] 
[INFO] [stdout] 
[INFO] [stdout] warning: unused variable: `res`
[INFO] [stdout]    --> tests/timer_test.rs:198:9
[INFO] [stdout]     |
[INFO] [stdout] 198 |     let res = timer.get_timer().read().unwrap();
[INFO] [stdout]     |         ^^^ help: if this is intentional, prefix it with an underscore: `_res`
[INFO] [stdout] 
[INFO] [stdout] 
[INFO] [stdout] warning: unused import: `event_timer::get_current_timestamp`
[INFO] [stdout]  --> tests/registry_test.rs:9:238
[INFO] [stdout]   |
[INFO] [stdout] 9 | ...ode, XioTimerFlags, XioTimerPipe, XioTimerType, event_timer::get_current_timestamp};
[INFO] [stdout]   |                                                    ^^^^^^^^^^^^^^^^^^^^^^^^^^^^^^^^^^
[INFO] [stdout]   |
[INFO] [stdout]   = note: `#[warn(unused_imports)]` (part of `#[warn(unused)]`) on by default
[INFO] [stdout] 
[INFO] [stdout] 
[INFO] [stdout] warning: unused variable: `is_queued`
[INFO] [stdout]   --> tests/event_test.rs:10:88
[INFO] [stdout]    |
[INFO] [stdout] 10 | fn test_event_simple<ESS: EsInterface, TM: XioEventSignalPipe + XioEventPipe<ESS, TM>>(is_queued: bool)
[INFO] [stdout]    |                                                                                        ^^^^^^^^^ help: if this is intentional, prefix it with an underscore: `_is_queued`
[INFO] [stdout]    |
[INFO] [stdout]    = note: `#[warn(unused_variables)]` (part of `#[warn(unused)]`) on by default
[INFO] [stdout] 
[INFO] [stdout] 
[INFO] [stdout] warning: variable `PATH_LIST` should have a snake case name
[INFO] [stdout]   --> tests/common.rs:37:13
[INFO] [stdout]    |
[INFO] [stdout] 37 |     let mut PATH_LIST: Vec<(PathBuf, bool)> = Vec::with_capacity(dir_layout.len());
[INFO] [stdout]    |             ^^^^^^^^^ help: convert the identifier to snake case: `path_list`
[INFO] [stdout]    |
[INFO] [stdout]    = note: `#[warn(non_snake_case)]` (part of `#[warn(nonstandard_style)]`) on by default
[INFO] [stdout] 
[INFO] [stdout] 
[INFO] [stdout] warning: unused variable: `ev`
[INFO] [stdout]    --> tests/registry_test.rs:294:17
[INFO] [stdout]     |
[INFO] [stdout] 294 |             let ev = c_reg.allocate_signal_and_reg(ev_uid).unwrap();
[INFO] [stdout]     |                 ^^ help: if this is intentional, prefix it with an underscore: `_ev`
[INFO] [stdout]     |
[INFO] [stdout]     = note: `#[warn(unused_variables)]` (part of `#[warn(unused)]`) on by default
[INFO] [stdout] 
[INFO] [stdout] 
[INFO] [stdout] warning: unused variable: `ev`
[INFO] [stdout]    --> tests/registry_test.rs:410:17
[INFO] [stdout]     |
[INFO] [stdout] 410 |             let ev = c_reg.allocate_signal_and_reg(ev_uid).unwrap();
[INFO] [stdout]     |                 ^^ help: if this is intentional, prefix it with an underscore: `_ev`
[INFO] [stdout] 
[INFO] [stdout] 
[INFO] [stdout] warning: function `prepare_fs` is never used
[INFO] [stdout]  --> tests/common.rs:6:4
[INFO] [stdout]   |
[INFO] [stdout] 6 | fn prepare_fs(dir_layout: &'static [(&'static str, bool)])
[INFO] [stdout]   |    ^^^^^^^^^^
[INFO] [stdout]   |
[INFO] [stdout]   = note: `#[warn(dead_code)]` (part of `#[warn(unused)]`) on by default
[INFO] [stdout] 
[INFO] [stdout] 
[INFO] [stdout] warning: function `cws` is never used
[INFO] [stdout]   --> tests/common.rs:28:4
[INFO] [stdout]    |
[INFO] [stdout] 28 | fn cws<P: AsRef<Path>>(p: &Path, to: P) -> PathBuf
[INFO] [stdout]    |    ^^^
[INFO] [stdout] 
[INFO] [stdout] 
[INFO] [stdout] warning: function `prepare_fs_files` is never used
[INFO] [stdout]   --> tests/common.rs:62:4
[INFO] [stdout]    |
[INFO] [stdout] 62 | fn prepare_fs_files(file_layout1: &'static [(&'static str, bool)])
[INFO] [stdout]    |    ^^^^^^^^^^^^^^^^
[INFO] [stdout] 
[INFO] [stdout] 
[INFO] [stdout] warning: function `create_file` is never used
[INFO] [stdout]   --> tests/common.rs:72:4
[INFO] [stdout]    |
[INFO] [stdout] 72 | fn create_file(path: &str, create: bool, read: bool) -> File
[INFO] [stdout]    |    ^^^^^^^^^^^
[INFO] [stdout] 
[INFO] [stdout] 
[INFO] [stdout] warning: function `move_dir` is never used
[INFO] [stdout]   --> tests/common.rs:99:4
[INFO] [stdout]    |
[INFO] [stdout] 99 | fn move_dir(path_from: &str, path_to: &str) 
[INFO] [stdout]    |    ^^^^^^^^
[INFO] [stdout] 
[INFO] [stdout] 
[INFO] [stdout] warning: variable `PATH_LIST` should have a snake case name
[INFO] [stdout]   --> tests/common.rs:37:13
[INFO] [stdout]    |
[INFO] [stdout] 37 |     let mut PATH_LIST: Vec<(PathBuf, bool)> = Vec::with_capacity(dir_layout.len());
[INFO] [stdout]    |             ^^^^^^^^^ help: convert the identifier to snake case: `path_list`
[INFO] [stdout]    |
[INFO] [stdout]    = note: `#[warn(non_snake_case)]` (part of `#[warn(nonstandard_style)]`) on by default
[INFO] [stdout] 
[INFO] [stdout] 
[INFO] [stderr]     Finished `release` profile [optimized] target(s) in 13.06s
[INFO] running `Command { std: "docker" "inspect" "d45dff41c7348074c22de43b6454d18a6f560ccec1c00c6583676b8c3e4c9cbe", kill_on_drop: false }`
[INFO] running `Command { std: "docker" "exec" "-e" "SOURCE_DIR=/opt/rustwide/workdir" "-e" "CARGO_HOME=/opt/rustwide/cargo-home" "-e" "RUSTUP_HOME=/opt/rustwide/rustup-home" "-e" "CARGO_TARGET_DIR=/opt/rustwide/target" "-e" "CARGO_INCREMENTAL=0" "-e" "RUST_BACKTRACE=full" "-e" "RUSTFLAGS=--cap-lints=warn" "-e" "RUSTDOCFLAGS=--cap-lints=warn" "-w" "/opt/rustwide/workdir" "--user" "0:0" "d45dff41c7348074c22de43b6454d18a6f560ccec1c00c6583676b8c3e4c9cbe" "/opt/rustwide/cargo-home/bin/cargo" "+1.100.0-beta.1" "test" "--frozen" "--release", kill_on_drop: false }`
[INFO] [stderr] warning: unused import: `self::uid_generator_atomic::*`
[INFO] [stderr]   --> src/atomic_op.rs:72:9
[INFO] [stderr]    |
[INFO] [stderr] 72 | pub use self::uid_generator_atomic::*;
[INFO] [stderr]    |         ^^^^^^^^^^^^^^^^^^^^^^^^^^^^^
[INFO] [stderr]    |
[INFO] [stderr]    = note: `#[warn(unused_imports)]` (part of `#[warn(unused)]`) on by default
[INFO] [stderr] 
[INFO] [stderr] warning: unused import: `std::sync::OnceLock`
[INFO] [stderr]  --> src/log.rs:1:5
[INFO] [stderr]   |
[INFO] [stderr] 1 | use std::sync::OnceLock;
[INFO] [stderr]   |     ^^^^^^^^^^^^^^^^^^^
[INFO] [stderr] 
[INFO] [stderr] warning: unused import: `std::sync::LazyLock`
[INFO] [stderr]  --> src/log.rs:5:5
[INFO] [stderr]   |
[INFO] [stderr] 5 | use std::sync::LazyLock;
[INFO] [stderr]   |     ^^^^^^^^^^^^^^^^^^^
[INFO] [stderr] 
[INFO] [stderr] warning: unused import: `std::fmt::Arguments`
[INFO] [stderr]  --> src/log.rs:6:5
[INFO] [stderr]   |
[INFO] [stderr] 6 | use std::fmt::Arguments;
[INFO] [stderr]   |     ^^^^^^^^^^^^^^^^^^^
[INFO] [stderr] 
[INFO] [stderr] warning: unused import: `super::*`
[INFO] [stderr]  --> src/log.rs:8:9
[INFO] [stderr]   |
[INFO] [stderr] 8 | pub use super::*;
[INFO] [stderr]   |         ^^^^^^^^
[INFO] [stderr] 
[INFO] [stderr] warning: unused import: `super::*`
[INFO] [stderr]   --> src/log.rs:13:9
[INFO] [stderr]    |
[INFO] [stderr] 13 |     use super::*;
[INFO] [stderr]    |         ^^^^^^^^
[INFO] [stderr] 
[INFO] [stderr] warning: unused import: `fmt`
[INFO] [stderr]   --> src/unix/timer/mod.rs:86:11
[INFO] [stderr]    |
[INFO] [stderr] 86 | use std::{fmt, io, os::fd::{AsFd, AsRawFd, RawFd}};
[INFO] [stderr]    |           ^^^
[INFO] [stderr] 
[INFO] [stderr] warning: unused import: `VecDeque`
[INFO] [stderr]   --> src/unix/fs/inotify_fs.rs:22:83
[INFO] [stderr]    |
[INFO] [stderr] 22 |     borrow::{Borrow, Cow}, cell::Cell, collections::{BTreeMap, BTreeSet, HashMap, VecDeque}, ffi::{CStr, CString, OsStr, OsString}, ...
[INFO] [stderr]    |                                                                                   ^^^^^^^^
[INFO] [stderr] 
[INFO] [stderr] warning: unused import: `loginfo`
[INFO] [stderr]   --> src/unix/fs/inotify_fs.rs:28:199
[INFO] [stderr]    |
[INFO] [stderr] 28 | ...rr_libc_sup}, event_registry::XioRegistry, logdebug, logerr, loginfo, unix::{FsEvent, FsEventTrait, FsEventTraitExtended, XioEven...
[INFO] [stderr]    |                                                                 ^^^^^^^
[INFO] [stderr] 
[INFO] [stderr] warning: use of deprecated module `std::usize`: all constants in this module replaced by associated constants on the type
[INFO] [stderr]   --> src/event_uid.rs:18:17
[INFO] [stderr]    |
[INFO] [stderr] 18 |  use std::{fmt, usize};
[INFO] [stderr]    |                 ^^^^^
[INFO] [stderr]    |
[INFO] [stderr]    = note: `#[warn(deprecated)]` on by default
[INFO] [stderr] 
[INFO] [stderr] warning: use of deprecated constant `std::usize::MAX`: replaced by the `MAX` associated constant on this type
[INFO] [stderr]   --> src/event_uid.rs:99:33
[INFO] [stderr]    |
[INFO] [stderr] 99 |         return uid.0.min(usize::MAX as u64) as usize;
[INFO] [stderr]    |                                 ^^^
[INFO] [stderr] 
[INFO] [stderr] warning: use of deprecated module `std::usize`: all constants in this module replaced by associated constants on the type
[INFO] [stderr]   --> src/event_fduid.rs:18:16
[INFO] [stderr]    |
[INFO] [stderr] 18 | use std::{fmt, usize};
[INFO] [stderr]    |                ^^^^^
[INFO] [stderr] 
[INFO] [stderr] warning: use of deprecated constant `std::usize::MAX`: replaced by the `MAX` associated constant on this type
[INFO] [stderr]   --> src/event_fduid.rs:98:33
[INFO] [stderr]    |
[INFO] [stderr] 98 |         return uid.0.min(usize::MAX as u64) as usize;
[INFO] [stderr]    |                                 ^^^
[INFO] [stderr] 
[INFO] [stderr] warning: unused import: `crate::event_signal::XioEventSignalPipe`
[INFO] [stderr]   --> src/unix/event/mod.rs:74:16
[INFO] [stderr]    |
[INFO] [stderr] 74 | pub(super) use crate::event_signal::XioEventSignalPipe;
[INFO] [stderr]    |                ^^^^^^^^^^^^^^^^^^^^^^^^^^^^^^^^^^^^^^^
[INFO] [stderr] 
[INFO] [stderr] warning: unused import: `Borrow`
[INFO] [stderr]   --> src/unix/fs/inotify_fs.rs:22:14
[INFO] [stderr]    |
[INFO] [stderr] 22 |     borrow::{Borrow, Cow}, cell::Cell, collections::{BTreeMap, BTreeSet, HashMap, VecDeque}, ffi::{CStr, CString, OsStr, OsString}, ...
[INFO] [stderr]    |              ^^^^^^
[INFO] [stderr] 
[INFO] [stderr] warning: unused variable: `e`
[INFO] [stderr]    --> src/unix/event_system/poll.rs:939:17
[INFO] [stderr]     |
[INFO] [stderr] 939 |             Err(e) =>
[INFO] [stderr]     |                 ^ help: if this is intentional, prefix it with an underscore: `_e`
[INFO] [stderr]     |
[INFO] [stderr]     = note: `#[warn(unused_variables)]` (part of `#[warn(unused)]`) on by default
[INFO] [stderr] 
[INFO] [stderr] warning: unused variable: `e`
[INFO] [stderr]    --> src/unix/event_system/poll.rs:972:17
[INFO] [stderr]     |
[INFO] [stderr] 972 |             Err(e) =>
[INFO] [stderr]     |                 ^ help: if this is intentional, prefix it with an underscore: `_e`
[INFO] [stderr] 
[INFO] [stderr] warning: unused variable: `e`
[INFO] [stderr]     --> src/unix/event_system/poll.rs:1005:17
[INFO] [stderr]      |
[INFO] [stderr] 1005 |             Err(e) =>
[INFO] [stderr]      |                 ^ help: if this is intentional, prefix it with an underscore: `_e`
[INFO] [stderr] 
[INFO] [stderr] warning: unused variable: `k`
[INFO] [stderr]     --> src/unix/fs/inotify_fs.rs:1245:76
[INFO] [stderr]      |
[INFO] [stderr] 1245 | ...                   self.wds.iter_mut().find(|(k, v)| v.path.as_path() == prev_complete_path.as_path())
[INFO] [stderr]      |                                                  ^ help: if this is intentional, prefix it with an underscore: `_k`
[INFO] [stderr] 
[INFO] [stderr] warning: struct `AtomicOpU64` is never constructed
[INFO] [stderr]   --> src/atomic_op.rs:25:16
[INFO] [stderr]    |
[INFO] [stderr] 25 |     pub struct AtomicOpU64<VA: From<u64>>(AtomicU64, PhantomData<VA>);
[INFO] [stderr]    |                ^^^^^^^^^^^
[INFO] [stderr]    |
[INFO] [stderr]    = note: `#[warn(dead_code)]` (part of `#[warn(unused)]`) on by default
[INFO] [stderr] 
[INFO] [stderr] warning: associated items `new`, `inc`, and `dec` are never used
[INFO] [stderr]   --> src/atomic_op.rs:30:12
[INFO] [stderr]    |
[INFO] [stderr] 27 |     impl<VA: From<u64>> AtomicOpU64<VA>
[INFO] [stderr]    |     ----------------------------------- associated items in this implementation
[INFO] [stderr] ...
[INFO] [stderr] 30 |         fn new(start: u64) -> Self
[INFO] [stderr]    |            ^^^
[INFO] [stderr] ...
[INFO] [stderr] 36 |         fn inc(&self) -> Option<VA>
[INFO] [stderr]    |            ^^^
[INFO] [stderr] ...
[INFO] [stderr] 53 |         fn dec(&self) -> Option<VA>
[INFO] [stderr]    |            ^^^
[INFO] [stderr] 
[INFO] [stderr] warning: associated function `generate_next` is never used
[INFO] [stderr]    --> src/unix/event_system/poll.rs:248:8
[INFO] [stderr]     |
[INFO] [stderr] 246 | impl PollInstId
[INFO] [stderr]     | --------------- associated function in this implementation
[INFO] [stderr] 247 | {
[INFO] [stderr] 248 |     fn generate_next() -> Self
[INFO] [stderr]     |        ^^^^^^^^^^^^^
[INFO] [stderr] 
[INFO] [stderr] warning: field `ino_ev` is never read
[INFO] [stderr]    --> src/unix/fs/inotify_fs.rs:710:5
[INFO] [stderr]     |
[INFO] [stderr] 701 | struct MovedSelfHelper
[INFO] [stderr]     |        --------------- field in this struct
[INFO] [stderr] ...
[INFO] [stderr] 710 |     ino_ev: InotifyMsgEnvpOwned,
[INFO] [stderr]     |     ^^^^^^
[INFO] [stderr]     |
[INFO] [stderr]     = note: `MovedSelfHelper` has a derived impl for the trait `Debug`, but this is intentionally ignored during dead code analysis
[INFO] [stderr] 
[INFO] [stderr] warning: associated function `reserved_signal` is never used
[INFO] [stderr]    --> src/event_fduid.rs:109:8
[INFO] [stderr]     |
[INFO] [stderr] 102 | impl XioFsEventUid
[INFO] [stderr]     | ------------------ associated function in this implementation
[INFO] [stderr] ...
[INFO] [stderr] 109 |     fn reserved_signal() -> Self
[INFO] [stderr]     |        ^^^^^^^^^^^^^^^
[INFO] [stderr] 
[INFO] [stderr] warning: method `is_valid_inner` is never used
[INFO] [stderr]    --> src/event_timer.rs:862:8
[INFO] [stderr]     |
[INFO] [stderr] 857 | impl XioTimerExpireMode<XioAbsoluteTime>
[INFO] [stderr]     | ---------------------------------------- method in this implementation
[INFO] [stderr] ...
[INFO] [stderr] 862 |     fn is_valid_inner(&self) -> bool
[INFO] [stderr]     |        ^^^^^^^^^^^^^^
[INFO] [stderr] 
[INFO] [stderr] warning: methods `get_uid` and `into_inner` are never used
[INFO] [stderr]    --> src/gen_id.rs:193:8
[INFO] [stderr]     |
[INFO] [stderr] 181 | pub(super) trait UidMapRange<const MAP_OFFSET: u8>: Clone + Copy + fmt::Debug
[INFO] [stderr]     |                  ----------- methods in this trait
[INFO] [stderr] ...
[INFO] [stderr] 193 |     fn get_uid(&self) -> Self::UidType;
[INFO] [stderr]     |        ^^^^^^^
[INFO] [stderr] ...
[INFO] [stderr] 196 |     fn into_inner(self) -> Self::UidType;
[INFO] [stderr]     |        ^^^^^^^^^^
[INFO] [stderr] 
[INFO] [stderr] warning: method `get_raw` is never used
[INFO] [stderr]    --> src/gen_id.rs:386:8
[INFO] [stderr]     |
[INFO] [stderr] 352 | impl<const MASK: u8> DecocdedUid<MASK>
[INFO] [stderr]     | -------------------------------------- method in this implementation
[INFO] [stderr] ...
[INFO] [stderr] 386 |     fn get_raw(&self) -> usize
[INFO] [stderr]     |        ^^^^^^^
[INFO] [stderr] 
[INFO] [stderr] warning: method `next` is never used
[INFO] [stderr]   --> src/gen_id.rs:72:12
[INFO] [stderr]    |
[INFO] [stderr] 31 |     impl UidGenInner
[INFO] [stderr]    |     ---------------- method in this implementation
[INFO] [stderr] ...
[INFO] [stderr] 72 |         fn next(&self) -> usize
[INFO] [stderr]    |            ^^^^
[INFO] [stderr] 
[INFO] [stderr] warning: `xio-rs` (lib) generated 28 warnings (run `cargo fix --lib -p xio-rs` to apply 13 suggestions)
[INFO] [stderr] warning: variable `PATH_LIST` should have a snake case name
[INFO] [stderr]   --> tests/common.rs:37:13
[INFO] [stderr]    |
[INFO] [stderr] 37 |     let mut PATH_LIST: Vec<(PathBuf, bool)> = Vec::with_capacity(dir_layout.len());
[INFO] [stderr]    |             ^^^^^^^^^ help: convert the identifier to snake case: `path_list`
[INFO] [stderr]    |
[INFO] [stderr]    = note: `#[warn(non_snake_case)]` (part of `#[warn(nonstandard_style)]`) on by default
[INFO] [stderr] 
[INFO] [stderr] warning: function `prepare_fs` is never used
[INFO] [stderr]  --> tests/common.rs:6:4
[INFO] [stderr]   |
[INFO] [stderr] 6 | fn prepare_fs(dir_layout: &'static [(&'static str, bool)])
[INFO] [stderr]   |    ^^^^^^^^^^
[INFO] [stderr]   |
[INFO] [stderr]   = note: `#[warn(dead_code)]` (part of `#[warn(unused)]`) on by default
[INFO] [stderr] 
[INFO] [stderr] warning: function `cws` is never used
[INFO] [stderr]   --> tests/common.rs:28:4
[INFO] [stderr]    |
[INFO] [stderr] 28 | fn cws<P: AsRef<Path>>(p: &Path, to: P) -> PathBuf
[INFO] [stderr]    |    ^^^
[INFO] [stderr] 
[INFO] [stderr] warning: function `prepare_fs_files` is never used
[INFO] [stderr]   --> tests/common.rs:62:4
[INFO] [stderr]    |
[INFO] [stderr] 62 | fn prepare_fs_files(file_layout1: &'static [(&'static str, bool)])
[INFO] [stderr]    |    ^^^^^^^^^^^^^^^^
[INFO] [stderr] 
[INFO] [stderr] warning: function `create_file` is never used
[INFO] [stderr]   --> tests/common.rs:72:4
[INFO] [stderr]    |
[INFO] [stderr] 72 | fn create_file(path: &str, create: bool, read: bool) -> File
[INFO] [stderr]    |    ^^^^^^^^^^^
[INFO] [stderr] 
[INFO] [stderr] warning: function `move_dir` is never used
[INFO] [stderr]   --> tests/common.rs:99:4
[INFO] [stderr]    |
[INFO] [stderr] 99 | fn move_dir(path_from: &str, path_to: &str) 
[INFO] [stderr]    |    ^^^^^^^^
[INFO] [stderr] 
[INFO] [stderr] warning: unused import: `event_timer::get_current_timestamp`
[INFO] [stderr]  --> tests/registry_test.rs:9:238
[INFO] [stderr]   |
[INFO] [stderr] 9 | ...ode, XioTimerFlags, XioTimerPipe, XioTimerType, event_timer::get_current_timestamp};
[INFO] [stderr]   |                                                    ^^^^^^^^^^^^^^^^^^^^^^^^^^^^^^^^^^
[INFO] [stderr]   |
[INFO] [stderr]   = note: `#[warn(unused_imports)]` (part of `#[warn(unused)]`) on by default
[INFO] [stderr] 
[INFO] [stderr] warning: unused variable: `ev`
[INFO] [stderr]    --> tests/registry_test.rs:294:17
[INFO] [stderr]     |
[INFO] [stderr] 294 |             let ev = c_reg.allocate_signal_and_reg(ev_uid).unwrap();
[INFO] [stderr]     |                 ^^ help: if this is intentional, prefix it with an underscore: `_ev`
[INFO] [stderr]     |
[INFO] [stderr]     = note: `#[warn(unused_variables)]` (part of `#[warn(unused)]`) on by default
[INFO] [stderr] 
[INFO] [stderr] warning: unused variable: `ev`
[INFO] [stderr]    --> tests/registry_test.rs:410:17
[INFO] [stderr]     |
[INFO] [stderr] 410 |             let ev = c_reg.allocate_signal_and_reg(ev_uid).unwrap();
[INFO] [stderr]     |                 ^^ help: if this is intentional, prefix it with an underscore: `_ev`
[INFO] [stderr] 
[INFO] [stderr] warning: unused variable: `s`
[INFO] [stderr]   --> tests/timer_test.rs:23:9
[INFO] [stderr]    |
[INFO] [stderr] 23 |     let s = Instant::now();
[INFO] [stderr]    |         ^ help: if this is intentional, prefix it with an underscore: `_s`
[INFO] [stderr]    |
[INFO] [stderr]    = note: `#[warn(unused_variables)]` (part of `#[warn(unused)]`) on by default
[INFO] [stderr] 
[INFO] [stderr] warning: unused variable: `res`
[INFO] [stderr]    --> tests/timer_test.rs:186:9
[INFO] [stderr]     |
[INFO] [stderr] 186 |     let res = timer.get_timer().read().unwrap();
[INFO] [stderr]     |         ^^^ help: if this is intentional, prefix it with an underscore: `_res`
[INFO] [stderr] 
[INFO] [stderr] warning: unused variable: `res`
[INFO] [stderr]    --> tests/timer_test.rs:198:9
[INFO] [stderr]     |
[INFO] [stderr] 198 |     let res = timer.get_timer().read().unwrap();
[INFO] [stderr]     |         ^^^ help: if this is intentional, prefix it with an underscore: `_res`
[INFO] [stderr] 
[INFO] [stderr] warning: unused variable: `is_queued`
[INFO] [stderr]   --> tests/event_test.rs:10:88
[INFO] [stderr]    |
[INFO] [stderr] 10 | fn test_event_simple<ESS: EsInterface, TM: XioEventSignalPipe + XioEventPipe<ESS, TM>>(is_queued: bool)
[INFO] [stderr]    |                                                                                        ^^^^^^^^^ help: if this is intentional, prefix it with an underscore: `_is_queued`
[INFO] [stderr]    |
[INFO] [stderr]    = note: `#[warn(unused_variables)]` (part of `#[warn(unused)]`) on by default
[INFO] [stderr] 
[INFO] [stderr] warning: unused imports: `Borrow` and `VecDeque`
[INFO] [stderr]   --> src/unix/fs/inotify_fs.rs:22:14
[INFO] [stderr]    |
[INFO] [stderr] 22 |     borrow::{Borrow, Cow}, cell::Cell, collections::{BTreeMap, BTreeSet, HashMap, VecDeque}, ffi::{CStr, CString, OsStr, OsString}, ...
[INFO] [stderr]    |              ^^^^^^                                                               ^^^^^^^^
[INFO] [stderr] 
[INFO] [stderr] warning: use of deprecated constant `std::usize::MAX`: replaced by the `MAX` associated constant on this type
[INFO] [stderr]    --> src/event_uid.rs:186:84
[INFO] [stderr]     |
[INFO] [stderr] 186 |         let uidgen: UidGenerator<1, XioEventUid> = UidGenerator::new_manual(usize::MAX-0x8000000000000000);
[INFO] [stderr]     |                                                                                    ^^^
[INFO] [stderr] 
[INFO] [stderr] warning: use of deprecated constant `std::usize::MAX`: replaced by the `MAX` associated constant on this type
[INFO] [stderr]    --> src/event_fduid.rs:187:86
[INFO] [stderr]     |
[INFO] [stderr] 187 |         let uidgen: UidGenerator<1, XioFsEventUid> = UidGenerator::new_manual(usize::MAX-0x8000000000000000);
[INFO] [stderr]     |                                                                                      ^^^
[INFO] [stderr] 
[INFO] [stderr] warning: unused variable: `tx`
[INFO] [stderr]     --> src/unix/event_system/poll.rs:1464:14
[INFO] [stderr]      |
[INFO] [stderr] 1464 |         let (tx, rx) = mpsc::sync_channel::<()>(1);
[INFO] [stderr]      |              ^^ help: if this is intentional, prefix it with an underscore: `_tx`
[INFO] [stderr] 
[INFO] [stderr] warning: unused variable: `rx`
[INFO] [stderr]     --> src/unix/event_system/poll.rs:1464:18
[INFO] [stderr]      |
[INFO] [stderr] 1464 |         let (tx, rx) = mpsc::sync_channel::<()>(1);
[INFO] [stderr]      |                  ^^ help: if this is intentional, prefix it with an underscore: `_rx`
[INFO] [stderr] 
[INFO] [stderr] warning: unused variable: `tx2`
[INFO] [stderr]     --> src/unix/event_system/poll.rs:1465:14
[INFO] [stderr]      |
[INFO] [stderr] 1465 |         let (tx2, rx2) = mpsc::sync_channel::<()>(1);
[INFO] [stderr]      |              ^^^ help: if this is intentional, prefix it with an underscore: `_tx2`
[INFO] [stderr] 
[INFO] [stderr] warning: unused variable: `rx2`
[INFO] [stderr]     --> src/unix/event_system/poll.rs:1465:19
[INFO] [stderr]      |
[INFO] [stderr] 1465 |         let (tx2, rx2) = mpsc::sync_channel::<()>(1);
[INFO] [stderr]      |                   ^^^ help: if this is intentional, prefix it with an underscore: `_rx2`
[INFO] [stderr] 
[INFO] [stderr] warning: unused variable: `handle1`
[INFO] [stderr]     --> src/unix/event_system/poll.rs:1467:13
[INFO] [stderr]      |
[INFO] [stderr] 1467 |         let handle1 = 
[INFO] [stderr]      |             ^^^^^^^ help: if this is intentional, prefix it with an underscore: `_handle1`
[INFO] [stderr] 
[INFO] [stderr] warning: unused variable: `d`
[INFO] [stderr]    --> src/gen_id.rs:403:13
[INFO] [stderr]     |
[INFO] [stderr] 403 |         let d = XioUidRange::<1>::derive(1, 1);
[INFO] [stderr]     |             ^ help: if this is intentional, prefix it with an underscore: `_d`
[INFO] [stderr] 
[INFO] [stderr] warning: `xio-rs` (test "common") generated 1 warning
[INFO] [stderr] warning: `xio-rs` (test "std_event_fs_test") generated 6 warnings (1 duplicate)
[INFO] [stderr] warning: `xio-rs` (test "registry_test") generated 3 warnings (run `cargo fix --test "registry_test" -p xio-rs` to apply 3 suggestions)
[INFO] [stderr] warning: `xio-rs` (test "timer_test") generated 3 warnings (run `cargo fix --test "timer_test" -p xio-rs` to apply 3 suggestions)
[INFO] [stderr] warning: `xio-rs` (test "event_test") generated 1 warning (run `cargo fix --test "event_test" -p xio-rs` to apply 1 suggestion)
[INFO] [stderr] warning: `xio-rs` (lib test) generated 35 warnings (26 duplicates) (run `cargo fix --lib -p xio-rs --tests` to apply 7 suggestions)
[INFO] [stderr]     Finished `release` profile [optimized] target(s) in 0.09s
[INFO] [stderr]      Running unittests src/lib.rs (/opt/rustwide/target/release/build/xio-rs/48fe64b3409c6236/out/xio_rs-48fe64b3409c6236)
[INFO] [stdout] 
[INFO] [stdout] running 21 tests
[INFO] [stdout] test event_uid::tests_uid::test0 ... ok
[INFO] [stdout] test gen_id::tests_gen_id::test00_gen_id_range ... ok
[INFO] [stdout] test event_timer::tests::test_1 ... ok
[INFO] [stdout] test event_timer::tests::test_abstime_add ... ok
[INFO] [stdout] test event_uid::tests_uid::test1_range_exs - should panic ... ok
[INFO] [stdout] test event_timer::tests::test_0 ... ok
[INFO] [stdout] test event_timer::tests::test_2 ... ok
[INFO] [stdout] test gen_id::tests_gen_id::test00_gen_id_range_error - should panic ... ok
[INFO] [stdout] test event_timer::tests::test_2_fail - should panic ... ok
[INFO] [stdout] test event_timer::tests::test_abstime_new ... ok
[INFO] [stdout] test gen_id::tests_gen_id::test_range_ovfl ... ok
[INFO] [stdout] test event_timer::tests::test_timer_from_test ... ok
[INFO] [stdout] test event_timer::tests::test_abstime_cmp ... ok
[INFO] [stdout] test gen_id::tests_gen_id::test_decoder ... ok
[INFO] [stdout] test event_fduid::tests_uid::test0 ... ok
[INFO] [stdout] test gen_id::tests_gen_id::test_range_ovfl_panic - should panic ... ok
[INFO] [stdout] test event_fduid::tests_uid::test1_range_exs - should panic ... ok
[INFO] [stdout] test unix::event_system::poll::local_tests_poll::test_deny_simple ... ok
[INFO] [stdout] test unix::event_system::poll::local_tests_poll::test_deny_simple3 ... ok
[INFO] [stdout] test unix::event_system::poll::local_tests_poll::test_deny_simple2 ... ok
[INFO] [stderr]      Running tests/common.rs (/opt/rustwide/target/release/build/xio-rs/acd241273a181e1b/out/common-acd241273a181e1b)
[INFO] [stdout] test unix::event_system::poll::local_tests_poll::test_deny_simple4 ... ok
[INFO] [stdout] 
[INFO] [stdout] test result: ok. 21 passed; 0 failed; 0 ignored; 0 measured; 0 filtered out; finished in 5.06s
[INFO] [stdout] 
[INFO] [stdout] 
[INFO] [stdout] running 0 tests
[INFO] [stdout] 
[INFO] [stdout] test result: ok. 0 passed; 0 failed; 0 ignored; 0 measured; 0 filtered out; finished in 0.00s
[INFO] [stdout] 
[INFO] [stderr]      Running tests/event_source_split.rs (/opt/rustwide/target/release/build/xio-rs/08b08e6f476e186f/out/event_source_split-08b08e6f476e186f)
[INFO] [stdout] 
[INFO] [stdout] running 3 tests
[INFO] [stdout] test test_split_with_poll_epoll ... ok
[INFO] [stdout] test test_split_any ... ok
[INFO] [stdout] test test_split_with_poll_poll ... ok
[INFO] [stdout] 
[INFO] [stdout] test result: ok. 3 passed; 0 failed; 0 ignored; 0 measured; 0 filtered out; finished in 0.00s
[INFO] [stdout] 
[INFO] [stderr]      Running tests/event_test.rs (/opt/rustwide/target/release/build/xio-rs/11842fad119a3191/out/event_test-11842fad119a3191)
[INFO] [stdout] 
[INFO] [stdout] running 4 tests
[INFO] [stdout] test test_event_simple_poll ... ok
[INFO] [stdout] test test_event_dereg_and_drop_iepoll ... ok
[INFO] [stdout] test test_event_simple_epoll ... ok
[INFO] [stdout] test test_event_dereg_and_drop_ipoll ... ok
[INFO] [stderr]      Running tests/mpsc_test.rs (/opt/rustwide/target/release/build/xio-rs/759664d32430f2b7/out/mpsc_test-759664d32430f2b7)
[INFO] [stdout] 
[INFO] [stdout] test result: ok. 4 passed; 0 failed; 0 ignored; 0 measured; 0 filtered out; finished in 0.06s
[INFO] [stdout] 
[INFO] [stdout] 
[INFO] [stdout] running 5 tests
[INFO] [stdout] test test_mpsc_poll_mt_eventfd_poll ... ok
[INFO] [stdout] test test_mpsc_eventfd ... ok
[INFO] [stdout] test test_mpsc_poll_mt_eventfd_epoll ... ok
[INFO] [stdout] test test_mpsc_poll_eventfd_poll ... ok
[INFO] [stderr]      Running tests/registry_test.rs (/opt/rustwide/target/release/build/xio-rs/cc5871fbe2064de4/out/registry_test-cc5871fbe2064de4)
[INFO] [stdout] test test_mpsc_poll_eventfd_epoll ... ok
[INFO] [stdout] 
[INFO] [stdout] test result: ok. 5 passed; 0 failed; 0 ignored; 0 measured; 0 filtered out; finished in 0.01s
[INFO] [stdout] 
[INFO] [stdout] 
[INFO] [stdout] running 14 tests
[INFO] [stdout] test test_registry_1_poll ... ok
[INFO] [stdout] test test_registry_drop_registry_epoll ... ok
[INFO] [stdout] test test_registry_drop_registry_poll ... ok
[INFO] [stdout] test test_registry_1_epoll ... ok
[INFO] [stdout] test test_registry_signal_external_poll ... ok
[INFO] [stdout] test test_registry_signal_external_epoll ... ok
[INFO] [stdout] test test_registry_drop2_poll ... ok
[INFO] [stdout] test test_registry_drop2_epoll ... ok
[INFO] [stdout] test test_registry_signal_poll ... ok
[INFO] [stdout] test test_registry_signal_epoll ... FAILED
[INFO] [stdout] test test_registry_drop_mt_epoll ... ok
[INFO] [stdout] test test_registry_drop_mt_poll ... ok
[INFO] [stderr] error: test failed, to rerun pass `--test registry_test`
[INFO] [stdout] test test_registry_thread2_epoll ... ok
[INFO] [stdout] test test_registry_thread2_poll ... ok
[INFO] [stdout] 
[INFO] [stdout] failures:
[INFO] [stdout] 
[INFO] [stdout] ---- test_registry_signal_epoll stdout ----
[INFO] [stdout] 
[INFO] [stdout] thread 'test_registry_signal_epoll' (706) panicked at tests/registry_test.rs:144:5:
[INFO] [stdout] assertion failed: e.as_millis() == 800 || e.as_millis() == 801
[INFO] [stdout] stack backtrace:
[INFO] [stdout]    0:     0x5c50cdf70331 - <<std[617be2ca0a6fd877]::sys::backtrace::BacktraceLock>::print::DisplayBacktrace as core[a373ad73a504971]::fmt::Display>::fmt
[INFO] [stdout]    1:     0x5c50cdf8526a - core[a373ad73a504971]::fmt::write
[INFO] [stdout]    2:     0x5c50cdf7499c - <alloc[2e1b2a31b91974c5]::vec::Vec<u8> as core[a373ad73a504971]::io::write::Write>::write_fmt
[INFO] [stdout]    3:     0x5c50cdf4b816 - std[617be2ca0a6fd877]::panicking::default_hook::{closure#0}
[INFO] [stdout]    4:     0x5c50cdf68139 - std[617be2ca0a6fd877]::panicking::default_hook
[INFO] [stdout]    5:     0x5c50cdef2360 - test[aada8e7e76ba119b]::test_main_inner::{closure#0}
[INFO] [stdout]    6:     0x5c50cdf682f2 - std[617be2ca0a6fd877]::panicking::panic_with_hook
[INFO] [stdout]    7:     0x5c50cdf4b8f4 - std[617be2ca0a6fd877]::panicking::panic_handler::{closure#0}
[INFO] [stdout]    8:     0x5c50cdf44529 - std[617be2ca0a6fd877]::sys::backtrace::__rust_end_short_backtrace::<std[617be2ca0a6fd877]::panicking::panic_handler::{closure#0}, !>
[INFO] [stdout]    9:     0x5c50cdf4c6bd - __rustc[ea4f61d10b84890b]::rust_begin_unwind
[INFO] [stdout]   10:     0x5c50cdf8599c - core[a373ad73a504971]::panicking::panic_fmt
[INFO] [stdout]   11:     0x5c50cdf85962 - core[a373ad73a504971]::panicking::panic
[INFO] [stdout]   12:     0x5c50cded9a17 - <registry_test[6dd626c7af38f927]::test_registry_signal_epoll::{closure#0} as core[a373ad73a504971]::ops::function::FnOnce<()>>::call_once
[INFO] [stdout]   13:     0x5c50cdee57ab - test[aada8e7e76ba119b]::__rust_begin_short_backtrace::<core[a373ad73a504971]::result::Result<(), alloc[2e1b2a31b91974c5]::string::String>, fn() -> core[a373ad73a504971]::result::Result<(), alloc[2e1b2a31b91974c5]::string::String>>
[INFO] [stdout]   14:     0x5c50cdef2985 - test[aada8e7e76ba119b]::run_test::{closure#0}
[INFO] [stdout]   15:     0x5c50cdeec274 - std[617be2ca0a6fd877]::sys::backtrace::__rust_begin_short_backtrace::<test[aada8e7e76ba119b]::run_test::{closure#1}, ()>
[INFO] [stdout]   16:     0x5c50cdef5a12 - <std[617be2ca0a6fd877]::thread::lifecycle::spawn_unchecked<test[aada8e7e76ba119b]::run_test::{closure#1}, ()>::{closure#1} as core[a373ad73a504971]::ops::function::FnOnce<()>>::call_once::{shim:vtable#0}
[INFO] [stdout]   17:     0x5c50cdf6f67f - <std[617be2ca0a6fd877]::sys::thread::unix::Thread>::new::thread_start
[INFO] [stdout]   18:     0x77fc14d64dfa - <unknown>
[INFO] [stdout]   19:     0x77fc14df83d4 - clone
[INFO] [stdout]   20:                0x0 - <unknown>
[INFO] [stdout] 
[INFO] [stdout] 
[INFO] [stdout] failures:
[INFO] [stdout]     test_registry_signal_epoll
[INFO] [stdout] 
[INFO] [stdout] test result: FAILED. 13 passed; 1 failed; 0 ignored; 0 measured; 0 filtered out; finished in 2.02s
[INFO] [stdout] 
[INFO] running `Command { std: "docker" "inspect" "d45dff41c7348074c22de43b6454d18a6f560ccec1c00c6583676b8c3e4c9cbe", kill_on_drop: false }`
[INFO] running `Command { std: "docker" "rm" "-f" "d45dff41c7348074c22de43b6454d18a6f560ccec1c00c6583676b8c3e4c9cbe", kill_on_drop: false }`
[INFO] [stdout] d45dff41c7348074c22de43b6454d18a6f560ccec1c00c6583676b8c3e4c9cbe
