[INFO] fetching crate xhf 0.0.2...
[INFO] testing xhf-0.0.2 against 1.100.0-beta.1+cargoflags=--release for beta-release-1.100-2
[INFO] extracting crate xhf 0.0.2 into /workspace/builds/worker-7-tc2/source
[INFO] started tweaking crates.io crate xhf 0.0.2
[INFO] finished tweaking crates.io crate xhf 0.0.2
[INFO] tweaked toml for crates.io crate xhf 0.0.2 written to /workspace/builds/worker-7-tc2/source/Cargo.toml
[INFO] validating manifest of crates.io crate xhf 0.0.2 on toolchain 1.100.0-beta.1
[INFO] running `Command { std: CARGO_HOME="/workspace/cargo-home" RUSTUP_HOME="/workspace/rustup-home" "/workspace/cargo-home/bin/cargo" "+1.100.0-beta.1" "metadata" "--manifest-path" "Cargo.toml" "--no-deps", kill_on_drop: false }`
[INFO] crate crates.io crate xhf 0.0.2 already has a lockfile, it will not be regenerated
[INFO] running `Command { std: CARGO_HOME="/workspace/cargo-home" RUSTUP_HOME="/workspace/rustup-home" "/workspace/cargo-home/bin/cargo" "+1.100.0-beta.1" "fetch" "--manifest-path" "Cargo.toml", kill_on_drop: false }`
[INFO] [stderr] warning: `package.homepage` is redundant with `package.repository`
[INFO] [stderr]   --> Cargo.toml:37:12
[INFO] [stderr]    |
[INFO] [stderr] 37 | homepage = "https://github.com/3axap4eHko/xhf"
[INFO] [stderr]    |            ^^^^^^^^^^^^^^^^^^^^^^^^^^^^^^^^^^^
[INFO] [stderr] ...
[INFO] [stderr] 42 | repository = "https://github.com/3axap4eHko/xhf"
[INFO] [stderr]    |              -----------------------------------
[INFO] [stderr]    |
[INFO] [stderr]    = note: `cargo::redundant_homepage` is set to `warn` by default
[INFO] [stderr] help: consider removing `package.homepage`
[INFO] [stderr] warning: `xhf` (manifest) generated 1 warning
[INFO] [stderr]     Blocking waiting for file lock on package cache
[INFO] running `Command { std: "docker" "create" "-v" "/var/lib/crater-agent-workspace/builds/worker-7-tc2/source:/opt/rustwide/workdir:ro,Z" "-v" "/var/lib/crater-agent-workspace/builds/worker-7-tc2/target:/opt/rustwide/target:rw,Z" "-v" "/var/lib/crater-agent-workspace/cargo-home:/opt/rustwide/cargo-home:ro,Z" "-v" "/var/lib/crater-agent-workspace/rustup-home:/opt/rustwide/rustup-home:ro,Z" "-m" "1610612736" "--network" "none" "ghcr.io/rust-lang/crates-build-env/linux@sha256:77db811e55d90add9212f6832c23229e3de5f1c1f9905e8cb07319ea15df73ac" "sleep" "infinity", kill_on_drop: false }`
[INFO] [stdout] da00dd0b729e690e48ec99e86297b000137f5420198ff55b2f6ba8789c65cb6a
[INFO] running `Command { std: "docker" "start" "da00dd0b729e690e48ec99e86297b000137f5420198ff55b2f6ba8789c65cb6a", kill_on_drop: false }`
[INFO] running `Command { std: "docker" "inspect" "da00dd0b729e690e48ec99e86297b000137f5420198ff55b2f6ba8789c65cb6a", kill_on_drop: false }`
[INFO] running `Command { std: "docker" "exec" "-e" "SOURCE_DIR=/opt/rustwide/workdir" "-e" "CARGO_HOME=/opt/rustwide/cargo-home" "-e" "RUSTUP_HOME=/opt/rustwide/rustup-home" "-e" "CARGO_TARGET_DIR=/opt/rustwide/target" "-w" "/opt/rustwide/workdir" "--user" "0:0" "da00dd0b729e690e48ec99e86297b000137f5420198ff55b2f6ba8789c65cb6a" "/opt/rustwide/cargo-home/bin/cargo" "+1.100.0-beta.1" "metadata" "--no-deps" "--format-version=1", kill_on_drop: false }`
[INFO] running `Command { std: "docker" "inspect" "da00dd0b729e690e48ec99e86297b000137f5420198ff55b2f6ba8789c65cb6a", kill_on_drop: false }`
[INFO] running `Command { std: "docker" "exec" "-e" "SOURCE_DIR=/opt/rustwide/workdir" "-e" "CARGO_HOME=/opt/rustwide/cargo-home" "-e" "RUSTUP_HOME=/opt/rustwide/rustup-home" "-e" "CARGO_TARGET_DIR=/opt/rustwide/target" "-e" "CARGO_INCREMENTAL=0" "-e" "RUST_BACKTRACE=full" "-e" "RUSTFLAGS=--cap-lints=warn" "-e" "RUSTDOCFLAGS=--cap-lints=warn" "-w" "/opt/rustwide/workdir" "--user" "0:0" "da00dd0b729e690e48ec99e86297b000137f5420198ff55b2f6ba8789c65cb6a" "/opt/rustwide/cargo-home/bin/cargo" "+1.100.0-beta.1" "build" "--frozen" "--message-format=json" "--release", kill_on_drop: false }`
[INFO] [stderr] warning: `package.homepage` is redundant with `package.repository`
[INFO] [stderr]   --> Cargo.toml:37:12
[INFO] [stderr]    |
[INFO] [stderr] 37 | homepage = "https://github.com/3axap4eHko/xhf"
[INFO] [stderr]    |            ^^^^^^^^^^^^^^^^^^^^^^^^^^^^^^^^^^^
[INFO] [stderr] ...
[INFO] [stderr] 42 | repository = "https://github.com/3axap4eHko/xhf"
[INFO] [stderr]    |              -----------------------------------
[INFO] [stderr]    |
[INFO] [stderr]    = note: `cargo::redundant_homepage` is set to `warn` by default
[INFO] [stderr] help: consider removing `package.homepage`
[INFO] [stderr] warning: `xhf` (manifest) generated 1 warning
[INFO] [stderr]    Compiling proc-macro2 v1.0.107
[INFO] [stderr]    Compiling unicode-ident v1.0.24
[INFO] [stderr]    Compiling quote v1.0.47
[INFO] [stderr]    Compiling libc v0.2.189
[INFO] [stderr]    Compiling stable_deref_trait v1.2.1
[INFO] [stderr]    Compiling find-msvc-tools v0.1.12
[INFO] [stderr]    Compiling shlex v2.0.1
[INFO] [stderr]    Compiling pin-project-lite v0.2.17
[INFO] [stderr]    Compiling bytes v1.12.1
[INFO] [stderr]    Compiling futures-core v0.3.34
[INFO] [stderr]    Compiling pkg-config v0.3.34
[INFO] [stderr]    Compiling fs_extra v1.3.0
[INFO] [stderr]    Compiling dunce v1.0.5
[INFO] [stderr]    Compiling memchr v2.8.3
[INFO] [stderr]    Compiling itoa v1.0.18
[INFO] [stderr]    Compiling futures-sink v0.3.34
[INFO] [stderr]    Compiling once_cell v1.21.4
[INFO] [stderr]    Compiling smallvec v1.16.1
[INFO] [stderr]    Compiling zeroize v1.9.0
[INFO] [stderr]    Compiling litemap v0.8.3
[INFO] [stderr]    Compiling writeable v0.6.4
[INFO] [stderr]    Compiling aws-lc-rs v1.18.1
[INFO] [stderr]    Compiling icu_properties_data v2.3.0
[INFO] [stderr]    Compiling utf8_iter v1.0.4
[INFO] [stderr]    Compiling slab v0.4.12
[INFO] [stderr]    Compiling icu_normalizer_data v2.3.0
[INFO] [stderr]    Compiling rustversion v1.0.23
[INFO] [stderr]    Compiling percent-encoding v2.3.2
[INFO] [stderr]    Compiling tracing-core v0.1.36
[INFO] [stderr]    Compiling rustls-pki-types v1.15.1
[INFO] [stderr]    Compiling serde_core v1.0.229
[INFO] [stderr]    Compiling futures-task v0.3.34
[INFO] [stderr]    Compiling rustls v0.23.45
[INFO] [stderr]    Compiling equivalent v1.0.2
[INFO] [stderr]    Compiling futures-io v0.3.34
[INFO] [stderr]    Compiling hashbrown v0.17.1
[INFO] [stderr]    Compiling httparse v1.10.1
[INFO] [stderr]    Compiling untrusted v0.9.0
[INFO] [stderr]    Compiling atomic-waker v1.1.2
[INFO] [stderr]    Compiling tower-service v0.3.3
[INFO] [stderr]    Compiling subtle v2.6.1
[INFO] [stderr]    Compiling try-lock v0.2.5
[INFO] [stderr]    Compiling fnv v1.0.7
[INFO] [stderr]    Compiling form_urlencoded v1.2.2
[INFO] [stderr]    Compiling want v0.3.1
[INFO] [stderr]    Compiling futures-channel v0.3.34
[INFO] [stderr]    Compiling utf8parse v0.2.2
[INFO] [stderr]    Compiling zmij v1.0.23
[INFO] [stderr]    Compiling serde v1.0.229
[INFO] [stderr]    Compiling anstyle-parse v1.0.0
[INFO] [stderr]    Compiling sync_wrapper v1.0.2
[INFO] [stderr]    Compiling is_terminal_polyfill v1.70.2
[INFO] [stderr]    Compiling http v1.5.0
[INFO] [stderr]    Compiling futures-util v0.3.34
[INFO] [stderr]    Compiling tracing v0.1.44
[INFO] [stderr]    Compiling encoding_rs v0.8.41
[INFO] [stderr]    Compiling serde_json v1.0.151
[INFO] [stderr]    Compiling openssl-probe v0.2.1
[INFO] [stderr]    Compiling anstyle v1.0.14
[INFO] [stderr]    Compiling log v0.4.34
[INFO] [stderr]    Compiling colorchoice v1.0.5
[INFO] [stderr]    Compiling anstyle-query v1.1.5
[INFO] [stderr]    Compiling base64 v0.22.1
[INFO] [stderr]    Compiling tower-layer v0.3.3
[INFO] [stderr]    Compiling ipnet v2.12.2
[INFO] [stderr]    Compiling anstream v1.0.0
[INFO] [stderr]    Compiling syn v3.0.5
[INFO] [stderr]    Compiling syn v2.0.119
[INFO] [stderr]    Compiling jobserver v0.1.35
[INFO] [stderr]    Compiling rustls-native-certs v0.8.4
[INFO] [stderr]    Compiling aho-corasick v1.1.5
[INFO] [stderr]    Compiling cfg-if v1.0.4
[INFO] [stderr]    Compiling cc v1.4.6
[INFO] [stderr]    Compiling bitflags v2.13.2
[INFO] [stderr]    Compiling regex-syntax v0.8.11
[INFO] [stderr]    Compiling scopeguard v1.2.0
[INFO] [stderr]    Compiling simdutf8 v0.1.5
[INFO] [stderr]    Compiling ryu v1.0.23
[INFO] [stderr]    Compiling core_detect v1.0.0
[INFO] [stderr]    Compiling indexmap v2.14.2
[INFO] [stderr]    Compiling strsim v0.11.1
[INFO] [stderr]    Compiling clap_lex v1.1.0
[INFO] [stderr]    Compiling heck v0.5.0
[INFO] [stderr]    Compiling multiversion_no_op v1.0.0
[INFO] [stderr]    Compiling clap_builder v4.6.6
[INFO] [stderr]    Compiling bstr v1.13.1
[INFO] [stderr]    Compiling mime v0.3.17
[INFO] [stderr]    Compiling base64 v0.23.1
[INFO] [stderr]    Compiling mio v1.2.3
[INFO] [stderr]    Compiling socket2 v0.6.5
[INFO] [stderr]    Compiling rtoolbox v0.0.6
[INFO] [stderr]    Compiling rpassword v7.5.4
[INFO] [stderr]    Compiling tokio v1.53.1
[INFO] [stderr]    Compiling http-body v1.1.0
[INFO] [stderr]    Compiling http-body-util v0.1.5
[INFO] [stderr]    Compiling cmake v0.1.58
[INFO] [stderr]    Compiling aws-lc-sys v0.45.0
[INFO] [stderr]    Compiling regex-automata v0.4.18
[INFO] [stderr]    Compiling synstructure v0.13.2
[INFO] [stderr]    Compiling zerofrom-derive v0.1.7
[INFO] [stderr]    Compiling yoke-derive v0.8.2
[INFO] [stderr]    Compiling zerofrom v0.1.8
[INFO] [stderr]    Compiling yoke v0.8.3
[INFO] [stderr]    Compiling zerovec-derive v0.11.6
[INFO] [stderr]    Compiling displaydoc v0.2.7
[INFO] [stderr]    Compiling serde_derive v1.0.229
[INFO] [stderr]    Compiling multiversion-macros v0.9.0
[INFO] [stderr]    Compiling clap_derive v4.6.4
[INFO] [stderr]    Compiling zerotrie v0.2.5
[INFO] [stderr]    Compiling multiversion v0.9.0
[INFO] [stderr]    Compiling globset v0.4.20
[INFO] [stderr]    Compiling zerovec v0.11.8
[INFO] [stderr]    Compiling clap v4.6.6
[INFO] [stderr]    Compiling tinystr v0.8.4
[INFO] [stderr]    Compiling potential_utf v0.1.6
[INFO] [stderr]    Compiling icu_collections v2.3.0
[INFO] [stderr]    Compiling icu_locale_core v2.3.0
[INFO] [stderr]    Compiling tokio-util v0.7.19
[INFO] [stderr]    Compiling tower v0.5.3
[INFO] [stderr]    Compiling h2 v0.4.19
[INFO] [stderr]    Compiling icu_provider v2.3.1
[INFO] [stderr]    Compiling icu_properties v2.3.0
[INFO] [stderr]    Compiling icu_normalizer v2.3.0
[INFO] [stderr]    Compiling serde_urlencoded v0.7.1
[INFO] [stderr]    Compiling idna_adapter v1.2.2
[INFO] [stderr]    Compiling idna v1.1.0
[INFO] [stderr]    Compiling url v2.5.8
[INFO] [stderr]    Compiling hyper v1.11.1
[INFO] [stderr]    Compiling tower-http v0.6.11
[INFO] [stderr]    Compiling hyper-util v0.1.20
[INFO] [stderr]    Compiling rustls-webpki v0.103.15
[INFO] [stderr]    Compiling tokio-rustls v0.26.5
[INFO] [stderr]    Compiling rustls-platform-verifier v0.7.0
[INFO] [stderr]    Compiling hyper-rustls v0.27.9
[INFO] [stderr]    Compiling reqwest v0.13.5
[INFO] [stderr]    Compiling xhf v0.0.2 (/opt/rustwide/workdir)
[INFO] [stderr]     Finished `release` profile [optimized] target(s) in 2m 42s
[INFO] running `Command { std: "docker" "inspect" "da00dd0b729e690e48ec99e86297b000137f5420198ff55b2f6ba8789c65cb6a", kill_on_drop: false }`
[INFO] running `Command { std: "docker" "exec" "-e" "SOURCE_DIR=/opt/rustwide/workdir" "-e" "CARGO_HOME=/opt/rustwide/cargo-home" "-e" "RUSTUP_HOME=/opt/rustwide/rustup-home" "-e" "CARGO_TARGET_DIR=/opt/rustwide/target" "-e" "CARGO_INCREMENTAL=0" "-e" "RUST_BACKTRACE=full" "-e" "RUSTFLAGS=--cap-lints=warn" "-e" "RUSTDOCFLAGS=--cap-lints=warn" "-w" "/opt/rustwide/workdir" "--user" "0:0" "da00dd0b729e690e48ec99e86297b000137f5420198ff55b2f6ba8789c65cb6a" "/opt/rustwide/cargo-home/bin/cargo" "+1.100.0-beta.1" "test" "--frozen" "--no-run" "--message-format=json" "--release", kill_on_drop: false }`
[INFO] [stderr] warning: `package.homepage` is redundant with `package.repository`
[INFO] [stderr]   --> Cargo.toml:37:12
[INFO] [stderr]    |
[INFO] [stderr] 37 | homepage = "https://github.com/3axap4eHko/xhf"
[INFO] [stderr]    |            ^^^^^^^^^^^^^^^^^^^^^^^^^^^^^^^^^^^
[INFO] [stderr] ...
[INFO] [stderr] 42 | repository = "https://github.com/3axap4eHko/xhf"
[INFO] [stderr]    |              -----------------------------------
[INFO] [stderr]    |
[INFO] [stderr]    = note: `cargo::redundant_homepage` is set to `warn` by default
[INFO] [stderr] help: consider removing `package.homepage`
[INFO] [stderr] warning: `xhf` (manifest) generated 1 warning
[INFO] [stderr]    Compiling zerofrom v0.1.8
[INFO] [stderr]    Compiling stable_deref_trait v1.2.1
[INFO] [stderr]    Compiling pin-project-lite v0.2.17
[INFO] [stderr]    Compiling bytes v1.12.1
[INFO] [stderr]    Compiling futures-core v0.3.34
[INFO] [stderr]    Compiling libc v0.2.189
[INFO] [stderr]    Compiling memchr v2.8.3
[INFO] [stderr]    Compiling itoa v1.0.18
[INFO] [stderr]    Compiling futures-sink v0.3.34
[INFO] [stderr]    Compiling once_cell v1.21.4
[INFO] [stderr]    Compiling smallvec v1.16.1
[INFO] [stderr]    Compiling zeroize v1.9.0
[INFO] [stderr]    Compiling litemap v0.8.3
[INFO] [stderr]    Compiling writeable v0.6.4
[INFO] [stderr]    Compiling utf8_iter v1.0.4
[INFO] [stderr]    Compiling slab v0.4.12
[INFO] [stderr]    Compiling aws-lc-sys v0.45.0
[INFO] [stderr]    Compiling percent-encoding v2.3.2
[INFO] [stderr]    Compiling icu_normalizer_data v2.3.0
[INFO] [stderr]    Compiling yoke v0.8.3
[INFO] [stderr]    Compiling icu_properties_data v2.3.0
[INFO] [stderr]    Compiling futures-task v0.3.34
[INFO] [stderr]    Compiling untrusted v0.9.0
[INFO] [stderr]    Compiling rustls-pki-types v1.15.1
[INFO] [stderr]    Compiling equivalent v1.0.2
[INFO] [stderr]    Compiling futures-io v0.3.34
[INFO] [stderr]    Compiling hashbrown v0.17.1
[INFO] [stderr]    Compiling tracing-core v0.1.36
[INFO] [stderr]    Compiling try-lock v0.2.5
[INFO] [stderr]    Compiling fnv v1.0.7
[INFO] [stderr]    Compiling tower-service v0.3.3
[INFO] [stderr]    Compiling atomic-waker v1.1.2
[INFO] [stderr]    Compiling subtle v2.6.1
[INFO] [stderr]    Compiling want v0.3.1
[INFO] [stderr]    Compiling httparse v1.10.1
[INFO] [stderr]    Compiling serde_core v1.0.229
[INFO] [stderr]    Compiling form_urlencoded v1.2.2
[INFO] [stderr]    Compiling zerovec v0.11.8
[INFO] [stderr]    Compiling zerotrie v0.2.5
[INFO] [stderr]    Compiling futures-channel v0.3.34
[INFO] [stderr]    Compiling anstyle-parse v1.0.0
[INFO] [stderr]    Compiling sync_wrapper v1.0.2
[INFO] [stderr]    Compiling anstyle-query v1.1.5
[INFO] [stderr]    Compiling log v0.4.34
[INFO] [stderr]    Compiling base64 v0.22.1
[INFO] [stderr]    Compiling tower-layer v0.3.3
[INFO] [stderr]    Compiling ipnet v2.12.2
[INFO] [stderr]    Compiling is_terminal_polyfill v1.70.2
[INFO] [stderr]    Compiling openssl-probe v0.2.1
[INFO] [stderr]    Compiling anstyle v1.0.14
[INFO] [stderr]    Compiling futures-util v0.3.34
[INFO] [stderr]    Compiling aws-lc-rs v1.18.1
[INFO] [stderr]    Compiling tracing v0.1.44
[INFO] [stderr]    Compiling colorchoice v1.0.5
[INFO] [stderr]    Compiling rustls-native-certs v0.8.4
[INFO] [stderr]    Compiling aho-corasick v1.1.5
[INFO] [stderr]    Compiling anstream v1.0.0
[INFO] [stderr]    Compiling multiversion v0.9.0
[INFO] [stderr]    Compiling http v1.5.0
[INFO] [stderr]    Compiling zmij v1.0.23
[INFO] [stderr]    Compiling core_detect v1.0.0
[INFO] [stderr]    Compiling clap_lex v1.1.0
[INFO] [stderr]    Compiling tinystr v0.8.4
[INFO] [stderr]    Compiling potential_utf v0.1.6
[INFO] [stderr]    Compiling bitflags v2.13.2
[INFO] [stderr]    Compiling indexmap v2.14.2
[INFO] [stderr]    Compiling icu_collections v2.3.0
[INFO] [stderr]    Compiling mio v1.2.3
[INFO] [stderr]    Compiling socket2 v0.6.5
[INFO] [stderr]    Compiling simdutf8 v0.1.5
[INFO] [stderr]    Compiling ryu v1.0.23
[INFO] [stderr]    Compiling icu_locale_core v2.3.0
[INFO] [stderr]    Compiling regex-syntax v0.8.11
[INFO] [stderr]    Compiling cfg-if v1.0.4
[INFO] [stderr]    Compiling strsim v0.11.1
[INFO] [stderr]    Compiling scopeguard v1.2.0
[INFO] [stderr]    Compiling rtoolbox v0.0.6
[INFO] [stderr]    Compiling bstr v1.13.1
[INFO] [stderr]    Compiling clap_builder v4.6.6
[INFO] [stderr]    Compiling encoding_rs v0.8.41
[INFO] [stderr]    Compiling mime v0.3.17
[INFO] [stderr]    Compiling base64 v0.23.1
[INFO] [stderr]    Compiling http-body v1.1.0
[INFO] [stderr]    Compiling tokio v1.53.1
[INFO] [stderr]    Compiling http-body-util v0.1.5
[INFO] [stderr]    Compiling rpassword v7.5.4
[INFO] [stderr]    Compiling icu_provider v2.3.1
[INFO] [stderr]    Compiling rustls-webpki v0.103.15
[INFO] [stderr]    Compiling icu_properties v2.3.0
[INFO] [stderr]    Compiling icu_normalizer v2.3.0
[INFO] [stderr]    Compiling rustls v0.23.45
[INFO] [stderr]    Compiling regex-automata v0.4.18
[INFO] [stderr]    Compiling serde v1.0.229
[INFO] [stderr]    Compiling serde_json v1.0.151
[INFO] [stderr]    Compiling clap v4.6.6
[INFO] [stderr]    Compiling idna_adapter v1.2.2
[INFO] [stderr]    Compiling idna v1.1.0
[INFO] [stderr]    Compiling serde_urlencoded v0.7.1
[INFO] [stderr]    Compiling url v2.5.8
[INFO] [stderr]    Compiling globset v0.4.20
[INFO] [stderr]    Compiling tokio-util v0.7.19
[INFO] [stderr]    Compiling tower v0.5.3
[INFO] [stderr]    Compiling tower-http v0.6.11
[INFO] [stderr]    Compiling h2 v0.4.19
[INFO] [stderr]    Compiling tokio-rustls v0.26.5
[INFO] [stderr]    Compiling rustls-platform-verifier v0.7.0
[INFO] [stderr]    Compiling hyper v1.11.1
[INFO] [stderr]    Compiling hyper-util v0.1.20
[INFO] [stderr]    Compiling hyper-rustls v0.27.9
[INFO] [stderr]    Compiling reqwest v0.13.5
[INFO] [stderr]    Compiling xhf v0.0.2 (/opt/rustwide/workdir)
[INFO] [stderr]     Finished `release` profile [optimized] target(s) in 1m 55s
[INFO] running `Command { std: "docker" "inspect" "da00dd0b729e690e48ec99e86297b000137f5420198ff55b2f6ba8789c65cb6a", kill_on_drop: false }`
[INFO] running `Command { std: "docker" "exec" "-e" "SOURCE_DIR=/opt/rustwide/workdir" "-e" "CARGO_HOME=/opt/rustwide/cargo-home" "-e" "RUSTUP_HOME=/opt/rustwide/rustup-home" "-e" "CARGO_TARGET_DIR=/opt/rustwide/target" "-e" "CARGO_INCREMENTAL=0" "-e" "RUST_BACKTRACE=full" "-e" "RUSTFLAGS=--cap-lints=warn" "-e" "RUSTDOCFLAGS=--cap-lints=warn" "-w" "/opt/rustwide/workdir" "--user" "0:0" "da00dd0b729e690e48ec99e86297b000137f5420198ff55b2f6ba8789c65cb6a" "/opt/rustwide/cargo-home/bin/cargo" "+1.100.0-beta.1" "test" "--frozen" "--release", kill_on_drop: false }`
[INFO] [stderr] warning: `package.homepage` is redundant with `package.repository`
[INFO] [stderr]   --> Cargo.toml:37:12
[INFO] [stderr]    |
[INFO] [stderr] 37 | homepage = "https://github.com/3axap4eHko/xhf"
[INFO] [stderr]    |            ^^^^^^^^^^^^^^^^^^^^^^^^^^^^^^^^^^^
[INFO] [stderr] ...
[INFO] [stderr] 42 | repository = "https://github.com/3axap4eHko/xhf"
[INFO] [stderr]    |              -----------------------------------
[INFO] [stderr]    |
[INFO] [stderr]    = note: `cargo::redundant_homepage` is set to `warn` by default
[INFO] [stderr] help: consider removing `package.homepage`
[INFO] [stderr] warning: `xhf` (manifest) generated 1 warning
[INFO] [stderr]     Finished `release` profile [optimized] target(s) in 0.26s
[INFO] [stderr]      Running unittests src/main.rs (/opt/rustwide/target/release/build/xhf/274674115097d306/out/xhf-274674115097d306)
[INFO] [stdout] 
[INFO] [stdout] running 50 tests
[INFO] [stdout] test config::tests::empty_environment_token_is_ignored ... ok
[INFO] [stdout] test cli::tests::parses_download_jobs_and_rejects_zero ... ok
[INFO] [stdout] test config::tests::xdg_path_precedes_home ... ok
[INFO] [stdout] test config::tests::windows_home_falls_back_to_user_profile ... ok
[INFO] [stdout] test download::tests::converts_repository_paths_without_traversal ... ok
[INFO] [stdout] test download::tests::derives_stable_sidecar_names_from_repository_identity ... ok
[INFO] [stdout] test config::tests::stores_and_removes_token ... FAILED
[INFO] [stdout] test download::tests::changed_file_identity_discards_persisted_offsets ... FAILED
[INFO] [stdout] test cli::tests::rejects_zero_limit ... ok
[INFO] [stdout] test download::tests::completed_metadata_recovers_a_post_rename_crash ... FAILED
[INFO] [stdout] test config::tests::windows_home_preserves_home_precedence ... ok
[INFO] [stdout] test download::tests::orphan_partial_without_metadata_restarts_from_zero ... FAILED
[INFO] [stdout] test download::tests::rejects_file_in_parent_chain ... FAILED
[INFO] [stdout] test download::tests::partitions_a_file_into_balanced_contiguous_ranges ... ok
[INFO] [stdout] test download::tests::calculates_resumed_rate_from_current_session_bytes ... ok
[INFO] [stdout] test download::tests::reports_noninteractive_file_progress ... ok
[INFO] [stdout] test app::tests::name_records_omit_empty_display_names ... ok
[INFO] [stdout] test download::tests::resume_state_expands_pending_ranges_for_more_jobs ... ok
[INFO] [stdout] test cli::tests::parses_nested_repo_command ... ok
[INFO] [stdout] test hub::tests::decodes_current_quick_search_shape ... ok
[INFO] [stdout] test download::tests::formats_progress_units_and_durations ... ok
[INFO] [stdout] test app::tests::login_prompt_links_to_token_settings ... ok
[INFO] [stdout] test config::tests::environment_token_precedes_file ... ok
[INFO] [stdout] test cli::tests::parses_negative_download_patterns ... ok
[INFO] [stdout] test download::tests::rejects_malformed_or_inconsistent_content_ranges ... ok
[INFO] [stdout] test hub::tests::interleaves_repository_types_up_to_limit ... ok
[INFO] [stdout] test hub::tests::explains_how_to_request_gated_repository_access ... ok
[INFO] [stdout] test hub::tests::parses_next_page_link ... ok
[INFO] [stdout] test hub::tests::leaves_unrelated_forbidden_responses_without_a_gated_hint ... ok
[INFO] [stdout] test hub::tests::explains_how_to_authenticate_after_unauthorized_response ... ok
[INFO] [stdout] test hub::tests::rejects_unsafe_remote_paths ... ok
[INFO] [stdout] test patterns::tests::exact_directory_selects_descendants ... ok
[INFO] [stdout] test patterns::tests::globbed_directory_selects_descendants ... ok
[INFO] [stdout] test hub::tests::preserves_gated_access_hints_during_revision_resolution ... ok
[INFO] [stdout] test patterns::tests::positive_patterns_form_a_union ... ok
[INFO] [stdout] test patterns::tests::rejects_parent_components ... ok
[INFO] [stdout] test patterns::tests::negative_patterns_subtract_regardless_of_order ... ok
[INFO] [stdout] test patterns::tests::no_patterns_selects_everything ... ok
[INFO] [stdout] test hub::tests::derives_repository_pages_from_tree_api_urls ... ok
[INFO] [stdout] test text::tests::preserves_printable_text_and_escapes_controls ... ok
[INFO] [stdout] test patterns::tests::only_negative_patterns_start_from_everything ... ok
[INFO] [stdout] test hub::tests::propagates_revision_resolution_http_errors ... ok
[INFO] [stdout] test download::tests::dry_run_uses_resolved_revision_without_creating_destination ... ok
[INFO] [stdout] test hub::tests::same_origin_comparison_includes_scheme_and_port ... ok
[INFO] [stdout] test download::tests::rejects_partial_paths_that_conflict_with_repository_files ... ok
[INFO] [stdout] test download::tests::one_file_uses_all_jobs_for_distinct_ranges ... FAILED
[INFO] [stdout] test download::tests::pins_revision_across_pages_and_downloads_with_bounded_concurrency ... FAILED
[INFO] [stdout] test download::tests::interrupted_ranges_continue_from_persisted_offsets ... FAILED
[INFO] [stdout] test hub::tests::resolves_branches_tags_and_hashes_for_all_repository_types ... ok
[INFO] [stdout] test hub::tests::rejects_unresolved_or_malformed_commit_hashes ... ok
[INFO] [stdout] 
[INFO] [stdout] failures:
[INFO] [stdout] 
[INFO] [stdout] ---- config::tests::stores_and_removes_token stdout ----
[INFO] [stdout] 
[INFO] [stdout] thread 'config::tests::stores_and_removes_token' (3836) panicked at src/config.rs:378:37:
[INFO] [stdout] called `Result::unwrap()` on an `Err` value: Io { context: "could not create /opt/rustwide/workdir/tmp/xhf-credentials-3827/xhf", source: Os { code: 30, kind: ReadOnlyFilesystem, message: "Read-only file system" } }
[INFO] [stdout] stack backtrace:
[INFO] [stdout]    0:     0x585282940567 - <unknown>
[INFO] [stdout]    1:     0x58528274d09a - <unknown>
[INFO] [stdout]    2:     0x58528293fb1b - <unknown>
[INFO] [stdout]    3:     0x58528293f5ff - <unknown>
[INFO] [stdout]    4:     0x58528293f22a - <unknown>
[INFO] [stdout]    5:     0x58528293ed65 - <unknown>
[INFO] [stdout]    6:     0x585282965e51 - <unknown>
[INFO] [stdout]    7:     0x585282965e09 - <unknown>
[INFO] [stdout]    8:     0x58528296630c - <unknown>
[INFO] [stdout]    9:     0x58528274cf2b - <unknown>
[INFO] [stdout]   10:     0x585282751d01 - <unknown>
[INFO] [stdout]   11:     0x5852826d6949 - <unknown>
[INFO] [stdout]   12:     0x58528298506b - <unknown>
[INFO] [stdout]   13:     0x585282980ab2 - <unknown>
[INFO] [stdout]   14:     0x58528298051c - <unknown>
[INFO] [stdout]   15:     0x58528299e50c - <unknown>
[INFO] [stdout]   16:     0x585282967d44 - <unknown>
[INFO] [stdout]   17:     0x718ddf1eddfa - <unknown>
[INFO] [stdout]   18:     0x718ddf2813d4 - clone
[INFO] [stdout]   19:                0x0 - <unknown>
[INFO] [stdout] 
[INFO] [stdout] ---- download::tests::changed_file_identity_discards_persisted_offsets stdout ----
[INFO] [stdout] 
[INFO] [stdout] thread 'download::tests::changed_file_identity_discards_persisted_offsets' (3841) panicked at src/download.rs:2851:29:
[INFO] [stdout] called `Result::unwrap()` on an `Err` value: Io { context: "could not create download directory /opt/rustwide/workdir/tmp/xhf-download-changed-identity-3827", source: Os { code: 30, kind: ReadOnlyFilesystem, message: "Read-only file system" } }
[INFO] [stdout] stack backtrace:
[INFO] [stdout]    0:     0x585282940567 - <unknown>
[INFO] [stdout]    1:     0x58528274d09a - <unknown>
[INFO] [stdout]    2:     0x58528293fb1b - <unknown>
[INFO] [stdout]    3:     0x58528293f5ff - <unknown>
[INFO] [stdout]    4:     0x58528293f22a - <unknown>
[INFO] [stdout]    5:     0x58528293ed65 - <unknown>
[INFO] [stdout]    6:     0x585282965e51 - <unknown>
[INFO] [stdout]    7:     0x585282965e09 - <unknown>
[INFO] [stdout]    8:     0x58528296630c - <unknown>
[INFO] [stdout]    9:     0x58528274cf2b - <unknown>
[INFO] [stdout]   10:     0x585282751d01 - <unknown>
[INFO] [stdout]   11:     0x5852826dacb8 - <unknown>
[INFO] [stdout]   12:     0x58528298506b - <unknown>
[INFO] [stdout]   13:     0x585282980ab2 - <unknown>
[INFO] [stdout]   14:     0x58528298051c - <unknown>
[INFO] [stdout]   15:     0x58528299e50c - <unknown>
[INFO] [stdout]   16:     0x585282967d44 - <unknown>
[INFO] [stdout]   17:     0x718ddf1eddfa - <unknown>
[INFO] [stdout]   18:     0x718ddf2813d4 - clone
[INFO] [stdout]   19:                0x0 - <unknown>
[INFO] [stdout] 
[INFO] [stdout] ---- download::tests::completed_metadata_recovers_a_post_rename_crash stdout ----
[INFO] [stdout] 
[INFO] [stdout] thread 'download::tests::completed_metadata_recovers_a_post_rename_crash' (3842) panicked at src/download.rs:2881:29:
[INFO] [stdout] called `Result::unwrap()` on an `Err` value: Io { context: "could not create download directory /opt/rustwide/workdir/tmp/xhf-download-post-rename-recovery-3827", source: Os { code: 30, kind: ReadOnlyFilesystem, message: "Read-only file system" } }
[INFO] [stdout] stack backtrace:
[INFO] [stdout]    0:     0x585282940567 - <unknown>
[INFO] [stdout]    1:     0x58528274d09a - <unknown>
[INFO] [stdout]    2:     0x58528293fb1b - <unknown>
[INFO] [stdout]    3:     0x58528293f5ff - <unknown>
[INFO] [stdout]    4:     0x58528293f22a - <unknown>
[INFO] [stdout]    5:     0x58528293ed65 - <unknown>
[INFO] [stdout]    6:     0x585282965e51 - <unknown>
[INFO] [stdout]    7:     0x585282965e09 - <unknown>
[INFO] [stdout]    8:     0x58528296630c - <unknown>
[INFO] [stdout]    9:     0x58528274cf2b - <unknown>
[INFO] [stdout]   10:     0x585282751d01 - <unknown>
[INFO] [stdout]   11:     0x5852826da1e0 - <unknown>
[INFO] [stdout]   12:     0x58528298506b - <unknown>
[INFO] [stdout]   13:     0x585282980ab2 - <unknown>
[INFO] [stdout]   14:     0x58528298051c - <unknown>
[INFO] [stdout]   15:     0x58528299e50c - <unknown>
[INFO] [stdout]   16:     0x585282967d44 - <unknown>
[INFO] [stdout]   17:     0x718ddf1eddfa - <unknown>
[INFO] [stdout]   18:     0x718ddf2813d4 - clone
[INFO] [stdout]   19:                0x0 - <unknown>
[INFO] [stdout] 
[INFO] [stdout] ---- download::tests::orphan_partial_without_metadata_restarts_from_zero stdout ----
[INFO] [stdout] 
[INFO] [stdout] thread 'download::tests::orphan_partial_without_metadata_restarts_from_zero' (3851) panicked at src/download.rs:2826:29:
[INFO] [stdout] called `Result::unwrap()` on an `Err` value: Io { context: "could not create download directory /opt/rustwide/workdir/tmp/xhf-download-orphan-partial-3827", source: Os { code: 30, kind: ReadOnlyFilesystem, message: "Read-only file system" } }
[INFO] [stdout] stack backtrace:
[INFO] [stdout]    0:     0x585282940567 - <unknown>
[INFO] [stdout]    1:     0x58528274d09a - <unknown>
[INFO] [stdout]    2:     0x58528293fb1b - <unknown>
[INFO] [stdout]    3:     0x58528293f5ff - <unknown>
[INFO] [stdout]    4:     0x58528293f22a - <unknown>
[INFO] [stdout]    5:     0x58528293ed65 - <unknown>
[INFO] [stdout]    6:     0x585282965e51 - <unknown>
[INFO] [stdout]    7:     0x585282965e09 - <unknown>
[INFO] [stdout]    8:     0x58528296630c - <unknown>
[INFO] [stdout]    9:     0x58528274cf2b - <unknown>
[INFO] [stdout]   10:     0x585282751d01 - <unknown>
[INFO] [stdout]   11:     0x5852826dd80e - <unknown>
[INFO] [stdout]   12:     0x58528298506b - <unknown>
[INFO] [stdout]   13:     0x585282980ab2 - <unknown>
[INFO] [stdout]   14:     0x58528298051c - <unknown>
[INFO] [stdout]   15:     0x58528299e50c - <unknown>
[INFO] [stdout]   16:     0x585282967d44 - <unknown>
[INFO] [stdout]   17:     0x718ddf1eddfa - <unknown>
[INFO] [stdout]   18:     0x718ddf2813d4 - clone
[INFO] [stdout]   19:                0x0 - <unknown>
[INFO] [stdout] 
[INFO] [stdout] ---- download::tests::rejects_file_in_parent_chain stdout ----
[INFO] [stdout] 
[INFO] [stdout] thread 'download::tests::rejects_file_in_parent_chain' (3854) panicked at src/download.rs:2610:29:
[INFO] [stdout] called `Result::unwrap()` on an `Err` value: Io { context: "could not create download directory /opt/rustwide/workdir/tmp/xhf-download-parent-file-3827", source: Os { code: 30, kind: ReadOnlyFilesystem, message: "Read-only file system" } }
[INFO] [stdout] stack backtrace:
[INFO] [stdout]    0:     0x585282940567 - <unknown>
[INFO] [stdout]    1:     0x58528274d09a - <unknown>
[INFO] [stdout]    2:     0x58528293fb1b - <unknown>
[INFO] [stdout]    3:     0x58528293f5ff - <unknown>
[INFO] [stdout]    4:     0x58528293f22a - <unknown>
[INFO] [stdout]    5:     0x58528293ed65 - <unknown>
[INFO] [stdout]    6:     0x585282965e51 - <unknown>
[INFO] [stdout]    7:     0x585282965e09 - <unknown>
[INFO] [stdout]    8:     0x58528296630c - <unknown>
[INFO] [stdout]    9:     0x58528274cf2b - <unknown>
[INFO] [stdout]   10:     0x585282751d01 - <unknown>
[INFO] [stdout]   11:     0x5852826d7ab1 - <unknown>
[INFO] [stdout]   12:     0x58528298506b - <unknown>
[INFO] [stdout]   13:     0x585282980ab2 - <unknown>
[INFO] [stdout]   14:     0x58528298051c - <unknown>
[INFO] [stdout]   15:     0x58528299e50c - <unknown>
[INFO] [stdout]   16:     0x585282967d44 - <unknown>
[INFO] [stdout]   17:     0x718ddf1eddfa - <unknown>
[INFO] [stdout]   18:     0x718ddf2813d4 - clone
[INFO] [stdout]   19:                0x0 - <unknown>
[INFO] [stdout] 
[INFO] [stdout] ---- download::tests::one_file_uses_all_jobs_for_distinct_ranges stdout ----
[INFO] [stdout] 
[INFO] [stdout] thread 'download::tests::one_file_uses_all_jobs_for_distinct_ranges' (3850) panicked at src/download.rs:2928:16:
[INFO] [stdout] called `Result::unwrap()` on an `Err` value: Io { context: "could not create download directory /opt/rustwide/workdir/tmp/xhf-download-single-file-ranges-3827", source: Os { code: 30, kind: ReadOnlyFilesystem, message: "Read-only file system" } }
[INFO] [stdout] stack backtrace:
[INFO] [stdout]    0:     0x585282940567 - <unknown>
[INFO] [stdout]    1:     0x58528274d09a - <unknown>
[INFO] [stdout]    2:     0x58528293fb1b - <unknown>
[INFO] [stdout]    3:     0x58528293f5ff - <unknown>
[INFO] [stdout]    4:     0x58528293f22a - <unknown>
[INFO] [stdout]    5:     0x58528293ed65 - <unknown>
[INFO] [stdout]    6:     0x585282965e51 - <unknown>
[INFO] [stdout]    7:     0x585282965e09 - <unknown>
[INFO] [stdout]    8:     0x58528296630c - <unknown>
[INFO] [stdout]    9:     0x58528274cf2b - <unknown>
[INFO] [stdout]   10:     0x585282751d01 - <unknown>
[INFO] [stdout]   11:     0x5852826d8bef - <unknown>
[INFO] [stdout]   12:     0x58528298506b - <unknown>
[INFO] [stdout]   13:     0x585282980ab2 - <unknown>
[INFO] [stdout]   14:     0x58528298051c - <unknown>
[INFO] [stdout]   15:     0x58528299e50c - <unknown>
[INFO] [stdout]   16:     0x585282967d44 - <unknown>
[INFO] [stdout]   17:     0x718ddf1eddfa - <unknown>
[INFO] [stdout]   18:     0x718ddf2813d4 - clone
[INFO] [stdout]   19:                0x0 - <unknown>
[INFO] [stdout] 
[INFO] [stdout] ---- download::tests::pins_revision_across_pages_and_downloads_with_bounded_concurrency stdout ----
[INFO] [stdout] 
[INFO] [stdout] thread 'download::tests::pins_revision_across_pages_and_downloads_with_bounded_concurrency' (3853) panicked at src/download.rs:3038:16:
[INFO] [stdout] called `Result::unwrap()` on an `Err` value: Io { context: "could not create download directory /opt/rustwide/workdir/tmp/xhf-download-concurrency-3827", source: Os { code: 30, kind: ReadOnlyFilesystem, message: "Read-only file system" } }
[INFO] [stdout] stack backtrace:
[INFO] [stdout]    0:     0x585282940567 - <unknown>
[INFO] [stdout]    1:     0x58528274d09a - <unknown>
[INFO] [stdout]    2:     0x58528293fb1b - <unknown>
[INFO] [stdout]    3:     0x58528293f5ff - <unknown>
[INFO] [stdout]    4:     0x58528293f22a - <unknown>
[INFO] [stdout]    5:     0x58528293ed65 - <unknown>
[INFO] [stdout]    6:     0x585282965e51 - <unknown>
[INFO] [stdout]    7:     0x585282965e09 - <unknown>
[INFO] [stdout]    8:     0x58528296630c - <unknown>
[INFO] [stdout]    9:     0x58528274cf2b - <unknown>
[INFO] [stdout]   10:     0x585282751d01 - <unknown>
[INFO] [stdout]   11:     0x5852826e089a - <unknown>
[INFO] [stdout]   12:     0x58528298506b - <unknown>
[INFO] [stdout]   13:     0x585282980ab2 - <unknown>
[INFO] [stdout]   14:     0x58528298051c - <unknown>
[INFO] [stdout]   15:     0x58528299e50c - <unknown>
[INFO] [stdout]   16:     0x585282967d44 - <unknown>
[INFO] [stdout]   17:     0x718ddf1eddfa - <unknown>
[INFO] [stdout]   18:     0x718ddf2813d4 - clone
[INFO] [stdout]   19:                0x0 - <unknown>
[INFO] [stdout] 
[INFO] [stdout] ---- download::tests::interrupted_ranges_continue_from_persisted_offsets stdout ----
[INFO] [stdout] 
[INFO] [stdout] thread 'download::tests::interrupted_ranges_continue_from_persisted_offsets' (3847) panicked at src/download.rs:2978:9:
[INFO] [stdout] assertion failed: partial_path.is_file()
[INFO] [stdout] stack backtrace:
[INFO] [stdout]    0:     0x585282940567 - <unknown>
[INFO] [stdout]    1:     0x58528274d09a - <unknown>
[INFO] [stdout]    2:     0x58528293fb1b - <unknown>
[INFO] [stdout]    3:     0x58528293f5ff - <unknown>
[INFO] [stdout]    4:     0x58528293f22a - <unknown>
[INFO] [stdout]    5:     0x58528293ed65 - <unknown>
[INFO] [stdout]    6:     0x585282965e82 - <unknown>
[INFO] [stdout]    7:     0x585282965e09 - <unknown>
[INFO] [stdout]    8:     0x58528296630c - <unknown>
[INFO] [stdout]    9:     0x58528274cf2b - <unknown>
[INFO] [stdout]   10:     0x58528274e921 - <unknown>
[INFO] [stdout]   11:     0x5852826dcadf - <unknown>
[INFO] [stdout]   12:     0x58528298506b - <unknown>
[INFO] [stdout]   13:     0x585282980ab2 - <unknown>
[INFO] [stdout]   14:     0x58528298051c - <unknown>
[INFO] [stdout]   15:     0x58528299e50c - <unknown>
[INFO] [stdout]   16:     0x585282967d44 - <unknown>
[INFO] [stdout]   17:     0x718ddf1eddfa - <unknown>
[INFO] [stdout]   18:     0x718ddf2813d4 - clone
[INFO] [stdout]   19:                0x0 - <unknown>
[INFO] [stdout] 
[INFO] [stdout] 
[INFO] [stdout] failures:
[INFO] [stdout]     config::tests::stores_and_removes_token
[INFO] [stdout]     download::tests::changed_file_identity_discards_persisted_offsets
[INFO] [stdout]     download::tests::completed_metadata_recovers_a_post_rename_crash
[INFO] [stdout]     download::tests::interrupted_ranges_continue_from_persisted_offsets
[INFO] [stdout]     download::tests::one_file_uses_all_jobs_for_distinct_ranges
[INFO] [stdout]     download::tests::orphan_partial_without_metadata_restarts_from_zero
[INFO] [stdout]     download::tests::pins_revision_across_pages_and_downloads_with_bounded_concurrency
[INFO] [stdout]     download::tests::rejects_file_in_parent_chain
[INFO] [stdout] 
[INFO] [stdout] test result: FAILED. 42 passed; 8 failed; 0 ignored; 0 measured; 0 filtered out; finished in 0.20s
[INFO] [stdout] 
[INFO] [stderr] error: test failed, to rerun pass `--bin xhf`
[INFO] running `Command { std: "docker" "inspect" "da00dd0b729e690e48ec99e86297b000137f5420198ff55b2f6ba8789c65cb6a", kill_on_drop: false }`
[INFO] running `Command { std: "docker" "rm" "-f" "da00dd0b729e690e48ec99e86297b000137f5420198ff55b2f6ba8789c65cb6a", kill_on_drop: false }`
[INFO] [stdout] da00dd0b729e690e48ec99e86297b000137f5420198ff55b2f6ba8789c65cb6a
