[INFO] fetching crate xerg 0.2.1...
[INFO] testing xerg-0.2.1 against 1.99.0-beta.8+cargoflags=--release for beta-release-1.100-2
[INFO] extracting crate xerg 0.2.1 into /workspace/builds/worker-5-tc1/source
[INFO] started tweaking crates.io crate xerg 0.2.1
[INFO] removed 0 missing tests
[INFO] finished tweaking crates.io crate xerg 0.2.1
[INFO] tweaked toml for crates.io crate xerg 0.2.1 written to /workspace/builds/worker-5-tc1/source/Cargo.toml
[INFO] validating manifest of crates.io crate xerg 0.2.1 on toolchain 1.99.0-beta.8
[INFO] running `Command { std: CARGO_HOME="/workspace/cargo-home" RUSTUP_HOME="/workspace/rustup-home" "/workspace/cargo-home/bin/cargo" "+1.99.0-beta.8" "metadata" "--manifest-path" "Cargo.toml" "--no-deps", kill_on_drop: false }`
[INFO] crate crates.io crate xerg 0.2.1 already has a lockfile, it will not be regenerated
[INFO] running `Command { std: CARGO_HOME="/workspace/cargo-home" RUSTUP_HOME="/workspace/rustup-home" "/workspace/cargo-home/bin/cargo" "+1.99.0-beta.8" "fetch" "--manifest-path" "Cargo.toml", kill_on_drop: false }`
[INFO] [stderr]  Downloading crates ...
[INFO] [stderr]   Downloaded clap v4.5.50
[INFO] [stderr]   Downloaded clap_builder v4.5.50
[INFO] running `Command { std: "docker" "create" "-v" "/var/lib/crater-agent-workspace/builds/worker-5-tc1/source:/opt/rustwide/workdir:ro,Z" "-v" "/var/lib/crater-agent-workspace/builds/worker-5-tc1/target:/opt/rustwide/target:rw,Z" "-v" "/var/lib/crater-agent-workspace/cargo-home:/opt/rustwide/cargo-home:ro,Z" "-v" "/var/lib/crater-agent-workspace/rustup-home:/opt/rustwide/rustup-home:ro,Z" "-m" "1610612736" "--network" "none" "ghcr.io/rust-lang/crates-build-env/linux@sha256:77db811e55d90add9212f6832c23229e3de5f1c1f9905e8cb07319ea15df73ac" "sleep" "infinity", kill_on_drop: false }`
[INFO] [stdout] c84be0640daf204f8181225680f6db75f9280480be95b3e2c89618f2523295ee
[INFO] running `Command { std: "docker" "start" "c84be0640daf204f8181225680f6db75f9280480be95b3e2c89618f2523295ee", kill_on_drop: false }`
[INFO] running `Command { std: "docker" "inspect" "c84be0640daf204f8181225680f6db75f9280480be95b3e2c89618f2523295ee", kill_on_drop: false }`
[INFO] running `Command { std: "docker" "exec" "-e" "SOURCE_DIR=/opt/rustwide/workdir" "-e" "CARGO_HOME=/opt/rustwide/cargo-home" "-e" "RUSTUP_HOME=/opt/rustwide/rustup-home" "-e" "CARGO_TARGET_DIR=/opt/rustwide/target" "-w" "/opt/rustwide/workdir" "--user" "0:0" "c84be0640daf204f8181225680f6db75f9280480be95b3e2c89618f2523295ee" "/opt/rustwide/cargo-home/bin/cargo" "+1.99.0-beta.8" "metadata" "--no-deps" "--format-version=1", kill_on_drop: false }`
[INFO] running `Command { std: "docker" "inspect" "c84be0640daf204f8181225680f6db75f9280480be95b3e2c89618f2523295ee", kill_on_drop: false }`
[INFO] running `Command { std: "docker" "exec" "-e" "SOURCE_DIR=/opt/rustwide/workdir" "-e" "CARGO_HOME=/opt/rustwide/cargo-home" "-e" "RUSTUP_HOME=/opt/rustwide/rustup-home" "-e" "CARGO_TARGET_DIR=/opt/rustwide/target" "-e" "CARGO_INCREMENTAL=0" "-e" "RUST_BACKTRACE=full" "-e" "RUSTFLAGS=--cap-lints=warn" "-e" "RUSTDOCFLAGS=--cap-lints=warn" "-w" "/opt/rustwide/workdir" "--user" "0:0" "c84be0640daf204f8181225680f6db75f9280480be95b3e2c89618f2523295ee" "/opt/rustwide/cargo-home/bin/cargo" "+1.99.0-beta.8" "build" "--frozen" "--message-format=json" "--release", kill_on_drop: false }`
[INFO] [stderr]    Compiling aho-corasick v1.1.3
[INFO] [stderr]    Compiling syn v2.0.104
[INFO] [stderr]    Compiling regex-syntax v0.8.8
[INFO] [stderr]    Compiling clap_lex v0.7.6
[INFO] [stderr]    Compiling num_cpus v1.17.0
[INFO] [stderr]    Compiling memmap2 v0.9.9
[INFO] [stderr]    Compiling clap_builder v4.5.50
[INFO] [stderr]    Compiling regex-automata v0.4.13
[INFO] [stderr]    Compiling clap_derive v4.5.49
[INFO] [stderr]    Compiling clap v4.5.50
[INFO] [stderr]    Compiling regex v1.12.2
[INFO] [stderr]    Compiling xerg v0.2.1 (/opt/rustwide/workdir)
[INFO] [stderr]     Finished `release` profile [optimized] target(s) in 27.13s
[INFO] running `Command { std: "docker" "inspect" "c84be0640daf204f8181225680f6db75f9280480be95b3e2c89618f2523295ee", kill_on_drop: false }`
[INFO] running `Command { std: "docker" "exec" "-e" "SOURCE_DIR=/opt/rustwide/workdir" "-e" "CARGO_HOME=/opt/rustwide/cargo-home" "-e" "RUSTUP_HOME=/opt/rustwide/rustup-home" "-e" "CARGO_TARGET_DIR=/opt/rustwide/target" "-e" "CARGO_INCREMENTAL=0" "-e" "RUST_BACKTRACE=full" "-e" "RUSTFLAGS=--cap-lints=warn" "-e" "RUSTDOCFLAGS=--cap-lints=warn" "-w" "/opt/rustwide/workdir" "--user" "0:0" "c84be0640daf204f8181225680f6db75f9280480be95b3e2c89618f2523295ee" "/opt/rustwide/cargo-home/bin/cargo" "+1.99.0-beta.8" "test" "--frozen" "--no-run" "--message-format=json" "--release", kill_on_drop: false }`
[INFO] [stderr]    Compiling zerocopy v0.8.27
[INFO] [stderr]    Compiling zerocopy-derive v0.8.27
[INFO] [stderr]    Compiling regex-syntax v0.8.8
[INFO] [stderr]    Compiling serde_derive v1.0.228
[INFO] [stderr]    Compiling serde_json v1.0.145
[INFO] [stderr]    Compiling rand v0.4.6
[INFO] [stderr]    Compiling is-terminal v0.4.17
[INFO] [stderr]    Compiling plotters v0.3.7
[INFO] [stderr]    Compiling tempdir v0.3.7
[INFO] [stderr]    Compiling serde v1.0.228
[INFO] [stderr]    Compiling tinytemplate v1.2.1
[INFO] [stderr]    Compiling regex-automata v0.4.13
[INFO] [stderr]    Compiling half v2.7.1
[INFO] [stderr]    Compiling ciborium-ll v0.2.2
[INFO] [stderr]    Compiling ciborium v0.2.2
[INFO] [stderr]    Compiling regex v1.12.2
[INFO] [stderr]    Compiling xerg v0.2.1 (/opt/rustwide/workdir)
[INFO] [stderr]    Compiling criterion v0.5.1
[INFO] [stderr]     Finished `release` profile [optimized] target(s) in 39.55s
[INFO] running `Command { std: "docker" "inspect" "c84be0640daf204f8181225680f6db75f9280480be95b3e2c89618f2523295ee", kill_on_drop: false }`
[INFO] running `Command { std: "docker" "exec" "-e" "SOURCE_DIR=/opt/rustwide/workdir" "-e" "CARGO_HOME=/opt/rustwide/cargo-home" "-e" "RUSTUP_HOME=/opt/rustwide/rustup-home" "-e" "CARGO_TARGET_DIR=/opt/rustwide/target" "-e" "CARGO_INCREMENTAL=0" "-e" "RUST_BACKTRACE=full" "-e" "RUSTFLAGS=--cap-lints=warn" "-e" "RUSTDOCFLAGS=--cap-lints=warn" "-w" "/opt/rustwide/workdir" "--user" "0:0" "c84be0640daf204f8181225680f6db75f9280480be95b3e2c89618f2523295ee" "/opt/rustwide/cargo-home/bin/cargo" "+1.99.0-beta.8" "test" "--frozen" "--release", kill_on_drop: false }`
[INFO] [stderr]     Finished `release` profile [optimized] target(s) in 0.08s
[INFO] [stderr]      Running unittests src/lib.rs (/opt/rustwide/target/release/deps/xerg-846478daa7d0eba3)
[INFO] [stdout] 
[INFO] [stdout] running 48 tests
[INFO] [stdout] test output::colors::tests::test_color_to_code_red ... ok
[INFO] [stdout] test output::result::tests::test_file_match_result_type ... ok
[INFO] [stdout] test output::result::tests::test_print_result_with_stats ... ok
[INFO] [stdout] test output::result::tests::test_print_result_multiple_files ... ok
[INFO] [stdout] test output::result::tests::test_print_result_without_stats ... ok
[INFO] [stdout] test output::colors::tests::test_color_to_code_bold ... ok
[INFO] [stdout] test output::result::tests::test_result_message_variants ... ok
[INFO] [stdout] test search::crawler::tests::test_get_files_empty_directory ... ok
[INFO] [stdout] test output::colors::tests::test_color_to_code_blue ... ok
[INFO] [stdout] test output::colors::tests::test_from_str_valid_colors ... ok
[INFO] [stdout] test search::crawler::tests::test_get_files_mixed_content ... ok
[INFO] [stdout] test output::result::tests::test_print_result_empty_results ... ok
[INFO] [stdout] test search::crawler::tests::test_get_files_follows_directory_symlinks ... ok
[INFO] [stdout] test output::colors::tests::test_from_str_invalid_color ... ok
[INFO] [stdout] test search::crawler::tests::test_get_files_single_file ... ok
[INFO] [stdout] test search::crawler::tests::test_get_files_follows_file_symlinks ... ok
[INFO] [stdout] test output::colors::tests::test_all_colors_have_codes ... ok
[INFO] [stdout] test search::crawler::tests::test_get_files_nested_directories ... FAILED
[INFO] [stdout] test search::crawler::tests::test_get_files_symlinks_comprehensive ... ok
[INFO] [stdout] test output::colors::tests::test_from_str_case_insensitive ... ok
[INFO] [stdout] test search::default::tests::test_search_files_different_colors ... ok
[INFO] [stdout] test search::default::tests::test_search_files_case_sensitive ... ok
[INFO] [stdout] test search::default::tests::test_search_files_empty_pattern ... ok
[INFO] [stdout] test search::default::tests::test_search_files_empty_file ... ok
[INFO] [stdout] test output::result::tests::test_search_stats_fields ... ok
[INFO] [stdout] test output::colors::tests::test_color_to_code_green ... ok
[INFO] [stdout] test search::crawler::tests::test_get_files_directory_with_files ... ok
[INFO] [stdout] test search::default::tests::test_search_files_finds_pattern ... ok
[INFO] [stdout] test search::crawler::tests::test_get_files_handles_broken_symlinks ... ok
[INFO] [stdout] test search::default::tests::test_search_files_long_lines ... ok
[INFO] [stdout] test search::crawler::tests::test_get_files_ignores_hidden_files ... ok
[INFO] [stdout] test output::colors::tests::test_from_str_empty_string ... ok
[INFO] [stdout] test search::crawler::tests::test_get_files_ignores_hidden_directories ... ok
[INFO] [stdout] test search::default::tests::test_search_files_special_characters ... ok
[INFO] [stdout] test search::xtreme::tests::test_search_files_with_stats ... ok
[INFO] [stdout] test search::default::tests::test_search_files_no_matches ... ok
[INFO] [stdout] test search::xtreme::tests::test_search_files_finds_pattern ... ok
[INFO] [stdout] test search::default::tests::test_search_files_nonexistent_file ... ok
[INFO] [stdout] test search::default::tests::test_search_files_mixed_scenarios ... ok
[INFO] [stdout] test search::xtreme::tests::test_search_files_no_match ... ok
[INFO] [stdout] test tests::test_run_different_colors ... ok
[INFO] [stdout] test search::default::tests::test_search_files_multiple_files ... ok
[INFO] [stdout] test tests::test_run_with_single_file ... ok
[INFO] [stdout] test tests::test_run_with_no_matches ... ok
[INFO] [stdout] test output::result::tests::test_print_result_with_errors ... ok
[INFO] [stdout] test tests::test_run_integration ... ok
[INFO] [stdout] test search::xtreme::tests::test_search_files_regex_patterns ... ok
[INFO] [stdout] test search::default::tests::test_search_files_regex_patterns ... ok
[INFO] [stdout] 
[INFO] [stdout] failures:
[INFO] [stdout] 
[INFO] [stdout] ---- search::crawler::tests::test_get_files_nested_directories stdout ----
[INFO] [stdout] 
[INFO] [stdout] thread 'search::crawler::tests::test_get_files_nested_directories' (1014) panicked at src/search/crawler.rs:106:9:
[INFO] [stdout] assertion `left == right` failed
[INFO] [stdout]   left: ["/tmp/test_.82iopxBMczJI/subdir/file2.txt", "/tmp/test_.82iopxBMczJI/file1.txt"]
[INFO] [stdout]  right: ["/tmp/test_.82iopxBMczJI/file1.txt", "/tmp/test_.82iopxBMczJI/subdir/file2.txt"]
[INFO] [stdout] stack backtrace:
[INFO] [stdout]    0:     0x608c54d41ba1 - <<std[70759c8f55707aa4]::sys::backtrace::BacktraceLock>::print::DisplayBacktrace as core[df12db4294e9bfd3]::fmt::Display>::fmt
[INFO] [stdout]    1:     0x608c54d5858a - core[df12db4294e9bfd3]::fmt::write
[INFO] [stdout]    2:     0x608c54d4637c - <alloc[2182bb758b4b3781]::vec::Vec<u8> as core[df12db4294e9bfd3]::io::write::Write>::write_fmt
[INFO] [stdout]    3:     0x608c54d1b986 - std[70759c8f55707aa4]::panicking::default_hook::{closure#0}
[INFO] [stdout]    4:     0x608c54d39199 - std[70759c8f55707aa4]::panicking::default_hook
[INFO] [stdout]    5:     0x608c54c00a90 - test[9d35eded1c95d3be]::test_main_inner::<test[9d35eded1c95d3be]::test_main_static::{closure#0}>::{closure#0}
[INFO] [stdout]    6:     0x608c54d394c2 - std[70759c8f55707aa4]::panicking::panic_with_hook
[INFO] [stdout]    7:     0x608c54d1ba32 - std[70759c8f55707aa4]::panicking::panic_handler::{closure#0}
[INFO] [stdout]    8:     0x608c54d14409 - std[70759c8f55707aa4]::sys::backtrace::__rust_end_short_backtrace::<std[70759c8f55707aa4]::panicking::panic_handler::{closure#0}, !>
[INFO] [stdout]    9:     0x608c54d1c71d - __rustc[8fa7c3cbc660c2b3]::rust_begin_unwind
[INFO] [stdout]   10:     0x608c54d58d6c - core[df12db4294e9bfd3]::panicking::panic_fmt
[INFO] [stdout]   11:     0x608c54d58c83 - core[df12db4294e9bfd3]::panicking::assert_failed_inner
[INFO] [stdout]   12:     0x608c54beef19 - core[df12db4294e9bfd3]::panicking::assert_failed::<alloc[2182bb758b4b3781]::vec::Vec<std[70759c8f55707aa4]::path::PathBuf>, alloc[2182bb758b4b3781]::vec::Vec<std[70759c8f55707aa4]::path::PathBuf>>
[INFO] [stdout]   13:     0x608c54bd5b94 - xerg[dc56a45e44a0ae06]::search::crawler::tests::test_get_files_nested_directories
[INFO] [stdout]   14:     0x608c54bef499 - <xerg[dc56a45e44a0ae06]::search::crawler::tests::test_get_files_nested_directories::{closure#0} as core[df12db4294e9bfd3]::ops::function::FnOnce<()>>::call_once
[INFO] [stdout]   15:     0x608c54bf3d7b - test[9d35eded1c95d3be]::__rust_begin_short_backtrace::<core[df12db4294e9bfd3]::result::Result<(), alloc[2182bb758b4b3781]::string::String>, fn() -> core[df12db4294e9bfd3]::result::Result<(), alloc[2182bb758b4b3781]::string::String>>
[INFO] [stdout]   16:     0x608c54c013e5 - test[9d35eded1c95d3be]::run_test::{closure#0}
[INFO] [stdout]   17:     0x608c54bfaca4 - std[70759c8f55707aa4]::sys::backtrace::__rust_begin_short_backtrace::<test[9d35eded1c95d3be]::run_test::{closure#1}, ()>
[INFO] [stdout]   18:     0x608c54c04542 - <std[70759c8f55707aa4]::thread::lifecycle::spawn_unchecked<test[9d35eded1c95d3be]::run_test::{closure#1}, ()>::{closure#1} as core[df12db4294e9bfd3]::ops::function::FnOnce<()>>::call_once::{shim:vtable#0}
[INFO] [stdout]   19:     0x608c54d410f9 - <std[70759c8f55707aa4]::sys::thread::unix::Thread>::new::thread_start
[INFO] [stdout]   20:     0x7e8ceaec2dfa - <unknown>
[INFO] [stdout]   21:     0x7e8ceaf563d4 - clone
[INFO] [stdout]   22:                0x0 - <unknown>
[INFO] [stdout] 
[INFO] [stdout] 
[INFO] [stdout] failures:
[INFO] [stdout]     search::crawler::tests::test_get_files_nested_directories
[INFO] [stdout] 
[INFO] [stdout] test result: FAILED. 47 passed; 1 failed; 0 ignored; 0 measured; 0 filtered out; finished in 0.04s
[INFO] [stdout] 
[INFO] [stderr] error: test failed, to rerun pass `--lib`
[INFO] running `Command { std: "docker" "inspect" "c84be0640daf204f8181225680f6db75f9280480be95b3e2c89618f2523295ee", kill_on_drop: false }`
[INFO] running `Command { std: "docker" "rm" "-f" "c84be0640daf204f8181225680f6db75f9280480be95b3e2c89618f2523295ee", kill_on_drop: false }`
[INFO] [stdout] c84be0640daf204f8181225680f6db75f9280480be95b3e2c89618f2523295ee
