[INFO] fetching crate xengui 0.2.7...
[INFO] testing xengui-0.2.7 against 1.100.0-beta.1+cargoflags=--release for beta-release-1.100-2
[INFO] extracting crate xengui 0.2.7 into /workspace/builds/worker-3-tc2/source
[INFO] started tweaking crates.io crate xengui 0.2.7
[INFO] finished tweaking crates.io crate xengui 0.2.7
[INFO] tweaked toml for crates.io crate xengui 0.2.7 written to /workspace/builds/worker-3-tc2/source/Cargo.toml
[INFO] validating manifest of crates.io crate xengui 0.2.7 on toolchain 1.100.0-beta.1
[INFO] running `Command { std: CARGO_HOME="/workspace/cargo-home" RUSTUP_HOME="/workspace/rustup-home" "/workspace/cargo-home/bin/cargo" "+1.100.0-beta.1" "metadata" "--manifest-path" "Cargo.toml" "--no-deps", kill_on_drop: false }`
[INFO] crate crates.io crate xengui 0.2.7 already has a lockfile, it will not be regenerated
[INFO] running `Command { std: CARGO_HOME="/workspace/cargo-home" RUSTUP_HOME="/workspace/rustup-home" "/workspace/cargo-home/bin/cargo" "+1.100.0-beta.1" "fetch" "--manifest-path" "Cargo.toml", kill_on_drop: false }`
[INFO] running `Command { std: "docker" "create" "-v" "/var/lib/crater-agent-workspace/builds/worker-3-tc2/source:/opt/rustwide/workdir:ro,Z" "-v" "/var/lib/crater-agent-workspace/builds/worker-3-tc2/target:/opt/rustwide/target:rw,Z" "-v" "/var/lib/crater-agent-workspace/cargo-home:/opt/rustwide/cargo-home:ro,Z" "-v" "/var/lib/crater-agent-workspace/rustup-home:/opt/rustwide/rustup-home:ro,Z" "-m" "1610612736" "--network" "none" "ghcr.io/rust-lang/crates-build-env/linux@sha256:77db811e55d90add9212f6832c23229e3de5f1c1f9905e8cb07319ea15df73ac" "sleep" "infinity", kill_on_drop: false }`
[INFO] [stdout] 22a4c84a56dac4551b3df4d234424a9e6f5ede2b2e811c2e4715ecdc8041e56e
[INFO] running `Command { std: "docker" "start" "22a4c84a56dac4551b3df4d234424a9e6f5ede2b2e811c2e4715ecdc8041e56e", kill_on_drop: false }`
[INFO] running `Command { std: "docker" "inspect" "22a4c84a56dac4551b3df4d234424a9e6f5ede2b2e811c2e4715ecdc8041e56e", kill_on_drop: false }`
[INFO] running `Command { std: "docker" "exec" "-e" "SOURCE_DIR=/opt/rustwide/workdir" "-e" "CARGO_HOME=/opt/rustwide/cargo-home" "-e" "RUSTUP_HOME=/opt/rustwide/rustup-home" "-e" "CARGO_TARGET_DIR=/opt/rustwide/target" "-w" "/opt/rustwide/workdir" "--user" "0:0" "22a4c84a56dac4551b3df4d234424a9e6f5ede2b2e811c2e4715ecdc8041e56e" "/opt/rustwide/cargo-home/bin/cargo" "+1.100.0-beta.1" "metadata" "--no-deps" "--format-version=1", kill_on_drop: false }`
[INFO] running `Command { std: "docker" "inspect" "22a4c84a56dac4551b3df4d234424a9e6f5ede2b2e811c2e4715ecdc8041e56e", kill_on_drop: false }`
[INFO] running `Command { std: "docker" "exec" "-e" "SOURCE_DIR=/opt/rustwide/workdir" "-e" "CARGO_HOME=/opt/rustwide/cargo-home" "-e" "RUSTUP_HOME=/opt/rustwide/rustup-home" "-e" "CARGO_TARGET_DIR=/opt/rustwide/target" "-e" "CARGO_INCREMENTAL=0" "-e" "RUST_BACKTRACE=full" "-e" "RUSTFLAGS=--cap-lints=warn" "-e" "RUSTDOCFLAGS=--cap-lints=warn" "-w" "/opt/rustwide/workdir" "--user" "0:0" "22a4c84a56dac4551b3df4d234424a9e6f5ede2b2e811c2e4715ecdc8041e56e" "/opt/rustwide/cargo-home/bin/cargo" "+1.100.0-beta.1" "build" "--frozen" "--message-format=json" "--release", kill_on_drop: false }`
[INFO] [stderr]    Compiling libm v0.2.16
[INFO] [stderr]    Compiling num-traits v0.2.19
[INFO] [stderr]    Compiling simd-adler32 v0.3.9
[INFO] [stderr]    Compiling roxmltree v0.20.0
[INFO] [stderr]    Compiling log v0.4.33
[INFO] [stderr]    Compiling float_next_after v1.0.0
[INFO] [stderr]    Compiling quick-error v2.0.1
[INFO] [stderr]    Compiling byteorder-lite v0.1.0
[INFO] [stderr]    Compiling weezl v0.1.12
[INFO] [stderr]    Compiling slotmap v1.1.1
[INFO] [stderr]    Compiling tinyvec v1.11.0
[INFO] [stderr]    Compiling zune-core v0.5.1
[INFO] [stderr]    Compiling pxfm v0.1.30
[INFO] [stderr]    Compiling color_quant v1.1.0
[INFO] [stderr]    Compiling memmap2 v0.9.11
[INFO] [stderr]    Compiling sys-locale v0.3.2
[INFO] [stderr]    Compiling grid v1.0.1
[INFO] [stderr]    Compiling bytemuck v1.25.0
[INFO] [stderr]    Compiling miniz_oxide v0.8.9
[INFO] [stderr]    Compiling fdeflate v0.3.7
[INFO] [stderr]    Compiling zune-jpeg v0.5.15
[INFO] [stderr]    Compiling smol_str v0.3.6
[INFO] [stderr]    Compiling xen-clipboard v0.1.7
[INFO] [stderr]    Compiling web-time v1.1.0
[INFO] [stderr]    Compiling xen-animation v0.1.4
[INFO] [stderr]    Compiling image-webp v0.2.4
[INFO] [stderr]    Compiling gif v0.14.2
[INFO] [stderr]    Compiling flate2 v1.1.9
[INFO] [stderr]    Compiling taffy v0.12.1
[INFO] [stderr]    Compiling fontconfig-parser v0.5.8
[INFO] [stderr]    Compiling png v0.18.1
[INFO] [stderr]    Compiling core_maths v0.1.1
[INFO] [stderr]    Compiling ttf-parser v0.25.1
[INFO] [stderr]    Compiling euclid v0.22.14
[INFO] [stderr]    Compiling moxcms v0.8.1
[INFO] [stderr]    Compiling lyon_geom v1.0.19
[INFO] [stderr]    Compiling lyon_path v1.0.19
[INFO] [stderr]    Compiling lyon_algorithms v1.0.20
[INFO] [stderr]    Compiling lyon_tessellation v1.0.20
[INFO] [stderr]    Compiling fontdb v0.23.0
[INFO] [stderr]    Compiling system-fonts v0.1.2
[INFO] [stderr]    Compiling lyon v1.0.19
[INFO] [stderr]    Compiling xen-svg v0.1.1
[INFO] [stderr]    Compiling image v0.25.10
[INFO] [stderr]    Compiling xengui v0.2.7 (/opt/rustwide/workdir)
[INFO] [stderr] warning: unused dependency `system-fonts`
[INFO] [stderr]   --> Cargo.toml:52:57
[INFO] [stderr]    |
[INFO] [stderr] 52 | [target.'cfg(not(target_arch = "wasm32"))'.dependencies.system-fonts]
[INFO] [stderr]    |                                                         ^^^^^^^^^^^^^
[INFO] [stderr]    |
[INFO] [stderr]    = note: `cargo::unused_dependencies` is set to `warn` by default
[INFO] [stderr] help: consider removing the dependency on `system-fonts`
[INFO] [stderr] warning: `xengui` (manifest) generated 1 warning
[INFO] [stderr]     Finished `release` profile [optimized] target(s) in 1m 12s
[INFO] running `Command { std: "docker" "inspect" "22a4c84a56dac4551b3df4d234424a9e6f5ede2b2e811c2e4715ecdc8041e56e", kill_on_drop: false }`
[INFO] running `Command { std: "docker" "exec" "-e" "SOURCE_DIR=/opt/rustwide/workdir" "-e" "CARGO_HOME=/opt/rustwide/cargo-home" "-e" "RUSTUP_HOME=/opt/rustwide/rustup-home" "-e" "CARGO_TARGET_DIR=/opt/rustwide/target" "-e" "CARGO_INCREMENTAL=0" "-e" "RUST_BACKTRACE=full" "-e" "RUSTFLAGS=--cap-lints=warn" "-e" "RUSTDOCFLAGS=--cap-lints=warn" "-w" "/opt/rustwide/workdir" "--user" "0:0" "22a4c84a56dac4551b3df4d234424a9e6f5ede2b2e811c2e4715ecdc8041e56e" "/opt/rustwide/cargo-home/bin/cargo" "+1.100.0-beta.1" "test" "--frozen" "--no-run" "--message-format=json" "--release", kill_on_drop: false }`
[INFO] [stderr]    Compiling xengui v0.2.7 (/opt/rustwide/workdir)
[INFO] [stderr] warning: unused dependency `system-fonts`
[INFO] [stderr]   --> Cargo.toml:52:57
[INFO] [stderr]    |
[INFO] [stderr] 52 | [target.'cfg(not(target_arch = "wasm32"))'.dependencies.system-fonts]
[INFO] [stderr]    |                                                         ^^^^^^^^^^^^^
[INFO] [stderr]    |
[INFO] [stderr]    = note: `cargo::unused_dependencies` is set to `warn` by default
[INFO] [stderr] help: consider removing the dependency on `system-fonts`
[INFO] [stderr] warning: `xengui` (manifest) generated 1 warning
[INFO] [stderr]     Finished `release` profile [optimized] target(s) in 2.76s
[INFO] running `Command { std: "docker" "inspect" "22a4c84a56dac4551b3df4d234424a9e6f5ede2b2e811c2e4715ecdc8041e56e", kill_on_drop: false }`
[INFO] running `Command { std: "docker" "exec" "-e" "SOURCE_DIR=/opt/rustwide/workdir" "-e" "CARGO_HOME=/opt/rustwide/cargo-home" "-e" "RUSTUP_HOME=/opt/rustwide/rustup-home" "-e" "CARGO_TARGET_DIR=/opt/rustwide/target" "-e" "CARGO_INCREMENTAL=0" "-e" "RUST_BACKTRACE=full" "-e" "RUSTFLAGS=--cap-lints=warn" "-e" "RUSTDOCFLAGS=--cap-lints=warn" "-w" "/opt/rustwide/workdir" "--user" "0:0" "22a4c84a56dac4551b3df4d234424a9e6f5ede2b2e811c2e4715ecdc8041e56e" "/opt/rustwide/cargo-home/bin/cargo" "+1.100.0-beta.1" "test" "--frozen" "--release", kill_on_drop: false }`
[INFO] [stderr] warning: unused dependency `system-fonts`
[INFO] [stderr]   --> Cargo.toml:52:57
[INFO] [stderr]    |
[INFO] [stderr] 52 | [target.'cfg(not(target_arch = "wasm32"))'.dependencies.system-fonts]
[INFO] [stderr]    |                                                         ^^^^^^^^^^^^^
[INFO] [stderr]    |
[INFO] [stderr]    = note: `cargo::unused_dependencies` is set to `warn` by default
[INFO] [stderr] help: consider removing the dependency on `system-fonts`
[INFO] [stderr] warning: `xengui` (manifest) generated 1 warning
[INFO] [stderr]     Finished `release` profile [optimized] target(s) in 0.11s
[INFO] [stderr]      Running unittests src/lib.rs (/opt/rustwide/target/release/build/xengui/a2970648a484818e/out/xengui-a2970648a484818e)
[INFO] [stdout] 
[INFO] [stdout] running 3 tests
[INFO] [stdout] test hooks::effect_tests::cleanup_runs_before_rerun_and_on_unmount ... ok
[INFO] [stdout] test hooks::effect_tests::runs_once_on_mount_and_skips_unchanged_deps ... ok
[INFO] [stderr]    Doc-tests xengui
[INFO] [stdout] test hooks::effect_tests::reruns_when_deps_change ... ok
[INFO] [stdout] 
[INFO] [stdout] test result: ok. 3 passed; 0 failed; 0 ignored; 0 measured; 0 filtered out; finished in 0.00s
[INFO] [stdout] 
[INFO] [stdout] 
[INFO] [stdout] running 4 tests
[INFO] [stdout] test src/hooks.rs - hooks::component (line 198) ... ignored
[INFO] [stdout] test src/hooks.rs - hooks::use_state (line 233) ... ignored
[INFO] [stdout] test src/macros.rs - macros::view (line 13) ... ignored
[INFO] [stdout] test src/widgets/button.rs - widgets::button::Button (line 53) - compile ... FAILED
[INFO] [stdout] 
[INFO] [stdout] failures:
[INFO] [stdout] 
[INFO] [stdout] ---- src/widgets/button.rs - widgets::button::Button (line 53) stdout ----
[INFO] [stdout] error[E0432]: unresolved import `xengui::prelude`
[INFO] [stdout]   --> src/widgets/button.rs:55:13
[INFO] [stdout]    |
[INFO] [stdout] 55 | use xengui::prelude::*;
[INFO] [stdout]    |             ^^^^^^^ could not find `prelude` in `xengui`
[INFO] [stdout] 
[INFO] [stdout] error: aborting due to 1 previous error
[INFO] [stdout] 
[INFO] [stdout] For more information about this error, try `rustc --explain E0432`.
[INFO] [stdout] Couldn't compile the test.
[INFO] [stdout] 
[INFO] [stdout] failures:
[INFO] [stdout]     src/widgets/button.rs - widgets::button::Button (line 53)
[INFO] [stdout] 
[INFO] [stdout] test result: FAILED. 0 passed; 1 failed; 3 ignored; 0 measured; 0 filtered out; finished in 0.12s
[INFO] [stdout] 
[INFO] [stdout] all doctests ran in 0.21s; merged doctests compilation took 0.09s
[INFO] [stderr] error: doctest failed, to rerun pass `--doc`
[INFO] running `Command { std: "docker" "inspect" "22a4c84a56dac4551b3df4d234424a9e6f5ede2b2e811c2e4715ecdc8041e56e", kill_on_drop: false }`
[INFO] running `Command { std: "docker" "rm" "-f" "22a4c84a56dac4551b3df4d234424a9e6f5ede2b2e811c2e4715ecdc8041e56e", kill_on_drop: false }`
[INFO] [stdout] 22a4c84a56dac4551b3df4d234424a9e6f5ede2b2e811c2e4715ecdc8041e56e
