[INFO] fetching crate xdmf 1.0.0...
[INFO] testing xdmf-1.0.0 against 1.99.0-beta.8+cargoflags=--release for beta-release-1.100-2
[INFO] extracting crate xdmf 1.0.0 into /workspace/builds/worker-1-tc1/source
[INFO] started tweaking crates.io crate xdmf 1.0.0
[INFO] finished tweaking crates.io crate xdmf 1.0.0
[INFO] tweaked toml for crates.io crate xdmf 1.0.0 written to /workspace/builds/worker-1-tc1/source/Cargo.toml
[INFO] validating manifest of crates.io crate xdmf 1.0.0 on toolchain 1.99.0-beta.8
[INFO] running `Command { std: CARGO_HOME="/workspace/cargo-home" RUSTUP_HOME="/workspace/rustup-home" "/workspace/cargo-home/bin/cargo" "+1.99.0-beta.8" "metadata" "--manifest-path" "Cargo.toml" "--no-deps", kill_on_drop: false }`
[INFO] crate crates.io crate xdmf 1.0.0 already has a lockfile, it will not be regenerated
[INFO] running `Command { std: CARGO_HOME="/workspace/cargo-home" RUSTUP_HOME="/workspace/rustup-home" "/workspace/cargo-home/bin/cargo" "+1.99.0-beta.8" "fetch" "--manifest-path" "Cargo.toml", kill_on_drop: false }`
[INFO] [stderr]     Blocking waiting for file lock on package cache
[INFO] [stderr]     Updating crates.io index
[INFO] [stderr]  Downloading crates ...
[INFO] [stderr]   Downloaded pkg-config v0.3.33
[INFO] [stderr]   Downloaded find-msvc-tools v0.1.9
[INFO] [stderr]   Downloaded cc v1.4.0
[INFO] [stderr]   Downloaded vtkio v0.6.3
[INFO] [stderr]   Downloaded hdf5-metno-derive v0.10.2
[INFO] [stderr]   Downloaded num-derive v0.3.3
[INFO] [stderr]   Downloaded redox_syscall v0.5.18
[INFO] [stderr]   Downloaded temp-dir v0.2.0
[INFO] [stderr]   Downloaded hdf5-metno-types v0.11.1
[INFO] [stderr]   Downloaded winreg v0.56.0
[INFO] [stderr]   Downloaded parking_lot v0.12.5
[INFO] [stderr]   Downloaded parking_lot_core v0.9.12
[INFO] [stderr]   Downloaded ascii v1.1.0
[INFO] [stderr]   Downloaded toml_parser v1.1.3+spec-1.1.0
[INFO] [stderr]   Downloaded thiserror-impl v2.0.20
[INFO] [stderr]   Downloaded windows-link v0.2.1
[INFO] [stderr]   Downloaded libloading v0.8.9
[INFO] [stderr]   Downloaded byteorder v1.5.0
[INFO] [stderr]   Downloaded humansize v2.1.3
[INFO] [stderr]   Downloaded bytemuck v1.25.2
[INFO] [stderr]   Downloaded thiserror v2.0.20
[INFO] [stderr]   Downloaded pastey v0.2.3
[INFO] [stderr]   Downloaded smallvec v1.15.2
[INFO] [stderr]   Downloaded bitflags v2.13.1
[INFO] [stderr]   Downloaded lock_api v0.4.14
[INFO] [stderr]   Downloaded toml_datetime v1.1.1+spec-1.1.0
[INFO] [stderr]   Downloaded equivalent v1.0.2
[INFO] [stderr]   Downloaded diff v0.1.13
[INFO] [stderr]   Downloaded portable-atomic-util v0.2.7
[INFO] [stderr]   Downloaded miniz_oxide v0.8.9
[INFO] [stderr]   Downloaded pretty_assertions v1.4.1
[INFO] [stderr]   Downloaded hdf5-metno-sys v0.12.2
[INFO] [stderr]   Downloaded toml_edit v0.25.13+spec-1.1.0
[INFO] [stderr]   Downloaded quick-xml v0.22.0
[INFO] [stderr]   Downloaded nom v3.2.1
[INFO] [stderr]   Downloaded yansi v1.0.1
[INFO] [stderr]   Downloaded matrixmultiply v0.3.11
[INFO] [stderr]   Downloaded indexmap v2.14.0
[INFO] [stderr]   Downloaded regex v1.13.1
[INFO] [stderr]   Downloaded serde_json v1.0.151
[INFO] [stderr]   Downloaded quick-xml v0.42.0
[INFO] [stderr]   Downloaded portable-atomic v1.14.0
[INFO] [stderr]   Downloaded aho-corasick v1.1.5
[INFO] [stderr]   Downloaded syn v1.0.109
[INFO] [stderr]   Downloaded lz4_flex v0.7.5
[INFO] [stderr]   Downloaded ndarray v0.17.2
[INFO] [stderr]   Downloaded syn v3.0.3
[INFO] [stderr]   Downloaded regex-syntax v0.8.11
[INFO] [stderr]   Downloaded regex-automata v0.4.18
[INFO] [stderr]   Downloaded libz-sys v1.1.28
[INFO] [stderr]   Downloaded libc v0.2.189
[INFO] [stderr]   Downloaded proc-macro-crate v3.5.0
[INFO] [stderr]   Downloaded winnow v1.0.4
[INFO] [stderr]   Downloaded crc32fast v1.5.0
[INFO] [stderr]   Downloaded hdf5-metno-src v0.10.4
[INFO] [stderr]   Downloaded memchr v1.0.2
[INFO] [stderr]   Downloaded flate2 v1.1.9
[INFO] [stderr]   Downloaded hdf5-metno v0.14.1
[INFO] [stderr]   Downloaded windows-sys v0.61.2
[INFO] running `Command { std: "docker" "create" "-v" "/var/lib/crater-agent-workspace/builds/worker-1-tc1/source:/opt/rustwide/workdir:ro,Z" "-v" "/var/lib/crater-agent-workspace/builds/worker-1-tc1/target:/opt/rustwide/target:rw,Z" "-v" "/var/lib/crater-agent-workspace/cargo-home:/opt/rustwide/cargo-home:ro,Z" "-v" "/var/lib/crater-agent-workspace/rustup-home:/opt/rustwide/rustup-home:ro,Z" "-m" "1610612736" "--network" "none" "ghcr.io/rust-lang/crates-build-env/linux@sha256:77db811e55d90add9212f6832c23229e3de5f1c1f9905e8cb07319ea15df73ac" "sleep" "infinity", kill_on_drop: false }`
[INFO] [stdout] 46e8df918e0da92a71a2b71495a43347567063bd40b49149704afc8514373a60
[INFO] running `Command { std: "docker" "start" "46e8df918e0da92a71a2b71495a43347567063bd40b49149704afc8514373a60", kill_on_drop: false }`
[INFO] running `Command { std: "docker" "inspect" "46e8df918e0da92a71a2b71495a43347567063bd40b49149704afc8514373a60", kill_on_drop: false }`
[INFO] running `Command { std: "docker" "exec" "-e" "SOURCE_DIR=/opt/rustwide/workdir" "-e" "CARGO_HOME=/opt/rustwide/cargo-home" "-e" "RUSTUP_HOME=/opt/rustwide/rustup-home" "-e" "CARGO_TARGET_DIR=/opt/rustwide/target" "-w" "/opt/rustwide/workdir" "--user" "0:0" "46e8df918e0da92a71a2b71495a43347567063bd40b49149704afc8514373a60" "/opt/rustwide/cargo-home/bin/cargo" "+1.99.0-beta.8" "metadata" "--no-deps" "--format-version=1", kill_on_drop: false }`
[INFO] running `Command { std: "docker" "inspect" "46e8df918e0da92a71a2b71495a43347567063bd40b49149704afc8514373a60", kill_on_drop: false }`
[INFO] running `Command { std: "docker" "exec" "-e" "SOURCE_DIR=/opt/rustwide/workdir" "-e" "CARGO_HOME=/opt/rustwide/cargo-home" "-e" "RUSTUP_HOME=/opt/rustwide/rustup-home" "-e" "CARGO_TARGET_DIR=/opt/rustwide/target" "-e" "CARGO_INCREMENTAL=0" "-e" "RUST_BACKTRACE=full" "-e" "RUSTFLAGS=--cap-lints=warn" "-e" "RUSTDOCFLAGS=--cap-lints=warn" "-w" "/opt/rustwide/workdir" "--user" "0:0" "46e8df918e0da92a71a2b71495a43347567063bd40b49149704afc8514373a60" "/opt/rustwide/cargo-home/bin/cargo" "+1.99.0-beta.8" "build" "--frozen" "--message-format=json" "--release", kill_on_drop: false }`
[INFO] [stderr]    Compiling proc-macro2 v1.0.107
[INFO] [stderr]    Compiling quote v1.0.47
[INFO] [stderr]    Compiling autocfg v1.5.1
[INFO] [stderr]    Compiling unicode-ident v1.0.24
[INFO] [stderr]    Compiling memchr v2.8.3
[INFO] [stderr]    Compiling regex-syntax v0.8.11
[INFO] [stderr]    Compiling cfg-if v1.0.4
[INFO] [stderr]    Compiling pkg-config v0.3.33
[INFO] [stderr]    Compiling libc v0.2.189
[INFO] [stderr]    Compiling parking_lot_core v0.9.12
[INFO] [stderr]    Compiling winnow v1.0.4
[INFO] [stderr]    Compiling equivalent v1.0.2
[INFO] [stderr]    Compiling hashbrown v0.17.1
[INFO] [stderr]    Compiling smallvec v1.15.2
[INFO] [stderr]    Compiling scopeguard v1.2.0
[INFO] [stderr]    Compiling libloading v0.8.9
[INFO] [stderr]    Compiling lock_api v0.4.14
[INFO] [stderr]    Compiling toml_datetime v1.1.1+spec-1.1.0
[INFO] [stderr]    Compiling serde_core v1.0.229
[INFO] [stderr]    Compiling rawpointer v0.2.1
[INFO] [stderr]    Compiling serde v1.0.229
[INFO] [stderr]    Compiling hdf5-metno-types v0.11.1
[INFO] [stderr]    Compiling ascii v1.1.0
[INFO] [stderr]    Compiling hdf5-metno v0.14.1
[INFO] [stderr]    Compiling thiserror v2.0.20
[INFO] [stderr]    Compiling bitflags v2.13.1
[INFO] [stderr]    Compiling pastey v0.2.3
[INFO] [stderr]    Compiling aho-corasick v1.1.5
[INFO] [stderr]    Compiling num-traits v0.2.19
[INFO] [stderr]    Compiling matrixmultiply v0.3.11
[INFO] [stderr]    Compiling indexmap v2.14.0
[INFO] [stderr]    Compiling syn v3.0.3
[INFO] [stderr]    Compiling toml_parser v1.1.3+spec-1.1.0
[INFO] [stderr]    Compiling num-integer v0.1.46
[INFO] [stderr]    Compiling num-complex v0.4.6
[INFO] [stderr]    Compiling toml_edit v0.25.13+spec-1.1.0
[INFO] [stderr]    Compiling parking_lot v0.12.5
[INFO] [stderr]    Compiling ndarray v0.17.2
[INFO] [stderr]    Compiling regex-automata v0.4.18
[INFO] [stderr]    Compiling proc-macro-crate v3.5.0
[INFO] [stderr]    Compiling serde_derive v1.0.229
[INFO] [stderr]    Compiling hdf5-metno-derive v0.10.2
[INFO] [stderr]    Compiling thiserror-impl v2.0.20
[INFO] [stderr]    Compiling regex v1.13.1
[INFO] [stderr]    Compiling hdf5-metno-sys v0.12.2
[INFO] [stderr]    Compiling quick-xml v0.42.0
[INFO] [stderr]    Compiling xdmf v1.0.0 (/opt/rustwide/workdir)
[INFO] [stderr]     Finished `release` profile [optimized] target(s) in 40.05s
[INFO] running `Command { std: "docker" "inspect" "46e8df918e0da92a71a2b71495a43347567063bd40b49149704afc8514373a60", kill_on_drop: false }`
[INFO] running `Command { std: "docker" "exec" "-e" "SOURCE_DIR=/opt/rustwide/workdir" "-e" "CARGO_HOME=/opt/rustwide/cargo-home" "-e" "RUSTUP_HOME=/opt/rustwide/rustup-home" "-e" "CARGO_TARGET_DIR=/opt/rustwide/target" "-e" "CARGO_INCREMENTAL=0" "-e" "RUST_BACKTRACE=full" "-e" "RUSTFLAGS=--cap-lints=warn" "-e" "RUSTDOCFLAGS=--cap-lints=warn" "-w" "/opt/rustwide/workdir" "--user" "0:0" "46e8df918e0da92a71a2b71495a43347567063bd40b49149704afc8514373a60" "/opt/rustwide/cargo-home/bin/cargo" "+1.99.0-beta.8" "test" "--frozen" "--no-run" "--message-format=json" "--release", kill_on_drop: false }`
[INFO] [stderr]    Compiling libc v0.2.189
[INFO] [stderr]    Compiling shlex v2.0.1
[INFO] [stderr]    Compiling num-traits v0.2.19
[INFO] [stderr]    Compiling find-msvc-tools v0.1.9
[INFO] [stderr]    Compiling crc32fast v1.5.0
[INFO] [stderr]    Compiling syn v1.0.109
[INFO] [stderr]    Compiling libm v0.2.16
[INFO] [stderr]    Compiling simd-adler32 v0.3.10
[INFO] [stderr]    Compiling adler2 v2.0.1
[INFO] [stderr]    Compiling zmij v1.0.23
[INFO] [stderr]    Compiling serde_json v1.0.151
[INFO] [stderr]    Compiling quick-xml v0.22.0
[INFO] [stderr]    Compiling bytemuck v1.25.2
[INFO] [stderr]    Compiling base64 v0.13.1
[INFO] [stderr]    Compiling lz4_flex v0.7.5
[INFO] [stderr]    Compiling diff v0.1.13
[INFO] [stderr]    Compiling yansi v1.0.1
[INFO] [stderr]    Compiling miniz_oxide v0.8.9
[INFO] [stderr]    Compiling byteorder v1.5.0
[INFO] [stderr]    Compiling cc v1.4.0
[INFO] [stderr]    Compiling itoa v1.0.18
[INFO] [stderr]    Compiling temp-dir v0.2.0
[INFO] [stderr]    Compiling fs_extra v1.3.0
[INFO] [stderr]    Compiling pretty_assertions v1.4.1
[INFO] [stderr]    Compiling flate2 v1.1.9
[INFO] [stderr]    Compiling num-integer v0.1.46
[INFO] [stderr]    Compiling num-complex v0.4.6
[INFO] [stderr]    Compiling float-cmp v0.10.0
[INFO] [stderr]    Compiling parking_lot_core v0.9.12
[INFO] [stderr]    Compiling memchr v1.0.2
[INFO] [stderr]    Compiling ndarray v0.17.2
[INFO] [stderr]    Compiling nom v3.2.1
[INFO] [stderr]    Compiling parking_lot v0.12.5
[INFO] [stderr]    Compiling humansize v2.1.3
[INFO] [stderr]    Compiling lzma-sys v0.1.20
[INFO] [stderr]    Compiling hdf5-metno-sys v0.12.2
[INFO] [stderr]    Compiling xz2 v0.1.7
[INFO] [stderr]    Compiling num-derive v0.3.3
[INFO] [stderr]    Compiling hdf5-metno-types v0.11.1
[INFO] [stderr]    Compiling vtkio v0.6.3
[INFO] [stderr]    Compiling hdf5-metno v0.14.1
[INFO] [stderr]    Compiling xdmf v1.0.0 (/opt/rustwide/workdir)
[INFO] [stderr]     Finished `release` profile [optimized] target(s) in 52.55s
[INFO] [stderr] warning: the following packages contain code that will be rejected by a future version of Rust: nom v3.2.1, quick-xml v0.22.0
[INFO] [stderr] note: to see what the problems were, use the option `--future-incompat-report`, or run `cargo report future-incompatibilities --id 1`
[INFO] running `Command { std: "docker" "inspect" "46e8df918e0da92a71a2b71495a43347567063bd40b49149704afc8514373a60", kill_on_drop: false }`
[INFO] running `Command { std: "docker" "exec" "-e" "SOURCE_DIR=/opt/rustwide/workdir" "-e" "CARGO_HOME=/opt/rustwide/cargo-home" "-e" "RUSTUP_HOME=/opt/rustwide/rustup-home" "-e" "CARGO_TARGET_DIR=/opt/rustwide/target" "-e" "CARGO_INCREMENTAL=0" "-e" "RUST_BACKTRACE=full" "-e" "RUSTFLAGS=--cap-lints=warn" "-e" "RUSTDOCFLAGS=--cap-lints=warn" "-w" "/opt/rustwide/workdir" "--user" "0:0" "46e8df918e0da92a71a2b71495a43347567063bd40b49149704afc8514373a60" "/opt/rustwide/cargo-home/bin/cargo" "+1.99.0-beta.8" "test" "--frozen" "--release", kill_on_drop: false }`
[INFO] [stderr]     Finished `release` profile [optimized] target(s) in 0.09s
[INFO] [stderr] warning: the following packages contain code that will be rejected by a future version of Rust: nom v3.2.1, quick-xml v0.22.0
[INFO] [stderr] note: to see what the problems were, use the option `--future-incompat-report`, or run `cargo report future-incompatibilities --id 1`
[INFO] [stderr]      Running unittests src/lib.rs (/opt/rustwide/target/release/deps/xdmf-a3b9328742501807)
[INFO] [stdout] 
[INFO] [stdout] running 212 tests
[INFO] [stdout] test error::error_messages::from_error_for_io_error_maps_bad_input_to_invalid_input ... ok
[INFO] [stdout] test error::error_messages::io ... ok
[INFO] [stdout] test error::error_messages::number_type_mismatch ... ok
[INFO] [stdout] test error::error_messages::unsupported ... ok
[INFO] [stdout] test error::error_messages::invalid_mesh ... ok
[INFO] [stdout] test error::error_messages::invalid_time_step ... ok
[INFO] [stdout] test error::error_messages::from_error_for_io_error_preserves_io_kind ... ok
[INFO] [stdout] test error::error_messages::invalid_file_name ... ok
[INFO] [stdout] test error::error_messages::from_error_for_io_error_maps_non_caller_failures_to_other ... ok
[INFO] [stdout] test error::error_messages::invalid_document ... ok
[INFO] [stdout] test paraview::tests::ascii_int_range_boundary ... ok
[INFO] [stdout] test error::kind::each_variant_reports_its_own_kind ... ok
[INFO] [stdout] test error::kind::hdf5_reports_its_own_kind ... ok
[INFO] [stdout] test reader::topology::tests::an_index_beyond_the_requested_type_is_rejected ... ok
[INFO] [stdout] test paraview::tests::uint_range_is_capped_for_every_format ... ok
[INFO] [stdout] test reader::topology::tests::a_mixed_connectivity_is_compacted_in_place ... ok
[INFO] [stdout] test reader::topology::tests::a_negative_index_is_rejected ... ok
[INFO] [stdout] test tests::test_data_attribute ... ok
[INFO] [stdout] test paraview::tests::binary_rejects_64_bit_integers_whatever_they_hold ... ok
[INFO] [stdout] test reader::topology::tests::a_poly_cell_stating_another_point_count_is_rejected ... ok
[INFO] [stdout] test error::error_messages::invalid_configuration ... ok
[INFO] [stdout] test reader::topology::tests::a_poly_cell_without_its_point_count_is_rejected ... ok
[INFO] [stdout] test reader::topology::tests::a_poly_cells_point_count_is_consumed ... ok
[INFO] [stdout] test error::error_messages::hdf5 ... ok
[INFO] [stdout] test error::error_messages::integer_out_of_range ... ok
[INFO] [stdout] test error::error_messages::from_error_for_io_error_maps_a_malformed_document_to_invalid_data ... ok
[INFO] [stdout] test error::error_messages::internal ... ok
[INFO] [stdout] test error::error_messages::invalid_data ... ok
[INFO] [stdout] test tests::create_writer_rejects_invalid_deflate_level ... ok
[INFO] [stdout] test values::tests::borrowed_vecs_and_arrays ... ok
[INFO] [stdout] test values::tests::connectivity_indices_borrow_as_values ... ok
[INFO] [stdout] test values::tests::gather_keeps_strided_tuples_together ... ok
[INFO] [stdout] test values::tests::vec_u32 ... ok
[INFO] [stdout] test tests::test_data_storage_from_str ... ok
[INFO] [stdout] test tests::test_validate_deflate_level ... ok
[INFO] [stdout] test values::tests::borrowed_slices ... ok
[INFO] [stdout] test values::tests::gather_reuses_the_buffer_of_its_element_type ... ok
[INFO] [stdout] test writer::ascii::tests::array_to_writer_fmt_multiple_types ... ok
[INFO] [stdout] test values::tests::connectivity_index_limits ... ok
[INFO] [stdout] test values::tests::vec_i32 ... ok
[INFO] [stdout] test values::tests::vec_f64 ... ok
[INFO] [stdout] test writer::ascii::tests::array_to_string_fmt_multiple_types ... ok
[INFO] [stdout] test values::tests::vec_i64 ... ok
[INFO] [stdout] test writer::ascii::tests::ascii_inline_writer_write_data_vec_f32 ... ok
[INFO] [stdout] test writer::ascii::tests::ascii_writer_write_data_discard ... ok
[INFO] [stdout] test writer::ascii::tests::ascii_writer_new ... ok
[INFO] [stdout] test values::tests::gather_collects_scalars_in_the_given_order ... ok
[INFO] [stdout] test values::tests::slice_borrows_a_run_of_values ... ok
[INFO] [stdout] test values::tests::vec_u64 ... ok
[INFO] [stdout] test values::tests::vec_f32 ... ok
[INFO] [stdout] test writer::ascii::tests::ascii_inline_writer_write_data_vec_f64 ... ok
[INFO] [stdout] test writer::ascii::tests::ascii_inline_writer_write_mesh ... ok
[INFO] [stdout] test writer::ascii::tests::ascii_inline_writer_write_mesh_f32_points ... ok
[INFO] [stdout] test values::tests::coordinates_borrow_as_values ... ok
[INFO] [stdout] test writer::ascii::tests::ascii_writer_write_data_f32 ... ok
[INFO] [stdout] test writer::ascii::tests::ascii_writer_write_data_discard_after_a_failed_create ... ok
[INFO] [stdout] test writer::ascii::tests::ascii_writer_write_data_discard_removes_every_file_despite_a_failure ... ok
[INFO] [stdout] test writer::ascii::tests::ascii_writer_write_data ... ok
[INFO] [stdout] test writer::ascii::tests::ascii_writer_write_data_init_fin ... ok
[INFO] [stdout] test writer::ascii::tests::ascii_writer_write_mesh_f32_points ... ok
[INFO] [stdout] test writer::ascii::tests::values_to_writer_multiple_types ... ok
[INFO] [stdout] test writer::binary::tests::binary_writer_new ... ok
[INFO] [stdout] test writer::binary::tests::binary_writer_write_data ... ok
[INFO] [stdout] test writer::ascii::tests::format_number_all_types ... ok
[INFO] [stdout] test writer::binary::tests::values_to_writer_multiple_types ... ok
[INFO] [stdout] test writer::ascii::tests::ascii_writer_write_mesh ... ok
[INFO] [stdout] test writer::ascii::tests::relative_path_uses_forward_slash ... ok
[INFO] [stdout] test writer::binary::tests::binary_writer_write_data_discard ... ok
[INFO] [stdout] test writer::binary::tests::binary_writer_write_data_discard_after_a_failed_create ... ok
[INFO] [stdout] test writer::binary::tests::binary_writer_write_mesh ... ok
[INFO] [stdout] test writer::binary::tests::binary_writer_write_data_init_fin ... ok
[INFO] [stdout] test writer::binary::tests::binary_writer_write_mesh_and_data_f32 ... ok
[INFO] [stdout] test writer::ascii::tests::values_to_string_multiple_types ... ok
[INFO] [stdout] test writer::binary::tests::write_le_f32 ... ok
[INFO] [stdout] test writer::binary::tests::write_le_i32 ... ok
[INFO] [stdout] test writer::hdf5::tests::chunk_shape_keeps_a_chunk_at_the_target_size ... ok
[INFO] [stdout] test writer::binary::tests::write_le_f64 ... ok
[INFO] [stdout] test writer::binary::tests::format_and_data_storage ... ok
[INFO] [stdout] test writer::hdf5::tests::multiple_files_hdf5_writer_new ... ok
[INFO] [stdout] test writer::hdf5::tests::full_path_works ... ok
[INFO] [stdout] test writer::hdf5::tests::parent_and_filename_works ... ok
[INFO] [stdout] test writer::binary::tests::relative_path_uses_forward_slash ... ok
[INFO] [stdout] test writer::binary::tests::write_le_64_bit_integers ... ok
[INFO] [stdout] test tests::test_mpi_safe_create_dir_all ... ok
[INFO] [stdout] test writer::hdf5::tests::single_file_hdf5_writer_new ... ok
[INFO] [stdout] test writer::hdf5::tests::single_files_hdf5_writer_write_data_init_fin ... ok
[INFO] [stdout] test writer::hdf5::tests::multiple_files_hdf5_writer_write_data_init_fin ... ok
[INFO] [stdout] test writer::submesh::tests::cell_indices_are_written_at_the_narrowest_type_that_holds_them ... ok
[INFO] [stdout] test writer::hdf5::tests::multiple_files_hdf5_writer_write_data_f32 ... ok
[INFO] [stdout] test writer::submesh::tests::cell_offsets_of_a_point_mesh ... ok
[INFO] [stdout] test writer::submesh::tests::cell_offsets_of_mixed_cells ... ok
[INFO] [stdout] test writer::submesh::tests::cell_offsets_of_uniform_cells ... ok
[INFO] [stdout] test writer::submesh::tests::connectivity_above_the_paraview_uint_cap_is_rejected ... ok
[INFO] [stdout] test writer::submesh::tests::extract_connectivity_gathers_a_scattered_submesh ... ok
[INFO] [stdout] test writer::submesh::tests::extract_connectivity_drops_the_type_codes_of_a_uniform_submesh ... ok
[INFO] [stdout] test writer::submesh::tests::extract_connectivity_takes_a_contiguous_submesh ... ok
[INFO] [stdout] test writer::submesh::tests::prepare_cells_borrows_a_uniform_connectivity ... ok
[INFO] [stdout] test writer::submesh::tests::prepare_cells_by_celltype ... ok
[INFO] [stdout] test writer::hdf5::tests::write_values_works ... ok
[INFO] [stdout] test writer::submesh::tests::prepare_cells_mixed_when_types_differ ... ok
[INFO] [stdout] test writer::hdf5::tests::write_mesh_with_f32_points ... ok
[INFO] [stdout] test writer::hdf5::tests::single_files_hdf5_writer_write_data_discard ... ok
[INFO] [stdout] test writer::submesh::tests::prepare_submeshes_allows_overlapping_submeshes ... ok
[INFO] [stdout] test writer::submesh::tests::prepare_submeshes_rejects_a_cell_repeated_within_one_submesh ... ok
[INFO] [stdout] test writer::submesh::tests::prepare_submeshes_rejects_a_duplicate_name ... ok
[INFO] [stdout] test writer::submesh::tests::prepare_submeshes_collapses_a_run_that_does_not_start_at_zero ... ok
[INFO] [stdout] test writer::submesh::tests::prepare_submeshes_moves_an_owned_scattered_list_in ... ok
[INFO] [stdout] test writer::submesh::tests::prepare_submeshes_collapses_an_ascending_run ... ok
[INFO] [stdout] test writer::submesh::tests::prepare_submeshes_rejects_an_empty_submesh ... ok
[INFO] [stdout] test writer::submesh::tests::prepare_submeshes_rejects_an_invalid_name ... ok
[INFO] [stdout] test writer::submesh::tests::prepare_submeshes_rejects_a_range_past_the_end_of_the_mesh ... ok
[INFO] [stdout] test writer::submesh::tests::prepare_submeshes_rejects_an_empty_range ... ok
[INFO] [stdout] test writer::submesh::tests::prepare_submeshes_rejects_an_out_of_range_cell ... ok
[INFO] [stdout] test writer::submesh::tests::prepare_submeshes_rejects_cells_in_no_submesh ... ok
[INFO] [stdout] test writer::submesh::tests::prepare_submeshes_rejects_no_submeshes ... ok
[INFO] [stdout] test writer::submesh::tests::prepare_submeshes_spans_the_bit_sets_words ... ok
[INFO] [stdout] test writer::submesh::tests::prepare_submeshes_takes_a_range_without_materialising_its_indices ... ok
[INFO] [stdout] test writer::submesh::tests::test_prepare_cells ... ok
[INFO] [stdout] test writer::submesh::tests::prepare_submeshes_truncates_a_long_list_of_uncovered_cells ... ok
[INFO] [stdout] test writer::submesh::tests::submesh_topology_is_the_type_its_own_cells_share ... ok
[INFO] [stdout] test writer::submesh::tests::test_poly_cell_points ... ok
[INFO] [stdout] test writer::submesh::tests::test_prepare_cells_no_cells ... ok
[INFO] [stdout] test writer::submesh::tests::test_validate_points_and_cells ... ok
[INFO] [stdout] test writer::submesh::tests::validate_points_and_cells_conn_index_out_of_bounds ... ok
[INFO] [stdout] test writer::submesh::tests::validate_points_and_cells_conn_mismatch ... ok
[INFO] [stdout] test writer::submesh::tests::validate_points_and_cells_negative_index ... ok
[INFO] [stdout] test writer::submesh::tests::validate_points_and_cells_only_points ... ok
[INFO] [stdout] test writer::submesh::tests::validate_points_and_cells_points_empty ... ok
[INFO] [stdout] test writer::submesh::tests::validate_points_and_cells_points_not_3d ... ok
[INFO] [stdout] test writer::submesh::tests::validate_points_and_cells_too_many_points ... ok
[INFO] [stdout] test writer::submesh::tests::prepare_submeshes_keeps_a_scattered_list_in_the_given_order ... ok
[INFO] [stdout] test writer::tests::a_failure_partway_through_the_submeshes_writes_no_attribute_at_all ... ok
[INFO] [stdout] test writer::tests::test_is_valid_data_name ... ok
[INFO] [stdout] test writer::tests::a_failure_partway_through_the_submeshes_leaves_later_attributes_aligned ... ok
[INFO] [stdout] test writer::tests::test_validate_data ... ok
[INFO] [stdout] test writer::tests::test_validate_data_names ... ok
[INFO] [stdout] test writer::tests::test_validate_data_wrong_cell_data_sizes ... ok
[INFO] [stdout] test writer::tests::test_validate_data_duplicate_names ... ok
[INFO] [stdout] test writer::tests::test_validate_data_dedup_is_numeric_not_textual ... ok
[INFO] [stdout] test writer::tests::test_validate_file_name ... ok
[INFO] [stdout] test writer::tests::time_series_writer_create_folder ... ok
[INFO] [stdout] test writer::tests::test_write_data_preserve_order ... ok
[INFO] [stdout] test writer::tests::write_data_survives_a_mid_write_failure ... ok
[INFO] [stdout] test writer::tests::write_time_step_discards_when_the_closure_swallows_an_attribute_error ... ok
[INFO] [stdout] test writer::tests::test_validate_data_wrong_point_data_sizes ... ok
[INFO] [stdout] test writer::tests::write_time_step_discards_when_finalizing_fails ... ok
[INFO] [stdout] test writer::hdf5::tests::write_values_f32 ... ok
[INFO] [stdout] test writer::tests::write_time_step_keeps_a_step_whose_closure_swallowed_an_attribute_error ... ok
[INFO] [stdout] test writer::hdf5::tests::write_mesh_works ... ok
[INFO] [stdout] test writer::tests::write_time_step_rejects_non_finite_times ... ok
[INFO] [stdout] test writer::hdf5::tests::write_values_integer_types ... ok
[INFO] [stdout] test writer::tests::write_time_step_erroring_out_discards_the_data_it_already_wrote ... ok
[INFO] [stdout] test writer::tests::write_time_step_erroring_out_before_writing_anything_needs_no_cleanup ... ok
[INFO] [stdout] test writer::tests::write_time_step_mixes_value_types_within_one_step ... ok
[INFO] [stdout] test writer::tests::write_time_step_reuses_a_single_buffer_across_attributes ... ok
[INFO] [stdout] test writer::hdf5::tests::single_file_hdf5_writer_write_mesh ... ok
[INFO] [stdout] test writer::hdf5::tests::single_file_hdf5_writer_write_data ... ok
[INFO] [stdout] test writer::hdf5::tests::multiple_files_hdf5_writer_write_data_discard ... ok
[INFO] [stdout] test xdmf_elements::attribute::tests::attribute_default ... ok
[INFO] [stdout] test writer::tests::write_time_step_treats_negative_zero_as_the_time_already_written ... ok
[INFO] [stdout] test xdmf_elements::attribute::tests::attribute_serialization ... ok
[INFO] [stdout] test writer::hdf5::tests::multiple_files_hdf5_writer_write_mesh ... ok
[INFO] [stdout] test writer::hdf5::tests::multiple_files_hdf5_writer_write_data ... ok
[INFO] [stdout] test writer::hdf5::tests::single_file_hdf5_writer_write_data_f32 ... ok
[INFO] [stdout] test writer::hdf5::tests::a_dataset_past_the_target_size_is_chunked_to_it ... ok
[INFO] [stdout] test xdmf_elements::attribute::tests::attribute_type_default ... ok
[INFO] [stdout] test writer::tests::mpi_safe_create_dir_all_works ... ok
[INFO] [stdout] test xdmf_elements::data_item::tests::data_item_selection_serialize ... ok
[INFO] [stdout] test xdmf_elements::attribute::tests::center_default ... ok
[INFO] [stdout] test xdmf_elements::data_item::tests::number_type_default ... ok
[INFO] [stdout] test xdmf_elements::data_item::tests::data_item_default ... ok
[INFO] [stdout] test xdmf_elements::data_item::tests::data_item_reference_serialize ... ok
[INFO] [stdout] test xdmf_elements::data_item::tests::data_item_deserialize ... ok
[INFO] [stdout] test xdmf_elements::data_item::tests::data_item_custom ... ok
[INFO] [stdout] test xdmf_elements::data_item::tests::xinclude_serialize ... ok
[INFO] [stdout] test xdmf_elements::data_item::tests::data_item_reference ... ok
[INFO] [stdout] test xdmf_elements::data_item::tests::data_item_selection_deserialize ... ok
[INFO] [stdout] test xdmf_elements::data_item::tests::data_item_reference_deserialize ... ok
[INFO] [stdout] test xdmf_elements::data_item::tests::data_item_serialize ... ok
[INFO] [stdout] test xdmf_elements::data_item::tests::format_default ... ok
[INFO] [stdout] test xdmf_elements::data_item::tests::data_item_include_serialize ... ok
[INFO] [stdout] test xdmf_elements::dimensions::tests::dimensions_deserialize_single_value ... ok
[INFO] [stdout] test xdmf_elements::geometry::tests::geometry_type_default ... ok
[INFO] [stdout] test xdmf_elements::dimensions::tests::dimensions_compare ... ok
[INFO] [stdout] test xdmf_elements::grid::tests::collectiontype_default ... ok
[INFO] [stdout] test xdmf_elements::dimensions::tests::dimensions_deserialize_multiple_values ... ok
[INFO] [stdout] test xdmf_elements::grid::tests::grid_new_collection ... ok
[INFO] [stdout] test xdmf_elements::tests::cell_type_from_code_round_trips_every_variant ... ok
[INFO] [stdout] test xdmf_elements::tests::domain_serialization ... ok
[INFO] [stdout] test xdmf_elements::tests::domain_default ... ok
[INFO] [stdout] test xdmf_elements::geometry::tests::geometry_serialization ... ok
[INFO] [stdout] test xdmf_elements::grid::tests::grid_serialization ... ok
[INFO] [stdout] test xdmf_elements::grid::tests::time_serialization ... ok
[INFO] [stdout] test xdmf_elements::tests::cell_type_from_code_rejects_unknown ... ok
[INFO] [stdout] test xdmf_elements::tests::domain_new ... ok
[INFO] [stdout] test xdmf_elements::dimensions::tests::dimensions_roundtrip ... ok
[INFO] [stdout] test xdmf_elements::dimensions::tests::dimensions_serialize ... ok
[INFO] [stdout] test xdmf_elements::grid::tests::gridtype_default ... ok
[INFO] [stdout] test xdmf_elements::tests::xdmf_serialization ... ok
[INFO] [stdout] test xdmf_elements::grid::tests::grid_new_tree ... ok
[INFO] [stdout] test xdmf_elements::grid::tests::grid_new_uniform ... ok
[INFO] [stdout] test xdmf_elements::grid::tests::time_new ... ok
[INFO] [stdout] test xdmf_elements::tests::xdmf_new ... ok
[INFO] [stdout] test xdmf_elements::topology::tests::topology_serialization ... ok
[INFO] [stdout] test xdmf_elements::topology::tests::topology_type_serialization_names ... ok
[INFO] [stdout] test xdmf_elements::topology::tests::topology_serialization_with_nodes_per_element ... ok
[INFO] [stdout] test xdmf_elements::tests::every_cell_type_has_its_own_code ... ok
[INFO] [stdout] test xdmf_elements::tests::every_cell_type_has_points ... ok
[INFO] [stdout] test xdmf_elements::tests::xdmf_new_with_information ... ok
[INFO] [stdout] test xdmf_elements::tests::xdmf_default ... ok
[INFO] [stdout] test xdmf_elements::data_item::tests::format_endian ... ok
[INFO] [stdout] test writer::ascii::tests::float_round_trip ... ok
[INFO] [stdout] 
[INFO] [stdout] test result: ok. 212 passed; 0 failed; 0 ignored; 0 measured; 0 filtered out; finished in 0.32s
[INFO] [stdout] 
[INFO] [stderr]    Doc-tests xdmf
[INFO] [stdout] 
[INFO] [stdout] running 9 tests
[INFO] [stdout] test src/lib.rs - ReadmeExamples (line 29) - compile ... ok
[INFO] [stdout] test src/lib.rs - ReadmeExamples (line 140) - compile ... ok
[INFO] [stdout] test src/reader.rs - reader::TimeSeriesReader (line 210) - compile ... ok
[INFO] [stdout] test src/writer.rs - writer::TimeSeriesWriter::new (line 61) ... ok
[INFO] [stdout] test src/writer.rs - writer::TimeSeriesDataWriter::write_time_step (line 821) ... FAILED
[INFO] [stdout] test src/writer.rs - writer::TimeSeriesWriter::write_mesh (line 92) ... FAILED
[INFO] [stdout] test src/writer.rs - writer::TimeSeriesWriter::write_mesh_with_submeshes (line 162) ... FAILED
[INFO] [stdout] test src/writer.rs - writer::TimeSeriesWriter::write_mesh_with_submeshes (line 190) ... FAILED
[INFO] [stdout] test src/writer.rs - writer::TimeSeriesWriter::write_mesh (line 111) ... FAILED
[INFO] [stdout] 
[INFO] [stdout] failures:
[INFO] [stdout] 
[INFO] [stdout] ---- src/writer.rs - writer::TimeSeriesDataWriter::write_time_step (line 821) stdout ----
[INFO] [stdout] Test executable failed (exit status: 101).
[INFO] [stdout] 
[INFO] [stdout] stderr:
[INFO] [stdout] 
[INFO] [stdout] thread 'main' (2480) panicked at /tmp/rustdoctestTGyuQ2/doctest_bundle_2024.rs:145:6:
[INFO] [stdout] failed to write mesh: Io { operation: "writing XDMF file", path: "xdmf_write_data.xdmf.tmp", source: Os { code: 30, kind: ReadOnlyFilesystem, message: "Read-only file system" } }
[INFO] [stdout] stack backtrace:
[INFO] [stdout]    0:     0x589e6ab99761 - std[70759c8f55707aa4]::backtrace_rs::backtrace::libunwind::trace
[INFO] [stdout]                                at /rustc/dfb0accb7f508ae8be965d8629557221c889dd98/library/std/src/../../backtrace/src/backtrace/libunwind.rs:117:9
[INFO] [stdout]    1:     0x589e6ab99761 - std[70759c8f55707aa4]::backtrace_rs::backtrace::trace_unsynchronized::<std[70759c8f55707aa4]::sys::backtrace::_print_fmt::{closure#1}>
[INFO] [stdout]                                at /rustc/dfb0accb7f508ae8be965d8629557221c889dd98/library/std/src/../../backtrace/src/backtrace/mod.rs:66:14
[INFO] [stdout]    2:     0x589e6ab99761 - std[70759c8f55707aa4]::sys::backtrace::_print_fmt
[INFO] [stdout]                                at /rustc/dfb0accb7f508ae8be965d8629557221c889dd98/library/std/src/sys/backtrace.rs:74:9
[INFO] [stdout]    3:     0x589e6ab99761 - <<std[70759c8f55707aa4]::sys::backtrace::BacktraceLock>::print::DisplayBacktrace as core[df12db4294e9bfd3]::fmt::Display>::fmt
[INFO] [stdout]                                at /rustc/dfb0accb7f508ae8be965d8629557221c889dd98/library/std/src/sys/backtrace.rs:44:26
[INFO] [stdout]    4:     0x589e6abaffca - <core[df12db4294e9bfd3]::fmt::rt::Argument>::fmt
[INFO] [stdout]                                at /rustc/dfb0accb7f508ae8be965d8629557221c889dd98/library/core/src/fmt/rt.rs:152:76
[INFO] [stdout]    5:     0x589e6abaffca - core[df12db4294e9bfd3]::fmt::write
[INFO] [stdout]    6:     0x589e6ab9eb0c - core[df12db4294e9bfd3]::io::write::default_write_fmt::<std[70759c8f55707aa4]::sys::stdio::unix::Stderr>
[INFO] [stdout]                                at /rustc/dfb0accb7f508ae8be965d8629557221c889dd98/library/core/src/io/write.rs:402:11
[INFO] [stdout]    7:     0x589e6ab9eb0c - <std[70759c8f55707aa4]::sys::stdio::unix::Stderr as core[df12db4294e9bfd3]::io::write::Write>::write_fmt
[INFO] [stdout]                                at /rustc/dfb0accb7f508ae8be965d8629557221c889dd98/library/core/src/io/write.rs:335:13
[INFO] [stdout]    8:     0x589e6ab74616 - <std[70759c8f55707aa4]::sys::backtrace::BacktraceLock>::print
[INFO] [stdout]                                at /rustc/dfb0accb7f508ae8be965d8629557221c889dd98/library/std/src/sys/backtrace.rs:47:9
[INFO] [stdout]    9:     0x589e6ab74616 - std[70759c8f55707aa4]::panicking::default_hook::{closure#0}
[INFO] [stdout]                                at /rustc/dfb0accb7f508ae8be965d8629557221c889dd98/library/std/src/panicking.rs:292:27
[INFO] [stdout]   10:     0x589e6ab91871 - std[70759c8f55707aa4]::panicking::default_hook
[INFO] [stdout]                                at /rustc/dfb0accb7f508ae8be965d8629557221c889dd98/library/std/src/panicking.rs:319:9
[INFO] [stdout]   11:     0x589e6ab91a2b - std[70759c8f55707aa4]::panicking::panic_with_hook
[INFO] [stdout]                                at /rustc/dfb0accb7f508ae8be965d8629557221c889dd98/library/std/src/panicking.rs:815:13
[INFO] [stdout]   12:     0x589e6ab746c2 - std[70759c8f55707aa4]::panicking::panic_handler::{closure#0}
[INFO] [stdout]                                at /rustc/dfb0accb7f508ae8be965d8629557221c889dd98/library/std/src/panicking.rs:688:13
[INFO] [stdout]   13:     0x589e6ab6d2c9 - std[70759c8f55707aa4]::sys::backtrace::__rust_end_short_backtrace::<std[70759c8f55707aa4]::panicking::panic_handler::{closure#0}, !>
[INFO] [stdout]                                at /rustc/dfb0accb7f508ae8be965d8629557221c889dd98/library/std/src/sys/backtrace.rs:182:18
[INFO] [stdout]   14:     0x589e6ab7552d - __rustc[8fa7c3cbc660c2b3]::rust_begin_unwind
[INFO] [stdout]                                at /rustc/dfb0accb7f508ae8be965d8629557221c889dd98/library/std/src/panicking.rs:679:5
[INFO] [stdout]   15:     0x589e6abb079c - core[df12db4294e9bfd3]::panicking::panic_fmt
[INFO] [stdout]                                at /rustc/dfb0accb7f508ae8be965d8629557221c889dd98/library/core/src/panicking.rs:80:14
[INFO] [stdout]   16:     0x589e6abb0512 - core[df12db4294e9bfd3]::result::unwrap_failed
[INFO] [stdout]                                at /rustc/dfb0accb7f508ae8be965d8629557221c889dd98/library/core/src/result.rs:1871:5
[INFO] [stdout]   17:     0x589e6aaad287 - <core[df12db4294e9bfd3]::result::Result<xdmf[e8ca500c768e8f62]::writer::TimeSeriesDataWriter, xdmf[e8ca500c768e8f62]::error::Error>>::expect
[INFO] [stdout]   18:     0x589e6aab00e0 - doctest_bundle_2024[72c4b0461e1faad2]::__doctest_3::main
[INFO] [stdout]   19:     0x589e6aab040e - doctest_bundle_2024[72c4b0461e1faad2]::__doctest_3::__main_fn
[INFO] [stdout]   20:     0x589e6aa8d811 - doctest_runner_2024[37d7b32fe5ed358d]::__doctest_3::TEST::{closure#0}
[INFO] [stdout]   21:     0x589e6aa917e6 - <doctest_runner_2024[37d7b32fe5ed358d]::__doctest_3::TEST::{closure#0} as core[df12db4294e9bfd3]::ops::function::FnOnce<()>>::call_once
[INFO] [stdout]   22:     0x589e6aa8e17d - doctest_runner_2024[37d7b32fe5ed358d]::main
[INFO] [stdout]   23:     0x589e6aa91713 - <fn() -> std[70759c8f55707aa4]::process::ExitCode as core[df12db4294e9bfd3]::ops::function::FnOnce<()>>::call_once
[INFO] [stdout]   24:     0x589e6aa8d116 - std[70759c8f55707aa4]::sys::backtrace::__rust_begin_short_backtrace::<fn() -> std[70759c8f55707aa4]::process::ExitCode, std[70759c8f55707aa4]::process::ExitCode>
[INFO] [stdout]   25:     0x589e6aa8d5b9 - std[70759c8f55707aa4]::rt::lang_start::<std[70759c8f55707aa4]::process::ExitCode>::{closure#0}
[INFO] [stdout]   26:     0x589e6ab907f9 - <&dyn core[df12db4294e9bfd3]::ops::function::Fn<(), Output = i32> + core[df12db4294e9bfd3]::panic::unwind_safe::RefUnwindSafe + core[df12db4294e9bfd3]::marker::Sync as core[df12db4294e9bfd3]::ops::function::FnOnce<()>>::call_once
[INFO] [stdout]                                at /rustc/dfb0accb7f508ae8be965d8629557221c889dd98/library/core/src/ops/function.rs:287:21
[INFO] [stdout]   27:     0x589e6ab907f9 - std[70759c8f55707aa4]::panicking::catch_unwind::do_call::<&dyn core[df12db4294e9bfd3]::ops::function::Fn<(), Output = i32> + core[df12db4294e9bfd3]::panic::unwind_safe::RefUnwindSafe + core[df12db4294e9bfd3]::marker::Sync, i32>
[INFO] [stdout]                                at /rustc/dfb0accb7f508ae8be965d8629557221c889dd98/library/std/src/panicking.rs:576:43
[INFO] [stdout]   28:     0x589e6ab907f9 - std[70759c8f55707aa4]::panicking::catch_unwind::<i32, &dyn core[df12db4294e9bfd3]::ops::function::Fn<(), Output = i32> + core[df12db4294e9bfd3]::panic::unwind_safe::RefUnwindSafe + core[df12db4294e9bfd3]::marker::Sync>
[INFO] [stdout]                                at /rustc/dfb0accb7f508ae8be965d8629557221c889dd98/library/std/src/panicking.rs:544:19
[INFO] [stdout]   29:     0x589e6ab907f9 - std[70759c8f55707aa4]::panic::catch_unwind::<&dyn core[df12db4294e9bfd3]::ops::function::Fn<(), Output = i32> + core[df12db4294e9bfd3]::panic::unwind_safe::RefUnwindSafe + core[df12db4294e9bfd3]::marker::Sync, i32>
[INFO] [stdout]                                at /rustc/dfb0accb7f508ae8be965d8629557221c889dd98/library/std/src/panic.rs:359:14
[INFO] [stdout]   30:     0x589e6ab907f9 - std[70759c8f55707aa4]::rt::lang_start_internal::{closure#0}
[INFO] [stdout]                                at /rustc/dfb0accb7f508ae8be965d8629557221c889dd98/library/std/src/rt.rs:175:24
[INFO] [stdout]   31:     0x589e6ab907f9 - std[70759c8f55707aa4]::panicking::catch_unwind::do_call::<std[70759c8f55707aa4]::rt::lang_start_internal::{closure#0}, isize>
[INFO] [stdout]                                at /rustc/dfb0accb7f508ae8be965d8629557221c889dd98/library/std/src/panicking.rs:576:43
[INFO] [stdout]   32:     0x589e6ab907f9 - std[70759c8f55707aa4]::panicking::catch_unwind::<isize, std[70759c8f55707aa4]::rt::lang_start_internal::{closure#0}>
[INFO] [stdout]                                at /rustc/dfb0accb7f508ae8be965d8629557221c889dd98/library/std/src/panicking.rs:544:19
[INFO] [stdout]   33:     0x589e6ab907f9 - std[70759c8f55707aa4]::panic::catch_unwind::<std[70759c8f55707aa4]::rt::lang_start_internal::{closure#0}, isize>
[INFO] [stdout]                                at /rustc/dfb0accb7f508ae8be965d8629557221c889dd98/library/std/src/panic.rs:359:14
[INFO] [stdout]   34:     0x589e6ab907f9 - std[70759c8f55707aa4]::rt::lang_start_internal
[INFO] [stdout]                                at /rustc/dfb0accb7f508ae8be965d8629557221c889dd98/library/std/src/rt.rs:171:5
[INFO] [stdout]   35:     0x589e6aa8c531 - std[70759c8f55707aa4]::rt::lang_start::<std[70759c8f55707aa4]::process::ExitCode>
[INFO] [stdout]   36:     0x589e6aa91965 - main
[INFO] [stdout]   37:     0x7ad36a1ee601 - <unknown>
[INFO] [stdout]   38:     0x7ad36a1ee718 - __libc_start_main
[INFO] [stdout]   39:     0x589e6aa8b685 - _start
[INFO] [stdout]   40:                0x0 - <unknown>
[INFO] [stdout] 
[INFO] [stdout] 
[INFO] [stdout] ---- src/writer.rs - writer::TimeSeriesWriter::write_mesh (line 92) stdout ----
[INFO] [stdout] Test executable failed (exit status: 101).
[INFO] [stdout] 
[INFO] [stdout] stderr:
[INFO] [stdout] 
[INFO] [stdout] thread 'main' (2482) panicked at /tmp/rustdoctestTGyuQ2/doctest_bundle_2024.rs:213:47:
[INFO] [stdout] the example writes this file: Os { code: 30, kind: ReadOnlyFilesystem, message: "Read-only file system" }
[INFO] [stdout] stack backtrace:
[INFO] [stdout]    0:     0x63d783d9e761 - std[70759c8f55707aa4]::backtrace_rs::backtrace::libunwind::trace
[INFO] [stdout]                                at /rustc/dfb0accb7f508ae8be965d8629557221c889dd98/library/std/src/../../backtrace/src/backtrace/libunwind.rs:117:9
[INFO] [stdout]    1:     0x63d783d9e761 - std[70759c8f55707aa4]::backtrace_rs::backtrace::trace_unsynchronized::<std[70759c8f55707aa4]::sys::backtrace::_print_fmt::{closure#1}>
[INFO] [stdout]                                at /rustc/dfb0accb7f508ae8be965d8629557221c889dd98/library/std/src/../../backtrace/src/backtrace/mod.rs:66:14
[INFO] [stdout]    2:     0x63d783d9e761 - std[70759c8f55707aa4]::sys::backtrace::_print_fmt
[INFO] [stdout]                                at /rustc/dfb0accb7f508ae8be965d8629557221c889dd98/library/std/src/sys/backtrace.rs:74:9
[INFO] [stdout]    3:     0x63d783d9e761 - <<std[70759c8f55707aa4]::sys::backtrace::BacktraceLock>::print::DisplayBacktrace as core[df12db4294e9bfd3]::fmt::Display>::fmt
[INFO] [stdout]                                at /rustc/dfb0accb7f508ae8be965d8629557221c889dd98/library/std/src/sys/backtrace.rs:44:26
[INFO] [stdout]    4:     0x63d783db4fca - <core[df12db4294e9bfd3]::fmt::rt::Argument>::fmt
[INFO] [stdout]                                at /rustc/dfb0accb7f508ae8be965d8629557221c889dd98/library/core/src/fmt/rt.rs:152:76
[INFO] [stdout]    5:     0x63d783db4fca - core[df12db4294e9bfd3]::fmt::write
[INFO] [stdout]    6:     0x63d783da3b0c - core[df12db4294e9bfd3]::io::write::default_write_fmt::<std[70759c8f55707aa4]::sys::stdio::unix::Stderr>
[INFO] [stdout]                                at /rustc/dfb0accb7f508ae8be965d8629557221c889dd98/library/core/src/io/write.rs:402:11
[INFO] [stdout]    7:     0x63d783da3b0c - <std[70759c8f55707aa4]::sys::stdio::unix::Stderr as core[df12db4294e9bfd3]::io::write::Write>::write_fmt
[INFO] [stdout]                                at /rustc/dfb0accb7f508ae8be965d8629557221c889dd98/library/core/src/io/write.rs:335:13
[INFO] [stdout]    8:     0x63d783d79616 - <std[70759c8f55707aa4]::sys::backtrace::BacktraceLock>::print
[INFO] [stdout]                                at /rustc/dfb0accb7f508ae8be965d8629557221c889dd98/library/std/src/sys/backtrace.rs:47:9
[INFO] [stdout]    9:     0x63d783d79616 - std[70759c8f55707aa4]::panicking::default_hook::{closure#0}
[INFO] [stdout]                                at /rustc/dfb0accb7f508ae8be965d8629557221c889dd98/library/std/src/panicking.rs:292:27
[INFO] [stdout]   10:     0x63d783d96871 - std[70759c8f55707aa4]::panicking::default_hook
[INFO] [stdout]                                at /rustc/dfb0accb7f508ae8be965d8629557221c889dd98/library/std/src/panicking.rs:319:9
[INFO] [stdout]   11:     0x63d783d96a2b - std[70759c8f55707aa4]::panicking::panic_with_hook
[INFO] [stdout]                                at /rustc/dfb0accb7f508ae8be965d8629557221c889dd98/library/std/src/panicking.rs:815:13
[INFO] [stdout]   12:     0x63d783d796c2 - std[70759c8f55707aa4]::panicking::panic_handler::{closure#0}
[INFO] [stdout]                                at /rustc/dfb0accb7f508ae8be965d8629557221c889dd98/library/std/src/panicking.rs:688:13
[INFO] [stdout]   13:     0x63d783d722c9 - std[70759c8f55707aa4]::sys::backtrace::__rust_end_short_backtrace::<std[70759c8f55707aa4]::panicking::panic_handler::{closure#0}, !>
[INFO] [stdout]                                at /rustc/dfb0accb7f508ae8be965d8629557221c889dd98/library/std/src/sys/backtrace.rs:182:18
[INFO] [stdout]   14:     0x63d783d7a52d - __rustc[8fa7c3cbc660c2b3]::rust_begin_unwind
[INFO] [stdout]                                at /rustc/dfb0accb7f508ae8be965d8629557221c889dd98/library/std/src/panicking.rs:679:5
[INFO] [stdout]   15:     0x63d783db579c - core[df12db4294e9bfd3]::panicking::panic_fmt
[INFO] [stdout]                                at /rustc/dfb0accb7f508ae8be965d8629557221c889dd98/library/core/src/panicking.rs:80:14
[INFO] [stdout]   16:     0x63d783db5512 - core[df12db4294e9bfd3]::result::unwrap_failed
[INFO] [stdout]                                at /rustc/dfb0accb7f508ae8be965d8629557221c889dd98/library/core/src/result.rs:1871:5
[INFO] [stdout]   17:     0x63d783cb2460 - <core[df12db4294e9bfd3]::result::Result<(), core[df12db4294e9bfd3]::io::error::Error>>::expect
[INFO] [stdout]   18:     0x63d783cb58a3 - doctest_bundle_2024[72c4b0461e1faad2]::__doctest_6::main
[INFO] [stdout]   19:     0x63d783cb58d6 - doctest_bundle_2024[72c4b0461e1faad2]::__doctest_6::__main_fn
[INFO] [stdout]   20:     0x63d783c92991 - doctest_runner_2024[37d7b32fe5ed358d]::__doctest_6::TEST::{closure#0}
[INFO] [stdout]   21:     0x63d783c96846 - <doctest_runner_2024[37d7b32fe5ed358d]::__doctest_6::TEST::{closure#0} as core[df12db4294e9bfd3]::ops::function::FnOnce<()>>::call_once
[INFO] [stdout]   22:     0x63d783c9317d - doctest_runner_2024[37d7b32fe5ed358d]::main
[INFO] [stdout]   23:     0x63d783c96713 - <fn() -> std[70759c8f55707aa4]::process::ExitCode as core[df12db4294e9bfd3]::ops::function::FnOnce<()>>::call_once
[INFO] [stdout]   24:     0x63d783c92116 - std[70759c8f55707aa4]::sys::backtrace::__rust_begin_short_backtrace::<fn() -> std[70759c8f55707aa4]::process::ExitCode, std[70759c8f55707aa4]::process::ExitCode>
[INFO] [stdout]   25:     0x63d783c925b9 - std[70759c8f55707aa4]::rt::lang_start::<std[70759c8f55707aa4]::process::ExitCode>::{closure#0}
[INFO] [stdout]   26:     0x63d783d957f9 - <&dyn core[df12db4294e9bfd3]::ops::function::Fn<(), Output = i32> + core[df12db4294e9bfd3]::panic::unwind_safe::RefUnwindSafe + core[df12db4294e9bfd3]::marker::Sync as core[df12db4294e9bfd3]::ops::function::FnOnce<()>>::call_once
[INFO] [stdout]                                at /rustc/dfb0accb7f508ae8be965d8629557221c889dd98/library/core/src/ops/function.rs:287:21
[INFO] [stdout]   27:     0x63d783d957f9 - std[70759c8f55707aa4]::panicking::catch_unwind::do_call::<&dyn core[df12db4294e9bfd3]::ops::function::Fn<(), Output = i32> + core[df12db4294e9bfd3]::panic::unwind_safe::RefUnwindSafe + core[df12db4294e9bfd3]::marker::Sync, i32>
[INFO] [stdout]                                at /rustc/dfb0accb7f508ae8be965d8629557221c889dd98/library/std/src/panicking.rs:576:43
[INFO] [stdout]   28:     0x63d783d957f9 - std[70759c8f55707aa4]::panicking::catch_unwind::<i32, &dyn core[df12db4294e9bfd3]::ops::function::Fn<(), Output = i32> + core[df12db4294e9bfd3]::panic::unwind_safe::RefUnwindSafe + core[df12db4294e9bfd3]::marker::Sync>
[INFO] [stdout]                                at /rustc/dfb0accb7f508ae8be965d8629557221c889dd98/library/std/src/panicking.rs:544:19
[INFO] [stdout]   29:     0x63d783d957f9 - std[70759c8f55707aa4]::panic::catch_unwind::<&dyn core[df12db4294e9bfd3]::ops::function::Fn<(), Output = i32> + core[df12db4294e9bfd3]::panic::unwind_safe::RefUnwindSafe + core[df12db4294e9bfd3]::marker::Sync, i32>
[INFO] [stdout]                                at /rustc/dfb0accb7f508ae8be965d8629557221c889dd98/library/std/src/panic.rs:359:14
[INFO] [stdout]   30:     0x63d783d957f9 - std[70759c8f55707aa4]::rt::lang_start_internal::{closure#0}
[INFO] [stdout]                                at /rustc/dfb0accb7f508ae8be965d8629557221c889dd98/library/std/src/rt.rs:175:24
[INFO] [stdout]   31:     0x63d783d957f9 - std[70759c8f55707aa4]::panicking::catch_unwind::do_call::<std[70759c8f55707aa4]::rt::lang_start_internal::{closure#0}, isize>
[INFO] [stdout]                                at /rustc/dfb0accb7f508ae8be965d8629557221c889dd98/library/std/src/panicking.rs:576:43
[INFO] [stdout]   32:     0x63d783d957f9 - std[70759c8f55707aa4]::panicking::catch_unwind::<isize, std[70759c8f55707aa4]::rt::lang_start_internal::{closure#0}>
[INFO] [stdout]                                at /rustc/dfb0accb7f508ae8be965d8629557221c889dd98/library/std/src/panicking.rs:544:19
[INFO] [stdout]   33:     0x63d783d957f9 - std[70759c8f55707aa4]::panic::catch_unwind::<std[70759c8f55707aa4]::rt::lang_start_internal::{closure#0}, isize>
[INFO] [stdout]                                at /rustc/dfb0accb7f508ae8be965d8629557221c889dd98/library/std/src/panic.rs:359:14
[INFO] [stdout]   34:     0x63d783d957f9 - std[70759c8f55707aa4]::rt::lang_start_internal
[INFO] [stdout]                                at /rustc/dfb0accb7f508ae8be965d8629557221c889dd98/library/std/src/rt.rs:171:5
[INFO] [stdout]   35:     0x63d783c91531 - std[70759c8f55707aa4]::rt::lang_start::<std[70759c8f55707aa4]::process::ExitCode>
[INFO] [stdout]   36:     0x63d783c96965 - main
[INFO] [stdout]   37:     0x776854ad6601 - <unknown>
[INFO] [stdout]   38:     0x776854ad6718 - __libc_start_main
[INFO] [stdout]   39:     0x63d783c90685 - _start
[INFO] [stdout]   40:                0x0 - <unknown>
[INFO] [stdout] 
[INFO] [stdout] 
[INFO] [stdout] ---- src/writer.rs - writer::TimeSeriesWriter::write_mesh_with_submeshes (line 162) stdout ----
[INFO] [stdout] Test executable failed (exit status: 101).
[INFO] [stdout] 
[INFO] [stdout] stderr:
[INFO] [stdout] 
[INFO] [stdout] thread 'main' (2486) panicked at /tmp/rustdoctestTGyuQ2/doctest_bundle_2024.rs:240:6:
[INFO] [stdout] failed to write mesh: Io { operation: "writing XDMF file", path: "xdmf_write_submeshes.xdmf.tmp", source: Os { code: 30, kind: ReadOnlyFilesystem, message: "Read-only file system" } }
[INFO] [stdout] stack backtrace:
[INFO] [stdout]    0:     0x5690e2ba9761 - std[70759c8f55707aa4]::backtrace_rs::backtrace::libunwind::trace
[INFO] [stdout]                                at /rustc/dfb0accb7f508ae8be965d8629557221c889dd98/library/std/src/../../backtrace/src/backtrace/libunwind.rs:117:9
[INFO] [stdout]    1:     0x5690e2ba9761 - std[70759c8f55707aa4]::backtrace_rs::backtrace::trace_unsynchronized::<std[70759c8f55707aa4]::sys::backtrace::_print_fmt::{closure#1}>
[INFO] [stdout]                                at /rustc/dfb0accb7f508ae8be965d8629557221c889dd98/library/std/src/../../backtrace/src/backtrace/mod.rs:66:14
[INFO] [stdout]    2:     0x5690e2ba9761 - std[70759c8f55707aa4]::sys::backtrace::_print_fmt
[INFO] [stdout]                                at /rustc/dfb0accb7f508ae8be965d8629557221c889dd98/library/std/src/sys/backtrace.rs:74:9
[INFO] [stdout]    3:     0x5690e2ba9761 - <<std[70759c8f55707aa4]::sys::backtrace::BacktraceLock>::print::DisplayBacktrace as core[df12db4294e9bfd3]::fmt::Display>::fmt
[INFO] [stdout]                                at /rustc/dfb0accb7f508ae8be965d8629557221c889dd98/library/std/src/sys/backtrace.rs:44:26
[INFO] [stdout]    4:     0x5690e2bbffca - <core[df12db4294e9bfd3]::fmt::rt::Argument>::fmt
[INFO] [stdout]                                at /rustc/dfb0accb7f508ae8be965d8629557221c889dd98/library/core/src/fmt/rt.rs:152:76
[INFO] [stdout]    5:     0x5690e2bbffca - core[df12db4294e9bfd3]::fmt::write
[INFO] [stdout]    6:     0x5690e2baeb0c - core[df12db4294e9bfd3]::io::write::default_write_fmt::<std[70759c8f55707aa4]::sys::stdio::unix::Stderr>
[INFO] [stdout]                                at /rustc/dfb0accb7f508ae8be965d8629557221c889dd98/library/core/src/io/write.rs:402:11
[INFO] [stdout]    7:     0x5690e2baeb0c - <std[70759c8f55707aa4]::sys::stdio::unix::Stderr as core[df12db4294e9bfd3]::io::write::Write>::write_fmt
[INFO] [stdout]                                at /rustc/dfb0accb7f508ae8be965d8629557221c889dd98/library/core/src/io/write.rs:335:13
[INFO] [stdout]    8:     0x5690e2b84616 - <std[70759c8f55707aa4]::sys::backtrace::BacktraceLock>::print
[INFO] [stdout]                                at /rustc/dfb0accb7f508ae8be965d8629557221c889dd98/library/std/src/sys/backtrace.rs:47:9
[INFO] [stdout]    9:     0x5690e2b84616 - std[70759c8f55707aa4]::panicking::default_hook::{closure#0}
[INFO] [stdout]                                at /rustc/dfb0accb7f508ae8be965d8629557221c889dd98/library/std/src/panicking.rs:292:27
[INFO] [stdout]   10:     0x5690e2ba1871 - std[70759c8f55707aa4]::panicking::default_hook
[INFO] [stdout]                                at /rustc/dfb0accb7f508ae8be965d8629557221c889dd98/library/std/src/panicking.rs:319:9
[INFO] [stdout]   11:     0x5690e2ba1a2b - std[70759c8f55707aa4]::panicking::panic_with_hook
[INFO] [stdout]                                at /rustc/dfb0accb7f508ae8be965d8629557221c889dd98/library/std/src/panicking.rs:815:13
[INFO] [stdout]   12:     0x5690e2b846c2 - std[70759c8f55707aa4]::panicking::panic_handler::{closure#0}
[INFO] [stdout]                                at /rustc/dfb0accb7f508ae8be965d8629557221c889dd98/library/std/src/panicking.rs:688:13
[INFO] [stdout]   13:     0x5690e2b7d2c9 - std[70759c8f55707aa4]::sys::backtrace::__rust_end_short_backtrace::<std[70759c8f55707aa4]::panicking::panic_handler::{closure#0}, !>
[INFO] [stdout]                                at /rustc/dfb0accb7f508ae8be965d8629557221c889dd98/library/std/src/sys/backtrace.rs:182:18
[INFO] [stdout]   14:     0x5690e2b8552d - __rustc[8fa7c3cbc660c2b3]::rust_begin_unwind
[INFO] [stdout]                                at /rustc/dfb0accb7f508ae8be965d8629557221c889dd98/library/std/src/panicking.rs:679:5
[INFO] [stdout]   15:     0x5690e2bc079c - core[df12db4294e9bfd3]::panicking::panic_fmt
[INFO] [stdout]                                at /rustc/dfb0accb7f508ae8be965d8629557221c889dd98/library/core/src/panicking.rs:80:14
[INFO] [stdout]   16:     0x5690e2bc0512 - core[df12db4294e9bfd3]::result::unwrap_failed
[INFO] [stdout]                                at /rustc/dfb0accb7f508ae8be965d8629557221c889dd98/library/core/src/result.rs:1871:5
[INFO] [stdout]   17:     0x5690e2abd287 - <core[df12db4294e9bfd3]::result::Result<xdmf[e8ca500c768e8f62]::writer::TimeSeriesDataWriter, xdmf[e8ca500c768e8f62]::error::Error>>::expect
[INFO] [stdout]   18:     0x5690e2ac0c45 - doctest_bundle_2024[72c4b0461e1faad2]::__doctest_7::main
[INFO] [stdout]   19:     0x5690e2ac0cf6 - doctest_bundle_2024[72c4b0461e1faad2]::__doctest_7::__main_fn
[INFO] [stdout]   20:     0x5690e2a9da11 - doctest_runner_2024[37d7b32fe5ed358d]::__doctest_7::TEST::{closure#0}
[INFO] [stdout]   21:     0x5690e2aa1866 - <doctest_runner_2024[37d7b32fe5ed358d]::__doctest_7::TEST::{closure#0} as core[df12db4294e9bfd3]::ops::function::FnOnce<()>>::call_once
[INFO] [stdout]   22:     0x5690e2a9e17d - doctest_runner_2024[37d7b32fe5ed358d]::main
[INFO] [stdout]   23:     0x5690e2aa1713 - <fn() -> std[70759c8f55707aa4]::process::ExitCode as core[df12db4294e9bfd3]::ops::function::FnOnce<()>>::call_once
[INFO] [stdout]   24:     0x5690e2a9d116 - std[70759c8f55707aa4]::sys::backtrace::__rust_begin_short_backtrace::<fn() -> std[70759c8f55707aa4]::process::ExitCode, std[70759c8f55707aa4]::process::ExitCode>
[INFO] [stdout]   25:     0x5690e2a9d5b9 - std[70759c8f55707aa4]::rt::lang_start::<std[70759c8f55707aa4]::process::ExitCode>::{closure#0}
[INFO] [stdout]   26:     0x5690e2ba07f9 - <&dyn core[df12db4294e9bfd3]::ops::function::Fn<(), Output = i32> + core[df12db4294e9bfd3]::panic::unwind_safe::RefUnwindSafe + core[df12db4294e9bfd3]::marker::Sync as core[df12db4294e9bfd3]::ops::function::FnOnce<()>>::call_once
[INFO] [stdout]                                at /rustc/dfb0accb7f508ae8be965d8629557221c889dd98/library/core/src/ops/function.rs:287:21
[INFO] [stdout]   27:     0x5690e2ba07f9 - std[70759c8f55707aa4]::panicking::catch_unwind::do_call::<&dyn core[df12db4294e9bfd3]::ops::function::Fn<(), Output = i32> + core[df12db4294e9bfd3]::panic::unwind_safe::RefUnwindSafe + core[df12db4294e9bfd3]::marker::Sync, i32>
[INFO] [stdout]                                at /rustc/dfb0accb7f508ae8be965d8629557221c889dd98/library/std/src/panicking.rs:576:43
[INFO] [stdout]   28:     0x5690e2ba07f9 - std[70759c8f55707aa4]::panicking::catch_unwind::<i32, &dyn core[df12db4294e9bfd3]::ops::function::Fn<(), Output = i32> + core[df12db4294e9bfd3]::panic::unwind_safe::RefUnwindSafe + core[df12db4294e9bfd3]::marker::Sync>
[INFO] [stdout]                                at /rustc/dfb0accb7f508ae8be965d8629557221c889dd98/library/std/src/panicking.rs:544:19
[INFO] [stdout]   29:     0x5690e2ba07f9 - std[70759c8f55707aa4]::panic::catch_unwind::<&dyn core[df12db4294e9bfd3]::ops::function::Fn<(), Output = i32> + core[df12db4294e9bfd3]::panic::unwind_safe::RefUnwindSafe + core[df12db4294e9bfd3]::marker::Sync, i32>
[INFO] [stdout]                                at /rustc/dfb0accb7f508ae8be965d8629557221c889dd98/library/std/src/panic.rs:359:14
[INFO] [stdout]   30:     0x5690e2ba07f9 - std[70759c8f55707aa4]::rt::lang_start_internal::{closure#0}
[INFO] [stdout]                                at /rustc/dfb0accb7f508ae8be965d8629557221c889dd98/library/std/src/rt.rs:175:24
[INFO] [stdout]   31:     0x5690e2ba07f9 - std[70759c8f55707aa4]::panicking::catch_unwind::do_call::<std[70759c8f55707aa4]::rt::lang_start_internal::{closure#0}, isize>
[INFO] [stdout]                                at /rustc/dfb0accb7f508ae8be965d8629557221c889dd98/library/std/src/panicking.rs:576:43
[INFO] [stdout]   32:     0x5690e2ba07f9 - std[70759c8f55707aa4]::panicking::catch_unwind::<isize, std[70759c8f55707aa4]::rt::lang_start_internal::{closure#0}>
[INFO] [stdout]                                at /rustc/dfb0accb7f508ae8be965d8629557221c889dd98/library/std/src/panicking.rs:544:19
[INFO] [stdout]   33:     0x5690e2ba07f9 - std[70759c8f55707aa4]::panic::catch_unwind::<std[70759c8f55707aa4]::rt::lang_start_internal::{closure#0}, isize>
[INFO] [stdout]                                at /rustc/dfb0accb7f508ae8be965d8629557221c889dd98/library/std/src/panic.rs:359:14
[INFO] [stdout]   34:     0x5690e2ba07f9 - std[70759c8f55707aa4]::rt::lang_start_internal
[INFO] [stdout]                                at /rustc/dfb0accb7f508ae8be965d8629557221c889dd98/library/std/src/rt.rs:171:5
[INFO] [stdout]   35:     0x5690e2a9c531 - std[70759c8f55707aa4]::rt::lang_start::<std[70759c8f55707aa4]::process::ExitCode>
[INFO] [stdout]   36:     0x5690e2aa1965 - main
[INFO] [stdout]   37:     0x72c25be12601 - <unknown>
[INFO] [stdout]   38:     0x72c25be12718 - __libc_start_main
[INFO] [stdout]   39:     0x5690e2a9b685 - _start
[INFO] [stdout]   40:                0x0 - <unknown>
[INFO] [stdout] 
[INFO] [stdout] 
[INFO] [stdout] ---- src/writer.rs - writer::TimeSeriesWriter::write_mesh_with_submeshes (line 190) stdout ----
[INFO] [stdout] Test executable failed (exit status: 101).
[INFO] [stdout] 
[INFO] [stdout] stderr:
[INFO] [stdout] 
[INFO] [stdout] thread 'main' (2487) panicked at /tmp/rustdoctestTGyuQ2/doctest_bundle_2024.rs:265:6:
[INFO] [stdout] failed to write mesh: Io { operation: "writing XDMF file", path: "xdmf_write_submesh_ranges.xdmf.tmp", source: Os { code: 30, kind: ReadOnlyFilesystem, message: "Read-only file system" } }
[INFO] [stdout] stack backtrace:
[INFO] [stdout]    0:     0x6208bd4b7761 - std[70759c8f55707aa4]::backtrace_rs::backtrace::libunwind::trace
[INFO] [stdout]                                at /rustc/dfb0accb7f508ae8be965d8629557221c889dd98/library/std/src/../../backtrace/src/backtrace/libunwind.rs:117:9
[INFO] [stdout]    1:     0x6208bd4b7761 - std[70759c8f55707aa4]::backtrace_rs::backtrace::trace_unsynchronized::<std[70759c8f55707aa4]::sys::backtrace::_print_fmt::{closure#1}>
[INFO] [stdout]                                at /rustc/dfb0accb7f508ae8be965d8629557221c889dd98/library/std/src/../../backtrace/src/backtrace/mod.rs:66:14
[INFO] [stdout]    2:     0x6208bd4b7761 - std[70759c8f55707aa4]::sys::backtrace::_print_fmt
[INFO] [stdout]                                at /rustc/dfb0accb7f508ae8be965d8629557221c889dd98/library/std/src/sys/backtrace.rs:74:9
[INFO] [stdout]    3:     0x6208bd4b7761 - <<std[70759c8f55707aa4]::sys::backtrace::BacktraceLock>::print::DisplayBacktrace as core[df12db4294e9bfd3]::fmt::Display>::fmt
[INFO] [stdout]                                at /rustc/dfb0accb7f508ae8be965d8629557221c889dd98/library/std/src/sys/backtrace.rs:44:26
[INFO] [stdout]    4:     0x6208bd4cdfca - <core[df12db4294e9bfd3]::fmt::rt::Argument>::fmt
[INFO] [stdout]                                at /rustc/dfb0accb7f508ae8be965d8629557221c889dd98/library/core/src/fmt/rt.rs:152:76
[INFO] [stdout]    5:     0x6208bd4cdfca - core[df12db4294e9bfd3]::fmt::write
[INFO] [stdout]    6:     0x6208bd4bcb0c - core[df12db4294e9bfd3]::io::write::default_write_fmt::<std[70759c8f55707aa4]::sys::stdio::unix::Stderr>
[INFO] [stdout]                                at /rustc/dfb0accb7f508ae8be965d8629557221c889dd98/library/core/src/io/write.rs:402:11
[INFO] [stdout]    7:     0x6208bd4bcb0c - <std[70759c8f55707aa4]::sys::stdio::unix::Stderr as core[df12db4294e9bfd3]::io::write::Write>::write_fmt
[INFO] [stdout]                                at /rustc/dfb0accb7f508ae8be965d8629557221c889dd98/library/core/src/io/write.rs:335:13
[INFO] [stdout]    8:     0x6208bd492616 - <std[70759c8f55707aa4]::sys::backtrace::BacktraceLock>::print
[INFO] [stdout]                                at /rustc/dfb0accb7f508ae8be965d8629557221c889dd98/library/std/src/sys/backtrace.rs:47:9
[INFO] [stdout]    9:     0x6208bd492616 - std[70759c8f55707aa4]::panicking::default_hook::{closure#0}
[INFO] [stdout]                                at /rustc/dfb0accb7f508ae8be965d8629557221c889dd98/library/std/src/panicking.rs:292:27
[INFO] [stdout]   10:     0x6208bd4af871 - std[70759c8f55707aa4]::panicking::default_hook
[INFO] [stdout]                                at /rustc/dfb0accb7f508ae8be965d8629557221c889dd98/library/std/src/panicking.rs:319:9
[INFO] [stdout]   11:     0x6208bd4afa2b - std[70759c8f55707aa4]::panicking::panic_with_hook
[INFO] [stdout]                                at /rustc/dfb0accb7f508ae8be965d8629557221c889dd98/library/std/src/panicking.rs:815:13
[INFO] [stdout]   12:     0x6208bd4926c2 - std[70759c8f55707aa4]::panicking::panic_handler::{closure#0}
[INFO] [stdout]                                at /rustc/dfb0accb7f508ae8be965d8629557221c889dd98/library/std/src/panicking.rs:688:13
[INFO] [stdout]   13:     0x6208bd48b2c9 - std[70759c8f55707aa4]::sys::backtrace::__rust_end_short_backtrace::<std[70759c8f55707aa4]::panicking::panic_handler::{closure#0}, !>
[INFO] [stdout]                                at /rustc/dfb0accb7f508ae8be965d8629557221c889dd98/library/std/src/sys/backtrace.rs:182:18
[INFO] [stdout]   14:     0x6208bd49352d - __rustc[8fa7c3cbc660c2b3]::rust_begin_unwind
[INFO] [stdout]                                at /rustc/dfb0accb7f508ae8be965d8629557221c889dd98/library/std/src/panicking.rs:679:5
[INFO] [stdout]   15:     0x6208bd4ce79c - core[df12db4294e9bfd3]::panicking::panic_fmt
[INFO] [stdout]                                at /rustc/dfb0accb7f508ae8be965d8629557221c889dd98/library/core/src/panicking.rs:80:14
[INFO] [stdout]   16:     0x6208bd4ce512 - core[df12db4294e9bfd3]::result::unwrap_failed
[INFO] [stdout]                                at /rustc/dfb0accb7f508ae8be965d8629557221c889dd98/library/core/src/result.rs:1871:5
[INFO] [stdout]   17:     0x6208bd3cb287 - <core[df12db4294e9bfd3]::result::Result<xdmf[e8ca500c768e8f62]::writer::TimeSeriesDataWriter, xdmf[e8ca500c768e8f62]::error::Error>>::expect
[INFO] [stdout]   18:     0x6208bd3cefd2 - doctest_bundle_2024[72c4b0461e1faad2]::__doctest_8::main
[INFO] [stdout]   19:     0x6208bd3cf06e - doctest_bundle_2024[72c4b0461e1faad2]::__doctest_8::__main_fn
[INFO] [stdout]   20:     0x6208bd3aba91 - doctest_runner_2024[37d7b32fe5ed358d]::__doctest_8::TEST::{closure#0}
[INFO] [stdout]   21:     0x6208bd3af886 - <doctest_runner_2024[37d7b32fe5ed358d]::__doctest_8::TEST::{closure#0} as core[df12db4294e9bfd3]::ops::function::FnOnce<()>>::call_once
[INFO] [stdout]   22:     0x6208bd3ac17d - doctest_runner_2024[37d7b32fe5ed358d]::main
[INFO] [stdout]   23:     0x6208bd3af713 - <fn() -> std[70759c8f55707aa4]::process::ExitCode as core[df12db4294e9bfd3]::ops::function::FnOnce<()>>::call_once
[INFO] [stdout]   24:     0x6208bd3ab116 - std[70759c8f55707aa4]::sys::backtrace::__rust_begin_short_backtrace::<fn() -> std[70759c8f55707aa4]::process::ExitCode, std[70759c8f55707aa4]::process::ExitCode>
[INFO] [stdout]   25:     0x6208bd3ab5b9 - std[70759c8f55707aa4]::rt::lang_start::<std[70759c8f55707aa4]::process::ExitCode>::{closure#0}
[INFO] [stdout]   26:     0x6208bd4ae7f9 - <&dyn core[df12db4294e9bfd3]::ops::function::Fn<(), Output = i32> + core[df12db4294e9bfd3]::panic::unwind_safe::RefUnwindSafe + core[df12db4294e9bfd3]::marker::Sync as core[df12db4294e9bfd3]::ops::function::FnOnce<()>>::call_once
[INFO] [stdout]                                at /rustc/dfb0accb7f508ae8be965d8629557221c889dd98/library/core/src/ops/function.rs:287:21
[INFO] [stdout]   27:     0x6208bd4ae7f9 - std[70759c8f55707aa4]::panicking::catch_unwind::do_call::<&dyn core[df12db4294e9bfd3]::ops::function::Fn<(), Output = i32> + core[df12db4294e9bfd3]::panic::unwind_safe::RefUnwindSafe + core[df12db4294e9bfd3]::marker::Sync, i32>
[INFO] [stdout]                                at /rustc/dfb0accb7f508ae8be965d8629557221c889dd98/library/std/src/panicking.rs:576:43
[INFO] [stdout]   28:     0x6208bd4ae7f9 - std[70759c8f55707aa4]::panicking::catch_unwind::<i32, &dyn core[df12db4294e9bfd3]::ops::function::Fn<(), Output = i32> + core[df12db4294e9bfd3]::panic::unwind_safe::RefUnwindSafe + core[df12db4294e9bfd3]::marker::Sync>
[INFO] [stdout]                                at /rustc/dfb0accb7f508ae8be965d8629557221c889dd98/library/std/src/panicking.rs:544:19
[INFO] [stdout]   29:     0x6208bd4ae7f9 - std[70759c8f55707aa4]::panic::catch_unwind::<&dyn core[df12db4294e9bfd3]::ops::function::Fn<(), Output = i32> + core[df12db4294e9bfd3]::panic::unwind_safe::RefUnwindSafe + core[df12db4294e9bfd3]::marker::Sync, i32>
[INFO] [stdout]                                at /rustc/dfb0accb7f508ae8be965d8629557221c889dd98/library/std/src/panic.rs:359:14
[INFO] [stdout]   30:     0x6208bd4ae7f9 - std[70759c8f55707aa4]::rt::lang_start_internal::{closure#0}
[INFO] [stdout]                                at /rustc/dfb0accb7f508ae8be965d8629557221c889dd98/library/std/src/rt.rs:175:24
[INFO] [stdout]   31:     0x6208bd4ae7f9 - std[70759c8f55707aa4]::panicking::catch_unwind::do_call::<std[70759c8f55707aa4]::rt::lang_start_internal::{closure#0}, isize>
[INFO] [stdout]                                at /rustc/dfb0accb7f508ae8be965d8629557221c889dd98/library/std/src/panicking.rs:576:43
[INFO] [stdout]   32:     0x6208bd4ae7f9 - std[70759c8f55707aa4]::panicking::catch_unwind::<isize, std[70759c8f55707aa4]::rt::lang_start_internal::{closure#0}>
[INFO] [stdout]                                at /rustc/dfb0accb7f508ae8be965d8629557221c889dd98/library/std/src/panicking.rs:544:19
[INFO] [stdout]   33:     0x6208bd4ae7f9 - std[70759c8f55707aa4]::panic::catch_unwind::<std[70759c8f55707aa4]::rt::lang_start_internal::{closure#0}, isize>
[INFO] [stdout]                                at /rustc/dfb0accb7f508ae8be965d8629557221c889dd98/library/std/src/panic.rs:359:14
[INFO] [stdout]   34:     0x6208bd4ae7f9 - std[70759c8f55707aa4]::rt::lang_start_internal
[INFO] [stdout]                                at /rustc/dfb0accb7f508ae8be965d8629557221c889dd98/library/std/src/rt.rs:171:5
[INFO] [stdout]   35:     0x6208bd3aa531 - std[70759c8f55707aa4]::rt::lang_start::<std[70759c8f55707aa4]::process::ExitCode>
[INFO] [stdout]   36:     0x6208bd3af965 - main
[INFO] [stdout]   37:     0x72353d9bf601 - <unknown>
[INFO] [stdout]   38:     0x72353d9bf718 - __libc_start_main
[INFO] [stdout]   39:     0x6208bd3a9685 - _start
[INFO] [stdout]   40:                0x0 - <unknown>
[INFO] [stdout] 
[INFO] [stdout] 
[INFO] [stdout] ---- src/writer.rs - writer::TimeSeriesWriter::write_mesh (line 111) stdout ----
[INFO] [stdout] Test executable failed (exit status: 101).
[INFO] [stdout] 
[INFO] [stdout] stderr:
[INFO] [stdout] 
[INFO] [stdout] thread 'main' (2483) panicked at /tmp/rustdoctestTGyuQ2/doctest_bundle_2024.rs:193:49:
[INFO] [stdout] the example writes this file: Os { code: 30, kind: ReadOnlyFilesystem, message: "Read-only file system" }
[INFO] [stdout] stack backtrace:
[INFO] [stdout]    0:     0x6373b42aa761 - std[70759c8f55707aa4]::backtrace_rs::backtrace::libunwind::trace
[INFO] [stdout]                                at /rustc/dfb0accb7f508ae8be965d8629557221c889dd98/library/std/src/../../backtrace/src/backtrace/libunwind.rs:117:9
[INFO] [stdout]    1:     0x6373b42aa761 - std[70759c8f55707aa4]::backtrace_rs::backtrace::trace_unsynchronized::<std[70759c8f55707aa4]::sys::backtrace::_print_fmt::{closure#1}>
[INFO] [stdout]                                at /rustc/dfb0accb7f508ae8be965d8629557221c889dd98/library/std/src/../../backtrace/src/backtrace/mod.rs:66:14
[INFO] [stdout]    2:     0x6373b42aa761 - std[70759c8f55707aa4]::sys::backtrace::_print_fmt
[INFO] [stdout]                                at /rustc/dfb0accb7f508ae8be965d8629557221c889dd98/library/std/src/sys/backtrace.rs:74:9
[INFO] [stdout]    3:     0x6373b42aa761 - <<std[70759c8f55707aa4]::sys::backtrace::BacktraceLock>::print::DisplayBacktrace as core[df12db4294e9bfd3]::fmt::Display>::fmt
[INFO] [stdout]                                at /rustc/dfb0accb7f508ae8be965d8629557221c889dd98/library/std/src/sys/backtrace.rs:44:26
[INFO] [stdout]    4:     0x6373b42c0fca - <core[df12db4294e9bfd3]::fmt::rt::Argument>::fmt
[INFO] [stdout]                                at /rustc/dfb0accb7f508ae8be965d8629557221c889dd98/library/core/src/fmt/rt.rs:152:76
[INFO] [stdout]    5:     0x6373b42c0fca - core[df12db4294e9bfd3]::fmt::write
[INFO] [stdout]    6:     0x6373b42afb0c - core[df12db4294e9bfd3]::io::write::default_write_fmt::<std[70759c8f55707aa4]::sys::stdio::unix::Stderr>
[INFO] [stdout]                                at /rustc/dfb0accb7f508ae8be965d8629557221c889dd98/library/core/src/io/write.rs:402:11
[INFO] [stdout]    7:     0x6373b42afb0c - <std[70759c8f55707aa4]::sys::stdio::unix::Stderr as core[df12db4294e9bfd3]::io::write::Write>::write_fmt
[INFO] [stdout]                                at /rustc/dfb0accb7f508ae8be965d8629557221c889dd98/library/core/src/io/write.rs:335:13
[INFO] [stdout]    8:     0x6373b4285616 - <std[70759c8f55707aa4]::sys::backtrace::BacktraceLock>::print
[INFO] [stdout]                                at /rustc/dfb0accb7f508ae8be965d8629557221c889dd98/library/std/src/sys/backtrace.rs:47:9
[INFO] [stdout]    9:     0x6373b4285616 - std[70759c8f55707aa4]::panicking::default_hook::{closure#0}
[INFO] [stdout]                                at /rustc/dfb0accb7f508ae8be965d8629557221c889dd98/library/std/src/panicking.rs:292:27
[INFO] [stdout]   10:     0x6373b42a2871 - std[70759c8f55707aa4]::panicking::default_hook
[INFO] [stdout]                                at /rustc/dfb0accb7f508ae8be965d8629557221c889dd98/library/std/src/panicking.rs:319:9
[INFO] [stdout]   11:     0x6373b42a2a2b - std[70759c8f55707aa4]::panicking::panic_with_hook
[INFO] [stdout]                                at /rustc/dfb0accb7f508ae8be965d8629557221c889dd98/library/std/src/panicking.rs:815:13
[INFO] [stdout]   12:     0x6373b42856c2 - std[70759c8f55707aa4]::panicking::panic_handler::{closure#0}
[INFO] [stdout]                                at /rustc/dfb0accb7f508ae8be965d8629557221c889dd98/library/std/src/panicking.rs:688:13
[INFO] [stdout]   13:     0x6373b427e2c9 - std[70759c8f55707aa4]::sys::backtrace::__rust_end_short_backtrace::<std[70759c8f55707aa4]::panicking::panic_handler::{closure#0}, !>
[INFO] [stdout]                                at /rustc/dfb0accb7f508ae8be965d8629557221c889dd98/library/std/src/sys/backtrace.rs:182:18
[INFO] [stdout]   14:     0x6373b428652d - __rustc[8fa7c3cbc660c2b3]::rust_begin_unwind
[INFO] [stdout]                                at /rustc/dfb0accb7f508ae8be965d8629557221c889dd98/library/std/src/panicking.rs:679:5
[INFO] [stdout]   15:     0x6373b42c179c - core[df12db4294e9bfd3]::panicking::panic_fmt
[INFO] [stdout]                                at /rustc/dfb0accb7f508ae8be965d8629557221c889dd98/library/core/src/panicking.rs:80:14
[INFO] [stdout]   16:     0x6373b42c1512 - core[df12db4294e9bfd3]::result::unwrap_failed
[INFO] [stdout]                                at /rustc/dfb0accb7f508ae8be965d8629557221c889dd98/library/core/src/result.rs:1871:5
[INFO] [stdout]   17:     0x6373b41be460 - <core[df12db4294e9bfd3]::result::Result<(), core[df12db4294e9bfd3]::io::error::Error>>::expect
[INFO] [stdout]   18:     0x6373b41c1655 - doctest_bundle_2024[72c4b0461e1faad2]::__doctest_5::main
[INFO] [stdout]   19:     0x6373b41c1686 - doctest_bundle_2024[72c4b0461e1faad2]::__doctest_5::__main_fn
[INFO] [stdout]   20:     0x6373b419e911 - doctest_runner_2024[37d7b32fe5ed358d]::__doctest_5::TEST::{closure#0}
[INFO] [stdout]   21:     0x6373b41a2826 - <doctest_runner_2024[37d7b32fe5ed358d]::__doctest_5::TEST::{closure#0} as core[df12db4294e9bfd3]::ops::function::FnOnce<()>>::call_once
[INFO] [stdout]   22:     0x6373b419f17d - doctest_runner_2024[37d7b32fe5ed358d]::main
[INFO] [stdout]   23:     0x6373b41a2713 - <fn() -> std[70759c8f55707aa4]::process::ExitCode as core[df12db4294e9bfd3]::ops::function::FnOnce<()>>::call_once
[INFO] [stdout]   24:     0x6373b419e116 - std[70759c8f55707aa4]::sys::backtrace::__rust_begin_short_backtrace::<fn() -> std[70759c8f55707aa4]::process::ExitCode, std[70759c8f55707aa4]::process::ExitCode>
[INFO] [stdout]   25:     0x6373b419e5b9 - std[70759c8f55707aa4]::rt::lang_start::<std[70759c8f55707aa4]::process::ExitCode>::{closure#0}
[INFO] [stdout]   26:     0x6373b42a17f9 - <&dyn core[df12db4294e9bfd3]::ops::function::Fn<(), Output = i32> + core[df12db4294e9bfd3]::panic::unwind_safe::RefUnwindSafe + core[df12db4294e9bfd3]::marker::Sync as core[df12db4294e9bfd3]::ops::function::FnOnce<()>>::call_once
[INFO] [stdout]                                at /rustc/dfb0accb7f508ae8be965d8629557221c889dd98/library/core/src/ops/function.rs:287:21
[INFO] [stdout]   27:     0x6373b42a17f9 - std[70759c8f55707aa4]::panicking::catch_unwind::do_call::<&dyn core[df12db4294e9bfd3]::ops::function::Fn<(), Output = i32> + core[df12db4294e9bfd3]::panic::unwind_safe::RefUnwindSafe + core[df12db4294e9bfd3]::marker::Sync, i32>
[INFO] [stdout]                                at /rustc/dfb0accb7f508ae8be965d8629557221c889dd98/library/std/src/panicking.rs:576:43
[INFO] [stdout]   28:     0x6373b42a17f9 - std[70759c8f55707aa4]::panicking::catch_unwind::<i32, &dyn core[df12db4294e9bfd3]::ops::function::Fn<(), Output = i32> + core[df12db4294e9bfd3]::panic::unwind_safe::RefUnwindSafe + core[df12db4294e9bfd3]::marker::Sync>
[INFO] [stdout]                                at /rustc/dfb0accb7f508ae8be965d8629557221c889dd98/library/std/src/panicking.rs:544:19
[INFO] [stdout]   29:     0x6373b42a17f9 - std[70759c8f55707aa4]::panic::catch_unwind::<&dyn core[df12db4294e9bfd3]::ops::function::Fn<(), Output = i32> + core[df12db4294e9bfd3]::panic::unwind_safe::RefUnwindSafe + core[df12db4294e9bfd3]::marker::Sync, i32>
[INFO] [stdout]                                at /rustc/dfb0accb7f508ae8be965d8629557221c889dd98/library/std/src/panic.rs:359:14
[INFO] [stdout]   30:     0x6373b42a17f9 - std[70759c8f55707aa4]::rt::lang_start_internal::{closure#0}
[INFO] [stdout]                                at /rustc/dfb0accb7f508ae8be965d8629557221c889dd98/library/std/src/rt.rs:175:24
[INFO] [stdout]   31:     0x6373b42a17f9 - std[70759c8f55707aa4]::panicking::catch_unwind::do_call::<std[70759c8f55707aa4]::rt::lang_start_internal::{closure#0}, isize>
[INFO] [stdout]                                at /rustc/dfb0accb7f508ae8be965d8629557221c889dd98/library/std/src/panicking.rs:576:43
[INFO] [stdout]   32:     0x6373b42a17f9 - std[70759c8f55707aa4]::panicking::catch_unwind::<isize, std[70759c8f55707aa4]::rt::lang_start_internal::{closure#0}>
[INFO] [stdout]                                at /rustc/dfb0accb7f508ae8be965d8629557221c889dd98/library/std/src/panicking.rs:544:19
[INFO] [stdout]   33:     0x6373b42a17f9 - std[70759c8f55707aa4]::panic::catch_unwind::<std[70759c8f55707aa4]::rt::lang_start_internal::{closure#0}, isize>
[INFO] [stdout]                                at /rustc/dfb0accb7f508ae8be965d8629557221c889dd98/library/std/src/panic.rs:359:14
[INFO] [stdout]   34:     0x6373b42a17f9 - std[70759c8f55707aa4]::rt::lang_start_internal
[INFO] [stdout]                                at /rustc/dfb0accb7f508ae8be965d8629557221c889dd98/library/std/src/rt.rs:171:5
[INFO] [stdout]   35:     0x6373b419d531 - std[70759c8f55707aa4]::rt::lang_start::<std[70759c8f55707aa4]::process::ExitCode>
[INFO] [stdout]   36:     0x6373b41a2965 - main
[INFO] [stdout]   37:     0x73e752227601 - <unknown>
[INFO] [stdout]   38:     0x73e752227718 - __libc_start_main
[INFO] [stdout]   39:     0x6373b419c685 - _start
[INFO] [stdout]   40:                0x0 - <unknown>
[INFO] [stdout] 
[INFO] [stdout] 
[INFO] [stdout] 
[INFO] [stdout] failures:
[INFO] [stdout]     src/writer.rs - writer::TimeSeriesDataWriter::write_time_step (line 821)
[INFO] [stdout]     src/writer.rs - writer::TimeSeriesWriter::write_mesh (line 111)
[INFO] [stdout]     src/writer.rs - writer::TimeSeriesWriter::write_mesh (line 92)
[INFO] [stdout]     src/writer.rs - writer::TimeSeriesWriter::write_mesh_with_submeshes (line 162)
[INFO] [stdout]     src/writer.rs - writer::TimeSeriesWriter::write_mesh_with_submeshes (line 190)
[INFO] [stdout] 
[INFO] [stdout] test result: FAILED. 4 passed; 5 failed; 0 ignored; 0 measured; 0 filtered out; finished in 0.12s
[INFO] [stdout] 
[INFO] [stdout] all doctests ran in 1.01s; merged doctests compilation took 0.88s
[INFO] [stderr] error: doctest failed, to rerun pass `--doc`
[INFO] running `Command { std: "docker" "inspect" "46e8df918e0da92a71a2b71495a43347567063bd40b49149704afc8514373a60", kill_on_drop: false }`
[INFO] running `Command { std: "docker" "rm" "-f" "46e8df918e0da92a71a2b71495a43347567063bd40b49149704afc8514373a60", kill_on_drop: false }`
[INFO] [stdout] 46e8df918e0da92a71a2b71495a43347567063bd40b49149704afc8514373a60
