[INFO] fetching crate xchecker 1.2.0...
[INFO] testing xchecker-1.2.0 against 1.100.0-beta.1+cargoflags=--release for beta-release-1.100-2
[INFO] extracting crate xchecker 1.2.0 into /workspace/builds/worker-2-tc2/source
[INFO] started tweaking crates.io crate xchecker 1.2.0
[INFO] removed 0 missing examples
[INFO] removed 0 missing tests
[INFO] finished tweaking crates.io crate xchecker 1.2.0
[INFO] tweaked toml for crates.io crate xchecker 1.2.0 written to /workspace/builds/worker-2-tc2/source/Cargo.toml
[INFO] validating manifest of crates.io crate xchecker 1.2.0 on toolchain 1.100.0-beta.1
[INFO] running `Command { std: CARGO_HOME="/workspace/cargo-home" RUSTUP_HOME="/workspace/rustup-home" "/workspace/cargo-home/bin/cargo" "+1.100.0-beta.1" "metadata" "--manifest-path" "Cargo.toml" "--no-deps", kill_on_drop: false }`
[INFO] crate crates.io crate xchecker 1.2.0 already has a lockfile, it will not be regenerated
[INFO] running `Command { std: CARGO_HOME="/workspace/cargo-home" RUSTUP_HOME="/workspace/rustup-home" "/workspace/cargo-home/bin/cargo" "+1.100.0-beta.1" "fetch" "--manifest-path" "Cargo.toml", kill_on_drop: false }`
[INFO] [stderr] warning: `package.homepage` is redundant with `package.repository`
[INFO] [stderr]    --> Cargo.toml:201:12
[INFO] [stderr]     |
[INFO] [stderr] 201 | homepage = "https://github.com/EffortlessMetrics/xchecker"
[INFO] [stderr]     |            ^^^^^^^^^^^^^^^^^^^^^^^^^^^^^^^^^^^^^^^^^^^^^^^
[INFO] [stderr] ...
[INFO] [stderr] 207 | repository = "https://github.com/EffortlessMetrics/xchecker"
[INFO] [stderr]     |              -----------------------------------------------
[INFO] [stderr]     |
[INFO] [stderr]     = note: `cargo::redundant_homepage` is set to `warn` by default
[INFO] [stderr] help: consider removing `package.homepage`
[INFO] [stderr] warning: `xchecker` (manifest) generated 1 warning
[INFO] running `Command { std: "docker" "create" "-v" "/var/lib/crater-agent-workspace/builds/worker-2-tc2/source:/opt/rustwide/workdir:ro,Z" "-v" "/var/lib/crater-agent-workspace/builds/worker-2-tc2/target:/opt/rustwide/target:rw,Z" "-v" "/var/lib/crater-agent-workspace/cargo-home:/opt/rustwide/cargo-home:ro,Z" "-v" "/var/lib/crater-agent-workspace/rustup-home:/opt/rustwide/rustup-home:ro,Z" "-m" "1610612736" "--network" "none" "ghcr.io/rust-lang/crates-build-env/linux@sha256:77db811e55d90add9212f6832c23229e3de5f1c1f9905e8cb07319ea15df73ac" "sleep" "infinity", kill_on_drop: false }`
[INFO] [stdout] 4c9fae8d71866806807681da3a0c179421b1d0190e28043d372c6618be21085a
[INFO] running `Command { std: "docker" "start" "4c9fae8d71866806807681da3a0c179421b1d0190e28043d372c6618be21085a", kill_on_drop: false }`
[INFO] running `Command { std: "docker" "inspect" "4c9fae8d71866806807681da3a0c179421b1d0190e28043d372c6618be21085a", kill_on_drop: false }`
[INFO] running `Command { std: "docker" "exec" "-e" "SOURCE_DIR=/opt/rustwide/workdir" "-e" "CARGO_HOME=/opt/rustwide/cargo-home" "-e" "RUSTUP_HOME=/opt/rustwide/rustup-home" "-e" "CARGO_TARGET_DIR=/opt/rustwide/target" "-w" "/opt/rustwide/workdir" "--user" "0:0" "4c9fae8d71866806807681da3a0c179421b1d0190e28043d372c6618be21085a" "/opt/rustwide/cargo-home/bin/cargo" "+1.100.0-beta.1" "metadata" "--no-deps" "--format-version=1", kill_on_drop: false }`
[INFO] running `Command { std: "docker" "inspect" "4c9fae8d71866806807681da3a0c179421b1d0190e28043d372c6618be21085a", kill_on_drop: false }`
[INFO] running `Command { std: "docker" "exec" "-e" "SOURCE_DIR=/opt/rustwide/workdir" "-e" "CARGO_HOME=/opt/rustwide/cargo-home" "-e" "RUSTUP_HOME=/opt/rustwide/rustup-home" "-e" "CARGO_TARGET_DIR=/opt/rustwide/target" "-e" "CARGO_INCREMENTAL=0" "-e" "RUST_BACKTRACE=full" "-e" "RUSTFLAGS=--cap-lints=warn" "-e" "RUSTDOCFLAGS=--cap-lints=warn" "-w" "/opt/rustwide/workdir" "--user" "0:0" "4c9fae8d71866806807681da3a0c179421b1d0190e28043d372c6618be21085a" "/opt/rustwide/cargo-home/bin/cargo" "+1.100.0-beta.1" "build" "--frozen" "--message-format=json" "--release", kill_on_drop: false }`
[INFO] [stderr] warning: `package.homepage` is redundant with `package.repository`
[INFO] [stderr]    --> Cargo.toml:201:12
[INFO] [stderr]     |
[INFO] [stderr] 201 | homepage = "https://github.com/EffortlessMetrics/xchecker"
[INFO] [stderr]     |            ^^^^^^^^^^^^^^^^^^^^^^^^^^^^^^^^^^^^^^^^^^^^^^^
[INFO] [stderr] ...
[INFO] [stderr] 207 | repository = "https://github.com/EffortlessMetrics/xchecker"
[INFO] [stderr]     |              -----------------------------------------------
[INFO] [stderr]     |
[INFO] [stderr]     = note: `cargo::redundant_homepage` is set to `warn` by default
[INFO] [stderr] help: consider removing `package.homepage`
[INFO] [stderr] warning: `xchecker` (manifest) generated 1 warning
[INFO] [stderr]    Compiling libc v0.2.180
[INFO] [stderr]    Compiling proc-macro2 v1.0.106
[INFO] [stderr]    Compiling find-msvc-tools v0.1.8
[INFO] [stderr]    Compiling memchr v2.7.6
[INFO] [stderr]    Compiling rustix v1.1.3
[INFO] [stderr]    Compiling zmij v1.0.17
[INFO] [stderr]    Compiling ryu v1.0.22
[INFO] [stderr]    Compiling convert_case v0.10.0
[INFO] [stderr]    Compiling nix v0.31.1
[INFO] [stderr]    Compiling camino v1.2.2
[INFO] [stderr]    Compiling quote v1.0.44
[INFO] [stderr]    Compiling aho-corasick v1.1.4
[INFO] [stderr]    Compiling serde_json v1.0.149
[INFO] [stderr]    Compiling syn v2.0.114
[INFO] [stderr]    Compiling indexmap v2.13.0
[INFO] [stderr]    Compiling jobserver v0.1.34
[INFO] [stderr]    Compiling ryu-js v1.0.2
[INFO] [stderr]    Compiling cc v1.2.54
[INFO] [stderr]    Compiling unicode-normalization v0.1.25
[INFO] [stderr]    Compiling errno v0.3.14
[INFO] [stderr]    Compiling signal-hook-registry v1.4.8
[INFO] [stderr]    Compiling parking_lot_core v0.9.12
[INFO] [stderr]    Compiling mio v1.1.1
[INFO] [stderr]    Compiling parking_lot v0.12.5
[INFO] [stderr]    Compiling socket2 v0.6.2
[INFO] [stderr]    Compiling regex-automata v0.4.13
[INFO] [stderr]    Compiling signal-hook v0.3.18
[INFO] [stderr]    Compiling blake3 v1.8.3
[INFO] [stderr]    Compiling signal-hook-mio v0.2.5
[INFO] [stderr]    Compiling fd-lock v4.0.4
[INFO] [stderr]    Compiling getrandom v0.3.4
[INFO] [stderr]    Compiling tempfile v3.24.0
[INFO] [stderr]    Compiling sysinfo v0.38.0
[INFO] [stderr]    Compiling cmake v0.1.57
[INFO] [stderr]    Compiling synstructure v0.13.2
[INFO] [stderr]    Compiling toml_parser v1.0.6+spec-1.1.0
[INFO] [stderr]    Compiling aws-lc-sys v0.37.0
[INFO] [stderr]    Compiling bstr v1.12.1
[INFO] [stderr]    Compiling serde_spanned v1.0.4
[INFO] [stderr]    Compiling toml_datetime v0.7.5+spec-1.1.0
[INFO] [stderr]    Compiling toml_writer v1.0.6+spec-1.1.0
[INFO] [stderr]    Compiling aws-lc-rs v1.15.4
[INFO] [stderr]    Compiling toml v0.9.11+spec-1.1.0
[INFO] [stderr]    Compiling rustls-pki-types v1.14.0
[INFO] [stderr]    Compiling http v1.4.0
[INFO] [stderr]    Compiling thiserror-impl v2.0.18
[INFO] [stderr]    Compiling tokio-macros v2.6.0
[INFO] [stderr]    Compiling serde_derive v1.0.228
[INFO] [stderr]    Compiling thiserror v2.0.18
[INFO] [stderr]    Compiling tracing-attributes v0.1.31
[INFO] [stderr]    Compiling tokio v1.49.0
[INFO] [stderr]    Compiling derive_more-impl v2.1.1
[INFO] [stderr]    Compiling tracing v0.1.44
[INFO] [stderr]    Compiling regex v1.12.2
[INFO] [stderr]    Compiling derive_more v2.1.1
[INFO] [stderr]    Compiling crossterm v0.29.0
[INFO] [stderr]    Compiling serde v1.0.228
[INFO] [stderr]    Compiling matchers v0.2.0
[INFO] [stderr]    Compiling xchecker-redaction v1.2.0
[INFO] [stderr]    Compiling chrono v0.4.43
[INFO] [stderr]    Compiling tracing-serde v0.2.0
[INFO] [stderr]    Compiling serde_json_canonicalizer v0.3.1
[INFO] [stderr]    Compiling tracing-subscriber v0.3.22
[INFO] [stderr]    Compiling serde_yaml_ng v0.10.0
[INFO] [stderr]    Compiling xchecker-runner v1.2.0
[INFO] [stderr]    Compiling xchecker-lock v1.2.0
[INFO] [stderr]    Compiling xchecker-utils v1.2.0
[INFO] [stderr]    Compiling zerofrom-derive v0.1.6
[INFO] [stderr]    Compiling yoke-derive v0.8.1
[INFO] [stderr]    Compiling zerovec-derive v0.11.2
[INFO] [stderr]    Compiling displaydoc v0.2.5
[INFO] [stderr]    Compiling zerofrom v0.1.6
[INFO] [stderr]    Compiling yoke v0.8.1
[INFO] [stderr]    Compiling globset v0.4.18
[INFO] [stderr]    Compiling zerotrie v0.2.3
[INFO] [stderr]    Compiling zerovec v0.11.5
[INFO] [stderr]    Compiling xchecker-prompt-template v1.2.0
[INFO] [stderr]    Compiling xchecker-selectors v1.2.0
[INFO] [stderr]    Compiling tinystr v0.8.2
[INFO] [stderr]    Compiling potential_utf v0.1.4
[INFO] [stderr]    Compiling xchecker-config v1.2.0
[INFO] [stderr]    Compiling icu_locale_core v2.1.1
[INFO] [stderr]    Compiling icu_provider v2.1.1
[INFO] [stderr]    Compiling icu_collections v2.1.1
[INFO] [stderr]    Compiling http-body v1.0.1
[INFO] [stderr]    Compiling rustls v0.23.36
[INFO] [stderr]    Compiling futures-task v0.3.31
[INFO] [stderr]    Compiling darling_core v0.23.0
[INFO] [stderr]    Compiling futures-util v0.3.31
[INFO] [stderr]    Compiling itertools v0.14.0
[INFO] [stderr]    Compiling icu_properties v2.1.2
[INFO] [stderr]    Compiling icu_normalizer v2.1.1
[INFO] [stderr]    Compiling strum_macros v0.27.2
[INFO] [stderr]    Compiling futures-channel v0.3.31
[INFO] [stderr]    Compiling instability v0.3.11
[INFO] [stderr]    Compiling unicode-truncate v2.0.1
[INFO] [stderr]    Compiling hyper v1.8.1
[INFO] [stderr]    Compiling compact_str v0.9.0
[INFO] [stderr]    Compiling idna_adapter v1.2.1
[INFO] [stderr]    Compiling xchecker-receipt v1.2.0
[INFO] [stderr]    Compiling darling_macro v0.23.0
[INFO] [stderr]    Compiling darling v0.23.0
[INFO] [stderr]    Compiling kasuari v0.4.11
[INFO] [stderr]    Compiling sync_wrapper v1.0.2
[INFO] [stderr]    Compiling lru v0.16.3
[INFO] [stderr]    Compiling anstream v0.6.21
[INFO] [stderr]    Compiling strum v0.27.2
[INFO] [stderr]    Compiling ratatui-core v0.1.0
[INFO] [stderr]    Compiling idna v1.1.0
[INFO] [stderr]    Compiling hyper-util v0.1.19
[INFO] [stderr]    Compiling rustls-native-certs v0.8.3
[INFO] [stderr]    Compiling tower v0.5.3
[INFO] [stderr]    Compiling deranged v0.5.5
[INFO] [stderr]    Compiling xchecker-packet v1.2.0
[INFO] [stderr]    Compiling num-conv v0.2.0
[INFO] [stderr]    Compiling env_home v0.1.0
[INFO] [stderr]    Compiling iri-string v0.7.10
[INFO] [stderr]    Compiling dirs-sys v0.4.1
[INFO] [stderr]    Compiling clap_builder v4.5.55
[INFO] [stderr]    Compiling time v0.3.46
[INFO] [stderr]    Compiling which v8.0.0
[INFO] [stderr]    Compiling url v2.5.8
[INFO] [stderr]    Compiling xchecker-status v1.2.0
[INFO] [stderr]    Compiling tower-http v0.6.8
[INFO] [stderr]    Compiling http-body-util v0.1.3
[INFO] [stderr]    Compiling clap_derive v4.5.55
[INFO] [stderr]    Compiling line-clipping v0.3.5
[INFO] [stderr]    Compiling ratatui-widgets v0.3.0
[INFO] [stderr]    Compiling xchecker-phase-api v1.2.0
[INFO] [stderr]    Compiling dirs v5.0.1
[INFO] [stderr]    Compiling xchecker-error-redaction v1.2.0
[INFO] [stderr]    Compiling xchecker-validation v1.2.0
[INFO] [stderr]    Compiling xchecker-extraction v1.2.0
[INFO] [stderr]    Compiling async-trait v0.1.89
[INFO] [stderr]    Compiling xchecker-fixup-model v1.2.0
[INFO] [stderr]    Compiling xchecker-phases v1.2.0
[INFO] [stderr]    Compiling ratatui-macros v0.7.0
[INFO] [stderr]    Compiling xchecker-gate v1.2.0
[INFO] [stderr]    Compiling clap v4.5.55
[INFO] [stderr]    Compiling xchecker-doctor v1.2.0
[INFO] [stderr]    Compiling xchecker-benchmark v1.2.0
[INFO] [stderr]    Compiling ratatui-crossterm v0.1.0
[INFO] [stderr]    Compiling xchecker-hooks v1.2.0
[INFO] [stderr]    Compiling xchecker-workspace v1.2.0
[INFO] [stderr]    Compiling xchecker-templates v1.2.0
[INFO] [stderr]    Compiling ratatui v0.30.0
[INFO] [stderr]    Compiling xchecker v1.2.0 (/opt/rustwide/workdir)
[INFO] [stderr]    Compiling xchecker-error-reporter v1.2.0
[INFO] [stderr]    Compiling rustls-webpki v0.103.9
[INFO] [stderr]    Compiling tokio-rustls v0.26.4
[INFO] [stderr]    Compiling rustls-platform-verifier v0.6.2
[INFO] [stderr]    Compiling hyper-rustls v0.27.7
[INFO] [stderr]    Compiling reqwest v0.13.1
[INFO] [stderr]    Compiling xchecker-llm v1.2.0
[INFO] [stderr]    Compiling xchecker-engine v1.2.0
[INFO] [stderr]    Compiling xchecker-tui v1.2.0
[INFO] [stderr]     Finished `release` profile [optimized] target(s) in 1m 03s
[INFO] [stderr] warning: the following packages contain code that will be rejected by a future version of Rust: nix v0.31.1
[INFO] [stderr] note: to see what the problems were, use the option `--future-incompat-report`, or run `cargo report future-incompatibilities --id 9`
[INFO] running `Command { std: "docker" "inspect" "4c9fae8d71866806807681da3a0c179421b1d0190e28043d372c6618be21085a", kill_on_drop: false }`
[INFO] running `Command { std: "docker" "exec" "-e" "SOURCE_DIR=/opt/rustwide/workdir" "-e" "CARGO_HOME=/opt/rustwide/cargo-home" "-e" "RUSTUP_HOME=/opt/rustwide/rustup-home" "-e" "CARGO_TARGET_DIR=/opt/rustwide/target" "-e" "CARGO_INCREMENTAL=0" "-e" "RUST_BACKTRACE=full" "-e" "RUSTFLAGS=--cap-lints=warn" "-e" "RUSTDOCFLAGS=--cap-lints=warn" "-w" "/opt/rustwide/workdir" "--user" "0:0" "4c9fae8d71866806807681da3a0c179421b1d0190e28043d372c6618be21085a" "/opt/rustwide/cargo-home/bin/cargo" "+1.100.0-beta.1" "test" "--frozen" "--no-run" "--message-format=json" "--release", kill_on_drop: false }`
[INFO] [stderr] warning: `package.homepage` is redundant with `package.repository`
[INFO] [stderr]    --> Cargo.toml:201:12
[INFO] [stderr]     |
[INFO] [stderr] 201 | homepage = "https://github.com/EffortlessMetrics/xchecker"
[INFO] [stderr]     |            ^^^^^^^^^^^^^^^^^^^^^^^^^^^^^^^^^^^^^^^^^^^^^^^
[INFO] [stderr] ...
[INFO] [stderr] 207 | repository = "https://github.com/EffortlessMetrics/xchecker"
[INFO] [stderr]     |              -----------------------------------------------
[INFO] [stderr]     |
[INFO] [stderr]     = note: `cargo::redundant_homepage` is set to `warn` by default
[INFO] [stderr] help: consider removing `package.homepage`
[INFO] [stderr] warning: `xchecker` (manifest) generated 1 warning
[INFO] [stderr]    Compiling serde v1.0.228
[INFO] [stderr]    Compiling regex-automata v0.4.13
[INFO] [stderr]    Compiling getrandom v0.3.4
[INFO] [stderr]    Compiling strum v0.27.2
[INFO] [stderr]    Compiling futures-util v0.3.31
[INFO] [stderr]    Compiling tokio-util v0.7.18
[INFO] [stderr]    Compiling idna v1.1.0
[INFO] [stderr]    Compiling zerocopy v0.8.35
[INFO] [stderr]    Compiling ratatui-core v0.1.0
[INFO] [stderr]    Compiling tempfile v3.24.0
[INFO] [stderr]    Compiling chrono v0.4.43
[INFO] [stderr]    Compiling tracing-serde v0.2.0
[INFO] [stderr]    Compiling serde_yaml_ng v0.10.0
[INFO] [stderr]    Compiling serde_json_canonicalizer v0.3.1
[INFO] [stderr]    Compiling xchecker-lock v1.2.0
[INFO] [stderr]    Compiling xchecker-runner v1.2.0
[INFO] [stderr]    Compiling h2 v0.4.13
[INFO] [stderr]    Compiling regex v1.12.2
[INFO] [stderr]    Compiling matchers v0.2.0
[INFO] [stderr]    Compiling bstr v1.12.1
[INFO] [stderr]    Compiling tracing-subscriber v0.3.22
[INFO] [stderr]    Compiling xchecker-redaction v1.2.0
[INFO] [stderr]    Compiling globset v0.4.18
[INFO] [stderr]    Compiling tower v0.5.3
[INFO] [stderr]    Compiling url v2.5.8
[INFO] [stderr]    Compiling hyper v1.8.1
[INFO] [stderr]    Compiling xchecker-utils v1.2.0
[INFO] [stderr]    Compiling hyper-util v0.1.19
[INFO] [stderr]    Compiling tower-http v0.6.8
[INFO] [stderr]    Compiling xchecker-selectors v1.2.0
[INFO] [stderr]    Compiling xchecker-prompt-template v1.2.0
[INFO] [stderr]    Compiling xchecker-config v1.2.0
[INFO] [stderr]    Compiling xchecker-receipt v1.2.0
[INFO] [stderr]    Compiling xchecker-packet v1.2.0
[INFO] [stderr]    Compiling hyper-rustls v0.27.7
[INFO] [stderr]    Compiling xchecker-status v1.2.0
[INFO] [stderr]    Compiling reqwest v0.13.1
[INFO] [stderr]    Compiling num-integer v0.1.46
[INFO] [stderr]    Compiling ratatui-widgets v0.3.0
[INFO] [stderr]    Compiling xchecker-phase-api v1.2.0
[INFO] [stderr]    Compiling xchecker-error-redaction v1.2.0
[INFO] [stderr]    Compiling xchecker-validation v1.2.0
[INFO] [stderr]    Compiling xchecker-extraction v1.2.0
[INFO] [stderr]    Compiling ref-cast v1.0.25
[INFO] [stderr]    Compiling xchecker-phases v1.2.0
[INFO] [stderr]    Compiling ahash v0.8.12
[INFO] [stderr]    Compiling xchecker-llm v1.2.0
[INFO] [stderr]    Compiling xchecker-gate v1.2.0
[INFO] [stderr]    Compiling xchecker-doctor v1.2.0
[INFO] [stderr]    Compiling ratatui-macros v0.7.0
[INFO] [stderr]    Compiling num-bigint v0.4.6
[INFO] [stderr]    Compiling xchecker-benchmark v1.2.0
[INFO] [stderr]    Compiling xchecker-hooks v1.2.0
[INFO] [stderr]    Compiling xchecker-templates v1.2.0
[INFO] [stderr]    Compiling xchecker-workspace v1.2.0
[INFO] [stderr]    Compiling ratatui-crossterm v0.1.0
[INFO] [stderr]    Compiling rand_core v0.9.5
[INFO] [stderr]    Compiling ref-cast-impl v1.0.25
[INFO] [stderr]    Compiling xchecker-engine v1.2.0
[INFO] [stderr]    Compiling ratatui v0.30.0
[INFO] [stderr]    Compiling num-rational v0.4.2
[INFO] [stderr]    Compiling num-iter v0.1.45
[INFO] [stderr]    Compiling num-complex v0.4.6
[INFO] [stderr]    Compiling wait-timeout v0.2.1
[INFO] [stderr]    Compiling borrow-or-share v0.2.4
[INFO] [stderr]    Compiling predicates-core v1.0.9
[INFO] [stderr]    Compiling unicode-general-category v1.1.0
[INFO] [stderr]    Compiling xchecker v1.2.0 (/opt/rustwide/workdir)
[INFO] [stderr]    Compiling fluent-uri v0.4.1
[INFO] [stderr]    Compiling num v0.4.3
[INFO] [stderr]    Compiling xchecker-tui v1.2.0
[INFO] [stderr]    Compiling xchecker-error-reporter v1.2.0
[INFO] [stderr]    Compiling ppv-lite86 v0.2.21
[INFO] [stderr]    Compiling float-cmp v0.10.0
[INFO] [stderr]    Compiling outref v0.5.2
[INFO] [stderr]    Compiling sdd v3.0.10
[INFO] [stderr]    Compiling pulldown-cmark v0.13.0
[INFO] [stderr]    Compiling difflib v0.4.0
[INFO] [stderr]    Compiling assert_cmd v2.1.2
[INFO] [stderr]    Compiling normalize-line-endings v0.3.0
[INFO] [stderr]    Compiling termtree v0.5.1
[INFO] [stderr]    Compiling vsimd v0.8.0
[INFO] [stderr]    Compiling predicates-tree v1.0.12
[INFO] [stderr]    Compiling predicates v3.1.3
[INFO] [stderr]    Compiling scc v2.4.0
[INFO] [stderr]    Compiling rusty-fork v0.3.1
[INFO] [stderr]    Compiling uuid-simd v0.8.0
[INFO] [stderr]    Compiling rand_chacha v0.9.0
[INFO] [stderr]    Compiling referencing v0.40.0
[INFO] [stderr]    Compiling fraction v0.15.3
[INFO] [stderr]    Compiling fancy-regex v0.17.0
[INFO] [stderr]    Compiling rand_xorshift v0.4.0
[INFO] [stderr]    Compiling rand v0.9.2
[INFO] [stderr]    Compiling futures-executor v0.3.31
[INFO] [stderr]    Compiling email_address v0.2.9
[INFO] [stderr]    Compiling serial_test_derive v3.3.1
[INFO] [stderr]    Compiling pulldown-cmark-escape v0.11.0
[INFO] [stderr]    Compiling data-encoding v2.10.0
[INFO] [stderr]    Compiling num-cmp v0.1.0
[INFO] [stderr]    Compiling bytecount v0.6.9
[INFO] [stderr]    Compiling serial_test v3.3.1
[INFO] [stderr]    Compiling jsonschema v0.40.0
[INFO] [stderr]    Compiling proptest v1.9.0
[INFO] [stderr]     Finished `release` profile [optimized] target(s) in 1m 07s
[INFO] [stderr] warning: the following packages contain code that will be rejected by a future version of Rust: nix v0.31.1
[INFO] [stderr] note: to see what the problems were, use the option `--future-incompat-report`, or run `cargo report future-incompatibilities --id 9`
[INFO] running `Command { std: "docker" "inspect" "4c9fae8d71866806807681da3a0c179421b1d0190e28043d372c6618be21085a", kill_on_drop: false }`
[INFO] running `Command { std: "docker" "exec" "-e" "SOURCE_DIR=/opt/rustwide/workdir" "-e" "CARGO_HOME=/opt/rustwide/cargo-home" "-e" "RUSTUP_HOME=/opt/rustwide/rustup-home" "-e" "CARGO_TARGET_DIR=/opt/rustwide/target" "-e" "CARGO_INCREMENTAL=0" "-e" "RUST_BACKTRACE=full" "-e" "RUSTFLAGS=--cap-lints=warn" "-e" "RUSTDOCFLAGS=--cap-lints=warn" "-w" "/opt/rustwide/workdir" "--user" "0:0" "4c9fae8d71866806807681da3a0c179421b1d0190e28043d372c6618be21085a" "/opt/rustwide/cargo-home/bin/cargo" "+1.100.0-beta.1" "test" "--frozen" "--release", kill_on_drop: false }`
[INFO] [stderr] warning: `package.homepage` is redundant with `package.repository`
[INFO] [stderr]    --> Cargo.toml:201:12
[INFO] [stderr]     |
[INFO] [stderr] 201 | homepage = "https://github.com/EffortlessMetrics/xchecker"
[INFO] [stderr]     |            ^^^^^^^^^^^^^^^^^^^^^^^^^^^^^^^^^^^^^^^^^^^^^^^
[INFO] [stderr] ...
[INFO] [stderr] 207 | repository = "https://github.com/EffortlessMetrics/xchecker"
[INFO] [stderr]     |              -----------------------------------------------
[INFO] [stderr]     |
[INFO] [stderr]     = note: `cargo::redundant_homepage` is set to `warn` by default
[INFO] [stderr] help: consider removing `package.homepage`
[INFO] [stderr] warning: `xchecker` (manifest) generated 1 warning
[INFO] [stderr]    Compiling xchecker v1.2.0 (/opt/rustwide/workdir)
[INFO] [stderr]     Finished `release` profile [optimized] target(s) in 36.71s
[INFO] [stderr] warning: the following packages contain code that will be rejected by a future version of Rust: nix v0.31.1
[INFO] [stderr] note: to see what the problems were, use the option `--future-incompat-report`, or run `cargo report future-incompatibilities --id 9`
[INFO] [stderr]      Running unittests src/lib.rs (/opt/rustwide/target/release/build/xchecker/df12f57f28095b12/out/xchecker-df12f57f28095b12)
[INFO] [stdout] 
[INFO] [stdout] running 46 tests
[INFO] [stdout] test cli::tests::test_benchmark_thresholds_applied ... ok
[INFO] [stdout] test cli::tests::test_create_default_config ... ok
[INFO] [stdout] test cli::tests::test_create_default_config_no_verbose ... ok
[INFO] [stdout] test cli::tests::test_derive_spec_status_not_started ... ok
[INFO] [stdout] test cli::tests::test_benchmark_default_values ... ok
[INFO] [stdout] test cli::tests::test_benchmark_cli_parsing ... ok
[INFO] [stdout] test cli::tests::test_history_command_json_no_spec ... ok
[INFO] [stdout] test cli::tests::test_history_command_no_spec ... ok
[INFO] [stdout] test cli::tests::test_history_json_canonical_format ... ok
[INFO] [stdout] test cli::tests::test_history_json_output_has_required_fields ... ok
[INFO] [stdout] test cli::tests::test_history_json_output_schema_version ... ok
[INFO] [stdout] test cli::tests::test_history_metrics_aggregation ... ok
[INFO] [stdout] test cli::tests::test_history_timeline_entry_structure ... ok
[INFO] [stdout] test cli::tests::test_resume_json_all_phases_valid ... ok
[INFO] [stdout] test cli::tests::test_resume_json_canonical_format ... ok
[INFO] [stdout] test cli::tests::test_resume_json_excludes_raw_artifacts ... ok
[INFO] [stdout] test cli::tests::test_resume_json_output_has_required_fields ... ok
[INFO] [stdout] test cli::tests::test_resume_json_output_schema_version ... ok
[INFO] [stdout] test cli::tests::test_resume_json_spec_not_exists ... ok
[INFO] [stdout] test cli::tests::test_derive_spec_status_with_failed_receipt ... ok
[INFO] [stdout] test cli::tests::test_derive_spec_status_with_receipt ... ok
[INFO] [stdout] test cli::tests::test_spec_json_canonical_format ... ok
[INFO] [stdout] test cli::tests::test_spec_json_all_phases_present ... ok
[INFO] [stdout] test cli::tests::test_spec_json_output_excludes_packet_contents ... ok
[INFO] [stdout] test cli::tests::test_spec_json_output_schema_version ... ok
[INFO] [stdout] test cli::tests::test_resume_json_command_no_spec ... ok
[INFO] [stdout] test cli::tests::test_benchmark_command_with_threshold_overrides ... ok
[INFO] [stdout] test cli::tests::test_benchmark_command_basic ... ok
[INFO] [stdout] test cli::tests::test_status_json_all_phases_present ... ok
[INFO] [stdout] test cli::tests::test_status_json_canonical_format ... ok
[INFO] [stdout] test cli::tests::test_status_json_excludes_raw_packet_contents ... ok
[INFO] [stdout] test cli::tests::test_status_json_output_has_required_fields ... ok
[INFO] [stdout] test cli::tests::test_benchmark_command_json_output ... ok
[INFO] [stdout] test cli::tests::test_status_json_output_schema_version ... ok
[INFO] [stdout] test cli::tests::test_workspace_history_cli_parsing ... ok
[INFO] [stdout] test cli::tests::test_workspace_status_json_canonical_format ... ok
[INFO] [stdout] test cli::tests::test_workspace_status_json_output_has_required_fields ... ok
[INFO] [stdout] test cli::tests::test_workspace_status_cli_parsing ... ok
[INFO] [stdout] test cli::tests::test_workspace_status_json_output_schema_version ... ok
[INFO] [stdout] test cli::tests::test_workspace_status_json_spec_statuses ... ok
[INFO] [stdout] test cli::tests::test_spec_command_execution ... ok
[INFO] [stdout] test cli::tests::test_spec_json_command_no_spec ... ok
[INFO] [stdout] test cli::tests::test_status_command_no_spec ... ok
[INFO] [stdout] test cli::tests::test_status_command_with_spec ... ok
[INFO] [stdout] test cli::tests::test_status_json_command_no_spec ... ok
[INFO] [stdout] test cli::tests::test_derive_spec_status_uses_latest_receipt ... ok
[INFO] [stdout] 
[INFO] [stdout] test result: ok. 46 passed; 0 failed; 0 ignored; 0 measured; 0 filtered out; finished in 1.12s
[INFO] [stdout] 
[INFO] [stderr]      Running unittests src/main.rs (/opt/rustwide/target/release/build/xchecker/de47aadda3e48ab8/out/xchecker-de47aadda3e48ab8)
[INFO] [stdout] 
[INFO] [stdout] running 0 tests
[INFO] [stdout] 
[INFO] [stdout] test result: ok. 0 passed; 0 failed; 0 ignored; 0 measured; 0 filtered out; finished in 0.00s
[INFO] [stdout] 
[INFO] [stderr]      Running tests/command_injection_tests.rs (/opt/rustwide/target/release/build/xchecker/a0456a7e17e2c79a/out/command_injection_tests-a0456a7e17e2c79a)
[INFO] [stdout] 
[INFO] [stdout] running 10 tests
[INFO] [stdout] test test_command_spec_argv_style_execution ... ok
[INFO] [stdout] test test_command_spec_env_vars ... ok
[INFO] [stdout] test test_wsl_runner_command_construction ... ok
[INFO] [stdout] test test_wsl_runner_rejects_null_bytes ... ok
[INFO] [stdout] test test_native_runner_secure_execution ... ok
[INFO] [stdout] test test_commandspec_builder_api ... ok
[INFO] [stdout] test test_tokio_command_argv_style ... ok
[INFO] [stdout] test test_argument_splitting_prevention ... ok
[INFO] [stdout] test test_argument_with_spaces ... ok
[INFO] [stdout] test test_argument_with_shell_metacharacters ... ok
[INFO] [stdout] 
[INFO] [stdout] test result: ok. 10 passed; 0 failed; 0 ignored; 0 measured; 0 filtered out; finished in 0.11s
[INFO] [stdout] 
[INFO] [stderr]      Running tests/comprehensive_test_suite.rs (/opt/rustwide/target/release/build/xchecker/4cff81a39ab813d1/out/comprehensive_test_suite-4cff81a39ab813d1)
[INFO] [stdout] 
[INFO] [stdout] running 9 tests
[INFO] [stdout] test integration_full_workflows::test_artifact_content_validation ... ignored, requires_claude_stub
[INFO] [stdout] test integration_full_workflows::test_complete_spec_generation_flow ... ignored, requires_claude_stub
[INFO] [stdout] test integration_full_workflows::test_determinism_with_identical_inputs ... ignored, requires_claude_stub
[INFO] [stdout] test integration_full_workflows::test_error_propagation_and_recovery ... ignored, requires_claude_stub
[INFO] [stdout] test integration_full_workflows::test_multi_phase_workflow_with_dependencies ... ignored, requires_claude_stub
[INFO] [stdout] test integration_full_workflows::test_resume_scenarios_and_failure_recovery ... ignored, requires_claude_stub
[INFO] [stdout] test run_comprehensive_tests ... ignored, requires_claude_stub
[INFO] [stdout] test performance_regression_test ... ok
[INFO] [stdout] test smoke_test ... ok
[INFO] [stdout] 
[INFO] [stdout] test result: ok. 2 passed; 0 failed; 7 ignored; 0 measured; 0 filtered out; finished in 0.02s
[INFO] [stdout] 
[INFO] [stderr]      Running tests/debug_canonicalization.rs (/opt/rustwide/target/release/build/xchecker/28b04bd8cc50d6a0/out/debug_canonicalization-28b04bd8cc50d6a0)
[INFO] [stdout] 
[INFO] [stdout] running 1 test
[INFO] [stdout] test debug_yaml_canonicalization ... ok
[INFO] [stdout] 
[INFO] [stdout] test result: ok. 1 passed; 0 failed; 0 ignored; 0 measured; 0 filtered out; finished in 0.00s
[INFO] [stdout] 
[INFO] [stderr]      Running tests/golden_pipeline_tests.rs (/opt/rustwide/target/release/build/xchecker/947165aaa0ff593d/out/golden_pipeline_tests-947165aaa0ff593d)
[INFO] [stdout] 
[INFO] [stdout] running 0 tests
[INFO] [stdout] 
[INFO] [stdout] test result: ok. 0 passed; 0 failed; 0 ignored; 0 measured; 0 filtered out; finished in 0.00s
[INFO] [stdout] 
[INFO] [stderr]      Running tests/integration_full_workflows.rs (/opt/rustwide/target/release/build/xchecker/9ef3fb58d2e6028e/out/integration_full_workflows-9ef3fb58d2e6028e)
[INFO] [stdout] 
[INFO] [stdout] running 6 tests
[INFO] [stdout] test test_artifact_content_validation ... ignored, requires_claude_stub
[INFO] [stdout] test test_complete_spec_generation_flow ... ignored, requires_claude_stub
[INFO] [stdout] test test_determinism_with_identical_inputs ... ignored, requires_claude_stub
[INFO] [stdout] test test_error_propagation_and_recovery ... ignored, requires_claude_stub
[INFO] [stdout] test test_multi_phase_workflow_with_dependencies ... ignored, requires_claude_stub
[INFO] [stdout] test test_resume_scenarios_and_failure_recovery ... ignored, requires_claude_stub
[INFO] [stdout] 
[INFO] [stdout] test result: ok. 0 passed; 0 failed; 6 ignored; 0 measured; 0 filtered out; finished in 0.00s
[INFO] [stdout] 
[INFO] [stderr]      Running tests/integration_m1_gate.rs (/opt/rustwide/target/release/build/xchecker/54e935a93ac6bb15/out/integration_m1_gate-54e935a93ac6bb15)
[INFO] [stdout] 
[INFO] [stdout] running 0 tests
[INFO] [stdout] 
[INFO] [stdout] test result: ok. 0 passed; 0 failed; 0 ignored; 0 measured; 0 filtered out; finished in 0.00s
[INFO] [stdout] 
[INFO] [stderr]      Running tests/m1_gate_final_validation.rs (/opt/rustwide/target/release/build/xchecker/6726ea83c67fc7a8/out/m1_gate_final_validation-6726ea83c67fc7a8)
[INFO] [stdout] 
[INFO] [stdout] running 0 tests
[INFO] [stdout] 
[INFO] [stdout] test result: ok. 0 passed; 0 failed; 0 ignored; 0 measured; 0 filtered out; finished in 0.00s
[INFO] [stdout] 
[INFO] [stderr]      Running tests/m1_gate_simple.rs (/opt/rustwide/target/release/build/xchecker/6910d61e93a7595e/out/m1_gate_simple-6910d61e93a7595e)
[INFO] [stdout] 
[INFO] [stdout] running 0 tests
[INFO] [stdout] 
[INFO] [stdout] test result: ok. 0 passed; 0 failed; 0 ignored; 0 measured; 0 filtered out; finished in 0.00s
[INFO] [stdout] 
[INFO] [stderr]      Running tests/m1_gate_simple_validation.rs (/opt/rustwide/target/release/build/xchecker/654d238f37966d26/out/m1_gate_simple_validation-654d238f37966d26)
[INFO] [stdout] 
[INFO] [stdout] running 0 tests
[INFO] [stdout] 
[INFO] [stdout] test result: ok. 0 passed; 0 failed; 0 ignored; 0 measured; 0 filtered out; finished in 0.00s
[INFO] [stdout] 
[INFO] [stderr]      Running tests/m1_gate_unit_tests.rs (/opt/rustwide/target/release/build/xchecker/a35373cf775254a1/out/m1_gate_unit_tests-a35373cf775254a1)
[INFO] [stdout] 
[INFO] [stdout] running 0 tests
[INFO] [stdout] 
[INFO] [stdout] test result: ok. 0 passed; 0 failed; 0 ignored; 0 measured; 0 filtered out; finished in 0.00s
[INFO] [stdout] 
[INFO] [stderr]      Running tests/m1_gate_validation.rs (/opt/rustwide/target/release/build/xchecker/d7fa72c1eb625a2e/out/m1_gate_validation-d7fa72c1eb625a2e)
[INFO] [stdout] 
[INFO] [stdout] running 0 tests
[INFO] [stdout] 
[INFO] [stdout] test result: ok. 0 passed; 0 failed; 0 ignored; 0 measured; 0 filtered out; finished in 0.00s
[INFO] [stdout] 
[INFO] [stderr]      Running tests/m2_gate_canonicalization.rs (/opt/rustwide/target/release/build/xchecker/e4f1c05678e53f05/out/m2_gate_canonicalization-e4f1c05678e53f05)
[INFO] [stdout] 
[INFO] [stdout] running 9 tests
[INFO] [stdout] test test_canonicalization_metadata ... ok
[INFO] [stdout] test test_fixture_creation ... ok
[INFO] [stdout] test test_markdown_canonicalization_determinism ... ok
[INFO] [stdout] test test_malformed_input_handling ... ok
[INFO] [stdout] test test_complex_yaml_reordering ... ok
[INFO] [stdout] test test_structure_determinism ... ok
[INFO] [stdout] test test_hash_consistency ... ok
[INFO] [stdout] test test_yaml_canonicalization_determinism ... ok
[INFO] [stdout] test test_m2_gate_canonicalization_comprehensive ... ok
[INFO] [stdout] 
[INFO] [stdout] test result: ok. 9 passed; 0 failed; 0 ignored; 0 measured; 0 filtered out; finished in 0.00s
[INFO] [stdout] 
[INFO] [stderr]      Running tests/m3_gate_contracts_validation.rs (/opt/rustwide/target/release/build/xchecker/3076561e82dc533c/out/m3_gate_contracts_validation-3076561e82dc533c)
[INFO] [stdout] 
[INFO] [stdout] running 7 tests
[INFO] [stdout] test test_status_jcs_emission ... ok
[INFO] [stdout] test test_schemas_exist_with_strict_constraints ... ok
[INFO] [stdout] test test_examples_pass_schema_validation ... ok
[INFO] [stdout] test test_arrays_sorted_before_emission ... ok
[INFO] [stdout] test test_different_insertion_orders_produce_identical_json ... ok
[INFO] [stdout] test test_receipt_jcs_emission ... ok
[INFO] [stdout] test test_m3_gate_contracts_comprehensive ... ok
[INFO] [stdout] 
[INFO] [stdout] test result: ok. 7 passed; 0 failed; 0 ignored; 0 measured; 0 filtered out; finished in 0.01s
[INFO] [stdout] 
[INFO] [stderr]      Running tests/m3_gate_simple.rs (/opt/rustwide/target/release/build/xchecker/ed6992c3c9c8368d/out/m3_gate_simple-ed6992c3c9c8368d)
[INFO] [stdout] 
[INFO] [stdout] running 4 tests
[INFO] [stdout] test test_canonicalization_metadata ... ok
[INFO] [stdout] test test_hash_consistency ... ok
[INFO] [stdout] test test_core_yaml_canonicalization_determinism ... ok
[INFO] [stdout] test test_m3_gate_canonicalization_comprehensive ... ok
[INFO] [stdout] 
[INFO] [stdout] test result: ok. 4 passed; 0 failed; 0 ignored; 0 measured; 0 filtered out; finished in 0.00s
[INFO] [stdout] 
[INFO] [stderr]      Running tests/m3_gate_validation.rs (/opt/rustwide/target/release/build/xchecker/6b6c05bf479418a5/out/m3_gate_validation-6b6c05bf479418a5)
[INFO] [stdout] 
[INFO] [stdout] running 7 tests
[INFO] [stdout] test test_canonicalization_metadata_in_receipts ... ignored, requires_claude_stub
[INFO] [stdout] test test_complete_multi_phase_flow ... ignored, requires_claude_stub
[INFO] [stdout] test test_generated_core_yaml_canonicalization ... ignored, requires_claude_stub
[INFO] [stdout] test test_m3_gate_comprehensive_validation ... ignored, requires_claude_stub
[INFO] [stdout] test test_resume_dependency_validation ... ignored, requires_claude_stub
[INFO] [stdout] test test_resume_functionality_from_intermediate_phases ... ignored, requires_claude_stub
[INFO] [stdout] test test_core_yaml_canonicalization_determinism ... ok
[INFO] [stdout] 
[INFO] [stdout] test result: ok. 1 passed; 0 failed; 6 ignored; 0 measured; 0 filtered out; finished in 0.00s
[INFO] [stdout] 
[INFO] [stderr]      Running tests/m4_gate_simple.rs (/opt/rustwide/target/release/build/xchecker/172af0d7b4bc32c5/out/m4_gate_simple-172af0d7b4bc32c5)
[INFO] [stdout] 
[INFO] [stdout] running 6 tests
[INFO] [stdout] test test_fixup_parser_handles_various_diff_formats ... ok
[INFO] [stdout] test test_fixup_parser_error_handling ... ok
[INFO] [stdout] test test_review_detects_needs_fixups_marker ... ok
[INFO] [stdout] test test_review_detects_fixup_plan_with_unified_diffs ... ok
[INFO] [stdout] test test_case_insensitive_marker_detection ... ok
[INFO] [stdout] test test_m4_gate_simple_validation ... ok
[INFO] [stdout] 
[INFO] [stdout] test result: ok. 6 passed; 0 failed; 0 ignored; 0 measured; 0 filtered out; finished in 0.02s
[INFO] [stdout] 
[INFO] [stderr]      Running tests/m4_gate_validation.rs (/opt/rustwide/target/release/build/xchecker/f07c56f31235f8f7/out/m4_gate_validation-f07c56f31235f8f7)
[INFO] [stdout] 
[INFO] [stdout] running 8 tests
[INFO] [stdout] test test_m4_gate_comprehensive_validation ... ignored, requires_claude_stub
[INFO] [stdout] test test_review_phase_integration_with_fixup_detection ... ignored, requires_claude_stub
[INFO] [stdout] test test_status_command_shows_complete_phase_information ... ignored, requires_claude_stub
[INFO] [stdout] test test_verbose_logging_provides_debugging_information ... ignored, requires_claude_stub
[INFO] [stdout] test test_review_detects_needs_fixups_marker ... ok
[INFO] [stdout] test test_status_command_handles_empty_spec ... ok
[INFO] [stdout] test test_review_detects_fixup_plan_with_unified_diffs ... ok
[INFO] [stdout] test test_fixup_validation_with_git_apply_check ... ok
[INFO] [stdout] 
[INFO] [stdout] test result: ok. 4 passed; 0 failed; 4 ignored; 0 measured; 0 filtered out; finished in 0.04s
[INFO] [stdout] 
[INFO] [stderr]      Running tests/m5_gate_validation.rs (/opt/rustwide/target/release/build/xchecker/01f4063d2696f28a/out/m5_gate_validation-01f4063d2696f28a)
[INFO] [stdout] 
[INFO] [stdout] running 0 tests
[INFO] [stdout] 
[INFO] [stdout] test result: ok. 0 passed; 0 failed; 0 ignored; 0 measured; 0 filtered out; finished in 0.00s
[INFO] [stdout] 
[INFO] [stderr]      Running tests/m6_gate_validation.rs (/opt/rustwide/target/release/build/xchecker/bb2f5510186d794e/out/m6_gate_validation-bb2f5510186d794e)
[INFO] [stdout] 
[INFO] [stdout] running 4 tests
[INFO] [stdout] test tests::test_property_test_components ... ok
[INFO] [stdout] test tests::test_golden_pipeline_components ... ok
[INFO] [stdout] test tests::test_performance_components ... ok
[INFO] [stdout] test tests::test_m6_gate_validation ... ok
[INFO] [stdout] 
[INFO] [stdout] test result: ok. 4 passed; 0 failed; 0 ignored; 0 measured; 0 filtered out; finished in 0.04s
[INFO] [stdout] 
[INFO] [stderr]      Running tests/path_traversal_tests.rs (/opt/rustwide/target/release/build/xchecker/c77c742427f1e085/out/path_traversal_tests-c77c742427f1e085)
[INFO] [stdout] 
[INFO] [stdout] running 3 tests
[INFO] [stdout] test test_artifact_manager_absolute_path ... ok
[INFO] [stdout] test test_artifact_manager_path_traversal ... ok
[INFO] [stdout] test test_orchestrator_handle_spec_id_traversal ... ok
[INFO] [stdout] 
[INFO] [stdout] test result: ok. 3 passed; 0 failed; 0 ignored; 0 measured; 0 filtered out; finished in 0.03s
[INFO] [stdout] 
[INFO] [stderr]      Running tests/property_based_tests.rs (/opt/rustwide/target/release/build/xchecker/46e9178089f35134/out/property_based_tests-46e9178089f35134)
[INFO] [stdout] 
[INFO] [stdout] running 0 tests
[INFO] [stdout] 
[INFO] [stdout] test result: ok. 0 passed; 0 failed; 0 ignored; 0 measured; 0 filtered out; finished in 0.00s
[INFO] [stdout] 
[INFO] [stderr]      Running tests/runner_property_tests.rs (/opt/rustwide/target/release/build/xchecker/e8984e243c0183fe/out/runner_property_tests-e8984e243c0183fe)
[INFO] [stdout] 
[INFO] [stdout] running 3 tests
[INFO] [stdout] test test_command_spec_shell_metacharacters ... ok
[INFO] [stdout] test prop_command_spec_preserves_arbitrary_args ... ok
[INFO] [stdout] test prop_wsl_runner_accepts_arbitrary_args ... ok
[INFO] [stdout] 
[INFO] [stdout] test result: ok. 3 passed; 0 failed; 0 ignored; 0 measured; 0 filtered out; finished in 0.01s
[INFO] [stdout] 
[INFO] [stderr]      Running tests/security_integration_tests.rs (/opt/rustwide/target/release/build/xchecker/274b022744f2b142/out/security_integration_tests-274b022744f2b142)
[INFO] [stdout] 
[INFO] [stdout] running 3 tests
[INFO] [stdout] test test_secret_redaction_in_status ... ok
[INFO] [stdout] test test_spec_id_path_traversal_sanitization ... ok
[INFO] [stdout] test test_secret_redaction_in_receipts ... ok
[INFO] [stdout] 
[INFO] [stdout] test result: ok. 3 passed; 0 failed; 0 ignored; 0 measured; 0 filtered out; finished in 0.05s
[INFO] [stdout] 
[INFO] [stderr]      Running tests/security_path_traversal.rs (/opt/rustwide/target/release/build/xchecker/4b1986e673b1358c/out/security_path_traversal-4b1986e673b1358c)
[INFO] [stdout] 
[INFO] [stdout] running 2 tests
[INFO] [stdout] test test_artifact_path_traversal_rejection ... ok
[INFO] [stdout] test test_fixup_path_traversal_rejection ... ok
[INFO] [stdout] 
[INFO] [stdout] test result: ok. 2 passed; 0 failed; 0 ignored; 0 measured; 0 filtered out; finished in 0.04s
[INFO] [stdout] 
[INFO] [stderr]      Running tests/smoke.rs (/opt/rustwide/target/release/build/xchecker/c251a028f2556dbd/out/smoke-c251a028f2556dbd)
[INFO] [stdout] 
[INFO] [stdout] running 0 tests
[INFO] [stdout] 
[INFO] [stdout] test result: ok. 0 passed; 0 failed; 0 ignored; 0 measured; 0 filtered out; finished in 0.00s
[INFO] [stdout] 
[INFO] [stderr]      Running tests/test_apply_fixups_flag.rs (/opt/rustwide/target/release/build/xchecker/b5feb5d49144f3bb/out/test_apply_fixups_flag-b5feb5d49144f3bb)
[INFO] [stdout] 
[INFO] [stdout] running 3 tests
[INFO] [stdout] test test_fixup_mode_enum ... ok
[INFO] [stdout] test test_fixup_parser_mode_behavior ... ok
[INFO] [stdout] test test_apply_fixups_config_handling ... ok
[INFO] [stdout] 
[INFO] [stdout] test result: ok. 3 passed; 0 failed; 0 ignored; 0 measured; 0 filtered out; finished in 0.02s
[INFO] [stdout] 
[INFO] [stderr]      Running tests/test_cache_integration.rs (/opt/rustwide/target/release/build/xchecker/97110b546fcc44b1/out/test_cache_integration-97110b546fcc44b1)
[INFO] [stdout] 
[INFO] [stdout] running 17 tests
[INFO] [stdout] test test_cache_insight_generation_quality ... ok
[INFO] [stdout] test test_cache_initialization ... ok
[INFO] [stdout] test test_cache_miss_generates_and_stores_insights ... ok
[INFO] [stdout] test test_cache_hit_returns_cached_insights ... ok
[INFO] [stdout] test test_cache_memory_disk_consistency ... ok
[INFO] [stdout] test test_cache_builder_methods ... ok
[INFO] [stdout] test test_cache_performance_improvement ... ok
[INFO] [stdout] test test_cache_persistence_across_instances ... ok
[INFO] [stdout] test test_cache_statistics_logging ... ok
[INFO] [stdout] test test_cache_with_empty_files ... ok
[INFO] [stdout] test test_cache_with_different_phases ... ok
[INFO] [stdout] test test_cache_with_large_files ... ok
[INFO] [stdout] test test_cache_hit_rate_repeated_runs ... ok
[INFO] [stdout] test test_cache_with_mixed_priority_files ... ok
[INFO] [stdout] test test_cache_invalidation_on_file_change ... ok
[INFO] [stdout] test test_cache_performance_median_comparison ... ok
[INFO] [stdout] test prop_cache_hit_not_slower_than_miss ... ok
[INFO] [stdout] 
[INFO] [stdout] test result: ok. 17 passed; 0 failed; 0 ignored; 0 measured; 0 filtered out; finished in 1.14s
[INFO] [stdout] 
[INFO] [stderr]      Running tests/test_cli_flags.rs (/opt/rustwide/target/release/build/xchecker/6bd084c8c4993307/out/test_cli_flags-6bd084c8c4993307)
[INFO] [stdout] 
[INFO] [stdout] running 32 tests
[INFO] [stdout] test test_all_required_global_flags_defined ... ok
[INFO] [stdout] test test_cli_flags_override_config ... ok
[INFO] [stdout] test test_apply_fixups_flag ... ok
[INFO] [stdout] test test_allow_links_flag ... ok
[INFO] [stdout] test test_llm_claude_binary_flag ... ok
[INFO] [stdout] test test_debug_packet_flag ... ok
[INFO] [stdout] test test_ignore_secret_pattern_flag ... ok
[INFO] [stdout] test test_llm_claude_binary_flows_to_config ... ok
[INFO] [stdout] test test_llm_gemini_binary_flows_to_config ... ok
[INFO] [stdout] test test_llm_fallback_provider_flag ... ok
[INFO] [stdout] test test_llm_gemini_default_model_flag ... ok
[INFO] [stdout] test test_force_flag_on_spec ... ok
[INFO] [stdout] test test_llm_gemini_binary_flag ... ok
[INFO] [stdout] test test_extra_secret_pattern_flag ... ok
[INFO] [stdout] test test_lock_ttl_seconds_validation ... ok
[INFO] [stdout] test test_new_flags_defaults ... ok
[INFO] [stdout] test test_new_flags_in_config_system ... ok
[INFO] [stdout] test test_cli_run_error_path_smoke ... ok
[INFO] [stdout] test test_lock_ttl_seconds_flag ... ok
[INFO] [stdout] test test_numeric_flags_have_documented_defaults ... ok
[INFO] [stdout] test test_packet_max_lines_flag ... ok
[INFO] [stdout] test test_phase_timeout_flag ... ok
[INFO] [stdout] test test_prompt_template_flag ... ok
[INFO] [stdout] test test_packet_max_bytes_flag ... ok
[INFO] [stdout] test test_stdout_cap_bytes_validation ... ok
[INFO] [stdout] test test_runner_distro_flag ... ok
[INFO] [stdout] test test_stdout_cap_bytes_flag ... ok
[INFO] [stdout] test test_strict_lock_flag ... ok
[INFO] [stdout] test test_stderr_cap_bytes_validation ... ok
[INFO] [stdout] test test_verbose_flag ... ok
[INFO] [stdout] test test_stderr_cap_bytes_flag ... ok
[INFO] [stdout] test test_runner_mode_flag_values ... ok
[INFO] [stdout] 
[INFO] [stdout] test result: ok. 32 passed; 0 failed; 0 ignored; 0 measured; 0 filtered out; finished in 0.00s
[INFO] [stdout] 
[INFO] [stderr]      Running tests/test_config_system.rs (/opt/rustwide/target/release/build/xchecker/8e503119a7d0d6de/out/test_config_system-8e503119a7d0d6de)
[INFO] [stdout] 
[INFO] [stdout] running 21 tests
[INFO] [stdout] test integration::run_all_config_tests ... ignored, meta-test - individual tests already run; can cause races in parallel execution
[INFO] [stdout] test test_invalid_output_format ... ok
[INFO] [stdout] test test_empty_config_file_uses_defaults ... ok
[INFO] [stdout] test test_full_config_file ... ok
[INFO] [stdout] test test_explicit_config_path ... ok
[INFO] [stdout] test test_invalid_config_values ... ok
[INFO] [stdout] test test_invalid_glob_pattern ... ok
[INFO] [stdout] test test_get_runner_mode_conversion ... ok
[INFO] [stdout] test test_max_turns_too_large ... ok
[INFO] [stdout] test test_invalid_runner_mode ... ok
[INFO] [stdout] test test_discovery_stops_at_git_boundary ... ok
[INFO] [stdout] test test_phase_timeout_too_large ... ok
[INFO] [stdout] test test_missing_config_file_uses_defaults ... ok
[INFO] [stdout] test test_phase_timeout_too_small ... ok
[INFO] [stdout] test test_invalid_toml_config ... ok
[INFO] [stdout] test test_packet_max_bytes_too_large ... ok
[INFO] [stdout] test test_source_attribution_accuracy ... ok
[INFO] [stdout] test test_partial_config_file ... ok
[INFO] [stdout] test test_precedence_cli_over_config_over_defaults ... ok
[INFO] [stdout] test test_xchecker_home_override ... ok
[INFO] [stdout] test test_upward_discovery_stops_at_git ... ok
[INFO] [stdout] 
[INFO] [stdout] test result: ok. 20 passed; 0 failed; 1 ignored; 0 measured; 0 filtered out; finished in 0.00s
[INFO] [stdout] 
[INFO] [stderr]      Running tests/test_cross_platform_line_endings.rs (/opt/rustwide/target/release/build/xchecker/149e8e2400fdd6e2/out/test_cross_platform_line_endings-149e8e2400fdd6e2)
[INFO] [stdout] 
[INFO] [stdout] running 20 tests
[INFO] [stdout] test test_json_canonicalization_produces_lf ... ok
[INFO] [stdout] test test_atomic_write_normalizes_cr_to_lf ... ok
[INFO] [stdout] test test_empty_lines_with_different_endings ... ok
[INFO] [stdout] test test_json_file_roundtrip_preserves_lf ... ok
[INFO] [stdout] test test_atomic_write_normalizes_mixed_line_endings ... ok
[INFO] [stdout] test test_atomic_write_normalizes_crlf_to_lf ... ok
[INFO] [stdout] test test_atomic_write_preserves_lf ... ok
[INFO] [stdout] test test_read_file_with_crlf_tolerance_basic ... ok
[INFO] [stdout] test test_read_file_with_crlf_tolerance_empty ... ok
[INFO] [stdout] test test_json_receipt_written_with_lf ... ok
[INFO] [stdout] test test_read_file_with_crlf_tolerance_mixed ... ok
[INFO] [stdout] test test_large_file_line_ending_normalization ... ok
[INFO] [stdout] test test_markdown_file_written_with_lf ... ok
[INFO] [stdout] test test_unicode_content_with_line_endings ... ok
[INFO] [stdout] test test_text_file_written_with_lf ... ok
[INFO] [stdout] test test_special_characters_with_line_endings ... ok
[INFO] [stdout] test test_write_then_read_with_tolerance ... ok
[INFO] [stdout] test test_yaml_file_written_with_lf ... ok
[INFO] [stdout] test test_multiple_writes_preserve_lf ... ok
[INFO] [stdout] test test_comprehensive_cross_platform_line_endings ... ok
[INFO] [stdout] 
[INFO] [stdout] test result: ok. 20 passed; 0 failed; 0 ignored; 0 measured; 0 filtered out; finished in 0.03s
[INFO] [stdout] 
[INFO] [stderr]      Running tests/test_debug_packet_integration.rs (/opt/rustwide/target/release/build/xchecker/e53f5fae91344840/out/test_debug_packet_integration-e53f5fae91344840)
[INFO] [stdout] 
[INFO] [stdout] running 0 tests
[INFO] [stdout] 
[INFO] [stdout] test result: ok. 0 passed; 0 failed; 0 ignored; 0 measured; 0 filtered out; finished in 0.00s
[INFO] [stdout] 
[INFO] [stderr]      Running tests/test_doc_validation_presence.rs (/opt/rustwide/target/release/build/xchecker/579bbcb851f57460/out/test_doc_validation_presence-579bbcb851f57460)
[INFO] [stdout] 
[INFO] [stdout] running 3 tests
[INFO] [stdout] test test_key_modules_have_documentation ... FAILED
[INFO] [stdout] test test_public_items_have_docs ... FAILED
[INFO] [stdout] test test_doctests_are_present ... ok
[INFO] [stdout] 
[INFO] [stdout] failures:
[INFO] [stdout] 
[INFO] [stdout] ---- test_key_modules_have_documentation stdout ----
[INFO] [stdout] 
[INFO] [stdout] thread 'test_key_modules_have_documentation' (13505) panicked at tests/test_doc_validation_presence.rs:65:33:
[INFO] [stdout] Failed to read crates/xchecker-config/src/config/mod.rs
[INFO] [stdout] stack backtrace:
[INFO] [stdout]    0:     0x64a4b44ab881 - <<std[617be2ca0a6fd877]::sys::backtrace::BacktraceLock>::print::DisplayBacktrace as core[a373ad73a504971]::fmt::Display>::fmt
[INFO] [stdout]    1:     0x64a4b44bf7ea - core[a373ad73a504971]::fmt::write
[INFO] [stdout]    2:     0x64a4b44afa9c - <alloc[2e1b2a31b91974c5]::vec::Vec<u8> as core[a373ad73a504971]::io::write::Write>::write_fmt
[INFO] [stdout]    3:     0x64a4b4487616 - std[617be2ca0a6fd877]::panicking::default_hook::{closure#0}
[INFO] [stdout]    4:     0x64a4b44a3bb9 - std[617be2ca0a6fd877]::panicking::default_hook
[INFO] [stdout]    5:     0x64a4b443efa0 - test[aada8e7e76ba119b]::test_main_inner::{closure#0}
[INFO] [stdout]    6:     0x64a4b44a3d72 - std[617be2ca0a6fd877]::panicking::panic_with_hook
[INFO] [stdout]    7:     0x64a4b44876c2 - std[617be2ca0a6fd877]::panicking::panic_handler::{closure#0}
[INFO] [stdout]    8:     0x64a4b4480249 - std[617be2ca0a6fd877]::sys::backtrace::__rust_end_short_backtrace::<std[617be2ca0a6fd877]::panicking::panic_handler::{closure#0}, !>
[INFO] [stdout]    9:     0x64a4b44882cd - __rustc[ea4f61d10b84890b]::rust_begin_unwind
[INFO] [stdout]   10:     0x64a4b44bff1c - core[a373ad73a504971]::panicking::panic_fmt
[INFO] [stdout]   11:     0x64a4b442fa3f - test_doc_validation_presence[b3940f4c131f4592]::test_key_modules_have_documentation::{closure#0}
[INFO] [stdout]   12:     0x64a4b4431360 - <test_doc_validation_presence[b3940f4c131f4592]::test_key_modules_have_documentation::{closure#0} as core[a373ad73a504971]::ops::function::FnOnce<()>>::call_once
[INFO] [stdout]   13:     0x64a4b44323eb - test[aada8e7e76ba119b]::__rust_begin_short_backtrace::<core[a373ad73a504971]::result::Result<(), alloc[2e1b2a31b91974c5]::string::String>, fn() -> core[a373ad73a504971]::result::Result<(), alloc[2e1b2a31b91974c5]::string::String>>
[INFO] [stdout]   14:     0x64a4b443f5c5 - test[aada8e7e76ba119b]::run_test::{closure#0}
[INFO] [stdout]   15:     0x64a4b4438eb4 - std[617be2ca0a6fd877]::sys::backtrace::__rust_begin_short_backtrace::<test[aada8e7e76ba119b]::run_test::{closure#1}, ()>
[INFO] [stdout]   16:     0x64a4b4442652 - <std[617be2ca0a6fd877]::thread::lifecycle::spawn_unchecked<test[aada8e7e76ba119b]::run_test::{closure#1}, ()>::{closure#1} as core[a373ad73a504971]::ops::function::FnOnce<()>>::call_once::{shim:vtable#0}
[INFO] [stdout]   17:     0x64a4b44aad7f - <std[617be2ca0a6fd877]::sys::thread::unix::Thread>::new::thread_start
[INFO] [stdout]   18:     0x785638afadfa - <unknown>
[INFO] [stdout]   19:     0x785638b8e3d4 - clone
[INFO] [stdout]   20:                0x0 - <unknown>
[INFO] [stdout] 
[INFO] [stdout] ---- test_public_items_have_docs stdout ----
[INFO] [stdout] 
[INFO] [stdout] thread 'test_public_items_have_docs' (13506) panicked at tests/test_doc_validation_presence.rs:91:47:
[INFO] [stdout] Failed to read config/mod.rs: Os { code: 2, kind: NotFound, message: "No such file or directory" }
[INFO] [stdout] stack backtrace:
[INFO] [stdout]    0:     0x64a4b44ab881 - <<std[617be2ca0a6fd877]::sys::backtrace::BacktraceLock>::print::DisplayBacktrace as core[a373ad73a504971]::fmt::Display>::fmt
[INFO] [stdout]    1:     0x64a4b44bf7ea - core[a373ad73a504971]::fmt::write
[INFO] [stdout]    2:     0x64a4b44afa9c - <alloc[2e1b2a31b91974c5]::vec::Vec<u8> as core[a373ad73a504971]::io::write::Write>::write_fmt
[INFO] [stdout]    3:     0x64a4b4487616 - std[617be2ca0a6fd877]::panicking::default_hook::{closure#0}
[INFO] [stdout]    4:     0x64a4b44a3bb9 - std[617be2ca0a6fd877]::panicking::default_hook
[INFO] [stdout]    5:     0x64a4b443efa0 - test[aada8e7e76ba119b]::test_main_inner::{closure#0}
[INFO] [stdout]    6:     0x64a4b44a3d72 - std[617be2ca0a6fd877]::panicking::panic_with_hook
[INFO] [stdout]    7:     0x64a4b44876c2 - std[617be2ca0a6fd877]::panicking::panic_handler::{closure#0}
[INFO] [stdout]    8:     0x64a4b4480249 - std[617be2ca0a6fd877]::sys::backtrace::__rust_end_short_backtrace::<std[617be2ca0a6fd877]::panicking::panic_handler::{closure#0}, !>
[INFO] [stdout]    9:     0x64a4b44882cd - __rustc[ea4f61d10b84890b]::rust_begin_unwind
[INFO] [stdout]   10:     0x64a4b44bff1c - core[a373ad73a504971]::panicking::panic_fmt
[INFO] [stdout]   11:     0x64a4b44bfcf2 - core[a373ad73a504971]::result::unwrap_failed
[INFO] [stdout]   12:     0x64a4b4430f13 - <test_doc_validation_presence[b3940f4c131f4592]::test_public_items_have_docs::{closure#0} as core[a373ad73a504971]::ops::function::FnOnce<()>>::call_once
[INFO] [stdout]   13:     0x64a4b44323eb - test[aada8e7e76ba119b]::__rust_begin_short_backtrace::<core[a373ad73a504971]::result::Result<(), alloc[2e1b2a31b91974c5]::string::String>, fn() -> core[a373ad73a504971]::result::Result<(), alloc[2e1b2a31b91974c5]::string::String>>
[INFO] [stdout]   14:     0x64a4b443f5c5 - test[aada8e7e76ba119b]::run_test::{closure#0}
[INFO] [stdout]   15:     0x64a4b4438eb4 - std[617be2ca0a6fd877]::sys::backtrace::__rust_begin_short_backtrace::<test[aada8e7e76ba119b]::run_test::{closure#1}, ()>
[INFO] [stdout]   16:     0x64a4b4442652 - <std[617be2ca0a6fd877]::thread::lifecycle::spawn_unchecked<test[aada8e7e76ba119b]::run_test::{closure#1}, ()>::{closure#1} as core[a373ad73a504971]::ops::function::FnOnce<()>>::call_once::{shim:vtable#0}
[INFO] [stdout]   17:     0x64a4b44aad7f - <std[617be2ca0a6fd877]::sys::thread::unix::Thread>::new::thread_start
[INFO] [stdout]   18:     0x785638afadfa - <unknown>
[INFO] [stdout]   19:     0x785638b8e3d4 - clone
[INFO] [stdout]   20:                0x0 - <unknown>
[INFO] [stdout] 
[INFO] [stdout] 
[INFO] [stdout] failures:
[INFO] [stdout]     test_key_modules_have_documentation
[INFO] [stdout]     test_public_items_have_docs
[INFO] [stdout] 
[INFO] [stdout] test result: FAILED. 1 passed; 2 failed; 0 ignored; 0 measured; 0 filtered out; finished in 37.42s
[INFO] [stdout] 
[INFO] [stderr] error: test failed, to rerun pass `--test test_doc_validation_presence`
[INFO] running `Command { std: "docker" "inspect" "4c9fae8d71866806807681da3a0c179421b1d0190e28043d372c6618be21085a", kill_on_drop: false }`
[INFO] running `Command { std: "docker" "rm" "-f" "4c9fae8d71866806807681da3a0c179421b1d0190e28043d372c6618be21085a", kill_on_drop: false }`
[INFO] [stdout] 4c9fae8d71866806807681da3a0c179421b1d0190e28043d372c6618be21085a
