[INFO] fetching crate xbyte-evm 0.1.1...
[INFO] testing xbyte-evm-0.1.1 against 1.99.0-beta.8+cargoflags=--release for beta-release-1.100-2
[INFO] extracting crate xbyte-evm 0.1.1 into /workspace/builds/worker-1-tc1/source
[INFO] started tweaking crates.io crate xbyte-evm 0.1.1
[INFO] finished tweaking crates.io crate xbyte-evm 0.1.1
[INFO] tweaked toml for crates.io crate xbyte-evm 0.1.1 written to /workspace/builds/worker-1-tc1/source/Cargo.toml
[INFO] validating manifest of crates.io crate xbyte-evm 0.1.1 on toolchain 1.99.0-beta.8
[INFO] running `Command { std: CARGO_HOME="/workspace/cargo-home" RUSTUP_HOME="/workspace/rustup-home" "/workspace/cargo-home/bin/cargo" "+1.99.0-beta.8" "metadata" "--manifest-path" "Cargo.toml" "--no-deps", kill_on_drop: false }`
[INFO] crate crates.io crate xbyte-evm 0.1.1 already has a lockfile, it will not be regenerated
[INFO] running `Command { std: CARGO_HOME="/workspace/cargo-home" RUSTUP_HOME="/workspace/rustup-home" "/workspace/cargo-home/bin/cargo" "+1.99.0-beta.8" "fetch" "--manifest-path" "Cargo.toml", kill_on_drop: false }`
[INFO] [stderr]     Updating crates.io index
[INFO] [stderr]  Downloading crates ...
[INFO] [stderr]   Downloaded alloy-sol-macro v1.5.2
[INFO] [stderr]   Downloaded macro-string v0.1.4
[INFO] [stderr]   Downloaded alloy-sol-macro-input v1.5.2
[INFO] [stderr]   Downloaded syn-solidity v1.5.2
[INFO] [stderr]   Downloaded keccak-asm v0.1.4
[INFO] [stderr]   Downloaded alloy-sol-macro-expander v1.5.2
[INFO] [stderr]   Downloaded rapidhash v4.2.0
[INFO] [stderr]   Downloaded alloy-sol-type-parser v1.5.2
[INFO] [stderr]   Downloaded alloy-sol-types v1.5.2
[INFO] [stderr]   Downloaded zmij v1.0.2
[INFO] [stderr]   Downloaded alloy-json-abi v1.5.2
[INFO] [stderr]   Downloaded alloy-primitives v1.5.2
[INFO] [stderr]   Downloaded ruint v1.17.0
[INFO] [stderr]   Downloaded alloy-provider v1.2.1
[INFO] [stderr]   Downloaded sha3-asm v0.1.4
[INFO] [stderr]   Downloaded lru v0.13.0
[INFO] [stderr]   Downloaded alloy-signer v1.2.1
[INFO] [stderr]   Downloaded alloy-transport-http v1.2.1
[INFO] [stderr]   Downloaded alloy-transport v1.2.1
[INFO] [stderr]   Downloaded alloy-json-rpc v1.2.1
[INFO] [stderr]   Downloaded alloy-rpc-types-eth v1.2.1
[INFO] [stderr]   Downloaded schemars v1.2.0
[INFO] [stderr]   Downloaded alloy-network-primitives v1.2.1
[INFO] [stderr]   Downloaded alloy-serde v1.2.1
[INFO] [stderr]   Downloaded alloy-eips v1.2.1
[INFO] [stderr]   Downloaded alloy-rpc-types-any v1.2.1
[INFO] [stderr]   Downloaded alloy-tx-macros v1.2.1
[INFO] [stderr]   Downloaded nybbles v0.4.6
[INFO] [stderr]   Downloaded bitcoin-io v0.1.4
[INFO] [stderr]   Downloaded alloy-network v1.2.1
[INFO] [stderr]   Downloaded alloy-chains v0.2.24
[INFO] [stderr]   Downloaded alloy-consensus-any v1.2.1
[INFO] [stderr]   Downloaded alloy-rpc-client v1.2.1
[INFO] [stderr]   Downloaded alloy-consensus v1.2.1
[INFO] [stderr]   Downloaded alloy-trie v0.9.2
[INFO] [stderr]   Downloaded alloy-contract v1.2.1
[INFO] [stderr]   Downloaded c-kzg v2.1.5
[INFO] [stderr]   Downloaded alloy-dyn-abi v1.5.2
[INFO] running `Command { std: "docker" "create" "-v" "/var/lib/crater-agent-workspace/builds/worker-1-tc1/source:/opt/rustwide/workdir:ro,Z" "-v" "/var/lib/crater-agent-workspace/builds/worker-1-tc1/target:/opt/rustwide/target:rw,Z" "-v" "/var/lib/crater-agent-workspace/cargo-home:/opt/rustwide/cargo-home:ro,Z" "-v" "/var/lib/crater-agent-workspace/rustup-home:/opt/rustwide/rustup-home:ro,Z" "-m" "1610612736" "--network" "none" "ghcr.io/rust-lang/crates-build-env/linux@sha256:77db811e55d90add9212f6832c23229e3de5f1c1f9905e8cb07319ea15df73ac" "sleep" "infinity", kill_on_drop: false }`
[INFO] [stdout] eb7b08c153ffc3705a64af347d34c92199f029174f09bf49216f0742e82068ea
[INFO] running `Command { std: "docker" "start" "eb7b08c153ffc3705a64af347d34c92199f029174f09bf49216f0742e82068ea", kill_on_drop: false }`
[INFO] running `Command { std: "docker" "inspect" "eb7b08c153ffc3705a64af347d34c92199f029174f09bf49216f0742e82068ea", kill_on_drop: false }`
[INFO] running `Command { std: "docker" "exec" "-e" "SOURCE_DIR=/opt/rustwide/workdir" "-e" "CARGO_HOME=/opt/rustwide/cargo-home" "-e" "RUSTUP_HOME=/opt/rustwide/rustup-home" "-e" "CARGO_TARGET_DIR=/opt/rustwide/target" "-w" "/opt/rustwide/workdir" "--user" "0:0" "eb7b08c153ffc3705a64af347d34c92199f029174f09bf49216f0742e82068ea" "/opt/rustwide/cargo-home/bin/cargo" "+1.99.0-beta.8" "metadata" "--no-deps" "--format-version=1", kill_on_drop: false }`
[INFO] running `Command { std: "docker" "inspect" "eb7b08c153ffc3705a64af347d34c92199f029174f09bf49216f0742e82068ea", kill_on_drop: false }`
[INFO] running `Command { std: "docker" "exec" "-e" "SOURCE_DIR=/opt/rustwide/workdir" "-e" "CARGO_HOME=/opt/rustwide/cargo-home" "-e" "RUSTUP_HOME=/opt/rustwide/rustup-home" "-e" "CARGO_TARGET_DIR=/opt/rustwide/target" "-e" "CARGO_INCREMENTAL=0" "-e" "RUST_BACKTRACE=full" "-e" "RUSTFLAGS=--cap-lints=warn" "-e" "RUSTDOCFLAGS=--cap-lints=warn" "-w" "/opt/rustwide/workdir" "--user" "0:0" "eb7b08c153ffc3705a64af347d34c92199f029174f09bf49216f0742e82068ea" "/opt/rustwide/cargo-home/bin/cargo" "+1.99.0-beta.8" "build" "--frozen" "--message-format=json" "--release", kill_on_drop: false }`
[INFO] [stderr]    Compiling tiny-keccak v2.0.2
[INFO] [stderr]    Compiling ruint-macro v1.2.1
[INFO] [stderr]    Compiling der v0.7.10
[INFO] [stderr]    Compiling rustc-hash v2.1.1
[INFO] [stderr]    Compiling alloy-rlp-derive v0.3.12
[INFO] [stderr]    Compiling derive_more-impl v2.0.1
[INFO] [stderr]    Compiling hashbrown v0.16.1
[INFO] [stderr]    Compiling const-hex v1.17.0
[INFO] [stderr]    Compiling thiserror v2.0.17
[INFO] [stderr]    Compiling serde v1.0.228
[INFO] [stderr]    Compiling zmij v1.0.2
[INFO] [stderr]    Compiling digest v0.10.7
[INFO] [stderr]    Compiling crypto-bigint v0.5.5
[INFO] [stderr]    Compiling serde_json v1.0.148
[INFO] [stderr]    Compiling tracing v0.1.44
[INFO] [stderr]    Compiling darling_core v0.21.3
[INFO] [stderr]    Compiling syn-solidity v1.5.2
[INFO] [stderr]    Compiling hmac v0.12.1
[INFO] [stderr]    Compiling signature v2.2.0
[INFO] [stderr]    Compiling sha2 v0.10.9
[INFO] [stderr]    Compiling macro-string v0.1.4
[INFO] [stderr]    Compiling proc-macro-error-attr2 v2.0.0
[INFO] [stderr]    Compiling rfc6979 v0.4.0
[INFO] [stderr]    Compiling futures-util v0.3.31
[INFO] [stderr]    Compiling bitflags v2.10.0
[INFO] [stderr]    Compiling futures-utils-wasm v0.1.0
[INFO] [stderr]    Compiling rustls-pki-types v1.13.1
[INFO] [stderr]    Compiling proc-macro-error2 v2.0.1
[INFO] [stderr]    Compiling strum_macros v0.27.2
[INFO] [stderr]    Compiling num_enum_derive v0.7.5
[INFO] [stderr]    Compiling openssl v0.10.75
[INFO] [stderr]    Compiling pin-project-internal v1.1.10
[INFO] [stderr]    Compiling winnow v0.7.14
[INFO] [stderr]    Compiling bytes v1.11.0
[INFO] [stderr]    Compiling arrayvec v0.7.6
[INFO] [stderr]    Compiling smallvec v1.15.1
[INFO] [stderr]    Compiling either v1.15.0
[INFO] [stderr]    Compiling icu_normalizer v2.1.1
[INFO] [stderr]    Compiling sec1 v0.7.3
[INFO] [stderr]    Compiling alloy-rlp v0.3.12
[INFO] [stderr]    Compiling spki v0.7.3
[INFO] [stderr]    Compiling ruint v1.17.0
[INFO] [stderr]    Compiling tokio v1.49.0
[INFO] [stderr]    Compiling http v1.4.0
[INFO] [stderr]    Compiling elliptic-curve v0.13.8
[INFO] [stderr]    Compiling idna_adapter v1.2.1
[INFO] [stderr]    Compiling idna v1.1.0
[INFO] [stderr]    Compiling ecdsa v0.16.9
[INFO] [stderr]    Compiling parking_lot_core v0.9.12
[INFO] [stderr]    Compiling nybbles v0.4.6
[INFO] [stderr]    Compiling url v2.5.7
[INFO] [stderr]    Compiling k256 v0.13.4
[INFO] [stderr]    Compiling http-body v1.0.1
[INFO] [stderr]    Compiling parking_lot v0.12.5
[INFO] [stderr]    Compiling http-body-util v0.1.3
[INFO] [stderr]    Compiling itertools v0.13.0
[INFO] [stderr]    Compiling alloy-sol-macro-input v1.5.2
[INFO] [stderr]    Compiling serde_urlencoded v0.7.1
[INFO] [stderr]    Compiling darling_macro v0.21.3
[INFO] [stderr]    Compiling darling v0.21.3
[INFO] [stderr]    Compiling serde_with_macros v3.16.1
[INFO] [stderr]    Compiling alloy-tx-macros v1.2.1
[INFO] [stderr]    Compiling alloy-sol-type-parser v1.5.2
[INFO] [stderr]    Compiling alloy-sol-macro-expander v1.5.2
[INFO] [stderr]    Compiling derive_more v2.0.1
[INFO] [stderr]    Compiling strum v0.27.2
[INFO] [stderr]    Compiling pin-project v1.1.10
[INFO] [stderr]    Compiling num_enum v0.7.5
[INFO] [stderr]    Compiling alloy-primitives v1.5.2
[INFO] [stderr]    Compiling async-stream-impl v0.3.6
[INFO] [stderr]    Compiling futures-executor v0.3.31
[INFO] [stderr]    Compiling dashmap v6.1.0
[INFO] [stderr]    Compiling lru v0.13.0
[INFO] [stderr]    Compiling futures v0.3.31
[INFO] [stderr]    Compiling async-stream v0.3.6
[INFO] [stderr]    Compiling serde_with v3.16.1
[INFO] [stderr]    Compiling native-tls v0.2.14
[INFO] [stderr]    Compiling alloy-eip7702 v0.6.3
[INFO] [stderr]    Compiling alloy-serde v1.2.1
[INFO] [stderr]    Compiling alloy-eip2124 v0.2.0
[INFO] [stderr]    Compiling alloy-eip2930 v0.2.3
[INFO] [stderr]    Compiling alloy-trie v0.9.2
[INFO] [stderr]    Compiling alloy-signer v1.2.1
[INFO] [stderr]    Compiling alloy-json-abi v1.5.2
[INFO] [stderr]    Compiling alloy-chains v0.2.24
[INFO] [stderr]    Compiling alloy-sol-macro v1.5.2
[INFO] [stderr]    Compiling alloy-sol-types v1.5.2
[INFO] [stderr]    Compiling alloy-eips v1.2.1
[INFO] [stderr]    Compiling hyper v1.8.1
[INFO] [stderr]    Compiling tower v0.5.2
[INFO] [stderr]    Compiling tokio-native-tls v0.3.1
[INFO] [stderr]    Compiling tokio-util v0.7.17
[INFO] [stderr]    Compiling tokio-stream v0.1.17
[INFO] [stderr]    Compiling tower-http v0.6.8
[INFO] [stderr]    Compiling hyper-util v0.1.19
[INFO] [stderr]    Compiling alloy-consensus v1.2.1
[INFO] [stderr]    Compiling alloy-json-rpc v1.2.1
[INFO] [stderr]    Compiling alloy-dyn-abi v1.5.2
[INFO] [stderr]    Compiling hyper-tls v0.6.0
[INFO] [stderr]    Compiling reqwest v0.12.28
[INFO] [stderr]    Compiling alloy-transport v1.2.1
[INFO] [stderr]    Compiling alloy-transport-http v1.2.1
[INFO] [stderr]    Compiling alloy-rpc-client v1.2.1
[INFO] [stderr]    Compiling alloy-network-primitives v1.2.1
[INFO] [stderr]    Compiling alloy-consensus-any v1.2.1
[INFO] [stderr]    Compiling alloy-rpc-types-eth v1.2.1
[INFO] [stderr]    Compiling alloy-rpc-types-any v1.2.1
[INFO] [stderr]    Compiling alloy-network v1.2.1
[INFO] [stderr]    Compiling alloy-provider v1.2.1
[INFO] [stderr]    Compiling alloy-contract v1.2.1
[INFO] [stderr]    Compiling xbyte-evm v0.1.1 (/opt/rustwide/workdir)
[INFO] [stderr]     Finished `release` profile [optimized] target(s) in 1m 35s
[INFO] [stderr] warning: the following packages contain code that will be rejected by a future version of Rust: proc-macro-error2 v2.0.1
[INFO] [stderr] note: to see what the problems were, use the option `--future-incompat-report`, or run `cargo report future-incompatibilities --id 4`
[INFO] running `Command { std: "docker" "inspect" "eb7b08c153ffc3705a64af347d34c92199f029174f09bf49216f0742e82068ea", kill_on_drop: false }`
[INFO] running `Command { std: "docker" "exec" "-e" "SOURCE_DIR=/opt/rustwide/workdir" "-e" "CARGO_HOME=/opt/rustwide/cargo-home" "-e" "RUSTUP_HOME=/opt/rustwide/rustup-home" "-e" "CARGO_TARGET_DIR=/opt/rustwide/target" "-e" "CARGO_INCREMENTAL=0" "-e" "RUST_BACKTRACE=full" "-e" "RUSTFLAGS=--cap-lints=warn" "-e" "RUSTDOCFLAGS=--cap-lints=warn" "-w" "/opt/rustwide/workdir" "--user" "0:0" "eb7b08c153ffc3705a64af347d34c92199f029174f09bf49216f0742e82068ea" "/opt/rustwide/cargo-home/bin/cargo" "+1.99.0-beta.8" "test" "--frozen" "--no-run" "--message-format=json" "--release", kill_on_drop: false }`
[INFO] [stderr]    Compiling tokio v1.49.0
[INFO] [stderr]    Compiling tower v0.5.2
[INFO] [stderr]    Compiling hyper v1.8.1
[INFO] [stderr]    Compiling tokio-native-tls v0.3.1
[INFO] [stderr]    Compiling tokio-util v0.7.17
[INFO] [stderr]    Compiling tokio-stream v0.1.17
[INFO] [stderr]    Compiling tower-http v0.6.8
[INFO] [stderr]    Compiling alloy-transport v1.2.1
[INFO] [stderr]    Compiling hyper-util v0.1.19
[INFO] [stderr]    Compiling hyper-tls v0.6.0
[INFO] [stderr]    Compiling reqwest v0.12.28
[INFO] [stderr]    Compiling alloy-transport-http v1.2.1
[INFO] [stderr]    Compiling alloy-rpc-client v1.2.1
[INFO] [stderr]    Compiling alloy-provider v1.2.1
[INFO] [stderr]    Compiling alloy-contract v1.2.1
[INFO] [stderr]    Compiling xbyte-evm v0.1.1 (/opt/rustwide/workdir)
[INFO] [stderr]     Finished `release` profile [optimized] target(s) in 58.82s
[INFO] [stderr] warning: the following packages contain code that will be rejected by a future version of Rust: proc-macro-error2 v2.0.1
[INFO] [stderr] note: to see what the problems were, use the option `--future-incompat-report`, or run `cargo report future-incompatibilities --id 4`
[INFO] running `Command { std: "docker" "inspect" "eb7b08c153ffc3705a64af347d34c92199f029174f09bf49216f0742e82068ea", kill_on_drop: false }`
[INFO] running `Command { std: "docker" "exec" "-e" "SOURCE_DIR=/opt/rustwide/workdir" "-e" "CARGO_HOME=/opt/rustwide/cargo-home" "-e" "RUSTUP_HOME=/opt/rustwide/rustup-home" "-e" "CARGO_TARGET_DIR=/opt/rustwide/target" "-e" "CARGO_INCREMENTAL=0" "-e" "RUST_BACKTRACE=full" "-e" "RUSTFLAGS=--cap-lints=warn" "-e" "RUSTDOCFLAGS=--cap-lints=warn" "-w" "/opt/rustwide/workdir" "--user" "0:0" "eb7b08c153ffc3705a64af347d34c92199f029174f09bf49216f0742e82068ea" "/opt/rustwide/cargo-home/bin/cargo" "+1.99.0-beta.8" "test" "--frozen" "--release", kill_on_drop: false }`
[INFO] [stderr]     Finished `release` profile [optimized] target(s) in 0.35s
[INFO] [stderr] warning: the following packages contain code that will be rejected by a future version of Rust: proc-macro-error2 v2.0.1
[INFO] [stderr] note: to see what the problems were, use the option `--future-incompat-report`, or run `cargo report future-incompatibilities --id 4`
[INFO] [stderr]      Running unittests src/lib.rs (/opt/rustwide/target/release/deps/xbyte_evm-de0da55ed218e77d)
[INFO] [stdout] 
[INFO] [stdout] running 6 tests
[INFO] [stdout] test factory::tests::test_compute_vault_sync ... ok
[INFO] [stdout] test factory::tests::test_factory ... ok
[INFO] [stdout] test vault::tests::test_relay ... ok
[INFO] [stdout] test vault::tests::test_vault ... ok
[INFO] [stdout] test provider::tests::test_client ... ok
[INFO] [stdout] test factory::tests::test_all_compute_vault_address ... FAILED
[INFO] [stdout] 
[INFO] [stdout] failures:
[INFO] [stdout] 
[INFO] [stdout] ---- factory::tests::test_all_compute_vault_address stdout ----
[INFO] [stdout] Error: error sending request for url (https://sepolia.base.org/)
[INFO] [stdout] 
[INFO] [stdout] Caused by:
[INFO] [stdout]     0: error sending request for url (https://sepolia.base.org/)
[INFO] [stdout]     1: client error (Connect)
[INFO] [stdout]     2: dns error
[INFO] [stdout]     3: failed to lookup address information: Temporary failure in name resolution
[INFO] [stdout] 
[INFO] [stdout] Stack backtrace:
[INFO] [stdout]    0: <anyhow::Error as core::convert::From<alloy_contract::error::Error>>::from
[INFO] [stdout]    1: xbyte_evm::factory::tests::test_all_compute_vault_address::{closure#0}
[INFO] [stdout]    2: <tokio::runtime::scheduler::current_thread::Context>::enter::<core::task::poll::Poll<core::result::Result<(), anyhow::Error>>, <tokio::runtime::scheduler::current_thread::CoreGuard>::block_on<core::pin::Pin<&mut core::pin::Pin<&mut dyn core::future::future::Future<Output = core::result::Result<(), anyhow::Error>>>>>::{closure#0}::{closure#0}>
[INFO] [stdout]    3: <std::thread::local::LocalKey<tokio::runtime::context::Context>>::with::<tokio::runtime::context::set_scheduler<(alloc::boxed::Box<tokio::runtime::scheduler::current_thread::Core>, core::option::Option<core::result::Result<(), anyhow::Error>>), <tokio::runtime::scheduler::current_thread::CoreGuard>::enter<<tokio::runtime::scheduler::current_thread::CoreGuard>::block_on<core::pin::Pin<&mut core::pin::Pin<&mut dyn core::future::future::Future<Output = core::result::Result<(), anyhow::Error>>>>>::{closure#0}, core::option::Option<core::result::Result<(), anyhow::Error>>>::{closure#0}>::{closure#0}, (alloc::boxed::Box<tokio::runtime::scheduler::current_thread::Core>, core::option::Option<core::result::Result<(), anyhow::Error>>)>
[INFO] [stdout]    4: <tokio::runtime::runtime::Runtime>::block_on::<core::pin::Pin<&mut dyn core::future::future::Future<Output = core::result::Result<(), anyhow::Error>>>>
[INFO] [stdout]    5: xbyte_evm::factory::tests::test_all_compute_vault_address
[INFO] [stdout]    6: <xbyte_evm::factory::tests::test_all_compute_vault_address::{closure#0} as core::ops::function::FnOnce<()>>::call_once
[INFO] [stdout]    7: test::__rust_begin_short_backtrace::<core::result::Result<(), alloc::string::String>, fn() -> core::result::Result<(), alloc::string::String>>
[INFO] [stdout]    8: test::run_test::{closure#0}
[INFO] [stdout]    9: std::sys::backtrace::__rust_begin_short_backtrace::<test::run_test::{closure#1}, ()>
[INFO] [stdout]   10: <std::thread::lifecycle::spawn_unchecked<test::run_test::{closure#1}, ()>::{closure#1} as core::ops::function::FnOnce<()>>::call_once::{shim:vtable#0}
[INFO] [stdout]   11: <std::sys::thread::unix::Thread>::new::thread_start
[INFO] [stdout]   12: <unknown>
[INFO] [stdout]   13: clone
[INFO] [stdout] 
[INFO] [stdout] 
[INFO] [stdout] failures:
[INFO] [stdout]     factory::tests::test_all_compute_vault_address
[INFO] [stdout] 
[INFO] [stdout] test result: FAILED. 5 passed; 1 failed; 0 ignored; 0 measured; 0 filtered out; finished in 0.11s
[INFO] [stdout] 
[INFO] [stderr] error: test failed, to rerun pass `--lib`
[INFO] running `Command { std: "docker" "inspect" "eb7b08c153ffc3705a64af347d34c92199f029174f09bf49216f0742e82068ea", kill_on_drop: false }`
[INFO] running `Command { std: "docker" "rm" "-f" "eb7b08c153ffc3705a64af347d34c92199f029174f09bf49216f0742e82068ea", kill_on_drop: false }`
[INFO] [stdout] eb7b08c153ffc3705a64af347d34c92199f029174f09bf49216f0742e82068ea
