[INFO] fetching crate xbpf 0.0.6...
[INFO] testing xbpf-0.0.6 against 1.100.0-beta.1+cargoflags=--release for beta-release-1.100-2
[INFO] extracting crate xbpf 0.0.6 into /workspace/builds/worker-2-tc2/source
[INFO] started tweaking crates.io crate xbpf 0.0.6
[INFO] removed 0 missing tests
[INFO] finished tweaking crates.io crate xbpf 0.0.6
[INFO] tweaked toml for crates.io crate xbpf 0.0.6 written to /workspace/builds/worker-2-tc2/source/Cargo.toml
[INFO] validating manifest of crates.io crate xbpf 0.0.6 on toolchain 1.100.0-beta.1
[INFO] running `Command { std: CARGO_HOME="/workspace/cargo-home" RUSTUP_HOME="/workspace/rustup-home" "/workspace/cargo-home/bin/cargo" "+1.100.0-beta.1" "metadata" "--manifest-path" "Cargo.toml" "--no-deps", kill_on_drop: false }`
[INFO] crate crates.io crate xbpf 0.0.6 already has a lockfile, it will not be regenerated
[INFO] running `Command { std: CARGO_HOME="/workspace/cargo-home" RUSTUP_HOME="/workspace/rustup-home" "/workspace/cargo-home/bin/cargo" "+1.100.0-beta.1" "fetch" "--manifest-path" "Cargo.toml", kill_on_drop: false }`
[INFO] running `Command { std: "docker" "create" "-v" "/var/lib/crater-agent-workspace/builds/worker-2-tc2/source:/opt/rustwide/workdir:ro,Z" "-v" "/var/lib/crater-agent-workspace/builds/worker-2-tc2/target:/opt/rustwide/target:rw,Z" "-v" "/var/lib/crater-agent-workspace/cargo-home:/opt/rustwide/cargo-home:ro,Z" "-v" "/var/lib/crater-agent-workspace/rustup-home:/opt/rustwide/rustup-home:ro,Z" "-m" "1610612736" "--network" "none" "ghcr.io/rust-lang/crates-build-env/linux@sha256:77db811e55d90add9212f6832c23229e3de5f1c1f9905e8cb07319ea15df73ac" "sleep" "infinity", kill_on_drop: false }`
[INFO] [stdout] 997e1d005ae195dd20468f7945c126df106bf8a720b27319227c5400e43dcd09
[INFO] running `Command { std: "docker" "start" "997e1d005ae195dd20468f7945c126df106bf8a720b27319227c5400e43dcd09", kill_on_drop: false }`
[INFO] running `Command { std: "docker" "inspect" "997e1d005ae195dd20468f7945c126df106bf8a720b27319227c5400e43dcd09", kill_on_drop: false }`
[INFO] running `Command { std: "docker" "exec" "-e" "SOURCE_DIR=/opt/rustwide/workdir" "-e" "CARGO_HOME=/opt/rustwide/cargo-home" "-e" "RUSTUP_HOME=/opt/rustwide/rustup-home" "-e" "CARGO_TARGET_DIR=/opt/rustwide/target" "-w" "/opt/rustwide/workdir" "--user" "0:0" "997e1d005ae195dd20468f7945c126df106bf8a720b27319227c5400e43dcd09" "/opt/rustwide/cargo-home/bin/cargo" "+1.100.0-beta.1" "metadata" "--no-deps" "--format-version=1", kill_on_drop: false }`
[INFO] running `Command { std: "docker" "inspect" "997e1d005ae195dd20468f7945c126df106bf8a720b27319227c5400e43dcd09", kill_on_drop: false }`
[INFO] running `Command { std: "docker" "exec" "-e" "SOURCE_DIR=/opt/rustwide/workdir" "-e" "CARGO_HOME=/opt/rustwide/cargo-home" "-e" "RUSTUP_HOME=/opt/rustwide/rustup-home" "-e" "CARGO_TARGET_DIR=/opt/rustwide/target" "-e" "CARGO_INCREMENTAL=0" "-e" "RUST_BACKTRACE=full" "-e" "RUSTFLAGS=--cap-lints=warn" "-e" "RUSTDOCFLAGS=--cap-lints=warn" "-w" "/opt/rustwide/workdir" "--user" "0:0" "997e1d005ae195dd20468f7945c126df106bf8a720b27319227c5400e43dcd09" "/opt/rustwide/cargo-home/bin/cargo" "+1.100.0-beta.1" "build" "--frozen" "--message-format=json" "--release", kill_on_drop: false }`
[INFO] [stderr]    Compiling libc v0.2.189
[INFO] [stderr]    Compiling cfg_aliases v0.2.2
[INFO] [stderr]    Compiling bitflags v2.13.1
[INFO] [stderr]    Compiling cc v1.4.0
[INFO] [stderr]    Compiling syn v2.0.119
[INFO] [stderr]    Compiling camino v1.2.5
[INFO] [stderr]    Compiling regex-automata v0.4.18
[INFO] [stderr]    Compiling serde_derive v1.0.229
[INFO] [stderr]    Compiling serde_json v1.0.151
[INFO] [stderr]    Compiling tracing-log v0.2.0
[INFO] [stderr]    Compiling semver v1.0.28
[INFO] [stderr]    Compiling thread_local v1.1.10
[INFO] [stderr]    Compiling tempfile v3.27.0
[INFO] [stderr]    Compiling tokio v1.53.1
[INFO] [stderr]    Compiling glob v0.3.4
[INFO] [stderr]    Compiling nix v0.31.3
[INFO] [stderr]    Compiling vsprintf v2.0.0
[INFO] [stderr]    Compiling serde v1.0.229
[INFO] [stderr]    Compiling cargo-platform v0.1.9
[INFO] [stderr]    Compiling matchers v0.2.0
[INFO] [stderr]    Compiling cargo_metadata v0.19.2
[INFO] [stderr]    Compiling libbpf-sys v1.7.0+v1.7.0
[INFO] [stderr]    Compiling tracing-attributes v0.1.31
[INFO] [stderr]    Compiling tracing v0.1.44
[INFO] [stderr]    Compiling tracing-subscriber v0.3.23
[INFO] [stderr]    Compiling libbpf-rs v0.27.1
[INFO] [stderr]    Compiling libbpf-cargo v0.27.1
[INFO] [stderr]    Compiling xbpf v0.0.6 (/opt/rustwide/workdir)
[INFO] [stderr]     Finished `release` profile [optimized] target(s) in 38.39s
[INFO] running `Command { std: "docker" "inspect" "997e1d005ae195dd20468f7945c126df106bf8a720b27319227c5400e43dcd09", kill_on_drop: false }`
[INFO] running `Command { std: "docker" "exec" "-e" "SOURCE_DIR=/opt/rustwide/workdir" "-e" "CARGO_HOME=/opt/rustwide/cargo-home" "-e" "RUSTUP_HOME=/opt/rustwide/rustup-home" "-e" "CARGO_TARGET_DIR=/opt/rustwide/target" "-e" "CARGO_INCREMENTAL=0" "-e" "RUST_BACKTRACE=full" "-e" "RUSTFLAGS=--cap-lints=warn" "-e" "RUSTDOCFLAGS=--cap-lints=warn" "-w" "/opt/rustwide/workdir" "--user" "0:0" "997e1d005ae195dd20468f7945c126df106bf8a720b27319227c5400e43dcd09" "/opt/rustwide/cargo-home/bin/cargo" "+1.100.0-beta.1" "test" "--frozen" "--no-run" "--message-format=json" "--release", kill_on_drop: false }`
[INFO] [stderr]    Compiling temp-env v0.3.6
[INFO] [stderr]    Compiling xbpf v0.0.6 (/opt/rustwide/workdir)
[INFO] [stderr]     Finished `release` profile [optimized] target(s) in 3.58s
[INFO] running `Command { std: "docker" "inspect" "997e1d005ae195dd20468f7945c126df106bf8a720b27319227c5400e43dcd09", kill_on_drop: false }`
[INFO] running `Command { std: "docker" "exec" "-e" "SOURCE_DIR=/opt/rustwide/workdir" "-e" "CARGO_HOME=/opt/rustwide/cargo-home" "-e" "RUSTUP_HOME=/opt/rustwide/rustup-home" "-e" "CARGO_TARGET_DIR=/opt/rustwide/target" "-e" "CARGO_INCREMENTAL=0" "-e" "RUST_BACKTRACE=full" "-e" "RUSTFLAGS=--cap-lints=warn" "-e" "RUSTDOCFLAGS=--cap-lints=warn" "-w" "/opt/rustwide/workdir" "--user" "0:0" "997e1d005ae195dd20468f7945c126df106bf8a720b27319227c5400e43dcd09" "/opt/rustwide/cargo-home/bin/cargo" "+1.100.0-beta.1" "test" "--frozen" "--release", kill_on_drop: false }`
[INFO] [stderr]     Finished `release` profile [optimized] target(s) in 0.10s
[INFO] [stderr]      Running unittests src/lib.rs (/opt/rustwide/target/release/build/xbpf/b66db3cf7fff2f33/out/xbpf-b66db3cf7fff2f33)
[INFO] [stdout] 
[INFO] [stdout] running 12 tests
[INFO] [stdout] test build::tests::parse_rich_env_var ... ok
[INFO] [stdout] test build::tests::resolves_a_source_given_relative_to_the_crate_root ... ok
[INFO] [stdout] test build::tests::mirrors_the_layout_a_source_has_below_the_crate_src ... ok
[INFO] [stdout] test build::tests::parse_default_rich_env_var ... ok
[INFO] [stdout] test build::tests::sources_with_suffix_matches_default_pattern ... ok
[INFO] [stdout] test build::tests::keeps_a_source_in_the_crate_src_at_the_root ... ok
[INFO] [stdout] test collections::ring_buf::tests::dropping_it_stops_the_reader_thread ... FAILED
[INFO] [stdout] test collections::ring_buf::tests::rejects_a_map_that_is_not_a_ring_buffer ... FAILED
[INFO] [stdout] test build::tests::ignores_the_src_directory_of_a_registry_checkout ... ok
[INFO] [stdout] test tracing::tests::leaks_one_callsite_per_level_and_kind ... ok
[INFO] [stdout] test collections::ring_buf::tests::rejects_a_zero_capacity ... FAILED
[INFO] [stdout] test build::tests::uses_the_bundled_vmlinux_header_on_docs_rs ... ok
[INFO] [stdout] 
[INFO] [stdout] failures:
[INFO] [stdout] 
[INFO] [stdout] ---- collections::ring_buf::tests::dropping_it_stops_the_reader_thread stdout ----
[INFO] [stdout] 
[INFO] [stdout] thread 'collections::ring_buf::tests::dropping_it_stops_the_reader_thread' (1038) panicked at src/collections/ring_buf.rs:235:10:
[INFO] [stdout] create map: Error: Operation not permitted (os error 1)
[INFO] [stdout] stack backtrace:
[INFO] [stdout]    0:     0x612c4b7dad81 - <<std[617be2ca0a6fd877]::sys::backtrace::BacktraceLock>::print::DisplayBacktrace as core[a373ad73a504971]::fmt::Display>::fmt
[INFO] [stdout]    1:     0x612c4b7f026a - core[a373ad73a504971]::fmt::write
[INFO] [stdout]    2:     0x612c4b7df27c - <alloc[2e1b2a31b91974c5]::vec::Vec<u8> as core[a373ad73a504971]::io::write::Write>::write_fmt
[INFO] [stdout]    3:     0x612c4b7b4786 - std[617be2ca0a6fd877]::panicking::default_hook::{closure#0}
[INFO] [stdout]    4:     0x612c4b7d1a99 - std[617be2ca0a6fd877]::panicking::default_hook
[INFO] [stdout]    5:     0x612c4b6e7530 - test[aada8e7e76ba119b]::test_main_inner::{closure#0}
[INFO] [stdout]    6:     0x612c4b7d1c52 - std[617be2ca0a6fd877]::panicking::panic_with_hook
[INFO] [stdout]    7:     0x612c4b7b4832 - std[617be2ca0a6fd877]::panicking::panic_handler::{closure#0}
[INFO] [stdout]    8:     0x612c4b7ad299 - std[617be2ca0a6fd877]::sys::backtrace::__rust_end_short_backtrace::<std[617be2ca0a6fd877]::panicking::panic_handler::{closure#0}, !>
[INFO] [stdout]    9:     0x612c4b7b565d - __rustc[ea4f61d10b84890b]::rust_begin_unwind
[INFO] [stdout]   10:     0x612c4b7f0a4c - core[a373ad73a504971]::panicking::panic_fmt
[INFO] [stdout]   11:     0x612c4b7f0822 - core[a373ad73a504971]::result::unwrap_failed
[INFO] [stdout]   12:     0x612c4b6cd9aa - <xbpf[1513ccfe1d296299]::collections::ring_buf::tests::dropping_it_stops_the_reader_thread::{closure#0} as core[a373ad73a504971]::ops::function::FnOnce<()>>::call_once
[INFO] [stdout]   13:     0x612c4b6da97b - test[aada8e7e76ba119b]::__rust_begin_short_backtrace::<core[a373ad73a504971]::result::Result<(), alloc[2e1b2a31b91974c5]::string::String>, fn() -> core[a373ad73a504971]::result::Result<(), alloc[2e1b2a31b91974c5]::string::String>>
[INFO] [stdout]   14:     0x612c4b6e7b55 - test[aada8e7e76ba119b]::run_test::{closure#0}
[INFO] [stdout]   15:     0x612c4b6e1444 - std[617be2ca0a6fd877]::sys::backtrace::__rust_begin_short_backtrace::<test[aada8e7e76ba119b]::run_test::{closure#1}, ()>
[INFO] [stdout]   16:     0x612c4b6eabe2 - <std[617be2ca0a6fd877]::thread::lifecycle::spawn_unchecked<test[aada8e7e76ba119b]::run_test::{closure#1}, ()>::{closure#1} as core[a373ad73a504971]::ops::function::FnOnce<()>>::call_once::{shim:vtable#0}
[INFO] [stdout]   17:     0x612c4b7da30f - <std[617be2ca0a6fd877]::sys::thread::unix::Thread>::new::thread_start
[INFO] [stdout]   18:     0x779f52266dfa - <unknown>
[INFO] [stdout]   19:     0x779f522fa3d4 - clone
[INFO] [stdout]   20:                0x0 - <unknown>
[INFO] [stdout] 
[INFO] [stdout] ---- collections::ring_buf::tests::rejects_a_map_that_is_not_a_ring_buffer stdout ----
[INFO] [stdout] 
[INFO] [stdout] thread 'collections::ring_buf::tests::rejects_a_map_that_is_not_a_ring_buffer' (1039) panicked at src/collections/ring_buf.rs:235:10:
[INFO] [stdout] create map: Error: Operation not permitted (os error 1)
[INFO] [stdout] stack backtrace:
[INFO] [stdout]    0:     0x612c4b7dad81 - <<std[617be2ca0a6fd877]::sys::backtrace::BacktraceLock>::print::DisplayBacktrace as core[a373ad73a504971]::fmt::Display>::fmt
[INFO] [stdout]    1:     0x612c4b7f026a - core[a373ad73a504971]::fmt::write
[INFO] [stdout]    2:     0x612c4b7df27c - <alloc[2e1b2a31b91974c5]::vec::Vec<u8> as core[a373ad73a504971]::io::write::Write>::write_fmt
[INFO] [stdout]    3:     0x612c4b7b4786 - std[617be2ca0a6fd877]::panicking::default_hook::{closure#0}
[INFO] [stdout]    4:     0x612c4b7d1a99 - std[617be2ca0a6fd877]::panicking::default_hook
[INFO] [stdout]    5:     0x612c4b6e7530 - test[aada8e7e76ba119b]::test_main_inner::{closure#0}
[INFO] [stdout]    6:     0x612c4b7d1c52 - std[617be2ca0a6fd877]::panicking::panic_with_hook
[INFO] [stdout]    7:     0x612c4b7b4832 - std[617be2ca0a6fd877]::panicking::panic_handler::{closure#0}
[INFO] [stdout]    8:     0x612c4b7ad299 - std[617be2ca0a6fd877]::sys::backtrace::__rust_end_short_backtrace::<std[617be2ca0a6fd877]::panicking::panic_handler::{closure#0}, !>
[INFO] [stdout]    9:     0x612c4b7b565d - __rustc[ea4f61d10b84890b]::rust_begin_unwind
[INFO] [stdout]   10:     0x612c4b7f0a4c - core[a373ad73a504971]::panicking::panic_fmt
[INFO] [stdout]   11:     0x612c4b7f0822 - core[a373ad73a504971]::result::unwrap_failed
[INFO] [stdout]   12:     0x612c4b6cdb68 - <xbpf[1513ccfe1d296299]::collections::ring_buf::tests::rejects_a_map_that_is_not_a_ring_buffer::{closure#0} as core[a373ad73a504971]::ops::function::FnOnce<()>>::call_once
[INFO] [stdout]   13:     0x612c4b6da97b - test[aada8e7e76ba119b]::__rust_begin_short_backtrace::<core[a373ad73a504971]::result::Result<(), alloc[2e1b2a31b91974c5]::string::String>, fn() -> core[a373ad73a504971]::result::Result<(), alloc[2e1b2a31b91974c5]::string::String>>
[INFO] [stdout]   14:     0x612c4b6e7b55 - test[aada8e7e76ba119b]::run_test::{closure#0}
[INFO] [stdout]   15:     0x612c4b6e1444 - std[617be2ca0a6fd877]::sys::backtrace::__rust_begin_short_backtrace::<test[aada8e7e76ba119b]::run_test::{closure#1}, ()>
[INFO] [stdout]   16:     0x612c4b6eabe2 - <std[617be2ca0a6fd877]::thread::lifecycle::spawn_unchecked<test[aada8e7e76ba119b]::run_test::{closure#1}, ()>::{closure#1} as core[a373ad73a504971]::ops::function::FnOnce<()>>::call_once::{shim:vtable#0}
[INFO] [stdout]   17:     0x612c4b7da30f - <std[617be2ca0a6fd877]::sys::thread::unix::Thread>::new::thread_start
[INFO] [stdout]   18:     0x779f52266dfa - <unknown>
[INFO] [stdout]   19:     0x779f522fa3d4 - clone
[INFO] [stdout]   20:                0x0 - <unknown>
[INFO] [stdout] 
[INFO] [stdout] ---- collections::ring_buf::tests::rejects_a_zero_capacity stdout ----
[INFO] [stdout] 
[INFO] [stdout] thread 'collections::ring_buf::tests::rejects_a_zero_capacity' (1040) panicked at src/collections/ring_buf.rs:235:10:
[INFO] [stdout] create map: Error: Operation not permitted (os error 1)
[INFO] [stdout] stack backtrace:
[INFO] [stdout]    0:     0x612c4b7dad81 - <<std[617be2ca0a6fd877]::sys::backtrace::BacktraceLock>::print::DisplayBacktrace as core[a373ad73a504971]::fmt::Display>::fmt
[INFO] [stdout]    1:     0x612c4b7f026a - core[a373ad73a504971]::fmt::write
[INFO] [stdout]    2:     0x612c4b7df27c - <alloc[2e1b2a31b91974c5]::vec::Vec<u8> as core[a373ad73a504971]::io::write::Write>::write_fmt
[INFO] [stdout]    3:     0x612c4b7b4786 - std[617be2ca0a6fd877]::panicking::default_hook::{closure#0}
[INFO] [stdout]    4:     0x612c4b7d1a99 - std[617be2ca0a6fd877]::panicking::default_hook
[INFO] [stdout]    5:     0x612c4b6e7530 - test[aada8e7e76ba119b]::test_main_inner::{closure#0}
[INFO] [stdout]    6:     0x612c4b7d1c52 - std[617be2ca0a6fd877]::panicking::panic_with_hook
[INFO] [stdout]    7:     0x612c4b7b4832 - std[617be2ca0a6fd877]::panicking::panic_handler::{closure#0}
[INFO] [stdout]    8:     0x612c4b7ad299 - std[617be2ca0a6fd877]::sys::backtrace::__rust_end_short_backtrace::<std[617be2ca0a6fd877]::panicking::panic_handler::{closure#0}, !>
[INFO] [stdout]    9:     0x612c4b7b565d - __rustc[ea4f61d10b84890b]::rust_begin_unwind
[INFO] [stdout]   10:     0x612c4b7f0a4c - core[a373ad73a504971]::panicking::panic_fmt
[INFO] [stdout]   11:     0x612c4b7f0822 - core[a373ad73a504971]::result::unwrap_failed
[INFO] [stdout]   12:     0x612c4b6cd7f2 - <xbpf[1513ccfe1d296299]::collections::ring_buf::tests::rejects_a_zero_capacity::{closure#0} as core[a373ad73a504971]::ops::function::FnOnce<()>>::call_once
[INFO] [stdout]   13:     0x612c4b6da97b - test[aada8e7e76ba119b]::__rust_begin_short_backtrace::<core[a373ad73a504971]::result::Result<(), alloc[2e1b2a31b91974c5]::string::String>, fn() -> core[a373ad73a504971]::result::Result<(), alloc[2e1b2a31b91974c5]::string::String>>
[INFO] [stdout]   14:     0x612c4b6e7b55 - test[aada8e7e76ba119b]::run_test::{closure#0}
[INFO] [stdout]   15:     0x612c4b6e1444 - std[617be2ca0a6fd877]::sys::backtrace::__rust_begin_short_backtrace::<test[aada8e7e76ba119b]::run_test::{closure#1}, ()>
[INFO] [stdout]   16:     0x612c4b6eabe2 - <std[617be2ca0a6fd877]::thread::lifecycle::spawn_unchecked<test[aada8e7e76ba119b]::run_test::{closure#1}, ()>::{closure#1} as core[a373ad73a504971]::ops::function::FnOnce<()>>::call_once::{shim:vtable#0}
[INFO] [stdout]   17:     0x612c4b7da30f - <std[617be2ca0a6fd877]::sys::thread::unix::Thread>::new::thread_start
[INFO] [stdout]   18:     0x779f52266dfa - <unknown>
[INFO] [stdout]   19:     0x779f522fa3d4 - clone
[INFO] [stdout]   20:                0x0 - <unknown>
[INFO] [stdout] 
[INFO] [stdout] 
[INFO] [stdout] failures:
[INFO] [stdout]     collections::ring_buf::tests::dropping_it_stops_the_reader_thread
[INFO] [stdout]     collections::ring_buf::tests::rejects_a_map_that_is_not_a_ring_buffer
[INFO] [stdout]     collections::ring_buf::tests::rejects_a_zero_capacity
[INFO] [stderr] error: test failed, to rerun pass `--lib`
[INFO] [stdout] 
[INFO] [stdout] test result: FAILED. 9 passed; 3 failed; 0 ignored; 0 measured; 0 filtered out; finished in 0.01s
[INFO] [stdout] 
[INFO] running `Command { std: "docker" "inspect" "997e1d005ae195dd20468f7945c126df106bf8a720b27319227c5400e43dcd09", kill_on_drop: false }`
[INFO] running `Command { std: "docker" "rm" "-f" "997e1d005ae195dd20468f7945c126df106bf8a720b27319227c5400e43dcd09", kill_on_drop: false }`
[INFO] [stdout] 997e1d005ae195dd20468f7945c126df106bf8a720b27319227c5400e43dcd09
