[INFO] fetching crate xbp-runtime 11.2.0...
[INFO] testing xbp-runtime-11.2.0 against 1.99.0-beta.8+cargoflags=--release for beta-release-1.100-2
[INFO] extracting crate xbp-runtime 11.2.0 into /workspace/builds/worker-0-tc1/source
[INFO] started tweaking crates.io crate xbp-runtime 11.2.0
[INFO] finished tweaking crates.io crate xbp-runtime 11.2.0
[INFO] tweaked toml for crates.io crate xbp-runtime 11.2.0 written to /workspace/builds/worker-0-tc1/source/Cargo.toml
[INFO] validating manifest of crates.io crate xbp-runtime 11.2.0 on toolchain 1.99.0-beta.8
[INFO] running `Command { std: CARGO_HOME="/workspace/cargo-home" RUSTUP_HOME="/workspace/rustup-home" "/workspace/cargo-home/bin/cargo" "+1.99.0-beta.8" "metadata" "--manifest-path" "Cargo.toml" "--no-deps", kill_on_drop: false }`
[INFO] crate crates.io crate xbp-runtime 11.2.0 already has a lockfile, it will not be regenerated
[INFO] running `Command { std: CARGO_HOME="/workspace/cargo-home" RUSTUP_HOME="/workspace/rustup-home" "/workspace/cargo-home/bin/cargo" "+1.99.0-beta.8" "fetch" "--manifest-path" "Cargo.toml", kill_on_drop: false }`
[INFO] [stderr]     Updating crates.io index
[INFO] [stderr]  Downloading crates ...
[INFO] [stderr]   Downloaded xbp-core v11.2.0
[INFO] running `Command { std: "docker" "create" "-v" "/var/lib/crater-agent-workspace/builds/worker-0-tc1/source:/opt/rustwide/workdir:ro,Z" "-v" "/var/lib/crater-agent-workspace/builds/worker-0-tc1/target:/opt/rustwide/target:rw,Z" "-v" "/var/lib/crater-agent-workspace/cargo-home:/opt/rustwide/cargo-home:ro,Z" "-v" "/var/lib/crater-agent-workspace/rustup-home:/opt/rustwide/rustup-home:ro,Z" "-m" "1610612736" "--network" "none" "ghcr.io/rust-lang/crates-build-env/linux@sha256:77db811e55d90add9212f6832c23229e3de5f1c1f9905e8cb07319ea15df73ac" "sleep" "infinity", kill_on_drop: false }`
[INFO] [stdout] 9750c4760b87e3421601302c006efcdb87f6a5d65fc81b757a200907daa73300
[INFO] running `Command { std: "docker" "start" "9750c4760b87e3421601302c006efcdb87f6a5d65fc81b757a200907daa73300", kill_on_drop: false }`
[INFO] running `Command { std: "docker" "inspect" "9750c4760b87e3421601302c006efcdb87f6a5d65fc81b757a200907daa73300", kill_on_drop: false }`
[INFO] running `Command { std: "docker" "exec" "-e" "SOURCE_DIR=/opt/rustwide/workdir" "-e" "CARGO_HOME=/opt/rustwide/cargo-home" "-e" "RUSTUP_HOME=/opt/rustwide/rustup-home" "-e" "CARGO_TARGET_DIR=/opt/rustwide/target" "-w" "/opt/rustwide/workdir" "--user" "0:0" "9750c4760b87e3421601302c006efcdb87f6a5d65fc81b757a200907daa73300" "/opt/rustwide/cargo-home/bin/cargo" "+1.99.0-beta.8" "metadata" "--no-deps" "--format-version=1", kill_on_drop: false }`
[INFO] running `Command { std: "docker" "inspect" "9750c4760b87e3421601302c006efcdb87f6a5d65fc81b757a200907daa73300", kill_on_drop: false }`
[INFO] running `Command { std: "docker" "exec" "-e" "SOURCE_DIR=/opt/rustwide/workdir" "-e" "CARGO_HOME=/opt/rustwide/cargo-home" "-e" "RUSTUP_HOME=/opt/rustwide/rustup-home" "-e" "CARGO_TARGET_DIR=/opt/rustwide/target" "-e" "CARGO_INCREMENTAL=0" "-e" "RUST_BACKTRACE=full" "-e" "RUSTFLAGS=--cap-lints=warn" "-e" "RUSTDOCFLAGS=--cap-lints=warn" "-w" "/opt/rustwide/workdir" "--user" "0:0" "9750c4760b87e3421601302c006efcdb87f6a5d65fc81b757a200907daa73300" "/opt/rustwide/cargo-home/bin/cargo" "+1.99.0-beta.8" "build" "--frozen" "--message-format=json" "--release", kill_on_drop: false }`
[INFO] [stderr]    Compiling syn v3.0.5
[INFO] [stderr]    Compiling syn v2.0.119
[INFO] [stderr]    Compiling serde_json v1.0.151
[INFO] [stderr]    Compiling serde_derive v1.0.229
[INFO] [stderr]    Compiling tokio-macros v2.7.2
[INFO] [stderr]    Compiling tokio v1.53.1
[INFO] [stderr]    Compiling tracing-attributes v0.1.31
[INFO] [stderr]    Compiling tracing v0.1.44
[INFO] [stderr]    Compiling serde v1.0.229
[INFO] [stderr]    Compiling chrono v0.4.45
[INFO] [stderr]    Compiling xbp-core v11.2.0
[INFO] [stderr]    Compiling xbp-runtime v11.2.0 (/opt/rustwide/workdir)
[INFO] [stdout] warning: function `command_output_detail` is never used
[INFO] [stdout]    --> src/lib.rs:791:4
[INFO] [stdout]     |
[INFO] [stdout] 791 | fn command_output_detail(output: &std::process::Output) -> String {
[INFO] [stdout]     |    ^^^^^^^^^^^^^^^^^^^^^
[INFO] [stdout]     |
[INFO] [stdout]     = note: `#[warn(dead_code)]` (part of `#[warn(unused)]`) on by default
[INFO] [stdout] 
[INFO] [stdout] 
[INFO] [stderr]     Finished `release` profile [optimized] target(s) in 34.47s
[INFO] running `Command { std: "docker" "inspect" "9750c4760b87e3421601302c006efcdb87f6a5d65fc81b757a200907daa73300", kill_on_drop: false }`
[INFO] running `Command { std: "docker" "exec" "-e" "SOURCE_DIR=/opt/rustwide/workdir" "-e" "CARGO_HOME=/opt/rustwide/cargo-home" "-e" "RUSTUP_HOME=/opt/rustwide/rustup-home" "-e" "CARGO_TARGET_DIR=/opt/rustwide/target" "-e" "CARGO_INCREMENTAL=0" "-e" "RUST_BACKTRACE=full" "-e" "RUSTFLAGS=--cap-lints=warn" "-e" "RUSTDOCFLAGS=--cap-lints=warn" "-w" "/opt/rustwide/workdir" "--user" "0:0" "9750c4760b87e3421601302c006efcdb87f6a5d65fc81b757a200907daa73300" "/opt/rustwide/cargo-home/bin/cargo" "+1.99.0-beta.8" "test" "--frozen" "--no-run" "--message-format=json" "--release", kill_on_drop: false }`
[INFO] [stdout] warning: function `command_output_detail` is never used
[INFO] [stdout]    --> src/lib.rs:791:4
[INFO] [stdout]     |
[INFO] [stdout] 791 | fn command_output_detail(output: &std::process::Output) -> String {
[INFO] [stdout]     |    ^^^^^^^^^^^^^^^^^^^^^
[INFO] [stdout]     |
[INFO] [stdout]     = note: `#[warn(dead_code)]` (part of `#[warn(unused)]`) on by default
[INFO] [stdout] 
[INFO] [stdout] 
[INFO] [stderr]    Compiling xbp-runtime v11.2.0 (/opt/rustwide/workdir)
[INFO] [stdout] warning: function `command_output_detail` is never used
[INFO] [stdout]    --> src/lib.rs:791:4
[INFO] [stdout]     |
[INFO] [stdout] 791 | fn command_output_detail(output: &std::process::Output) -> String {
[INFO] [stdout]     |    ^^^^^^^^^^^^^^^^^^^^^
[INFO] [stdout]     |
[INFO] [stdout]     = note: `#[warn(dead_code)]` (part of `#[warn(unused)]`) on by default
[INFO] [stdout] 
[INFO] [stdout] 
[INFO] [stderr]     Finished `release` profile [optimized] target(s) in 4.77s
[INFO] running `Command { std: "docker" "inspect" "9750c4760b87e3421601302c006efcdb87f6a5d65fc81b757a200907daa73300", kill_on_drop: false }`
[INFO] running `Command { std: "docker" "exec" "-e" "SOURCE_DIR=/opt/rustwide/workdir" "-e" "CARGO_HOME=/opt/rustwide/cargo-home" "-e" "RUSTUP_HOME=/opt/rustwide/rustup-home" "-e" "CARGO_TARGET_DIR=/opt/rustwide/target" "-e" "CARGO_INCREMENTAL=0" "-e" "RUST_BACKTRACE=full" "-e" "RUSTFLAGS=--cap-lints=warn" "-e" "RUSTDOCFLAGS=--cap-lints=warn" "-w" "/opt/rustwide/workdir" "--user" "0:0" "9750c4760b87e3421601302c006efcdb87f6a5d65fc81b757a200907daa73300" "/opt/rustwide/cargo-home/bin/cargo" "+1.99.0-beta.8" "test" "--frozen" "--release", kill_on_drop: false }`
[INFO] [stderr] warning: function `command_output_detail` is never used
[INFO] [stderr]    --> src/lib.rs:791:4
[INFO] [stderr]     |
[INFO] [stderr] 791 | fn command_output_detail(output: &std::process::Output) -> String {
[INFO] [stderr]     |    ^^^^^^^^^^^^^^^^^^^^^
[INFO] [stderr]     |
[INFO] [stderr]     = note: `#[warn(dead_code)]` (part of `#[warn(unused)]`) on by default
[INFO] [stderr] 
[INFO] [stderr] warning: `xbp-runtime` (lib) generated 1 warning
[INFO] [stderr] warning: `xbp-runtime` (lib test) generated 1 warning (1 duplicate)
[INFO] [stderr]     Finished `release` profile [optimized] target(s) in 0.08s
[INFO] [stderr]      Running unittests src/lib.rs (/opt/rustwide/target/release/deps/xbp_runtime-90bb4990dd5df4c7)
[INFO] [stdout] 
[INFO] [stdout] running 10 tests
[INFO] [stdout] test tests::http_readiness_probe_passes_for_two_hundred_response ... ok
[INFO] [stdout] test tests::launch_captures_runtime_stdout_and_stderr_to_files ... FAILED
[INFO] [stdout] test tests::launch_fails_when_process_exits_immediately ... ok
[INFO] [stdout] test tests::launch_container_runtime_returns_running_container_metadata ... ok
[INFO] [stdout] test tests::http_readiness_probe_times_out_on_unhealthy_status ... ok
[INFO] [stdout] test tests::stop_container_runtime_uses_configured_grace_period ... ok
[INFO] [stderr] kill: (422): No such process
[INFO] [stderr] kill: (422): No such process
[INFO] [stdout] test tests::inspect_reports_running_and_exited_process_state ... ok
[INFO] [stdout] test tests::launch_native_runtime_returns_running_process_metadata ... ok
[INFO] [stderr] kill: (423): No such process
[INFO] [stderr] kill: (428): No such process
[INFO] [stderr] kill: (424): No such process
[INFO] [stdout] test tests::launch_static_runtime_returns_running_process_metadata ... ok
[INFO] [stderr] kill: (428): No such process
[INFO] [stderr] kill: (507): No such process
[INFO] [stdout] test tests::restart_relaunches_native_runtime_process ... ok
[INFO] [stdout] 
[INFO] [stdout] failures:
[INFO] [stdout] 
[INFO] [stdout] ---- tests::launch_captures_runtime_stdout_and_stderr_to_files stdout ----
[INFO] [stdout] 
[INFO] [stdout] thread 'tests::launch_captures_runtime_stdout_and_stderr_to_files' (417) panicked at src/lib.rs:1111:10:
[INFO] [stdout] launch runtime: "runtime command `printf 'runtime stdout\\n'; printf 'runtime stderr\\n' 1>&2; sleep 30` exited before becoming ready with status exit status: 0"
[INFO] [stdout] stack backtrace:
[INFO] [stdout]    0:     0x61966016a801 - <<std[70759c8f55707aa4]::sys::backtrace::BacktraceLock>::print::DisplayBacktrace as core[df12db4294e9bfd3]::fmt::Display>::fmt
[INFO] [stdout]    1:     0x6196601807ea - core[df12db4294e9bfd3]::fmt::write
[INFO] [stdout]    2:     0x61966016f93c - <alloc[2182bb758b4b3781]::vec::Vec<u8> as core[df12db4294e9bfd3]::io::write::Write>::write_fmt
[INFO] [stdout]    3:     0x619660143896 - std[70759c8f55707aa4]::panicking::default_hook::{closure#0}
[INFO] [stdout]    4:     0x6196601616c9 - std[70759c8f55707aa4]::panicking::default_hook
[INFO] [stdout]    5:     0x6196600d36e0 - test[9d35eded1c95d3be]::test_main_inner::<test[9d35eded1c95d3be]::test_main_static::{closure#0}>::{closure#0}
[INFO] [stdout]    6:     0x6196601619f2 - std[70759c8f55707aa4]::panicking::panic_with_hook
[INFO] [stdout]    7:     0x619660143942 - std[70759c8f55707aa4]::panicking::panic_handler::{closure#0}
[INFO] [stdout]    8:     0x61966013c1d9 - std[70759c8f55707aa4]::sys::backtrace::__rust_end_short_backtrace::<std[70759c8f55707aa4]::panicking::panic_handler::{closure#0}, !>
[INFO] [stdout]    9:     0x619660144a0d - __rustc[8fa7c3cbc660c2b3]::rust_begin_unwind
[INFO] [stdout]   10:     0x619660180f4c - core[df12db4294e9bfd3]::panicking::panic_fmt
[INFO] [stdout]   11:     0x619660180d22 - core[df12db4294e9bfd3]::result::unwrap_failed
[INFO] [stdout]   12:     0x6196600b1611 - xbp_runtime[ba7179425026b19b]::tests::launch_captures_runtime_stdout_and_stderr_to_files::{closure#0}
[INFO] [stdout]   13:     0x6196600bdd33 - <tokio[dd2cbab025547d57]::runtime::scheduler::current_thread::Context>::enter::<core[df12db4294e9bfd3]::task::poll::Poll<()>, <tokio[dd2cbab025547d57]::runtime::scheduler::current_thread::CoreGuard>::block_on<core[df12db4294e9bfd3]::pin::Pin<&mut core[df12db4294e9bfd3]::pin::Pin<&mut dyn core[df12db4294e9bfd3]::future::future::Future<Output = ()>>>>::{closure#0}::{closure#0}>
[INFO] [stdout]   14:     0x6196600bf1a9 - <std[70759c8f55707aa4]::thread::local::LocalKey<tokio[dd2cbab025547d57]::runtime::context::Context>>::with::<tokio[dd2cbab025547d57]::runtime::context::set_scheduler<(alloc[2182bb758b4b3781]::boxed::Box<tokio[dd2cbab025547d57]::runtime::scheduler::current_thread::Core>, core[df12db4294e9bfd3]::option::Option<()>), <tokio[dd2cbab025547d57]::runtime::scheduler::current_thread::CoreGuard>::enter<<tokio[dd2cbab025547d57]::runtime::scheduler::current_thread::CoreGuard>::block_on<core[df12db4294e9bfd3]::pin::Pin<&mut core[df12db4294e9bfd3]::pin::Pin<&mut dyn core[df12db4294e9bfd3]::future::future::Future<Output = ()>>>>::{closure#0}, core[df12db4294e9bfd3]::option::Option<()>>::{closure#0}>::{closure#0}, (alloc[2182bb758b4b3781]::boxed::Box<tokio[dd2cbab025547d57]::runtime::scheduler::current_thread::Core>, core[df12db4294e9bfd3]::option::Option<()>)>
[INFO] [stdout]   15:     0x6196600bdfb7 - <tokio[dd2cbab025547d57]::runtime::scheduler::current_thread::CoreGuard>::block_on::<core[df12db4294e9bfd3]::pin::Pin<&mut core[df12db4294e9bfd3]::pin::Pin<&mut dyn core[df12db4294e9bfd3]::future::future::Future<Output = ()>>>>
[INFO] [stdout]   16:     0x6196600c491d - tokio[dd2cbab025547d57]::runtime::context::runtime::enter_runtime::<<tokio[dd2cbab025547d57]::runtime::scheduler::current_thread::CurrentThread>::block_on<core[df12db4294e9bfd3]::pin::Pin<&mut dyn core[df12db4294e9bfd3]::future::future::Future<Output = ()>>>::{closure#0}, ()>
[INFO] [stdout]   17:     0x6196600c4e25 - <tokio[dd2cbab025547d57]::runtime::runtime::Runtime>::block_on::<core[df12db4294e9bfd3]::pin::Pin<&mut dyn core[df12db4294e9bfd3]::future::future::Future<Output = ()>>>
[INFO] [stdout]   18:     0x6196600b61fb - xbp_runtime[ba7179425026b19b]::tests::launch_captures_runtime_stdout_and_stderr_to_files
[INFO] [stdout]   19:     0x6196600b9779 - <xbp_runtime[ba7179425026b19b]::tests::launch_captures_runtime_stdout_and_stderr_to_files::{closure#0} as core[df12db4294e9bfd3]::ops::function::FnOnce<()>>::call_once
[INFO] [stdout]   20:     0x6196600c69cb - test[9d35eded1c95d3be]::__rust_begin_short_backtrace::<core[df12db4294e9bfd3]::result::Result<(), alloc[2182bb758b4b3781]::string::String>, fn() -> core[df12db4294e9bfd3]::result::Result<(), alloc[2182bb758b4b3781]::string::String>>
[INFO] [stdout]   21:     0x6196600d4035 - test[9d35eded1c95d3be]::run_test::{closure#0}
[INFO] [stdout]   22:     0x6196600cd8f4 - std[70759c8f55707aa4]::sys::backtrace::__rust_begin_short_backtrace::<test[9d35eded1c95d3be]::run_test::{closure#1}, ()>
[INFO] [stdout]   23:     0x6196600d7192 - <std[70759c8f55707aa4]::thread::lifecycle::spawn_unchecked<test[9d35eded1c95d3be]::run_test::{closure#1}, ()>::{closure#1} as core[df12db4294e9bfd3]::ops::function::FnOnce<()>>::call_once::{shim:vtable#0}
[INFO] [stdout]   24:     0x619660169579 - <std[70759c8f55707aa4]::sys::thread::unix::Thread>::new::thread_start
[INFO] [stdout]   25:     0x71eda0b52dfa - <unknown>
[INFO] [stdout]   26:     0x71eda0be63d4 - clone
[INFO] [stdout]   27:                0x0 - <unknown>
[INFO] [stdout] 
[INFO] [stdout] 
[INFO] [stdout] failures:
[INFO] [stdout]     tests::launch_captures_runtime_stdout_and_stderr_to_files
[INFO] [stdout] 
[INFO] [stdout] test result: FAILED. 9 passed; 1 failed; 0 ignored; 0 measured; 0 filtered out; finished in 2.06s
[INFO] [stdout] 
[INFO] [stderr] error: test failed, to rerun pass `--lib`
[INFO] running `Command { std: "docker" "inspect" "9750c4760b87e3421601302c006efcdb87f6a5d65fc81b757a200907daa73300", kill_on_drop: false }`
[INFO] running `Command { std: "docker" "rm" "-f" "9750c4760b87e3421601302c006efcdb87f6a5d65fc81b757a200907daa73300", kill_on_drop: false }`
[INFO] [stdout] 9750c4760b87e3421601302c006efcdb87f6a5d65fc81b757a200907daa73300
