[INFO] fetching crate xbp-management 11.2.0...
[INFO] testing xbp-management-11.2.0 against 1.99.0-beta.8+cargoflags=--release for beta-release-1.100-2
[INFO] extracting crate xbp-management 11.2.0 into /workspace/builds/worker-1-tc1/source
[INFO] started tweaking crates.io crate xbp-management 11.2.0
[INFO] removed 0 missing tests
[INFO] finished tweaking crates.io crate xbp-management 11.2.0
[INFO] tweaked toml for crates.io crate xbp-management 11.2.0 written to /workspace/builds/worker-1-tc1/source/Cargo.toml
[INFO] validating manifest of crates.io crate xbp-management 11.2.0 on toolchain 1.99.0-beta.8
[INFO] running `Command { std: CARGO_HOME="/workspace/cargo-home" RUSTUP_HOME="/workspace/rustup-home" "/workspace/cargo-home/bin/cargo" "+1.99.0-beta.8" "metadata" "--manifest-path" "Cargo.toml" "--no-deps", kill_on_drop: false }`
[INFO] crate crates.io crate xbp-management 11.2.0 already has a lockfile, it will not be regenerated
[INFO] running `Command { std: CARGO_HOME="/workspace/cargo-home" RUSTUP_HOME="/workspace/rustup-home" "/workspace/cargo-home/bin/cargo" "+1.99.0-beta.8" "fetch" "--manifest-path" "Cargo.toml", kill_on_drop: false }`
[INFO] [stderr]     Updating crates.io index
[INFO] [stderr]  Downloading crates ...
[INFO] [stderr]   Downloaded xbp-capacity v11.2.0
[INFO] [stderr]   Downloaded xbp-core v11.2.0
[INFO] [stderr]   Downloaded xbp-analytics v11.2.0
[INFO] [stderr]   Downloaded xbp-delivery v11.2.0
[INFO] [stderr]   Downloaded uuid v1.25.0
[INFO] running `Command { std: "docker" "create" "-v" "/var/lib/crater-agent-workspace/builds/worker-1-tc1/source:/opt/rustwide/workdir:ro,Z" "-v" "/var/lib/crater-agent-workspace/builds/worker-1-tc1/target:/opt/rustwide/target:rw,Z" "-v" "/var/lib/crater-agent-workspace/cargo-home:/opt/rustwide/cargo-home:ro,Z" "-v" "/var/lib/crater-agent-workspace/rustup-home:/opt/rustwide/rustup-home:ro,Z" "-m" "1610612736" "--network" "none" "ghcr.io/rust-lang/crates-build-env/linux@sha256:77db811e55d90add9212f6832c23229e3de5f1c1f9905e8cb07319ea15df73ac" "sleep" "infinity", kill_on_drop: false }`
[INFO] [stdout] 62c3b5458da2b1407e2eaefe8d9920131121ffaa05a205bbd87234c7e79969a3
[INFO] running `Command { std: "docker" "start" "62c3b5458da2b1407e2eaefe8d9920131121ffaa05a205bbd87234c7e79969a3", kill_on_drop: false }`
[INFO] running `Command { std: "docker" "inspect" "62c3b5458da2b1407e2eaefe8d9920131121ffaa05a205bbd87234c7e79969a3", kill_on_drop: false }`
[INFO] running `Command { std: "docker" "exec" "-e" "SOURCE_DIR=/opt/rustwide/workdir" "-e" "CARGO_HOME=/opt/rustwide/cargo-home" "-e" "RUSTUP_HOME=/opt/rustwide/rustup-home" "-e" "CARGO_TARGET_DIR=/opt/rustwide/target" "-w" "/opt/rustwide/workdir" "--user" "0:0" "62c3b5458da2b1407e2eaefe8d9920131121ffaa05a205bbd87234c7e79969a3" "/opt/rustwide/cargo-home/bin/cargo" "+1.99.0-beta.8" "metadata" "--no-deps" "--format-version=1", kill_on_drop: false }`
[INFO] running `Command { std: "docker" "inspect" "62c3b5458da2b1407e2eaefe8d9920131121ffaa05a205bbd87234c7e79969a3", kill_on_drop: false }`
[INFO] running `Command { std: "docker" "exec" "-e" "SOURCE_DIR=/opt/rustwide/workdir" "-e" "CARGO_HOME=/opt/rustwide/cargo-home" "-e" "RUSTUP_HOME=/opt/rustwide/rustup-home" "-e" "CARGO_TARGET_DIR=/opt/rustwide/target" "-e" "CARGO_INCREMENTAL=0" "-e" "RUST_BACKTRACE=full" "-e" "RUSTFLAGS=--cap-lints=warn" "-e" "RUSTDOCFLAGS=--cap-lints=warn" "-w" "/opt/rustwide/workdir" "--user" "0:0" "62c3b5458da2b1407e2eaefe8d9920131121ffaa05a205bbd87234c7e79969a3" "/opt/rustwide/cargo-home/bin/cargo" "+1.99.0-beta.8" "build" "--frozen" "--message-format=json" "--release", kill_on_drop: false }`
[INFO] [stderr]    Compiling zerocopy v0.8.57
[INFO] [stderr]    Compiling proc-macro2 v1.0.107
[INFO] [stderr]    Compiling ahash v0.8.12
[INFO] [stderr]    Compiling find-msvc-tools v0.1.12
[INFO] [stderr]    Compiling num-traits v0.2.19
[INFO] [stderr]    Compiling libc v0.2.189
[INFO] [stderr]    Compiling once_cell v1.21.4
[INFO] [stderr]    Compiling getrandom v0.4.3
[INFO] [stderr]    Compiling cc v1.4.5
[INFO] [stderr]    Compiling fallible-streaming-iterator v0.1.9
[INFO] [stderr]    Compiling smallvec v1.16.0
[INFO] [stderr]    Compiling fallible-iterator v0.3.0
[INFO] [stderr]    Compiling quote v1.0.47
[INFO] [stderr]    Compiling syn v3.0.5
[INFO] [stderr]    Compiling libsqlite3-sys v0.30.1
[INFO] [stderr]    Compiling uuid v1.25.0
[INFO] [stderr]    Compiling serde_derive v1.0.229
[INFO] [stderr]    Compiling serde v1.0.229
[INFO] [stderr]    Compiling hashbrown v0.14.5
[INFO] [stderr]    Compiling chrono v0.4.45
[INFO] [stderr]    Compiling hashlink v0.9.1
[INFO] [stderr]    Compiling xbp-core v11.2.0
[INFO] [stderr]    Compiling rusqlite v0.32.1
[INFO] [stderr]    Compiling xbp-delivery v11.2.0
[INFO] [stderr]    Compiling xbp-analytics v11.2.0
[INFO] [stderr]    Compiling xbp-capacity v11.2.0
[INFO] [stderr]    Compiling xbp-management v11.2.0 (/opt/rustwide/workdir)
[INFO] [stderr]     Finished `release` profile [optimized] target(s) in 2m 36s
[INFO] running `Command { std: "docker" "inspect" "62c3b5458da2b1407e2eaefe8d9920131121ffaa05a205bbd87234c7e79969a3", kill_on_drop: false }`
[INFO] running `Command { std: "docker" "exec" "-e" "SOURCE_DIR=/opt/rustwide/workdir" "-e" "CARGO_HOME=/opt/rustwide/cargo-home" "-e" "RUSTUP_HOME=/opt/rustwide/rustup-home" "-e" "CARGO_TARGET_DIR=/opt/rustwide/target" "-e" "CARGO_INCREMENTAL=0" "-e" "RUST_BACKTRACE=full" "-e" "RUSTFLAGS=--cap-lints=warn" "-e" "RUSTDOCFLAGS=--cap-lints=warn" "-w" "/opt/rustwide/workdir" "--user" "0:0" "62c3b5458da2b1407e2eaefe8d9920131121ffaa05a205bbd87234c7e79969a3" "/opt/rustwide/cargo-home/bin/cargo" "+1.99.0-beta.8" "test" "--frozen" "--no-run" "--message-format=json" "--release", kill_on_drop: false }`
[INFO] [stderr]    Compiling xbp-management v11.2.0 (/opt/rustwide/workdir)
[INFO] [stderr]     Finished `release` profile [optimized] target(s) in 22.69s
[INFO] running `Command { std: "docker" "inspect" "62c3b5458da2b1407e2eaefe8d9920131121ffaa05a205bbd87234c7e79969a3", kill_on_drop: false }`
[INFO] running `Command { std: "docker" "exec" "-e" "SOURCE_DIR=/opt/rustwide/workdir" "-e" "CARGO_HOME=/opt/rustwide/cargo-home" "-e" "RUSTUP_HOME=/opt/rustwide/rustup-home" "-e" "CARGO_TARGET_DIR=/opt/rustwide/target" "-e" "CARGO_INCREMENTAL=0" "-e" "RUST_BACKTRACE=full" "-e" "RUSTFLAGS=--cap-lints=warn" "-e" "RUSTDOCFLAGS=--cap-lints=warn" "-w" "/opt/rustwide/workdir" "--user" "0:0" "62c3b5458da2b1407e2eaefe8d9920131121ffaa05a205bbd87234c7e79969a3" "/opt/rustwide/cargo-home/bin/cargo" "+1.99.0-beta.8" "test" "--frozen" "--release", kill_on_drop: false }`
[INFO] [stderr]     Finished `release` profile [optimized] target(s) in 0.09s
[INFO] [stderr]      Running unittests src/lib.rs (/opt/rustwide/target/release/deps/xbp_management-d7e0fc2bb21083e4)
[INFO] [stdout] 
[INFO] [stdout] running 0 tests
[INFO] [stdout] 
[INFO] [stdout] test result: ok. 0 passed; 0 failed; 0 ignored; 0 measured; 0 filtered out; finished in 0.00s
[INFO] [stdout] 
[INFO] [stderr]      Running tests/cadence.rs (/opt/rustwide/target/release/deps/cadence-0212229412583248)
[INFO] [stdout] 
[INFO] [stdout] running 4 tests
[INFO] [stdout] test unknown_health_does_not_aggregate_to_healthy ... ok
[INFO] [stdout] test portfolio_health_is_the_worst_project_status ... ok
[INFO] [stdout] test aggregation_reports_the_limiting_known_dimension ... ok
[INFO] [stdout] test cadence_trend_is_deterministic ... ok
[INFO] [stdout] 
[INFO] [stdout] test result: ok. 4 passed; 0 failed; 0 ignored; 0 measured; 0 filtered out; finished in 0.01s
[INFO] [stdout] 
[INFO] [stderr]      Running tests/composition.rs (/opt/rustwide/target/release/deps/composition-bd4ccb982c1eb13b)
[INFO] [stdout] 
[INFO] [stdout] running 4 tests
[INFO] [stdout] test generated_risks_retain_source_evidence_references ... ok
[INFO] [stdout] test forecast_sufficiency_is_part_of_default_risk_evaluation ... ok
[INFO] [stderr]      Running tests/control_plane.rs (/opt/rustwide/target/release/deps/control_plane-3314a03bc51caf04)
[INFO] [stdout] test dependency_only_health_does_not_emit_an_unexplained_score ... ok
[INFO] [stdout] test every_evidence_domain_projects_to_its_declared_management_dimension ... ok
[INFO] [stdout] 
[INFO] [stdout] test result: ok. 4 passed; 0 failed; 0 ignored; 0 measured; 0 filtered out; finished in 0.00s
[INFO] [stdout] 
[INFO] [stdout] 
[INFO] [stdout] running 9 tests
[INFO] [stdout] test daily_pulse_projects_snapshot_delivery_evidence ... ok
[INFO] [stdout] test cadence_scheduler_emits_due_definitions_without_collecting_evidence ... ok
[INFO] [stdout] test cadence_scheduler_skip_policy_advances_without_emitting_stale_work ... ok
[INFO] [stdout] test cadence_window_rejects_future_comparison_evidence ... ok
[INFO] [stdout] test cadence_run_append_is_idempotent_by_semantic_identity ... ok
[INFO] [stdout] test missing_temporal_comparison_is_not_silently_replaced ... ok
[INFO] [stdout] test cadence_definitions_and_schedule_state_survive_scheduler_restart ... ok
[INFO] [stdout] test findings_and_obligations_preserve_observation_to_action_trace ... ok
[INFO] [stdout] test cadence_resolution_uses_declared_temporal_boundaries ... ok
[INFO] [stdout] 
[INFO] [stdout] test result: ok. 9 passed; 0 failed; 0 ignored; 0 measured; 0 filtered out; finished in 0.15s
[INFO] [stdout] 
[INFO] [stderr]      Running tests/cross_crate.rs (/opt/rustwide/target/release/deps/cross_crate-c3363d450cf5c052)
[INFO] [stdout] 
[INFO] [stdout] running 2 tests
[INFO] [stdout] test swarm_capacity_observation_flows_through_profile_into_management ... ok
[INFO] [stdout] test delivery_events_flow_through_analytics_into_management_snapshot ... ok
[INFO] [stdout] 
[INFO] [stdout] test result: ok. 2 passed; 0 failed; 0 ignored; 0 measured; 0 filtered out; finished in 0.00s
[INFO] [stdout] 
[INFO] [stderr]      Running tests/domain.rs (/opt/rustwide/target/release/deps/domain-39cb10d5b81d0b8b)
[INFO] [stdout] 
[INFO] [stdout] running 4 tests
[INFO] [stdout] test commitment_state_rejects_resurrection_after_terminal_state ... ok
[INFO] [stdout] test decisions_and_actions_have_one_way_terminal_lifecycles ... ok
[INFO] [stdout] test management_snapshot_has_a_stable_versioned_schema ... ok
[INFO] [stdout] test objectives_and_initiatives_carry_measurable_links ... FAILED
[INFO] [stdout] 
[INFO] [stdout] failures:
[INFO] [stdout] 
[INFO] [stdout] ---- objectives_and_initiatives_carry_measurable_links stdout ----
[INFO] [stdout] 
[INFO] [stdout] thread 'objectives_and_initiatives_carry_measurable_links' (1081) panicked at tests/domain.rs:60:5:
[INFO] [stdout] assertion failed: due_at > Utc::now() - Duration::days(1)
[INFO] [stdout] stack backtrace:
[INFO] [stdout]    0:     0x63ec89b89d51 - <<std[70759c8f55707aa4]::sys::backtrace::BacktraceLock>::print::DisplayBacktrace as core[df12db4294e9bfd3]::fmt::Display>::fmt
[INFO] [stdout]    1:     0x63ec89b9e5ca - core[df12db4294e9bfd3]::fmt::write
[INFO] [stdout]    2:     0x63ec89b8e1ec - <alloc[2182bb758b4b3781]::vec::Vec<u8> as core[df12db4294e9bfd3]::io::write::Write>::write_fmt
[INFO] [stdout]    3:     0x63ec89b66346 - std[70759c8f55707aa4]::panicking::default_hook::{closure#0}
[INFO] [stdout]    4:     0x63ec89b824b9 - std[70759c8f55707aa4]::panicking::default_hook
[INFO] [stdout]    5:     0x63ec89b1a270 - test[9d35eded1c95d3be]::test_main_inner::<test[9d35eded1c95d3be]::test_main_static::{closure#0}>::{closure#0}
[INFO] [stdout]    6:     0x63ec89b82672 - std[70759c8f55707aa4]::panicking::panic_with_hook
[INFO] [stdout]    7:     0x63ec89b66424 - std[70759c8f55707aa4]::panicking::panic_handler::{closure#0}
[INFO] [stdout]    8:     0x63ec89b5f179 - std[70759c8f55707aa4]::sys::backtrace::__rust_end_short_backtrace::<std[70759c8f55707aa4]::panicking::panic_handler::{closure#0}, !>
[INFO] [stdout]    9:     0x63ec89b66fed - __rustc[8fa7c3cbc660c2b3]::rust_begin_unwind
[INFO] [stdout]   10:     0x63ec89b9ecfc - core[df12db4294e9bfd3]::panicking::panic_fmt
[INFO] [stdout]   11:     0x63ec89b9ecc2 - core[df12db4294e9bfd3]::panicking::panic
[INFO] [stdout]   12:     0x63ec89b07182 - <domain[91a7a8ea7663ad64]::objectives_and_initiatives_carry_measurable_links::{closure#0} as core[df12db4294e9bfd3]::ops::function::FnOnce<()>>::call_once
[INFO] [stdout]   13:     0x63ec89b0d55b - test[9d35eded1c95d3be]::__rust_begin_short_backtrace::<core[df12db4294e9bfd3]::result::Result<(), alloc[2182bb758b4b3781]::string::String>, fn() -> core[df12db4294e9bfd3]::result::Result<(), alloc[2182bb758b4b3781]::string::String>>
[INFO] [stdout]   14:     0x63ec89b1abc5 - test[9d35eded1c95d3be]::run_test::{closure#0}
[INFO] [stdout]   15:     0x63ec89b14484 - std[70759c8f55707aa4]::sys::backtrace::__rust_begin_short_backtrace::<test[9d35eded1c95d3be]::run_test::{closure#1}, ()>
[INFO] [stdout]   16:     0x63ec89b1dd22 - <std[70759c8f55707aa4]::thread::lifecycle::spawn_unchecked<test[9d35eded1c95d3be]::run_test::{closure#1}, ()>::{closure#1} as core[df12db4294e9bfd3]::ops::function::FnOnce<()>>::call_once::{shim:vtable#0}
[INFO] [stdout]   17:     0x63ec89b89629 - <std[70759c8f55707aa4]::sys::thread::unix::Thread>::new::thread_start
[INFO] [stdout]   18:     0x76a79a365dfa - <unknown>
[INFO] [stdout]   19:     0x76a79a3f93d4 - clone
[INFO] [stdout]   20:                0x0 - <unknown>
[INFO] [stdout] 
[INFO] [stdout] 
[INFO] [stdout] failures:
[INFO] [stdout]     objectives_and_initiatives_carry_measurable_links
[INFO] [stdout] 
[INFO] [stdout] test result: FAILED. 3 passed; 1 failed; 0 ignored; 0 measured; 0 filtered out; finished in 0.00s
[INFO] [stdout] 
[INFO] [stderr] error: test failed, to rerun pass `--test domain`
[INFO] running `Command { std: "docker" "inspect" "62c3b5458da2b1407e2eaefe8d9920131121ffaa05a205bbd87234c7e79969a3", kill_on_drop: false }`
[INFO] running `Command { std: "docker" "rm" "-f" "62c3b5458da2b1407e2eaefe8d9920131121ffaa05a205bbd87234c7e79969a3", kill_on_drop: false }`
[INFO] [stdout] 62c3b5458da2b1407e2eaefe8d9920131121ffaa05a205bbd87234c7e79969a3
