[INFO] fetching crate xbp-adr 11.2.0...
[INFO] testing xbp-adr-11.2.0 against 1.99.0-beta.8+cargoflags=--release for beta-release-1.100-2
[INFO] extracting crate xbp-adr 11.2.0 into /workspace/builds/worker-2-tc1/source
[INFO] started tweaking crates.io crate xbp-adr 11.2.0
[INFO] removed 0 missing tests
[INFO] finished tweaking crates.io crate xbp-adr 11.2.0
[INFO] tweaked toml for crates.io crate xbp-adr 11.2.0 written to /workspace/builds/worker-2-tc1/source/Cargo.toml
[INFO] validating manifest of crates.io crate xbp-adr 11.2.0 on toolchain 1.99.0-beta.8
[INFO] running `Command { std: CARGO_HOME="/workspace/cargo-home" RUSTUP_HOME="/workspace/rustup-home" "/workspace/cargo-home/bin/cargo" "+1.99.0-beta.8" "metadata" "--manifest-path" "Cargo.toml" "--no-deps", kill_on_drop: false }`
[INFO] crate crates.io crate xbp-adr 11.2.0 already has a lockfile, it will not be regenerated
[INFO] running `Command { std: CARGO_HOME="/workspace/cargo-home" RUSTUP_HOME="/workspace/rustup-home" "/workspace/cargo-home/bin/cargo" "+1.99.0-beta.8" "fetch" "--manifest-path" "Cargo.toml", kill_on_drop: false }`
[INFO] running `Command { std: "docker" "create" "-v" "/var/lib/crater-agent-workspace/builds/worker-2-tc1/source:/opt/rustwide/workdir:ro,Z" "-v" "/var/lib/crater-agent-workspace/builds/worker-2-tc1/target:/opt/rustwide/target:rw,Z" "-v" "/var/lib/crater-agent-workspace/cargo-home:/opt/rustwide/cargo-home:ro,Z" "-v" "/var/lib/crater-agent-workspace/rustup-home:/opt/rustwide/rustup-home:ro,Z" "-m" "1610612736" "--network" "none" "ghcr.io/rust-lang/crates-build-env/linux@sha256:77db811e55d90add9212f6832c23229e3de5f1c1f9905e8cb07319ea15df73ac" "sleep" "infinity", kill_on_drop: false }`
[INFO] [stdout] deb93db64de95252613869c7d17d34cb77997d0834b7da808b5c9f04428a66bb
[INFO] running `Command { std: "docker" "start" "deb93db64de95252613869c7d17d34cb77997d0834b7da808b5c9f04428a66bb", kill_on_drop: false }`
[INFO] running `Command { std: "docker" "inspect" "deb93db64de95252613869c7d17d34cb77997d0834b7da808b5c9f04428a66bb", kill_on_drop: false }`
[INFO] running `Command { std: "docker" "exec" "-e" "SOURCE_DIR=/opt/rustwide/workdir" "-e" "CARGO_HOME=/opt/rustwide/cargo-home" "-e" "RUSTUP_HOME=/opt/rustwide/rustup-home" "-e" "CARGO_TARGET_DIR=/opt/rustwide/target" "-w" "/opt/rustwide/workdir" "--user" "0:0" "deb93db64de95252613869c7d17d34cb77997d0834b7da808b5c9f04428a66bb" "/opt/rustwide/cargo-home/bin/cargo" "+1.99.0-beta.8" "metadata" "--no-deps" "--format-version=1", kill_on_drop: false }`
[INFO] running `Command { std: "docker" "inspect" "deb93db64de95252613869c7d17d34cb77997d0834b7da808b5c9f04428a66bb", kill_on_drop: false }`
[INFO] running `Command { std: "docker" "exec" "-e" "SOURCE_DIR=/opt/rustwide/workdir" "-e" "CARGO_HOME=/opt/rustwide/cargo-home" "-e" "RUSTUP_HOME=/opt/rustwide/rustup-home" "-e" "CARGO_TARGET_DIR=/opt/rustwide/target" "-e" "CARGO_INCREMENTAL=0" "-e" "RUST_BACKTRACE=full" "-e" "RUSTFLAGS=--cap-lints=warn" "-e" "RUSTDOCFLAGS=--cap-lints=warn" "-w" "/opt/rustwide/workdir" "--user" "0:0" "deb93db64de95252613869c7d17d34cb77997d0834b7da808b5c9f04428a66bb" "/opt/rustwide/cargo-home/bin/cargo" "+1.99.0-beta.8" "build" "--frozen" "--message-format=json" "--release", kill_on_drop: false }`
[INFO] [stderr]    Compiling syn v3.0.5
[INFO] [stderr]    Compiling toml_datetime v0.7.5+spec-1.1.0
[INFO] [stderr]    Compiling serde_spanned v1.1.1
[INFO] [stderr]    Compiling toml_writer v1.1.2+spec-1.1.0
[INFO] [stderr]    Compiling toml_datetime v0.6.11
[INFO] [stderr]    Compiling toml_edit v0.22.27
[INFO] [stderr]    Compiling toml v0.9.12+spec-1.1.0
[INFO] [stderr]    Compiling serde_derive v1.0.229
[INFO] [stderr]    Compiling thiserror-impl v2.0.20
[INFO] [stderr]    Compiling thiserror v2.0.20
[INFO] [stderr]    Compiling serde v1.0.229
[INFO] [stderr]    Compiling xbp-adr v11.2.0 (/opt/rustwide/workdir)
[INFO] [stderr]     Finished `release` profile [optimized] target(s) in 37.02s
[INFO] running `Command { std: "docker" "inspect" "deb93db64de95252613869c7d17d34cb77997d0834b7da808b5c9f04428a66bb", kill_on_drop: false }`
[INFO] running `Command { std: "docker" "exec" "-e" "SOURCE_DIR=/opt/rustwide/workdir" "-e" "CARGO_HOME=/opt/rustwide/cargo-home" "-e" "RUSTUP_HOME=/opt/rustwide/rustup-home" "-e" "CARGO_TARGET_DIR=/opt/rustwide/target" "-e" "CARGO_INCREMENTAL=0" "-e" "RUST_BACKTRACE=full" "-e" "RUSTFLAGS=--cap-lints=warn" "-e" "RUSTDOCFLAGS=--cap-lints=warn" "-w" "/opt/rustwide/workdir" "--user" "0:0" "deb93db64de95252613869c7d17d34cb77997d0834b7da808b5c9f04428a66bb" "/opt/rustwide/cargo-home/bin/cargo" "+1.99.0-beta.8" "test" "--frozen" "--no-run" "--message-format=json" "--release", kill_on_drop: false }`
[INFO] [stderr]    Compiling rustix v1.1.4
[INFO] [stderr]    Compiling once_cell v1.21.4
[INFO] [stderr]    Compiling tempfile v3.27.0
[INFO] [stderr]    Compiling xbp-adr v11.2.0 (/opt/rustwide/workdir)
[INFO] [stderr]     Finished `release` profile [optimized] target(s) in 12.60s
[INFO] running `Command { std: "docker" "inspect" "deb93db64de95252613869c7d17d34cb77997d0834b7da808b5c9f04428a66bb", kill_on_drop: false }`
[INFO] running `Command { std: "docker" "exec" "-e" "SOURCE_DIR=/opt/rustwide/workdir" "-e" "CARGO_HOME=/opt/rustwide/cargo-home" "-e" "RUSTUP_HOME=/opt/rustwide/rustup-home" "-e" "CARGO_TARGET_DIR=/opt/rustwide/target" "-e" "CARGO_INCREMENTAL=0" "-e" "RUST_BACKTRACE=full" "-e" "RUSTFLAGS=--cap-lints=warn" "-e" "RUSTDOCFLAGS=--cap-lints=warn" "-w" "/opt/rustwide/workdir" "--user" "0:0" "deb93db64de95252613869c7d17d34cb77997d0834b7da808b5c9f04428a66bb" "/opt/rustwide/cargo-home/bin/cargo" "+1.99.0-beta.8" "test" "--frozen" "--release", kill_on_drop: false }`
[INFO] [stderr]     Finished `release` profile [optimized] target(s) in 0.09s
[INFO] [stderr]      Running unittests src/lib.rs (/opt/rustwide/target/release/deps/xbp_adr-a8dbb8c9815eae8a)
[INFO] [stdout] 
[INFO] [stdout] running 1 test
[INFO] [stdout] test graph::tests::graph_exposes_presentation_nodes_with_canonical_labels ... ok
[INFO] [stdout] 
[INFO] [stdout] test result: ok. 1 passed; 0 failed; 0 ignored; 0 measured; 0 filtered out; finished in 0.00s
[INFO] [stdout] 
[INFO] [stderr]      Running tests/architecture.rs (/opt/rustwide/target/release/deps/architecture-b460151606e7f317)
[INFO] [stdout] 
[INFO] [stdout] running 1 test
[INFO] [stdout] test src_has_no_clap_reqwest_or_octocrust ... ok
[INFO] [stdout] 
[INFO] [stdout] test result: ok. 1 passed; 0 failed; 0 ignored; 0 measured; 0 filtered out; finished in 0.00s
[INFO] [stdout] 
[INFO] [stderr]      Running tests/sdd_adr_identity_presentation_target.rs (/opt/rustwide/target/release/deps/sdd_adr_identity_presentation_target-56eead5f50724c40)
[INFO] [stdout] 
[INFO] [stdout] running 23 tests
[INFO] [stdout] test apply_renumber_source_has_identity_clean_gate_and_reparse_validate ... ok
[INFO] [stdout] test embedded_adr_0003_in_heading_is_not_identity ... ok
[INFO] [stdout] test explicit_id_field_beats_heading ... ok
[INFO] [stdout] test extract_ids_still_extracts_relationship_prose ... ok
[INFO] [stdout] test extract_ids_still_parses_relationship_fields_on_documents ... ok
[INFO] [stdout] test filename_only_heading_is_adr_0008 ... ok
[INFO] [stdout] test default_path_projection_is_not_a_windows_absolute ... ok
[INFO] [stdout] test identity_precedence_is_fields_then_leading_h1_then_filename ... ok
[INFO] [stdout] test heading_filename_mismatch_is_not_a_clean_adr_0009 ... ok
[INFO] [stdout] test heading_l1_l2_l3_is_repository_adr_0008 ... ok
[INFO] [stdout] test parse_leading_adr_id_does_not_rsplit_full_h1 ... ok
[INFO] [stdout] test identity_parser_does_not_call_extract_ids_on_title ... ok
[INFO] [stdout] test apply_renumber_refuses_adr007_identity_ambiguity ... ok
[INFO] [stdout] test leading_token_forms_are_anchored_at_h1_start ... ok
[INFO] [stdout] test plan_renumber_writes_no_files ... ok
[INFO] [stdout] test live_008_corpus_indexes_as_repository_adr_0008 ... FAILED
[INFO] [stdout] test parser_push_rels_still_calls_extract_ids ... ok
[INFO] [stdout] test project_relative_path_helper_exists ... ok
[INFO] [stdout] test src_still_bans_clap_and_tui_deps ... ok
[INFO] [stdout] test strip_heading_decoration_helper_exists_and_strips_leading_id ... ok
[INFO] [stdout] test stripped_titles_do_not_repeat_leading_id_decoration ... ok
[INFO] [stdout] test this_suite_does_not_rename_live_003_004_005_corpus ... FAILED
[INFO] [stdout] test see_also_embedded_id_is_not_leading_identity ... ok
[INFO] [stdout] 
[INFO] [stdout] failures:
[INFO] [stdout] 
[INFO] [stdout] ---- live_008_corpus_indexes_as_repository_adr_0008 stdout ----
[INFO] [stdout] 
[INFO] [stdout] thread 'live_008_corpus_indexes_as_repository_adr_0008' (544) panicked at tests/sdd_adr_identity_presentation_target.rs:157:42:
[INFO] [stdout] live 008 file: Os { code: 2, kind: NotFound, message: "No such file or directory" }
[INFO] [stdout] stack backtrace:
[INFO] [stdout]    0:     0x5ca9d1dea071 - <<std[70759c8f55707aa4]::sys::backtrace::BacktraceLock>::print::DisplayBacktrace as core[df12db4294e9bfd3]::fmt::Display>::fmt
[INFO] [stdout]    1:     0x5ca9d1dfedea - core[df12db4294e9bfd3]::fmt::write
[INFO] [stdout]    2:     0x5ca9d1dee7fc - <alloc[2182bb758b4b3781]::vec::Vec<u8> as core[df12db4294e9bfd3]::io::write::Write>::write_fmt
[INFO] [stdout]    3:     0x5ca9d1dc4416 - std[70759c8f55707aa4]::panicking::default_hook::{closure#0}
[INFO] [stdout]    4:     0x5ca9d1de1f09 - std[70759c8f55707aa4]::panicking::default_hook
[INFO] [stdout]    5:     0x5ca9d1d3c530 - test[9d35eded1c95d3be]::test_main_inner::<test[9d35eded1c95d3be]::test_main_static::{closure#0}>::{closure#0}
[INFO] [stdout]    6:     0x5ca9d1de20c2 - std[70759c8f55707aa4]::panicking::panic_with_hook
[INFO] [stdout]    7:     0x5ca9d1dc44c2 - std[70759c8f55707aa4]::panicking::panic_handler::{closure#0}
[INFO] [stdout]    8:     0x5ca9d1dbce99 - std[70759c8f55707aa4]::sys::backtrace::__rust_end_short_backtrace::<std[70759c8f55707aa4]::panicking::panic_handler::{closure#0}, !>
[INFO] [stdout]    9:     0x5ca9d1dc51ad - __rustc[8fa7c3cbc660c2b3]::rust_begin_unwind
[INFO] [stdout]   10:     0x5ca9d1dff51c - core[df12db4294e9bfd3]::panicking::panic_fmt
[INFO] [stdout]   11:     0x5ca9d1dff2f2 - core[df12db4294e9bfd3]::result::unwrap_failed
[INFO] [stdout]   12:     0x5ca9d1d28e18 - <sdd_adr_identity_presentation_target[6789590bddc902ac]::live_008_corpus_indexes_as_repository_adr_0008::{closure#0} as core[df12db4294e9bfd3]::ops::function::FnOnce<()>>::call_once
[INFO] [stdout]   13:     0x5ca9d1d2f81b - test[9d35eded1c95d3be]::__rust_begin_short_backtrace::<core[df12db4294e9bfd3]::result::Result<(), alloc[2182bb758b4b3781]::string::String>, fn() -> core[df12db4294e9bfd3]::result::Result<(), alloc[2182bb758b4b3781]::string::String>>
[INFO] [stdout]   14:     0x5ca9d1d3ce85 - test[9d35eded1c95d3be]::run_test::{closure#0}
[INFO] [stdout]   15:     0x5ca9d1d36744 - std[70759c8f55707aa4]::sys::backtrace::__rust_begin_short_backtrace::<test[9d35eded1c95d3be]::run_test::{closure#1}, ()>
[INFO] [stdout]   16:     0x5ca9d1d3ffe2 - <std[70759c8f55707aa4]::thread::lifecycle::spawn_unchecked<test[9d35eded1c95d3be]::run_test::{closure#1}, ()>::{closure#1} as core[df12db4294e9bfd3]::ops::function::FnOnce<()>>::call_once::{shim:vtable#0}
[INFO] [stdout]   17:     0x5ca9d1de93e9 - <std[70759c8f55707aa4]::sys::thread::unix::Thread>::new::thread_start
[INFO] [stdout]   18:     0x76af67ee7dfa - <unknown>
[INFO] [stdout]   19:     0x76af67f7b3d4 - clone
[INFO] [stdout]   20:                0x0 - <unknown>
[INFO] [stdout] 
[INFO] [stdout] ---- this_suite_does_not_rename_live_003_004_005_corpus stdout ----
[INFO] [stdout] 
[INFO] [stdout] thread 'this_suite_does_not_rename_live_003_004_005_corpus' (553) panicked at tests/sdd_adr_identity_presentation_target.rs:505:9:
[INFO] [stdout] must not apply the 003→0011 collision migration in this program; missing /opt/docs/adr/003-raven-intelligence-ir.md
[INFO] [stdout] stack backtrace:
[INFO] [stdout]    0:     0x5ca9d1dea071 - <<std[70759c8f55707aa4]::sys::backtrace::BacktraceLock>::print::DisplayBacktrace as core[df12db4294e9bfd3]::fmt::Display>::fmt
[INFO] [stdout]    1:     0x5ca9d1dfedea - core[df12db4294e9bfd3]::fmt::write
[INFO] [stdout]    2:     0x5ca9d1dee7fc - <alloc[2182bb758b4b3781]::vec::Vec<u8> as core[df12db4294e9bfd3]::io::write::Write>::write_fmt
[INFO] [stdout]    3:     0x5ca9d1dc4416 - std[70759c8f55707aa4]::panicking::default_hook::{closure#0}
[INFO] [stdout]    4:     0x5ca9d1de1f09 - std[70759c8f55707aa4]::panicking::default_hook
[INFO] [stdout]    5:     0x5ca9d1d3c530 - test[9d35eded1c95d3be]::test_main_inner::<test[9d35eded1c95d3be]::test_main_static::{closure#0}>::{closure#0}
[INFO] [stdout]    6:     0x5ca9d1de20c2 - std[70759c8f55707aa4]::panicking::panic_with_hook
[INFO] [stdout]    7:     0x5ca9d1dc44c2 - std[70759c8f55707aa4]::panicking::panic_handler::{closure#0}
[INFO] [stdout]    8:     0x5ca9d1dbce99 - std[70759c8f55707aa4]::sys::backtrace::__rust_end_short_backtrace::<std[70759c8f55707aa4]::panicking::panic_handler::{closure#0}, !>
[INFO] [stdout]    9:     0x5ca9d1dc51ad - __rustc[8fa7c3cbc660c2b3]::rust_begin_unwind
[INFO] [stdout]   10:     0x5ca9d1dff51c - core[df12db4294e9bfd3]::panicking::panic_fmt
[INFO] [stdout]   11:     0x5ca9d1d2a45e - <sdd_adr_identity_presentation_target[6789590bddc902ac]::this_suite_does_not_rename_live_003_004_005_corpus::{closure#0} as core[df12db4294e9bfd3]::ops::function::FnOnce<()>>::call_once
[INFO] [stdout]   12:     0x5ca9d1d2f81b - test[9d35eded1c95d3be]::__rust_begin_short_backtrace::<core[df12db4294e9bfd3]::result::Result<(), alloc[2182bb758b4b3781]::string::String>, fn() -> core[df12db4294e9bfd3]::result::Result<(), alloc[2182bb758b4b3781]::string::String>>
[INFO] [stdout]   13:     0x5ca9d1d3ce85 - test[9d35eded1c95d3be]::run_test::{closure#0}
[INFO] [stdout]   14:     0x5ca9d1d36744 - std[70759c8f55707aa4]::sys::backtrace::__rust_begin_short_backtrace::<test[9d35eded1c95d3be]::run_test::{closure#1}, ()>
[INFO] [stdout]   15:     0x5ca9d1d3ffe2 - <std[70759c8f55707aa4]::thread::lifecycle::spawn_unchecked<test[9d35eded1c95d3be]::run_test::{closure#1}, ()>::{closure#1} as core[df12db4294e9bfd3]::ops::function::FnOnce<()>>::call_once::{shim:vtable#0}
[INFO] [stdout]   16:     0x5ca9d1de93e9 - <std[70759c8f55707aa4]::sys::thread::unix::Thread>::new::thread_start
[INFO] [stdout]   17:     0x76af67ee7dfa - <unknown>
[INFO] [stdout]   18:     0x76af67f7b3d4 - clone
[INFO] [stdout]   19:                0x0 - <unknown>
[INFO] [stdout] 
[INFO] [stdout] 
[INFO] [stdout] failures:
[INFO] [stdout]     live_008_corpus_indexes_as_repository_adr_0008
[INFO] [stdout]     this_suite_does_not_rename_live_003_004_005_corpus
[INFO] [stdout] 
[INFO] [stdout] test result: FAILED. 21 passed; 2 failed; 0 ignored; 0 measured; 0 filtered out; finished in 0.01s
[INFO] [stdout] 
[INFO] [stderr] error: test failed, to rerun pass `--test sdd_adr_identity_presentation_target`
[INFO] running `Command { std: "docker" "inspect" "deb93db64de95252613869c7d17d34cb77997d0834b7da808b5c9f04428a66bb", kill_on_drop: false }`
[INFO] running `Command { std: "docker" "rm" "-f" "deb93db64de95252613869c7d17d34cb77997d0834b7da808b5c9f04428a66bb", kill_on_drop: false }`
[INFO] [stdout] deb93db64de95252613869c7d17d34cb77997d0834b7da808b5c9f04428a66bb
