[INFO] fetching crate xark-secp256k1 0.2.1...
[INFO] testing xark-secp256k1-0.2.1 against 1.100.0-beta.1+cargoflags=--release for beta-release-1.100-2
[INFO] extracting crate xark-secp256k1 0.2.1 into /workspace/builds/worker-1-tc2/source
[INFO] started tweaking crates.io crate xark-secp256k1 0.2.1
[INFO] removed 0 missing tests
[INFO] finished tweaking crates.io crate xark-secp256k1 0.2.1
[INFO] tweaked toml for crates.io crate xark-secp256k1 0.2.1 written to /workspace/builds/worker-1-tc2/source/Cargo.toml
[INFO] validating manifest of crates.io crate xark-secp256k1 0.2.1 on toolchain 1.100.0-beta.1
[INFO] running `Command { std: CARGO_HOME="/workspace/cargo-home" RUSTUP_HOME="/workspace/rustup-home" "/workspace/cargo-home/bin/cargo" "+1.100.0-beta.1" "metadata" "--manifest-path" "Cargo.toml" "--no-deps", kill_on_drop: false }`
[INFO] crate crates.io crate xark-secp256k1 0.2.1 already has a lockfile, it will not be regenerated
[INFO] running `Command { std: CARGO_HOME="/workspace/cargo-home" RUSTUP_HOME="/workspace/rustup-home" "/workspace/cargo-home/bin/cargo" "+1.100.0-beta.1" "fetch" "--manifest-path" "Cargo.toml", kill_on_drop: false }`
[INFO] [stderr]     Blocking waiting for file lock on package cache
[INFO] running `Command { std: "docker" "create" "-v" "/var/lib/crater-agent-workspace/builds/worker-1-tc2/source:/opt/rustwide/workdir:ro,Z" "-v" "/var/lib/crater-agent-workspace/builds/worker-1-tc2/target:/opt/rustwide/target:rw,Z" "-v" "/var/lib/crater-agent-workspace/cargo-home:/opt/rustwide/cargo-home:ro,Z" "-v" "/var/lib/crater-agent-workspace/rustup-home:/opt/rustwide/rustup-home:ro,Z" "-m" "1610612736" "--network" "none" "ghcr.io/rust-lang/crates-build-env/linux@sha256:77db811e55d90add9212f6832c23229e3de5f1c1f9905e8cb07319ea15df73ac" "sleep" "infinity", kill_on_drop: false }`
[INFO] [stdout] ccbaec8df692fa83a835a3849fda67d7cff79bc76c7b1e73c46b13834615c20f
[INFO] running `Command { std: "docker" "start" "ccbaec8df692fa83a835a3849fda67d7cff79bc76c7b1e73c46b13834615c20f", kill_on_drop: false }`
[INFO] running `Command { std: "docker" "inspect" "ccbaec8df692fa83a835a3849fda67d7cff79bc76c7b1e73c46b13834615c20f", kill_on_drop: false }`
[INFO] running `Command { std: "docker" "exec" "-e" "SOURCE_DIR=/opt/rustwide/workdir" "-e" "CARGO_HOME=/opt/rustwide/cargo-home" "-e" "RUSTUP_HOME=/opt/rustwide/rustup-home" "-e" "CARGO_TARGET_DIR=/opt/rustwide/target" "-w" "/opt/rustwide/workdir" "--user" "0:0" "ccbaec8df692fa83a835a3849fda67d7cff79bc76c7b1e73c46b13834615c20f" "/opt/rustwide/cargo-home/bin/cargo" "+1.100.0-beta.1" "metadata" "--no-deps" "--format-version=1", kill_on_drop: false }`
[INFO] running `Command { std: "docker" "inspect" "ccbaec8df692fa83a835a3849fda67d7cff79bc76c7b1e73c46b13834615c20f", kill_on_drop: false }`
[INFO] running `Command { std: "docker" "exec" "-e" "SOURCE_DIR=/opt/rustwide/workdir" "-e" "CARGO_HOME=/opt/rustwide/cargo-home" "-e" "RUSTUP_HOME=/opt/rustwide/rustup-home" "-e" "CARGO_TARGET_DIR=/opt/rustwide/target" "-e" "CARGO_INCREMENTAL=0" "-e" "RUST_BACKTRACE=full" "-e" "RUSTFLAGS=--cap-lints=warn" "-e" "RUSTDOCFLAGS=--cap-lints=warn" "-w" "/opt/rustwide/workdir" "--user" "0:0" "ccbaec8df692fa83a835a3849fda67d7cff79bc76c7b1e73c46b13834615c20f" "/opt/rustwide/cargo-home/bin/cargo" "+1.100.0-beta.1" "build" "--frozen" "--message-format=json" "--release", kill_on_drop: false }`
[INFO] [stderr]    Compiling zerocopy v0.8.53
[INFO] [stderr]    Compiling libc v0.2.186
[INFO] [stderr]    Compiling syn v2.0.118
[INFO] [stderr]    Compiling generic-array v0.14.9
[INFO] [stderr]    Compiling num-traits v0.2.19
[INFO] [stderr]    Compiling either v1.16.0
[INFO] [stderr]    Compiling num-integer v0.1.46
[INFO] [stderr]    Compiling hashbrown v0.17.1
[INFO] [stderr]    Compiling rayon v1.12.0
[INFO] [stderr]    Compiling num-bigint v0.4.8
[INFO] [stderr]    Compiling getrandom v0.2.17
[INFO] [stderr]    Compiling itertools v0.14.0
[INFO] [stderr]    Compiling rand_core v0.6.4
[INFO] [stderr]    Compiling crypto-common v0.1.6
[INFO] [stderr]    Compiling block-buffer v0.10.4
[INFO] [stderr]    Compiling digest v0.10.7
[INFO] [stderr]    Compiling log v0.4.33
[INFO] [stderr]    Compiling tracing-log v0.2.0
[INFO] [stderr]    Compiling syn v1.0.109
[INFO] [stderr]    Compiling tracing-subscriber v0.3.23
[INFO] [stderr]    Compiling indexmap v2.14.0
[INFO] [stderr]    Compiling thiserror v2.0.18
[INFO] [stderr]    Compiling foldhash v0.1.5
[INFO] [stderr]    Compiling wincode v0.5.5
[INFO] [stderr]    Compiling sha2 v0.10.9
[INFO] [stderr]    Compiling blake2 v0.10.6
[INFO] [stderr]    Compiling pastey v0.2.3
[INFO] [stderr]    Compiling memchr v2.8.2
[INFO] [stderr]    Compiling darling_core v0.23.0
[INFO] [stderr]    Compiling serde_json v1.0.150
[INFO] [stderr]    Compiling xark-curve v0.2.1
[INFO] [stderr]    Compiling enum-ordinalize-derive v4.4.1
[INFO] [stderr]    Compiling zeroize_derive v1.5.0
[INFO] [stderr]    Compiling ark-serialize-derive v0.6.0
[INFO] [stderr]    Compiling ark-ff-asm v0.6.0
[INFO] [stderr]    Compiling ark-ff-macros v0.6.0
[INFO] [stderr]    Compiling ppv-lite86 v0.2.21
[INFO] [stderr]    Compiling ahash v0.8.12
[INFO] [stderr]    Compiling tracing-attributes v0.1.31
[INFO] [stderr]    Compiling thiserror-impl v2.0.18
[INFO] [stderr]    Compiling enum-ordinalize v4.4.1
[INFO] [stderr]    Compiling zeroize v1.9.0
[INFO] [stderr]    Compiling educe v0.6.0
[INFO] [stderr]    Compiling rand_chacha v0.3.1
[INFO] [stderr]    Compiling merlin v3.0.0
[INFO] [stderr]    Compiling rand v0.8.6
[INFO] [stderr]    Compiling derivative v2.2.0
[INFO] [stderr]    Compiling serde_derive v1.0.228
[INFO] [stderr]    Compiling darling_macro v0.23.0
[INFO] [stderr]    Compiling ark-std v0.6.0
[INFO] [stderr]    Compiling tracing v0.1.44
[INFO] [stderr]    Compiling darling v0.23.0
[INFO] [stderr]    Compiling ark-serialize v0.6.0
[INFO] [stderr]    Compiling wincode-derive v0.4.6
[INFO] [stderr]    Compiling ark-crypto-primitives-macros v0.5.0
[INFO] [stderr]    Compiling xark-macros v0.2.1
[INFO] [stderr]    Compiling ark-ff v0.6.0
[INFO] [stderr]    Compiling serde v1.0.228
[INFO] [stderr]    Compiling ark-poly v0.6.0
[INFO] [stderr]    Compiling ark-ec v0.6.0
[INFO] [stderr]    Compiling ark-relations v0.6.0
[INFO] [stderr]    Compiling ark-snark v0.6.0
[INFO] [stderr]    Compiling ark-bn254 v0.6.0
[INFO] [stderr]    Compiling ark-crypto-primitives v0.6.0
[INFO] [stderr]    Compiling xark-ir v0.2.1
[INFO] [stderr]    Compiling xark v0.2.1
[INFO] [stderr]    Compiling ark-groth16 v0.6.0
[INFO] [stderr]    Compiling xark-prover v0.2.1
[INFO] [stderr]    Compiling xark-bignum v0.2.1
[INFO] [stderr]    Compiling xark-secp256k1 v0.2.1 (/opt/rustwide/workdir)
[INFO] [stderr]     Finished `release` profile [optimized] target(s) in 2m 11s
[INFO] running `Command { std: "docker" "inspect" "ccbaec8df692fa83a835a3849fda67d7cff79bc76c7b1e73c46b13834615c20f", kill_on_drop: false }`
[INFO] running `Command { std: "docker" "exec" "-e" "SOURCE_DIR=/opt/rustwide/workdir" "-e" "CARGO_HOME=/opt/rustwide/cargo-home" "-e" "RUSTUP_HOME=/opt/rustwide/rustup-home" "-e" "CARGO_TARGET_DIR=/opt/rustwide/target" "-e" "CARGO_INCREMENTAL=0" "-e" "RUST_BACKTRACE=full" "-e" "RUSTFLAGS=--cap-lints=warn" "-e" "RUSTDOCFLAGS=--cap-lints=warn" "-w" "/opt/rustwide/workdir" "--user" "0:0" "ccbaec8df692fa83a835a3849fda67d7cff79bc76c7b1e73c46b13834615c20f" "/opt/rustwide/cargo-home/bin/cargo" "+1.100.0-beta.1" "test" "--frozen" "--no-run" "--message-format=json" "--release", kill_on_drop: false }`
[INFO] [stderr]    Compiling generic-array v0.14.9
[INFO] [stderr]    Compiling zeroize v1.9.0
[INFO] [stderr]    Compiling ff v0.13.1
[INFO] [stderr]    Compiling group v0.13.0
[INFO] [stderr]    Compiling der v0.7.10
[INFO] [stderr]    Compiling merlin v3.0.0
[INFO] [stderr]    Compiling crypto-common v0.1.6
[INFO] [stderr]    Compiling block-buffer v0.10.4
[INFO] [stderr]    Compiling crypto-bigint v0.5.5
[INFO] [stderr]    Compiling digest v0.10.7
[INFO] [stderr]    Compiling ark-serialize v0.6.0
[INFO] [stderr]    Compiling sha2 v0.10.9
[INFO] [stderr]    Compiling blake2 v0.10.6
[INFO] [stderr]    Compiling hmac v0.12.1
[INFO] [stderr]    Compiling signature v2.2.0
[INFO] [stderr]    Compiling rfc6979 v0.4.0
[INFO] [stderr]    Compiling ark-ff v0.6.0
[INFO] [stderr]    Compiling spki v0.7.3
[INFO] [stderr]    Compiling sec1 v0.7.3
[INFO] [stderr]    Compiling pkcs8 v0.10.2
[INFO] [stderr]    Compiling elliptic-curve v0.13.8
[INFO] [stderr]    Compiling ecdsa v0.16.9
[INFO] [stderr]    Compiling k256 v0.13.4
[INFO] [stderr]    Compiling ark-poly v0.6.0
[INFO] [stderr]    Compiling ark-ec v0.6.0
[INFO] [stderr]    Compiling ark-relations v0.6.0
[INFO] [stderr]    Compiling ark-snark v0.6.0
[INFO] [stderr]    Compiling ark-bn254 v0.6.0
[INFO] [stderr]    Compiling ark-crypto-primitives v0.6.0
[INFO] [stderr]    Compiling ark-groth16 v0.6.0
[INFO] [stderr]    Compiling xark-ir v0.2.1
[INFO] [stderr]    Compiling xark v0.2.1
[INFO] [stderr]    Compiling xark-prover v0.2.1
[INFO] [stderr]    Compiling xark-test-harness v0.2.1
[INFO] [stderr]    Compiling xark-bignum v0.2.1
[INFO] [stderr]    Compiling xark-secp256k1 v0.2.1 (/opt/rustwide/workdir)
[INFO] [stderr]     Finished `release` profile [optimized] target(s) in 1m 26s
[INFO] running `Command { std: "docker" "inspect" "ccbaec8df692fa83a835a3849fda67d7cff79bc76c7b1e73c46b13834615c20f", kill_on_drop: false }`
[INFO] running `Command { std: "docker" "exec" "-e" "SOURCE_DIR=/opt/rustwide/workdir" "-e" "CARGO_HOME=/opt/rustwide/cargo-home" "-e" "RUSTUP_HOME=/opt/rustwide/rustup-home" "-e" "CARGO_TARGET_DIR=/opt/rustwide/target" "-e" "CARGO_INCREMENTAL=0" "-e" "RUST_BACKTRACE=full" "-e" "RUSTFLAGS=--cap-lints=warn" "-e" "RUSTDOCFLAGS=--cap-lints=warn" "-w" "/opt/rustwide/workdir" "--user" "0:0" "ccbaec8df692fa83a835a3849fda67d7cff79bc76c7b1e73c46b13834615c20f" "/opt/rustwide/cargo-home/bin/cargo" "+1.100.0-beta.1" "test" "--frozen" "--release", kill_on_drop: false }`
[INFO] [stderr]     Finished `release` profile [optimized] target(s) in 0.17s
[INFO] [stderr]      Running unittests src/lib.rs (/opt/rustwide/target/release/build/xark-secp256k1/d0668a8f9a5b09f5/out/xark_secp256k1-d0668a8f9a5b09f5)
[INFO] [stderr]      Running tests/native_input.rs (/opt/rustwide/target/release/build/xark-secp256k1/bf277a846701e849/out/native_input-bf277a846701e849)
[INFO] [stdout] 
[INFO] [stdout] running 0 tests
[INFO] [stdout] 
[INFO] [stdout] test result: ok. 0 passed; 0 failed; 0 ignored; 0 measured; 0 filtered out; finished in 0.00s
[INFO] [stdout] 
[INFO] [stdout] 
[INFO] [stdout] running 3 tests
[INFO] [stdout] test point_recurses_into_x_then_y ... ok
[INFO] [stdout] test scalar_splits_into_two_128bit_limbs ... ok
[INFO] [stdout] test signature_recurses_into_r_then_s ... ok
[INFO] [stdout] 
[INFO] [stdout] test result: ok. 3 passed; 0 failed; 0 ignored; 0 measured; 0 filtered out; finished in 0.00s
[INFO] [stdout] 
[INFO] [stderr]      Running tests/vec.rs (/opt/rustwide/target/release/build/xark-secp256k1/0a00b9e7ea6dff49/out/vec-0a00b9e7ea6dff49)
[INFO] [stdout] 
[INFO] [stdout] running 1 test
[INFO] [stdout] test ecdsa_verify_matches_k256 ... FAILED
[INFO] [stdout] 
[INFO] [stdout] failures:
[INFO] [stdout] 
[INFO] [stdout] ---- ecdsa_verify_matches_k256 stdout ----
[INFO] [stdout] 
[INFO] [stdout] thread 'ecdsa_verify_matches_k256' (1772) panicked at /opt/rustwide/cargo-home/registry/src/index.crates.io-1949cf8c6b5b557f/xark-test-harness-0.2.1/src/lib.rs:175:14:
[INFO] [stdout] run cargo build (compiler): Os { code: 2, kind: NotFound, message: "No such file or directory" }
[INFO] [stdout] stack backtrace:
[INFO] [stdout]    0:     0x5fedb77ed071 - <<std[617be2ca0a6fd877]::sys::backtrace::BacktraceLock>::print::DisplayBacktrace as core[a373ad73a504971]::fmt::Display>::fmt
[INFO] [stdout]    1:     0x5fedb7801cea - core[a373ad73a504971]::fmt::write
[INFO] [stdout]    2:     0x5fedb77f15cc - <alloc[2e1b2a31b91974c5]::vec::Vec<u8> as core[a373ad73a504971]::io::write::Write>::write_fmt
[INFO] [stdout]    3:     0x5fedb77c76c6 - std[617be2ca0a6fd877]::panicking::default_hook::{closure#0}
[INFO] [stdout]    4:     0x5fedb77e4709 - std[617be2ca0a6fd877]::panicking::default_hook
[INFO] [stdout]    5:     0x5fedb76edd90 - test[aada8e7e76ba119b]::test_main_inner::{closure#0}
[INFO] [stdout]    6:     0x5fedb77e4a32 - std[617be2ca0a6fd877]::panicking::panic_with_hook
[INFO] [stdout]    7:     0x5fedb77c7772 - std[617be2ca0a6fd877]::panicking::panic_handler::{closure#0}
[INFO] [stdout]    8:     0x5fedb77c01a9 - std[617be2ca0a6fd877]::sys::backtrace::__rust_end_short_backtrace::<std[617be2ca0a6fd877]::panicking::panic_handler::{closure#0}, !>
[INFO] [stdout]    9:     0x5fedb77c837d - __rustc[ea4f61d10b84890b]::rust_begin_unwind
[INFO] [stdout]   10:     0x5fedb780241c - core[a373ad73a504971]::panicking::panic_fmt
[INFO] [stdout]   11:     0x5fedb78021f2 - core[a373ad73a504971]::result::unwrap_failed
[INFO] [stdout]   12:     0x5fedb77301e4 - <std[617be2ca0a6fd877]::sync::once::Once>::call_once_force::<<std[617be2ca0a6fd877]::sync::once_lock::OnceLock<(std[617be2ca0a6fd877]::path::PathBuf, std[617be2ca0a6fd877]::path::PathBuf)>>::initialize<<std[617be2ca0a6fd877]::sync::once_lock::OnceLock<(std[617be2ca0a6fd877]::path::PathBuf, std[617be2ca0a6fd877]::path::PathBuf)>>::get_or_init<xark_test_harness[488af0d23b0c6239]::built::{closure#0}>::{closure#0}, !>::{closure#0}>::{closure#0}
[INFO] [stdout]   13:     0x5fedb77cd3c9 - <std[617be2ca0a6fd877]::sys::sync::once::futex::Once>::call
[INFO] [stdout]   14:     0x5fedb772f5da - <std[617be2ca0a6fd877]::sync::once_lock::OnceLock<(std[617be2ca0a6fd877]::path::PathBuf, std[617be2ca0a6fd877]::path::PathBuf)>>::initialize::<<std[617be2ca0a6fd877]::sync::once_lock::OnceLock<(std[617be2ca0a6fd877]::path::PathBuf, std[617be2ca0a6fd877]::path::PathBuf)>>::get_or_init<xark_test_harness[488af0d23b0c6239]::built::{closure#0}>::{closure#0}, !>
[INFO] [stdout]   15:     0x5fedb7722f31 - xark_test_harness[488af0d23b0c6239]::compile_file
[INFO] [stdout]   16:     0x5fedb76decaa - <vec[43db57d656bc890d]::ecdsa_verify_matches_k256::{closure#0} as core[a373ad73a504971]::ops::function::FnOnce<()>>::call_once
[INFO] [stdout]   17:     0x5fedb76e11db - test[aada8e7e76ba119b]::__rust_begin_short_backtrace::<core[a373ad73a504971]::result::Result<(), alloc[2e1b2a31b91974c5]::string::String>, fn() -> core[a373ad73a504971]::result::Result<(), alloc[2e1b2a31b91974c5]::string::String>>
[INFO] [stdout]   18:     0x5fedb76ee3b5 - test[aada8e7e76ba119b]::run_test::{closure#0}
[INFO] [stdout]   19:     0x5fedb76e7ca4 - std[617be2ca0a6fd877]::sys::backtrace::__rust_begin_short_backtrace::<test[aada8e7e76ba119b]::run_test::{closure#1}, ()>
[INFO] [stdout]   20:     0x5fedb76f1442 - <std[617be2ca0a6fd877]::thread::lifecycle::spawn_unchecked<test[aada8e7e76ba119b]::run_test::{closure#1}, ()>::{closure#1} as core[a373ad73a504971]::ops::function::FnOnce<()>>::call_once::{shim:vtable#0}
[INFO] [stdout]   21:     0x5fedb77ec52f - <std[617be2ca0a6fd877]::sys::thread::unix::Thread>::new::thread_start
[INFO] [stdout]   22:     0x72d76fed0dfa - <unknown>
[INFO] [stdout]   23:     0x72d76ff643d4 - clone
[INFO] [stdout]   24:                0x0 - <unknown>
[INFO] [stdout] 
[INFO] [stdout] 
[INFO] [stdout] failures:
[INFO] [stdout]     ecdsa_verify_matches_k256
[INFO] [stdout] 
[INFO] [stdout] test result: FAILED. 0 passed; 1 failed; 0 ignored; 0 measured; 0 filtered out; finished in 0.00s
[INFO] [stdout] 
[INFO] [stderr] error: test failed, to rerun pass `--test vec`
[INFO] running `Command { std: "docker" "inspect" "ccbaec8df692fa83a835a3849fda67d7cff79bc76c7b1e73c46b13834615c20f", kill_on_drop: false }`
[INFO] running `Command { std: "docker" "rm" "-f" "ccbaec8df692fa83a835a3849fda67d7cff79bc76c7b1e73c46b13834615c20f", kill_on_drop: false }`
[INFO] [stdout] ccbaec8df692fa83a835a3849fda67d7cff79bc76c7b1e73c46b13834615c20f
