[INFO] fetching crate xark-merkle 0.2.1...
[INFO] testing xark-merkle-0.2.1 against 1.99.0-beta.8+cargoflags=--release for beta-release-1.100-2
[INFO] extracting crate xark-merkle 0.2.1 into /workspace/builds/worker-4-tc1/source
[INFO] started tweaking crates.io crate xark-merkle 0.2.1
[INFO] removed 0 missing tests
[INFO] finished tweaking crates.io crate xark-merkle 0.2.1
[INFO] tweaked toml for crates.io crate xark-merkle 0.2.1 written to /workspace/builds/worker-4-tc1/source/Cargo.toml
[INFO] validating manifest of crates.io crate xark-merkle 0.2.1 on toolchain 1.99.0-beta.8
[INFO] running `Command { std: CARGO_HOME="/workspace/cargo-home" RUSTUP_HOME="/workspace/rustup-home" "/workspace/cargo-home/bin/cargo" "+1.99.0-beta.8" "metadata" "--manifest-path" "Cargo.toml" "--no-deps", kill_on_drop: false }`
[INFO] crate crates.io crate xark-merkle 0.2.1 already has a lockfile, it will not be regenerated
[INFO] running `Command { std: CARGO_HOME="/workspace/cargo-home" RUSTUP_HOME="/workspace/rustup-home" "/workspace/cargo-home/bin/cargo" "+1.99.0-beta.8" "fetch" "--manifest-path" "Cargo.toml", kill_on_drop: false }`
[INFO] [stderr]     Updating crates.io index
[INFO] [stderr]  Downloading crates ...
[INFO] [stderr]   Downloaded enum-ordinalize v4.4.1
[INFO] [stderr]   Downloaded ark-ff v0.6.0
[INFO] [stderr]   Downloaded ark-serialize-derive v0.6.0
[INFO] [stderr]   Downloaded enum-ordinalize-derive v4.4.1
[INFO] [stderr]   Downloaded xark-ir v0.2.1
[INFO] [stderr]   Downloaded xark-poseidon v0.2.1
[INFO] [stderr]   Downloaded ark-ff-asm v0.6.0
[INFO] [stderr]   Downloaded ark-std v0.6.0
[INFO] [stderr]   Downloaded ark-serialize v0.6.0
[INFO] [stderr]   Downloaded ark-bn254 v0.6.0
[INFO] [stderr]   Downloaded xark-macros v0.2.1
[INFO] [stderr]   Downloaded ark-ff-macros v0.6.0
[INFO] [stderr]   Downloaded ark-poly v0.6.0
[INFO] [stderr]   Downloaded ark-ec v0.6.0
[INFO] [stderr]   Downloaded xark v0.2.1
[INFO] [stderr]   Downloaded xark-test-harness v0.2.1
[INFO] running `Command { std: "docker" "create" "-v" "/var/lib/crater-agent-workspace/builds/worker-4-tc1/source:/opt/rustwide/workdir:ro,Z" "-v" "/var/lib/crater-agent-workspace/builds/worker-4-tc1/target:/opt/rustwide/target:rw,Z" "-v" "/var/lib/crater-agent-workspace/cargo-home:/opt/rustwide/cargo-home:ro,Z" "-v" "/var/lib/crater-agent-workspace/rustup-home:/opt/rustwide/rustup-home:ro,Z" "-m" "1610612736" "--network" "none" "ghcr.io/rust-lang/crates-build-env/linux@sha256:77db811e55d90add9212f6832c23229e3de5f1c1f9905e8cb07319ea15df73ac" "sleep" "infinity", kill_on_drop: false }`
[INFO] [stdout] e1b49bede8bf14aac27d382b020ff987ccaf3602e798affe998390bb9bceb096
[INFO] running `Command { std: "docker" "start" "e1b49bede8bf14aac27d382b020ff987ccaf3602e798affe998390bb9bceb096", kill_on_drop: false }`
[INFO] running `Command { std: "docker" "inspect" "e1b49bede8bf14aac27d382b020ff987ccaf3602e798affe998390bb9bceb096", kill_on_drop: false }`
[INFO] running `Command { std: "docker" "exec" "-e" "SOURCE_DIR=/opt/rustwide/workdir" "-e" "CARGO_HOME=/opt/rustwide/cargo-home" "-e" "RUSTUP_HOME=/opt/rustwide/rustup-home" "-e" "CARGO_TARGET_DIR=/opt/rustwide/target" "-w" "/opt/rustwide/workdir" "--user" "0:0" "e1b49bede8bf14aac27d382b020ff987ccaf3602e798affe998390bb9bceb096" "/opt/rustwide/cargo-home/bin/cargo" "+1.99.0-beta.8" "metadata" "--no-deps" "--format-version=1", kill_on_drop: false }`
[INFO] running `Command { std: "docker" "inspect" "e1b49bede8bf14aac27d382b020ff987ccaf3602e798affe998390bb9bceb096", kill_on_drop: false }`
[INFO] running `Command { std: "docker" "exec" "-e" "SOURCE_DIR=/opt/rustwide/workdir" "-e" "CARGO_HOME=/opt/rustwide/cargo-home" "-e" "RUSTUP_HOME=/opt/rustwide/rustup-home" "-e" "CARGO_TARGET_DIR=/opt/rustwide/target" "-e" "CARGO_INCREMENTAL=0" "-e" "RUST_BACKTRACE=full" "-e" "RUSTFLAGS=--cap-lints=warn" "-e" "RUSTDOCFLAGS=--cap-lints=warn" "-w" "/opt/rustwide/workdir" "--user" "0:0" "e1b49bede8bf14aac27d382b020ff987ccaf3602e798affe998390bb9bceb096" "/opt/rustwide/cargo-home/bin/cargo" "+1.99.0-beta.8" "build" "--frozen" "--message-format=json" "--release", kill_on_drop: false }`
[INFO] [stderr]    Compiling num-traits v0.2.19
[INFO] [stderr]    Compiling zerocopy v0.8.53
[INFO] [stderr]    Compiling rand_core v0.6.4
[INFO] [stderr]    Compiling generic-array v0.14.9
[INFO] [stderr]    Compiling zeroize v1.9.0
[INFO] [stderr]    Compiling hashbrown v0.17.1
[INFO] [stderr]    Compiling either v1.16.0
[INFO] [stderr]    Compiling syn v2.0.118
[INFO] [stderr]    Compiling itertools v0.14.0
[INFO] [stderr]    Compiling crypto-common v0.1.6
[INFO] [stderr]    Compiling digest v0.10.7
[INFO] [stderr]    Compiling num-integer v0.1.46
[INFO] [stderr]    Compiling num-bigint v0.4.8
[INFO] [stderr]    Compiling enum-ordinalize-derive v4.4.1
[INFO] [stderr]    Compiling ark-serialize-derive v0.6.0
[INFO] [stderr]    Compiling ark-ff-asm v0.6.0
[INFO] [stderr]    Compiling ark-ff-macros v0.6.0
[INFO] [stderr]    Compiling xark-macros v0.2.1
[INFO] [stderr]    Compiling enum-ordinalize v4.4.1
[INFO] [stderr]    Compiling educe v0.6.0
[INFO] [stderr]    Compiling ppv-lite86 v0.2.21
[INFO] [stderr]    Compiling ahash v0.8.12
[INFO] [stderr]    Compiling rand_chacha v0.3.1
[INFO] [stderr]    Compiling rand v0.8.6
[INFO] [stderr]    Compiling ark-std v0.6.0
[INFO] [stderr]    Compiling ark-serialize v0.6.0
[INFO] [stderr]    Compiling ark-ff v0.6.0
[INFO] [stderr]    Compiling ark-poly v0.6.0
[INFO] [stderr]    Compiling ark-ec v0.6.0
[INFO] [stderr]    Compiling ark-bn254 v0.6.0
[INFO] [stderr]    Compiling xark v0.2.1
[INFO] [stderr]    Compiling xark-poseidon v0.2.1
[INFO] [stderr]    Compiling xark-merkle v0.2.1 (/opt/rustwide/workdir)
[INFO] [stderr]     Finished `release` profile [optimized] target(s) in 37.21s
[INFO] running `Command { std: "docker" "inspect" "e1b49bede8bf14aac27d382b020ff987ccaf3602e798affe998390bb9bceb096", kill_on_drop: false }`
[INFO] running `Command { std: "docker" "exec" "-e" "SOURCE_DIR=/opt/rustwide/workdir" "-e" "CARGO_HOME=/opt/rustwide/cargo-home" "-e" "RUSTUP_HOME=/opt/rustwide/rustup-home" "-e" "CARGO_TARGET_DIR=/opt/rustwide/target" "-e" "CARGO_INCREMENTAL=0" "-e" "RUST_BACKTRACE=full" "-e" "RUSTFLAGS=--cap-lints=warn" "-e" "RUSTDOCFLAGS=--cap-lints=warn" "-w" "/opt/rustwide/workdir" "--user" "0:0" "e1b49bede8bf14aac27d382b020ff987ccaf3602e798affe998390bb9bceb096" "/opt/rustwide/cargo-home/bin/cargo" "+1.99.0-beta.8" "test" "--frozen" "--no-run" "--message-format=json" "--release", kill_on_drop: false }`
[INFO] [stderr]    Compiling syn v2.0.118
[INFO] [stderr]    Compiling num-integer v0.1.46
[INFO] [stderr]    Compiling rayon v1.12.0
[INFO] [stderr]    Compiling thiserror v2.0.18
[INFO] [stderr]    Compiling wincode v0.5.5
[INFO] [stderr]    Compiling memchr v2.8.2
[INFO] [stderr]    Compiling num-bigint v0.4.8
[INFO] [stderr]    Compiling serde_json v1.0.150
[INFO] [stderr]    Compiling ark-std v0.6.0
[INFO] [stderr]    Compiling darling_core v0.23.0
[INFO] [stderr]    Compiling enum-ordinalize-derive v4.4.1
[INFO] [stderr]    Compiling ark-serialize-derive v0.6.0
[INFO] [stderr]    Compiling ark-ff-macros v0.6.0
[INFO] [stderr]    Compiling ark-ff-asm v0.6.0
[INFO] [stderr]    Compiling thiserror-impl v2.0.18
[INFO] [stderr]    Compiling xark-macros v0.2.1
[INFO] [stderr]    Compiling serde_derive v1.0.228
[INFO] [stderr]    Compiling ark-serialize v0.6.0
[INFO] [stderr]    Compiling enum-ordinalize v4.4.1
[INFO] [stderr]    Compiling educe v0.6.0
[INFO] [stderr]    Compiling darling_macro v0.23.0
[INFO] [stderr]    Compiling darling v0.23.0
[INFO] [stderr]    Compiling wincode-derive v0.4.6
[INFO] [stderr]    Compiling ark-ff v0.6.0
[INFO] [stderr]    Compiling serde v1.0.228
[INFO] [stderr]    Compiling ark-poly v0.6.0
[INFO] [stderr]    Compiling ark-ec v0.6.0
[INFO] [stderr]    Compiling ark-bn254 v0.6.0
[INFO] [stderr]    Compiling xark v0.2.1
[INFO] [stderr]    Compiling xark-ir v0.2.1
[INFO] [stderr]    Compiling xark-poseidon v0.2.1
[INFO] [stderr]    Compiling xark-merkle v0.2.1 (/opt/rustwide/workdir)
[INFO] [stderr]    Compiling xark-test-harness v0.2.1
[INFO] [stderr]     Finished `release` profile [optimized] target(s) in 1m 12s
[INFO] running `Command { std: "docker" "inspect" "e1b49bede8bf14aac27d382b020ff987ccaf3602e798affe998390bb9bceb096", kill_on_drop: false }`
[INFO] running `Command { std: "docker" "exec" "-e" "SOURCE_DIR=/opt/rustwide/workdir" "-e" "CARGO_HOME=/opt/rustwide/cargo-home" "-e" "RUSTUP_HOME=/opt/rustwide/rustup-home" "-e" "CARGO_TARGET_DIR=/opt/rustwide/target" "-e" "CARGO_INCREMENTAL=0" "-e" "RUST_BACKTRACE=full" "-e" "RUSTFLAGS=--cap-lints=warn" "-e" "RUSTDOCFLAGS=--cap-lints=warn" "-w" "/opt/rustwide/workdir" "--user" "0:0" "e1b49bede8bf14aac27d382b020ff987ccaf3602e798affe998390bb9bceb096" "/opt/rustwide/cargo-home/bin/cargo" "+1.99.0-beta.8" "test" "--frozen" "--release", kill_on_drop: false }`
[INFO] [stderr]     Finished `release` profile [optimized] target(s) in 0.20s
[INFO] [stderr]      Running unittests src/lib.rs (/opt/rustwide/target/release/deps/xark_merkle-2ffafcad47870904)
[INFO] [stderr]      Running tests/vec.rs (/opt/rustwide/target/release/deps/vec-fb97684fa71cf589)
[INFO] [stdout] 
[INFO] [stdout] running 0 tests
[INFO] [stdout] 
[INFO] [stdout] test result: ok. 0 passed; 0 failed; 0 ignored; 0 measured; 0 filtered out; finished in 0.00s
[INFO] [stdout] 
[INFO] [stdout] 
[INFO] [stdout] running 2 tests
[INFO] [stdout] test merkle_position_bit_is_boolean_constrained ... FAILED
[INFO] [stdout] test merkle_membership_accepts_valid_rejects_forgery ... FAILED
[INFO] [stdout] 
[INFO] [stdout] failures:
[INFO] [stdout] 
[INFO] [stdout] ---- merkle_position_bit_is_boolean_constrained stdout ----
[INFO] [stdout] 
[INFO] [stdout] thread 'merkle_position_bit_is_boolean_constrained' (1253) panicked at /opt/rustwide/cargo-home/registry/src/index.crates.io-1949cf8c6b5b557f/xark-test-harness-0.2.1/src/lib.rs:175:14:
[INFO] [stdout] run cargo build (compiler): Os { code: 2, kind: NotFound, message: "No such file or directory" }
[INFO] [stdout] stack backtrace:
[INFO] [stdout]    0:     0x64300b2e6111 - <<std[70759c8f55707aa4]::sys::backtrace::BacktraceLock>::print::DisplayBacktrace as core[df12db4294e9bfd3]::fmt::Display>::fmt
[INFO] [stdout]    1:     0x64300b2faf9a - core[df12db4294e9bfd3]::fmt::write
[INFO] [stdout]    2:     0x64300b2ea8ec - <alloc[2182bb758b4b3781]::vec::Vec<u8> as core[df12db4294e9bfd3]::io::write::Write>::write_fmt
[INFO] [stdout]    3:     0x64300b2c0a86 - std[70759c8f55707aa4]::panicking::default_hook::{closure#0}
[INFO] [stdout]    4:     0x64300b2dda09 - std[70759c8f55707aa4]::panicking::default_hook
[INFO] [stdout]    5:     0x64300b211a80 - test[9d35eded1c95d3be]::test_main_inner::<test[9d35eded1c95d3be]::test_main_static::{closure#0}>::{closure#0}
[INFO] [stdout]    6:     0x64300b2ddd32 - std[70759c8f55707aa4]::panicking::panic_with_hook
[INFO] [stdout]    7:     0x64300b2c0b32 - std[70759c8f55707aa4]::panicking::panic_handler::{closure#0}
[INFO] [stdout]    8:     0x64300b2b95d9 - std[70759c8f55707aa4]::sys::backtrace::__rust_end_short_backtrace::<std[70759c8f55707aa4]::panicking::panic_handler::{closure#0}, !>
[INFO] [stdout]    9:     0x64300b2c172d - __rustc[8fa7c3cbc660c2b3]::rust_begin_unwind
[INFO] [stdout]   10:     0x64300b2fb6cc - core[df12db4294e9bfd3]::panicking::panic_fmt
[INFO] [stdout]   11:     0x64300b2fb4a2 - core[df12db4294e9bfd3]::result::unwrap_failed
[INFO] [stdout]   12:     0x64300b2021c4 - <std[70759c8f55707aa4]::sync::once::Once>::call_once_force::<<std[70759c8f55707aa4]::sync::once_lock::OnceLock<(std[70759c8f55707aa4]::path::PathBuf, std[70759c8f55707aa4]::path::PathBuf)>>::initialize<<std[70759c8f55707aa4]::sync::once_lock::OnceLock<(std[70759c8f55707aa4]::path::PathBuf, std[70759c8f55707aa4]::path::PathBuf)>>::get_or_init<xark_test_harness[bae479d1cc963762]::built::{closure#0}>::{closure#0}, !>::{closure#0}>::{closure#0}
[INFO] [stdout]   13:     0x64300b2c6759 - <std[70759c8f55707aa4]::sys::sync::once::futex::Once>::call
[INFO] [stdout]   14:     0x64300b20122f - <std[70759c8f55707aa4]::sync::once_lock::OnceLock<(std[70759c8f55707aa4]::path::PathBuf, std[70759c8f55707aa4]::path::PathBuf)>>::initialize::<<std[70759c8f55707aa4]::sync::once_lock::OnceLock<(std[70759c8f55707aa4]::path::PathBuf, std[70759c8f55707aa4]::path::PathBuf)>>::get_or_init<xark_test_harness[bae479d1cc963762]::built::{closure#0}>::{closure#0}, !>
[INFO] [stdout]   15:     0x64300b1fc6e1 - xark_test_harness[bae479d1cc963762]::compile_file
[INFO] [stdout]   16:     0x64300b1f8847 - vec[a42ab479a34bf4b0]::load
[INFO] [stdout]   17:     0x64300b1f9932 - <vec[a42ab479a34bf4b0]::merkle_position_bit_is_boolean_constrained::{closure#0} as core[df12db4294e9bfd3]::ops::function::FnOnce<()>>::call_once
[INFO] [stdout]   18:     0x64300b204d6b - test[9d35eded1c95d3be]::__rust_begin_short_backtrace::<core[df12db4294e9bfd3]::result::Result<(), alloc[2182bb758b4b3781]::string::String>, fn() -> core[df12db4294e9bfd3]::result::Result<(), alloc[2182bb758b4b3781]::string::String>>
[INFO] [stdout]   19:     0x64300b2123d5 - test[9d35eded1c95d3be]::run_test::{closure#0}
[INFO] [stdout]   20:     0x64300b20bc94 - std[70759c8f55707aa4]::sys::backtrace::__rust_begin_short_backtrace::<test[9d35eded1c95d3be]::run_test::{closure#1}, ()>
[INFO] [stdout]   21:     0x64300b215532 - <std[70759c8f55707aa4]::thread::lifecycle::spawn_unchecked<test[9d35eded1c95d3be]::run_test::{closure#1}, ()>::{closure#1} as core[df12db4294e9bfd3]::ops::function::FnOnce<()>>::call_once::{shim:vtable#0}
[INFO] [stdout]   22:     0x64300b2e5669 - <std[70759c8f55707aa4]::sys::thread::unix::Thread>::new::thread_start
[INFO] [stdout]   23:     0x7a7b3d52edfa - <unknown>
[INFO] [stdout]   24:     0x7a7b3d5c23d4 - clone
[INFO] [stdout]   25:                0x0 - <unknown>
[INFO] [stdout] 
[INFO] [stdout] ---- merkle_membership_accepts_valid_rejects_forgery stdout ----
[INFO] [stdout] 
[INFO] [stdout] thread 'merkle_membership_accepts_valid_rejects_forgery' (1252) panicked at /opt/rustwide/cargo-home/registry/src/index.crates.io-1949cf8c6b5b557f/xark-test-harness-0.2.1/src/lib.rs:175:14:
[INFO] [stdout] run cargo build (compiler): Os { code: 2, kind: NotFound, message: "No such file or directory" }
[INFO] [stdout] stack backtrace:
[INFO] [stdout]    0:     0x64300b2e6111 - <<std[70759c8f55707aa4]::sys::backtrace::BacktraceLock>::print::DisplayBacktrace as core[df12db4294e9bfd3]::fmt::Display>::fmt
[INFO] [stdout]    1:     0x64300b2faf9a - core[df12db4294e9bfd3]::fmt::write
[INFO] [stdout]    2:     0x64300b2ea8ec - <alloc[2182bb758b4b3781]::vec::Vec<u8> as core[df12db4294e9bfd3]::io::write::Write>::write_fmt
[INFO] [stdout]    3:     0x64300b2c0a86 - std[70759c8f55707aa4]::panicking::default_hook::{closure#0}
[INFO] [stdout]    4:     0x64300b2dda09 - std[70759c8f55707aa4]::panicking::default_hook
[INFO] [stdout]    5:     0x64300b211a80 - test[9d35eded1c95d3be]::test_main_inner::<test[9d35eded1c95d3be]::test_main_static::{closure#0}>::{closure#0}
[INFO] [stdout]    6:     0x64300b2ddd32 - std[70759c8f55707aa4]::panicking::panic_with_hook
[INFO] [stdout]    7:     0x64300b2c0b32 - std[70759c8f55707aa4]::panicking::panic_handler::{closure#0}
[INFO] [stdout]    8:     0x64300b2b95d9 - std[70759c8f55707aa4]::sys::backtrace::__rust_end_short_backtrace::<std[70759c8f55707aa4]::panicking::panic_handler::{closure#0}, !>
[INFO] [stdout]    9:     0x64300b2c172d - __rustc[8fa7c3cbc660c2b3]::rust_begin_unwind
[INFO] [stdout]   10:     0x64300b2fb6cc - core[df12db4294e9bfd3]::panicking::panic_fmt
[INFO] [stdout]   11:     0x64300b2fb4a2 - core[df12db4294e9bfd3]::result::unwrap_failed
[INFO] [stdout]   12:     0x64300b2021c4 - <std[70759c8f55707aa4]::sync::once::Once>::call_once_force::<<std[70759c8f55707aa4]::sync::once_lock::OnceLock<(std[70759c8f55707aa4]::path::PathBuf, std[70759c8f55707aa4]::path::PathBuf)>>::initialize<<std[70759c8f55707aa4]::sync::once_lock::OnceLock<(std[70759c8f55707aa4]::path::PathBuf, std[70759c8f55707aa4]::path::PathBuf)>>::get_or_init<xark_test_harness[bae479d1cc963762]::built::{closure#0}>::{closure#0}, !>::{closure#0}>::{closure#0}
[INFO] [stdout]   13:     0x64300b2c6759 - <std[70759c8f55707aa4]::sys::sync::once::futex::Once>::call
[INFO] [stdout]   14:     0x64300b20122f - <std[70759c8f55707aa4]::sync::once_lock::OnceLock<(std[70759c8f55707aa4]::path::PathBuf, std[70759c8f55707aa4]::path::PathBuf)>>::initialize::<<std[70759c8f55707aa4]::sync::once_lock::OnceLock<(std[70759c8f55707aa4]::path::PathBuf, std[70759c8f55707aa4]::path::PathBuf)>>::get_or_init<xark_test_harness[bae479d1cc963762]::built::{closure#0}>::{closure#0}, !>
[INFO] [stdout]   15:     0x64300b1fc6e1 - xark_test_harness[bae479d1cc963762]::compile_file
[INFO] [stdout]   16:     0x64300b1f8847 - vec[a42ab479a34bf4b0]::load
[INFO] [stdout]   17:     0x64300b1f9ce4 - <vec[a42ab479a34bf4b0]::merkle_membership_accepts_valid_rejects_forgery::{closure#0} as core[df12db4294e9bfd3]::ops::function::FnOnce<()>>::call_once
[INFO] [stdout]   18:     0x64300b204d6b - test[9d35eded1c95d3be]::__rust_begin_short_backtrace::<core[df12db4294e9bfd3]::result::Result<(), alloc[2182bb758b4b3781]::string::String>, fn() -> core[df12db4294e9bfd3]::result::Result<(), alloc[2182bb758b4b3781]::string::String>>
[INFO] [stdout]   19:     0x64300b2123d5 - test[9d35eded1c95d3be]::run_test::{closure#0}
[INFO] [stdout]   20:     0x64300b20bc94 - std[70759c8f55707aa4]::sys::backtrace::__rust_begin_short_backtrace::<test[9d35eded1c95d3be]::run_test::{closure#1}, ()>
[INFO] [stdout]   21:     0x64300b215532 - <std[70759c8f55707aa4]::thread::lifecycle::spawn_unchecked<test[9d35eded1c95d3be]::run_test::{closure#1}, ()>::{closure#1} as core[df12db4294e9bfd3]::ops::function::FnOnce<()>>::call_once::{shim:vtable#0}
[INFO] [stdout]   22:     0x64300b2e5669 - <std[70759c8f55707aa4]::sys::thread::unix::Thread>::new::thread_start
[INFO] [stdout]   23:     0x7a7b3d52edfa - <unknown>
[INFO] [stdout]   24:     0x7a7b3d5c23d4 - clone
[INFO] [stdout]   25:                0x0 - <unknown>
[INFO] [stdout] 
[INFO] [stdout] 
[INFO] [stdout] failures:
[INFO] [stdout]     merkle_membership_accepts_valid_rejects_forgery
[INFO] [stdout]     merkle_position_bit_is_boolean_constrained
[INFO] [stdout] 
[INFO] [stdout] test result: FAILED. 0 passed; 2 failed; 0 ignored; 0 measured; 0 filtered out; finished in 0.00s
[INFO] [stdout] 
[INFO] [stderr] error: test failed, to rerun pass `--test vec`
[INFO] running `Command { std: "docker" "inspect" "e1b49bede8bf14aac27d382b020ff987ccaf3602e798affe998390bb9bceb096", kill_on_drop: false }`
[INFO] running `Command { std: "docker" "rm" "-f" "e1b49bede8bf14aac27d382b020ff987ccaf3602e798affe998390bb9bceb096", kill_on_drop: false }`
[INFO] [stdout] e1b49bede8bf14aac27d382b020ff987ccaf3602e798affe998390bb9bceb096
