[INFO] fetching crate x64_asm 0.1.45...
[INFO] testing x64_asm-0.1.45 against 1.99.0-beta.8+cargoflags=--release for beta-release-1.100-2
[INFO] extracting crate x64_asm 0.1.45 into /workspace/builds/worker-4-tc1/source
[INFO] started tweaking crates.io crate x64_asm 0.1.45
[INFO] finished tweaking crates.io crate x64_asm 0.1.45
[INFO] tweaked toml for crates.io crate x64_asm 0.1.45 written to /workspace/builds/worker-4-tc1/source/Cargo.toml
[INFO] validating manifest of crates.io crate x64_asm 0.1.45 on toolchain 1.99.0-beta.8
[INFO] running `Command { std: CARGO_HOME="/workspace/cargo-home" RUSTUP_HOME="/workspace/rustup-home" "/workspace/cargo-home/bin/cargo" "+1.99.0-beta.8" "metadata" "--manifest-path" "Cargo.toml" "--no-deps", kill_on_drop: false }`
[INFO] crate crates.io crate x64_asm 0.1.45 already has a lockfile, it will not be regenerated
[INFO] running `Command { std: CARGO_HOME="/workspace/cargo-home" RUSTUP_HOME="/workspace/rustup-home" "/workspace/cargo-home/bin/cargo" "+1.99.0-beta.8" "fetch" "--manifest-path" "Cargo.toml", kill_on_drop: false }`
[INFO] [stderr]     Updating crates.io index
[INFO] [stderr]  Downloading crates ...
[INFO] [stderr]   Downloaded bincode v1.3.1
[INFO] [stderr]   Downloaded serde v1.0.116
[INFO] [stderr]   Downloaded elf-utilities v0.1.73
[INFO] [stderr]   Downloaded serde_derive v1.0.116
[INFO] [stderr]   Downloaded syn v1.0.42
[INFO] running `Command { std: "docker" "create" "-v" "/var/lib/crater-agent-workspace/builds/worker-4-tc1/source:/opt/rustwide/workdir:ro,Z" "-v" "/var/lib/crater-agent-workspace/builds/worker-4-tc1/target:/opt/rustwide/target:rw,Z" "-v" "/var/lib/crater-agent-workspace/cargo-home:/opt/rustwide/cargo-home:ro,Z" "-v" "/var/lib/crater-agent-workspace/rustup-home:/opt/rustwide/rustup-home:ro,Z" "-m" "1610612736" "--network" "none" "ghcr.io/rust-lang/crates-build-env/linux@sha256:77db811e55d90add9212f6832c23229e3de5f1c1f9905e8cb07319ea15df73ac" "sleep" "infinity", kill_on_drop: false }`
[INFO] [stdout] 4df08574cffb6c2828174782906aac01cf5f43c3e64ce1ca6c5eb126a6f0f810
[INFO] running `Command { std: "docker" "start" "4df08574cffb6c2828174782906aac01cf5f43c3e64ce1ca6c5eb126a6f0f810", kill_on_drop: false }`
[INFO] running `Command { std: "docker" "inspect" "4df08574cffb6c2828174782906aac01cf5f43c3e64ce1ca6c5eb126a6f0f810", kill_on_drop: false }`
[INFO] running `Command { std: "docker" "exec" "-e" "SOURCE_DIR=/opt/rustwide/workdir" "-e" "CARGO_HOME=/opt/rustwide/cargo-home" "-e" "RUSTUP_HOME=/opt/rustwide/rustup-home" "-e" "CARGO_TARGET_DIR=/opt/rustwide/target" "-w" "/opt/rustwide/workdir" "--user" "0:0" "4df08574cffb6c2828174782906aac01cf5f43c3e64ce1ca6c5eb126a6f0f810" "/opt/rustwide/cargo-home/bin/cargo" "+1.99.0-beta.8" "metadata" "--no-deps" "--format-version=1", kill_on_drop: false }`
[INFO] running `Command { std: "docker" "inspect" "4df08574cffb6c2828174782906aac01cf5f43c3e64ce1ca6c5eb126a6f0f810", kill_on_drop: false }`
[INFO] running `Command { std: "docker" "exec" "-e" "SOURCE_DIR=/opt/rustwide/workdir" "-e" "CARGO_HOME=/opt/rustwide/cargo-home" "-e" "RUSTUP_HOME=/opt/rustwide/rustup-home" "-e" "CARGO_TARGET_DIR=/opt/rustwide/target" "-e" "CARGO_INCREMENTAL=0" "-e" "RUST_BACKTRACE=full" "-e" "RUSTFLAGS=--cap-lints=warn" "-e" "RUSTDOCFLAGS=--cap-lints=warn" "-w" "/opt/rustwide/workdir" "--user" "0:0" "4df08574cffb6c2828174782906aac01cf5f43c3e64ce1ca6c5eb126a6f0f810" "/opt/rustwide/cargo-home/bin/cargo" "+1.99.0-beta.8" "build" "--frozen" "--message-format=json" "--release", kill_on_drop: false }`
[INFO] [stderr]    Compiling syn v1.0.42
[INFO] [stderr]    Compiling serde_derive v1.0.116
[INFO] [stderr]    Compiling serde v1.0.116
[INFO] [stderr]    Compiling indexmap v1.6.0
[INFO] [stderr]    Compiling quote v1.0.7
[INFO] [stderr]    Compiling thiserror-impl v1.0.21
[INFO] [stderr]    Compiling thiserror v1.0.21
[INFO] [stderr]    Compiling bincode v1.3.1
[INFO] [stderr]    Compiling elf-utilities v0.1.73
[INFO] [stderr]    Compiling x64_asm v0.1.45 (/opt/rustwide/workdir)
[INFO] [stdout] warning: unused import: `add::*`
[INFO] [stdout]  --> src/assembler/resource/opcode.rs:5:9
[INFO] [stdout]   |
[INFO] [stdout] 5 | pub use add::*;
[INFO] [stdout]   |         ^^^^^^
[INFO] [stdout]   |
[INFO] [stdout]   = note: `#[warn(unused_imports)]` (part of `#[warn(unused)]`) on by default
[INFO] [stdout] 
[INFO] [stdout] 
[INFO] [stdout] warning: unused import: `call::*`
[INFO] [stdout]  --> src/assembler/resource/opcode.rs:7:9
[INFO] [stdout]   |
[INFO] [stdout] 7 | pub use call::*;
[INFO] [stdout]   |         ^^^^^^^
[INFO] [stdout] 
[INFO] [stdout] 
[INFO] [stdout] warning: unused import: `cmp::*`
[INFO] [stdout]  --> src/assembler/resource/opcode.rs:9:9
[INFO] [stdout]   |
[INFO] [stdout] 9 | pub use cmp::*;
[INFO] [stdout]   |         ^^^^^^
[INFO] [stdout] 
[INFO] [stdout] 
[INFO] [stdout] warning: unused import: `mov::*`
[INFO] [stdout]   --> src/assembler/resource/opcode.rs:11:9
[INFO] [stdout]    |
[INFO] [stdout] 11 | pub use mov::*;
[INFO] [stdout]    |         ^^^^^^
[INFO] [stdout] 
[INFO] [stdout] 
[INFO] [stdout] warning: unused import: `push::*`
[INFO] [stdout]   --> src/assembler/resource/opcode.rs:13:9
[INFO] [stdout]    |
[INFO] [stdout] 13 | pub use push::*;
[INFO] [stdout]    |         ^^^^^^^
[INFO] [stdout] 
[INFO] [stdout] 
[INFO] [stdout] warning: unused import: `pop::*`
[INFO] [stdout]   --> src/assembler/resource/opcode.rs:15:9
[INFO] [stdout]    |
[INFO] [stdout] 15 | pub use pop::*;
[INFO] [stdout]    |         ^^^^^^
[INFO] [stdout] 
[INFO] [stdout] 
[INFO] [stdout] warning: unused import: `sub::*`
[INFO] [stdout]   --> src/assembler/resource/opcode.rs:17:9
[INFO] [stdout]    |
[INFO] [stdout] 17 | pub use sub::*;
[INFO] [stdout]    |         ^^^^^^
[INFO] [stdout] 
[INFO] [stdout] 
[INFO] [stdout] warning: unused import: `lea::*`
[INFO] [stdout]   --> src/assembler/resource/opcode.rs:19:9
[INFO] [stdout]    |
[INFO] [stdout] 19 | pub use lea::*;
[INFO] [stdout]    |         ^^^^^^
[INFO] [stdout] 
[INFO] [stdout] 
[INFO] [stdout] warning: unused import: `imul::*`
[INFO] [stdout]   --> src/assembler/resource/opcode.rs:21:9
[INFO] [stdout]    |
[INFO] [stdout] 21 | pub use imul::*;
[INFO] [stdout]    |         ^^^^^^^
[INFO] [stdout] 
[INFO] [stdout] 
[INFO] [stdout] warning: unused import: `ELFBuilder`
[INFO] [stdout]  --> src/assembler.rs:9:20
[INFO] [stdout]   |
[INFO] [stdout] 9 | pub use resource::{ELFBuilder, Syntax};
[INFO] [stdout]   |                    ^^^^^^^^^^
[INFO] [stdout] 
[INFO] [stdout] 
[INFO] [stderr]     Finished `release` profile [optimized] target(s) in 13.26s
[INFO] running `Command { std: "docker" "inspect" "4df08574cffb6c2828174782906aac01cf5f43c3e64ce1ca6c5eb126a6f0f810", kill_on_drop: false }`
[INFO] running `Command { std: "docker" "exec" "-e" "SOURCE_DIR=/opt/rustwide/workdir" "-e" "CARGO_HOME=/opt/rustwide/cargo-home" "-e" "RUSTUP_HOME=/opt/rustwide/rustup-home" "-e" "CARGO_TARGET_DIR=/opt/rustwide/target" "-e" "CARGO_INCREMENTAL=0" "-e" "RUST_BACKTRACE=full" "-e" "RUSTFLAGS=--cap-lints=warn" "-e" "RUSTDOCFLAGS=--cap-lints=warn" "-w" "/opt/rustwide/workdir" "--user" "0:0" "4df08574cffb6c2828174782906aac01cf5f43c3e64ce1ca6c5eb126a6f0f810" "/opt/rustwide/cargo-home/bin/cargo" "+1.99.0-beta.8" "test" "--frozen" "--no-run" "--message-format=json" "--release", kill_on_drop: false }`
[INFO] [stdout] warning: unused import: `add::*`
[INFO] [stdout]  --> src/assembler/resource/opcode.rs:5:9
[INFO] [stdout]   |
[INFO] [stdout] 5 | pub use add::*;
[INFO] [stdout]   |         ^^^^^^
[INFO] [stdout]   |
[INFO] [stdout]   = note: `#[warn(unused_imports)]` (part of `#[warn(unused)]`) on by default
[INFO] [stdout] 
[INFO] [stdout] 
[INFO] [stdout] warning: unused import: `call::*`
[INFO] [stdout]  --> src/assembler/resource/opcode.rs:7:9
[INFO] [stdout]   |
[INFO] [stdout] 7 | pub use call::*;
[INFO] [stdout]   |         ^^^^^^^
[INFO] [stdout] 
[INFO] [stdout] 
[INFO] [stdout] warning: unused import: `cmp::*`
[INFO] [stdout]  --> src/assembler/resource/opcode.rs:9:9
[INFO] [stdout]   |
[INFO] [stdout] 9 | pub use cmp::*;
[INFO] [stdout]   |         ^^^^^^
[INFO] [stdout] 
[INFO] [stdout] 
[INFO] [stdout] warning: unused import: `mov::*`
[INFO] [stdout]   --> src/assembler/resource/opcode.rs:11:9
[INFO] [stdout]    |
[INFO] [stdout] 11 | pub use mov::*;
[INFO] [stdout]    |         ^^^^^^
[INFO] [stdout] 
[INFO] [stdout] 
[INFO] [stdout] warning: unused import: `push::*`
[INFO] [stdout]   --> src/assembler/resource/opcode.rs:13:9
[INFO] [stdout]    |
[INFO] [stdout] 13 | pub use push::*;
[INFO] [stdout]    |         ^^^^^^^
[INFO] [stdout] 
[INFO] [stdout] 
[INFO] [stdout] warning: unused import: `pop::*`
[INFO] [stdout]   --> src/assembler/resource/opcode.rs:15:9
[INFO] [stdout]    |
[INFO] [stdout] 15 | pub use pop::*;
[INFO] [stdout]    |         ^^^^^^
[INFO] [stdout] 
[INFO] [stdout] 
[INFO] [stdout] warning: unused import: `sub::*`
[INFO] [stdout]   --> src/assembler/resource/opcode.rs:17:9
[INFO] [stdout]    |
[INFO] [stdout] 17 | pub use sub::*;
[INFO] [stdout]    |         ^^^^^^
[INFO] [stdout] 
[INFO] [stdout] 
[INFO] [stdout] warning: unused import: `lea::*`
[INFO] [stdout]   --> src/assembler/resource/opcode.rs:19:9
[INFO] [stdout]    |
[INFO] [stdout] 19 | pub use lea::*;
[INFO] [stdout]    |         ^^^^^^
[INFO] [stdout] 
[INFO] [stdout] 
[INFO] [stdout] warning: unused import: `imul::*`
[INFO] [stdout]   --> src/assembler/resource/opcode.rs:21:9
[INFO] [stdout]    |
[INFO] [stdout] 21 | pub use imul::*;
[INFO] [stdout]    |         ^^^^^^^
[INFO] [stdout] 
[INFO] [stdout] 
[INFO] [stdout] warning: unused import: `ELFBuilder`
[INFO] [stdout]  --> src/assembler.rs:9:20
[INFO] [stdout]   |
[INFO] [stdout] 9 | pub use resource::{ELFBuilder, Syntax};
[INFO] [stdout]   |                    ^^^^^^^^^^
[INFO] [stdout] 
[INFO] [stdout] 
[INFO] [stderr]    Compiling x64_asm v0.1.45 (/opt/rustwide/workdir)
[INFO] [stdout] warning: unused import: `add::*`
[INFO] [stdout]  --> src/assembler/resource/opcode.rs:5:9
[INFO] [stdout]   |
[INFO] [stdout] 5 | pub use add::*;
[INFO] [stdout]   |         ^^^^^^
[INFO] [stdout]   |
[INFO] [stdout]   = note: `#[warn(unused_imports)]` (part of `#[warn(unused)]`) on by default
[INFO] [stdout] 
[INFO] [stdout] 
[INFO] [stdout] warning: unused import: `call::*`
[INFO] [stdout]  --> src/assembler/resource/opcode.rs:7:9
[INFO] [stdout]   |
[INFO] [stdout] 7 | pub use call::*;
[INFO] [stdout]   |         ^^^^^^^
[INFO] [stdout] 
[INFO] [stdout] 
[INFO] [stdout] warning: unused import: `cmp::*`
[INFO] [stdout]  --> src/assembler/resource/opcode.rs:9:9
[INFO] [stdout]   |
[INFO] [stdout] 9 | pub use cmp::*;
[INFO] [stdout]   |         ^^^^^^
[INFO] [stdout] 
[INFO] [stdout] 
[INFO] [stdout] warning: unused import: `mov::*`
[INFO] [stdout]   --> src/assembler/resource/opcode.rs:11:9
[INFO] [stdout]    |
[INFO] [stdout] 11 | pub use mov::*;
[INFO] [stdout]    |         ^^^^^^
[INFO] [stdout] 
[INFO] [stdout] 
[INFO] [stdout] warning: unused import: `push::*`
[INFO] [stdout]   --> src/assembler/resource/opcode.rs:13:9
[INFO] [stdout]    |
[INFO] [stdout] 13 | pub use push::*;
[INFO] [stdout]    |         ^^^^^^^
[INFO] [stdout] 
[INFO] [stdout] 
[INFO] [stdout] warning: unused import: `pop::*`
[INFO] [stdout]   --> src/assembler/resource/opcode.rs:15:9
[INFO] [stdout]    |
[INFO] [stdout] 15 | pub use pop::*;
[INFO] [stdout]    |         ^^^^^^
[INFO] [stdout] 
[INFO] [stdout] 
[INFO] [stdout] warning: unused import: `sub::*`
[INFO] [stdout]   --> src/assembler/resource/opcode.rs:17:9
[INFO] [stdout]    |
[INFO] [stdout] 17 | pub use sub::*;
[INFO] [stdout]    |         ^^^^^^
[INFO] [stdout] 
[INFO] [stdout] 
[INFO] [stdout] warning: unused import: `lea::*`
[INFO] [stdout]   --> src/assembler/resource/opcode.rs:19:9
[INFO] [stdout]    |
[INFO] [stdout] 19 | pub use lea::*;
[INFO] [stdout]    |         ^^^^^^
[INFO] [stdout] 
[INFO] [stdout] 
[INFO] [stdout] warning: unused import: `imul::*`
[INFO] [stdout]   --> src/assembler/resource/opcode.rs:21:9
[INFO] [stdout]    |
[INFO] [stdout] 21 | pub use imul::*;
[INFO] [stdout]    |         ^^^^^^^
[INFO] [stdout] 
[INFO] [stdout] 
[INFO] [stdout] warning: unused import: `ELFBuilder`
[INFO] [stdout]  --> src/assembler.rs:9:20
[INFO] [stdout]   |
[INFO] [stdout] 9 | pub use resource::{ELFBuilder, Syntax};
[INFO] [stdout]   |                    ^^^^^^^^^^
[INFO] [stdout] 
[INFO] [stdout] 
[INFO] [stderr]     Finished `release` profile [optimized] target(s) in 2.33s
[INFO] running `Command { std: "docker" "inspect" "4df08574cffb6c2828174782906aac01cf5f43c3e64ce1ca6c5eb126a6f0f810", kill_on_drop: false }`
[INFO] running `Command { std: "docker" "exec" "-e" "SOURCE_DIR=/opt/rustwide/workdir" "-e" "CARGO_HOME=/opt/rustwide/cargo-home" "-e" "RUSTUP_HOME=/opt/rustwide/rustup-home" "-e" "CARGO_TARGET_DIR=/opt/rustwide/target" "-e" "CARGO_INCREMENTAL=0" "-e" "RUST_BACKTRACE=full" "-e" "RUSTFLAGS=--cap-lints=warn" "-e" "RUSTDOCFLAGS=--cap-lints=warn" "-w" "/opt/rustwide/workdir" "--user" "0:0" "4df08574cffb6c2828174782906aac01cf5f43c3e64ce1ca6c5eb126a6f0f810" "/opt/rustwide/cargo-home/bin/cargo" "+1.99.0-beta.8" "test" "--frozen" "--release", kill_on_drop: false }`
[INFO] [stderr] warning: unused import: `add::*`
[INFO] [stderr]  --> src/assembler/resource/opcode.rs:5:9
[INFO] [stderr]   |
[INFO] [stderr] 5 | pub use add::*;
[INFO] [stderr]   |         ^^^^^^
[INFO] [stderr]   |
[INFO] [stderr]   = note: `#[warn(unused_imports)]` (part of `#[warn(unused)]`) on by default
[INFO] [stderr] 
[INFO] [stderr] warning: unused import: `call::*`
[INFO] [stderr]  --> src/assembler/resource/opcode.rs:7:9
[INFO] [stderr]   |
[INFO] [stderr] 7 | pub use call::*;
[INFO] [stderr]   |         ^^^^^^^
[INFO] [stderr] 
[INFO] [stderr] warning: unused import: `cmp::*`
[INFO] [stderr]  --> src/assembler/resource/opcode.rs:9:9
[INFO] [stderr]   |
[INFO] [stderr] 9 | pub use cmp::*;
[INFO] [stderr]   |         ^^^^^^
[INFO] [stderr] 
[INFO] [stderr] warning: unused import: `mov::*`
[INFO] [stderr]   --> src/assembler/resource/opcode.rs:11:9
[INFO] [stderr]    |
[INFO] [stderr] 11 | pub use mov::*;
[INFO] [stderr]    |         ^^^^^^
[INFO] [stderr] 
[INFO] [stderr] warning: unused import: `push::*`
[INFO] [stderr]   --> src/assembler/resource/opcode.rs:13:9
[INFO] [stderr]    |
[INFO] [stderr] 13 | pub use push::*;
[INFO] [stderr]    |         ^^^^^^^
[INFO] [stderr] 
[INFO] [stderr] warning: unused import: `pop::*`
[INFO] [stderr]   --> src/assembler/resource/opcode.rs:15:9
[INFO] [stderr]    |
[INFO] [stderr] 15 | pub use pop::*;
[INFO] [stderr]    |         ^^^^^^
[INFO] [stderr] 
[INFO] [stderr] warning: unused import: `sub::*`
[INFO] [stderr]   --> src/assembler/resource/opcode.rs:17:9
[INFO] [stderr]    |
[INFO] [stderr] 17 | pub use sub::*;
[INFO] [stderr]    |         ^^^^^^
[INFO] [stderr] 
[INFO] [stderr] warning: unused import: `lea::*`
[INFO] [stderr]   --> src/assembler/resource/opcode.rs:19:9
[INFO] [stderr]    |
[INFO] [stderr] 19 | pub use lea::*;
[INFO] [stderr]    |         ^^^^^^
[INFO] [stderr] 
[INFO] [stderr] warning: unused import: `imul::*`
[INFO] [stderr]   --> src/assembler/resource/opcode.rs:21:9
[INFO] [stderr]    |
[INFO] [stderr] 21 | pub use imul::*;
[INFO] [stderr]    |         ^^^^^^^
[INFO] [stderr] 
[INFO] [stderr] warning: unused import: `ELFBuilder`
[INFO] [stderr]  --> src/assembler.rs:9:20
[INFO] [stderr]   |
[INFO] [stderr] 9 | pub use resource::{ELFBuilder, Syntax};
[INFO] [stderr]   |                    ^^^^^^^^^^
[INFO] [stderr] 
[INFO] [stderr] warning: `x64_asm` (lib) generated 10 warnings (run `cargo fix --lib -p x64_asm` to apply 10 suggestions)
[INFO] [stderr] warning: `x64_asm` (lib test) generated 10 warnings (10 duplicates)
[INFO] [stderr]     Finished `release` profile [optimized] target(s) in 0.05s
[INFO] [stderr]      Running unittests src/lib.rs (/opt/rustwide/target/release/deps/x64_asm-e36397e882e5826f)
[INFO] [stdout] 
[INFO] [stdout] running 34 tests
[INFO] [stdout] test assembler::parser::atandt_main::parse_tests::parse_pushq_test ... ok
[INFO] [stdout] test assembler::parser::atandt_main::parse_tests::parse_popq_test ... ok
[INFO] [stdout] test assembler::parser::atandt_main::parse_tests::parse_type_directive_test ... ok
[INFO] [stdout] test assembler::parser::atandt_main::parse_tests::parse_moveq_test ... ok
[INFO] [stdout] test assembler::parser::atandt_main::parse_tests::parse_operand_test ... ok
[INFO] [stdout] test assembler::tests::opcode_tests::idiv_tests::to_bytes_tests::idivrm64_test ... ok
[INFO] [stdout] test assembler::parser::atandt_test::parser_tests::case2_test ... ok
[INFO] [stdout] test assembler::tests::opcode_tests::pop_tests::to_bytes_tests::popr64_test ... ok
[INFO] [stdout] test assembler::parser::atandt_main::parse_tests::is_blank_line_test ... ok
[INFO] [stdout] test assembler::tests::opcode_tests::neg_tests::to_bytes_tests::negrm64_test ... ok
[INFO] [stdout] test assembler::parser::atandt_test::parser_tests::case1_test ... ok
[INFO] [stdout] test assembler::tests::opcode_tests::add_tests::to_bytes_tests::addrm64r64_test ... ok
[INFO] [stdout] test assembler::parser::atandt_main::parse_tests::parse_symname_test ... ok
[INFO] [stdout] test assembler::tests::opcode_tests::imul_tests::to_bytes_tests::imulr64rm64_test ... ok
[INFO] [stdout] test assembler::tests::opcode_tests::mov_tests::to_bytes_tests::movrm8r8_test ... ok
[INFO] [stdout] test assembler::tests::opcode_tests::push_tests::to_bytes_tests::pushimm32_test ... ok
[INFO] [stdout] test assembler::tests::opcode_tests::push_tests::to_bytes_tests::pushrm64_test ... ok
[INFO] [stdout] test assembler::tests::opcode_tests::sub_tests::to_bytes_tests::subrm64r64_test ... ok
[INFO] [stdout] test assembler::tests::opcode_tests::sub_tests::to_bytes_tests::subr64rm64_test ... ok
[INFO] [stdout] test assembler::tests::rex_prefix_tests::format_tests::display_rex_prefix_test ... ok
[INFO] [stdout] test assembler::tests::rex_prefix_tests::to_byte_tests::to_byte_test ... ok
[INFO] [stdout] test assembler::tests::sib_byte_tests::format_tests::debug_sib_byte_test ... ok
[INFO] [stdout] test assembler::tests::opcode_tests::mov_tests::to_bytes_tests::movrm64r64_test ... ok
[INFO] [stdout] test assembler::tests::sib_byte_tests::format_tests::display_sib_byte_test ... ok
[INFO] [stdout] test assembler::tests::opcode_tests::inc_tests::to_bytes_tests::incrm64_test ... ok
[INFO] [stdout] test assembler::tests::opcode_tests::sub_tests::to_bytes_tests::subrm64imm32_test ... ok
[INFO] [stdout] test assembler::tests::opcode_tests::mov_tests::to_bytes_tests::movr64rm64_test ... ok
[INFO] [stdout] test assembler::tests::opcode_tests::mov_tests::to_bytes_tests::movrm64imm32_test ... ok
[INFO] [stdout] test assembler::tests::rex_prefix_tests::format_tests::debug_rex_prefix_test ... ok
[INFO] [stdout] test assembler::parser::atandt_main::parse_tests::parse_ret_test ... ok
[INFO] [stderr]      Running unittests src/main.rs (/opt/rustwide/target/release/deps/x64_asm-bffe340e5ac406ae)
[INFO] [stdout] test assembler::tests::opcode_tests::push_tests::to_bytes_tests::pushr64_test ... ok
[INFO] [stderr]      Running tests/sample.rs (/opt/rustwide/target/release/deps/sample-22bc514b1c42a40e)
[INFO] [stdout] test assembler::parser::atandt_main::parse_tests::parse_global_directive_test ... ok
[INFO] [stdout] test assembler::parser::atandt_main::parse_tests::remove_double_quote_test ... ok
[INFO] [stdout] test assembler::tests::opcode_tests::add_tests::to_bytes_tests::addr64rm64_test ... ok
[INFO] [stdout] 
[INFO] [stdout] test result: ok. 34 passed; 0 failed; 0 ignored; 0 measured; 0 filtered out; finished in 0.01s
[INFO] [stdout] 
[INFO] [stdout] 
[INFO] [stdout] running 0 tests
[INFO] [stdout] 
[INFO] [stdout] test result: ok. 0 passed; 0 failed; 0 ignored; 0 measured; 0 filtered out; finished in 0.00s
[INFO] [stdout] 
[INFO] [stdout] 
[INFO] [stdout] running 12 tests
[INFO] [stdout] test integration_tests::various_move_test ... ignored
[INFO] [stderr] /usr/bin/x86_64-linux-gnu-ld.bfd: cannot open output file small_2: Read-only file system
[INFO] [stderr] /usr/bin/x86_64-linux-gnu-ld.bfd: cannot open output file branch1: Read-only file system
[INFO] [stderr] /usr/bin/x86_64-linux-gnu-ld.bfd: cannot open output file simple_32bit_inst: Read-only file system
[INFO] [stderr] /usr/bin/x86_64-linux-gnu-ld.bfd: cannot open output file branch2: Read-only file system
[INFO] [stderr] collect2: error: ld returned 1 exit status
[INFO] [stderr] /usr/bin/x86_64-linux-gnu-ld.bfd: cannot open output file addq: Read-only file system
[INFO] [stderr] /usr/bin/x86_64-linux-gnu-ld.bfd: cannot open output file small_3: Read-only file system
[INFO] [stderr] collect2: error: ld returned 1 exit status
[INFO] [stderr] collect2: error: ld returned 1 exit status
[INFO] [stderr] /usr/bin/x86_64-linux-gnu-ld.bfd: cannot open output file store_and_load: Read-only file system
[INFO] [stderr] collect2: error: ld returned 1 exit status
[INFO] [stdout] test integration_tests::branch2_test ... FAILED
[INFO] [stderr] collect2: error: ld returned 1 exit status
[INFO] [stdout] test integration_tests::small_3_test ... FAILED
[INFO] [stderr] collect2: error: ld returned 1 exit status
[INFO] [stderr] /usr/bin/x86_64-linux-gnu-ld.bfd: cannot open output file double_quote: Read-only file system
[INFO] [stdout] test integration_tests::branch1_test ... FAILED
[INFO] [stdout] test integration_tests::store_and_load_test ... FAILED
[INFO] [stdout] test integration_tests::small_2_test ... FAILED
[INFO] [stderr] /usr/bin/x86_64-linux-gnu-ld.bfd: cannot open output file return_42: Read-only file system
[INFO] [stderr] collect2: error: ld returned 1 exit status
[INFO] [stderr] /usr/bin/x86_64-linux-gnu-ld.bfd: cannot open output file small: Read-only file system
[INFO] [stdout] test integration_tests::return_42_tests ... FAILED
[INFO] [stderr] collect2: error: ld returned 1 exit status
[INFO] [stderr] collect2: error: ld returned 1 exit status
[INFO] [stdout] test integration_tests::simple_32bit_inst_test ... FAILED
[INFO] [stderr] /usr/bin/x86_64-linux-gnu-ld.bfd: cannot open output file call_foo: Read-only file system
[INFO] [stderr] collect2: error: ld returned 1 exit status
[INFO] [stdout] test integration_tests::small_test ... FAILED
[INFO] [stdout] test integration_tests::double_quote_test ... FAILED
[INFO] [stderr] collect2: error: ld returned 1 exit status
[INFO] [stdout] test integration_tests::call_foo_test ... FAILED
[INFO] [stdout] test integration_tests::addq_test ... FAILED
[INFO] [stderr] error: test failed, to rerun pass `--test sample`
[INFO] [stdout] 
[INFO] [stdout] failures:
[INFO] [stdout] 
[INFO] [stdout] ---- integration_tests::branch2_test stdout ----
[INFO] [stdout] 
[INFO] [stdout] thread 'integration_tests::branch2_test' (576) panicked at tests/sample.rs:77:14:
[INFO] [stdout] failed to spawn a process: Os { code: 2, kind: NotFound, message: "No such file or directory" }
[INFO] [stdout] stack backtrace:
[INFO] [stdout]    0:     0x62c6d7ad3b91 - <<std[70759c8f55707aa4]::sys::backtrace::BacktraceLock>::print::DisplayBacktrace as core[df12db4294e9bfd3]::fmt::Display>::fmt
[INFO] [stdout]    1:     0x62c6d7ae804a - core[df12db4294e9bfd3]::fmt::write
[INFO] [stdout]    2:     0x62c6d7ad80dc - <alloc[2182bb758b4b3781]::vec::Vec<u8> as core[df12db4294e9bfd3]::io::write::Write>::write_fmt
[INFO] [stdout]    3:     0x62c6d7aafc16 - std[70759c8f55707aa4]::panicking::default_hook::{closure#0}
[INFO] [stdout]    4:     0x62c6d7acbf89 - std[70759c8f55707aa4]::panicking::default_hook
[INFO] [stdout]    5:     0x62c6d7a563c0 - test[9d35eded1c95d3be]::test_main_inner::<test[9d35eded1c95d3be]::test_main_static::{closure#0}>::{closure#0}
[INFO] [stdout]    6:     0x62c6d7acc142 - std[70759c8f55707aa4]::panicking::panic_with_hook
[INFO] [stdout]    7:     0x62c6d7aafcc2 - std[70759c8f55707aa4]::panicking::panic_handler::{closure#0}
[INFO] [stdout]    8:     0x62c6d7aa8889 - std[70759c8f55707aa4]::sys::backtrace::__rust_end_short_backtrace::<std[70759c8f55707aa4]::panicking::panic_handler::{closure#0}, !>
[INFO] [stdout]    9:     0x62c6d7ab08bd - __rustc[8fa7c3cbc660c2b3]::rust_begin_unwind
[INFO] [stdout]   10:     0x62c6d7ae877c - core[df12db4294e9bfd3]::panicking::panic_fmt
[INFO] [stdout]   11:     0x62c6d7ae8552 - core[df12db4294e9bfd3]::result::unwrap_failed
[INFO] [stdout]   12:     0x62c6d7a490f9 - sample[d591d3afbcba938f]::integration_tests::build_and_exec
[INFO] [stdout]   13:     0x62c6d7a49349 - <sample[d591d3afbcba938f]::integration_tests::branch2_test::{closure#0} as core[df12db4294e9bfd3]::ops::function::FnOnce<()>>::call_once
[INFO] [stdout]   14:     0x62c6d7a496ab - test[9d35eded1c95d3be]::__rust_begin_short_backtrace::<core[df12db4294e9bfd3]::result::Result<(), alloc[2182bb758b4b3781]::string::String>, fn() -> core[df12db4294e9bfd3]::result::Result<(), alloc[2182bb758b4b3781]::string::String>>
[INFO] [stdout]   15:     0x62c6d7a56d15 - test[9d35eded1c95d3be]::run_test::{closure#0}
[INFO] [stdout]   16:     0x62c6d7a505d4 - std[70759c8f55707aa4]::sys::backtrace::__rust_begin_short_backtrace::<test[9d35eded1c95d3be]::run_test::{closure#1}, ()>
[INFO] [stdout]   17:     0x62c6d7a59e72 - <std[70759c8f55707aa4]::thread::lifecycle::spawn_unchecked<test[9d35eded1c95d3be]::run_test::{closure#1}, ()>::{closure#1} as core[df12db4294e9bfd3]::ops::function::FnOnce<()>>::call_once::{shim:vtable#0}
[INFO] [stdout]   18:     0x62c6d7ad30f9 - <std[70759c8f55707aa4]::sys::thread::unix::Thread>::new::thread_start
[INFO] [stdout]   19:     0x7cccf71ebdfa - <unknown>
[INFO] [stdout]   20:     0x7cccf727f3d4 - clone
[INFO] [stdout]   21:                0x0 - <unknown>
[INFO] [stdout] 
[INFO] [stdout] ---- integration_tests::small_3_test stdout ----
[INFO] [stdout] 
[INFO] [stdout] thread 'integration_tests::small_3_test' (582) panicked at tests/sample.rs:77:14:
[INFO] [stdout] failed to spawn a process: Os { code: 2, kind: NotFound, message: "No such file or directory" }
[INFO] [stdout] stack backtrace:
[INFO] [stdout]    0:     0x62c6d7ad3b91 - <<std[70759c8f55707aa4]::sys::backtrace::BacktraceLock>::print::DisplayBacktrace as core[df12db4294e9bfd3]::fmt::Display>::fmt
[INFO] [stdout]    1:     0x62c6d7ae804a - core[df12db4294e9bfd3]::fmt::write
[INFO] [stdout]    2:     0x62c6d7ad80dc - <alloc[2182bb758b4b3781]::vec::Vec<u8> as core[df12db4294e9bfd3]::io::write::Write>::write_fmt
[INFO] [stdout]    3:     0x62c6d7aafc16 - std[70759c8f55707aa4]::panicking::default_hook::{closure#0}
[INFO] [stdout]    4:     0x62c6d7acbf89 - std[70759c8f55707aa4]::panicking::default_hook
[INFO] [stdout]    5:     0x62c6d7a563c0 - test[9d35eded1c95d3be]::test_main_inner::<test[9d35eded1c95d3be]::test_main_static::{closure#0}>::{closure#0}
[INFO] [stdout]    6:     0x62c6d7acc142 - std[70759c8f55707aa4]::panicking::panic_with_hook
[INFO] [stdout]    7:     0x62c6d7aafcc2 - std[70759c8f55707aa4]::panicking::panic_handler::{closure#0}
[INFO] [stdout]    8:     0x62c6d7aa8889 - std[70759c8f55707aa4]::sys::backtrace::__rust_end_short_backtrace::<std[70759c8f55707aa4]::panicking::panic_handler::{closure#0}, !>
[INFO] [stdout]    9:     0x62c6d7ab08bd - __rustc[8fa7c3cbc660c2b3]::rust_begin_unwind
[INFO] [stdout]   10:     0x62c6d7ae877c - core[df12db4294e9bfd3]::panicking::panic_fmt
[INFO] [stdout]   11:     0x62c6d7ae8552 - core[df12db4294e9bfd3]::result::unwrap_failed
[INFO] [stdout]   12:     0x62c6d7a490f9 - sample[d591d3afbcba938f]::integration_tests::build_and_exec
[INFO] [stdout]   13:     0x62c6d7a493e9 - <sample[d591d3afbcba938f]::integration_tests::small_3_test::{closure#0} as core[df12db4294e9bfd3]::ops::function::FnOnce<()>>::call_once
[INFO] [stdout]   14:     0x62c6d7a496ab - test[9d35eded1c95d3be]::__rust_begin_short_backtrace::<core[df12db4294e9bfd3]::result::Result<(), alloc[2182bb758b4b3781]::string::String>, fn() -> core[df12db4294e9bfd3]::result::Result<(), alloc[2182bb758b4b3781]::string::String>>
[INFO] [stdout]   15:     0x62c6d7a56d15 - test[9d35eded1c95d3be]::run_test::{closure#0}
[INFO] [stdout]   16:     0x62c6d7a505d4 - std[70759c8f55707aa4]::sys::backtrace::__rust_begin_short_backtrace::<test[9d35eded1c95d3be]::run_test::{closure#1}, ()>
[INFO] [stdout]   17:     0x62c6d7a59e72 - <std[70759c8f55707aa4]::thread::lifecycle::spawn_unchecked<test[9d35eded1c95d3be]::run_test::{closure#1}, ()>::{closure#1} as core[df12db4294e9bfd3]::ops::function::FnOnce<()>>::call_once::{shim:vtable#0}
[INFO] [stdout]   18:     0x62c6d7ad30f9 - <std[70759c8f55707aa4]::sys::thread::unix::Thread>::new::thread_start
[INFO] [stdout]   19:     0x7cccf71ebdfa - <unknown>
[INFO] [stdout]   20:     0x7cccf727f3d4 - clone
[INFO] [stdout]   21:                0x0 - <unknown>
[INFO] [stdout] 
[INFO] [stdout] ---- integration_tests::branch1_test stdout ----
[INFO] [stdout] 
[INFO] [stdout] thread 'integration_tests::branch1_test' (575) panicked at tests/sample.rs:77:14:
[INFO] [stdout] failed to spawn a process: Os { code: 2, kind: NotFound, message: "No such file or directory" }
[INFO] [stdout] stack backtrace:
[INFO] [stdout]    0:     0x62c6d7ad3b91 - <<std[70759c8f55707aa4]::sys::backtrace::BacktraceLock>::print::DisplayBacktrace as core[df12db4294e9bfd3]::fmt::Display>::fmt
[INFO] [stdout]    1:     0x62c6d7ae804a - core[df12db4294e9bfd3]::fmt::write
[INFO] [stdout]    2:     0x62c6d7ad80dc - <alloc[2182bb758b4b3781]::vec::Vec<u8> as core[df12db4294e9bfd3]::io::write::Write>::write_fmt
[INFO] [stdout]    3:     0x62c6d7aafc16 - std[70759c8f55707aa4]::panicking::default_hook::{closure#0}
[INFO] [stdout]    4:     0x62c6d7acbf89 - std[70759c8f55707aa4]::panicking::default_hook
[INFO] [stdout]    5:     0x62c6d7a563c0 - test[9d35eded1c95d3be]::test_main_inner::<test[9d35eded1c95d3be]::test_main_static::{closure#0}>::{closure#0}
[INFO] [stdout]    6:     0x62c6d7acc142 - std[70759c8f55707aa4]::panicking::panic_with_hook
[INFO] [stdout]    7:     0x62c6d7aafcc2 - std[70759c8f55707aa4]::panicking::panic_handler::{closure#0}
[INFO] [stdout]    8:     0x62c6d7aa8889 - std[70759c8f55707aa4]::sys::backtrace::__rust_end_short_backtrace::<std[70759c8f55707aa4]::panicking::panic_handler::{closure#0}, !>
[INFO] [stdout]    9:     0x62c6d7ab08bd - __rustc[8fa7c3cbc660c2b3]::rust_begin_unwind
[INFO] [stdout]   10:     0x62c6d7ae877c - core[df12db4294e9bfd3]::panicking::panic_fmt
[INFO] [stdout]   11:     0x62c6d7ae8552 - core[df12db4294e9bfd3]::result::unwrap_failed
[INFO] [stdout]   12:     0x62c6d7a490f9 - sample[d591d3afbcba938f]::integration_tests::build_and_exec
[INFO] [stdout]   13:     0x62c6d7a492f9 - <sample[d591d3afbcba938f]::integration_tests::branch1_test::{closure#0} as core[df12db4294e9bfd3]::ops::function::FnOnce<()>>::call_once
[INFO] [stdout]   14:     0x62c6d7a496ab - test[9d35eded1c95d3be]::__rust_begin_short_backtrace::<core[df12db4294e9bfd3]::result::Result<(), alloc[2182bb758b4b3781]::string::String>, fn() -> core[df12db4294e9bfd3]::result::Result<(), alloc[2182bb758b4b3781]::string::String>>
[INFO] [stdout]   15:     0x62c6d7a56d15 - test[9d35eded1c95d3be]::run_test::{closure#0}
[INFO] [stdout]   16:     0x62c6d7a505d4 - std[70759c8f55707aa4]::sys::backtrace::__rust_begin_short_backtrace::<test[9d35eded1c95d3be]::run_test::{closure#1}, ()>
[INFO] [stdout]   17:     0x62c6d7a59e72 - <std[70759c8f55707aa4]::thread::lifecycle::spawn_unchecked<test[9d35eded1c95d3be]::run_test::{closure#1}, ()>::{closure#1} as core[df12db4294e9bfd3]::ops::function::FnOnce<()>>::call_once::{shim:vtable#0}
[INFO] [stdout]   18:     0x62c6d7ad30f9 - <std[70759c8f55707aa4]::sys::thread::unix::Thread>::new::thread_start
[INFO] [stdout]   19:     0x7cccf71ebdfa - <unknown>
[INFO] [stdout]   20:     0x7cccf727f3d4 - clone
[INFO] [stdout]   21:                0x0 - <unknown>
[INFO] [stdout] 
[INFO] [stdout] ---- integration_tests::store_and_load_test stdout ----
[INFO] [stdout] 
[INFO] [stdout] thread 'integration_tests::store_and_load_test' (584) panicked at tests/sample.rs:77:14:
[INFO] [stdout] failed to spawn a process: Os { code: 2, kind: NotFound, message: "No such file or directory" }
[INFO] [stdout] stack backtrace:
[INFO] [stdout]    0:     0x62c6d7ad3b91 - <<std[70759c8f55707aa4]::sys::backtrace::BacktraceLock>::print::DisplayBacktrace as core[df12db4294e9bfd3]::fmt::Display>::fmt
[INFO] [stdout]    1:     0x62c6d7ae804a - core[df12db4294e9bfd3]::fmt::write
[INFO] [stdout]    2:     0x62c6d7ad80dc - <alloc[2182bb758b4b3781]::vec::Vec<u8> as core[df12db4294e9bfd3]::io::write::Write>::write_fmt
[INFO] [stdout]    3:     0x62c6d7aafc16 - std[70759c8f55707aa4]::panicking::default_hook::{closure#0}
[INFO] [stdout]    4:     0x62c6d7acbf89 - std[70759c8f55707aa4]::panicking::default_hook
[INFO] [stdout]    5:     0x62c6d7a563c0 - test[9d35eded1c95d3be]::test_main_inner::<test[9d35eded1c95d3be]::test_main_static::{closure#0}>::{closure#0}
[INFO] [stdout]    6:     0x62c6d7acc142 - std[70759c8f55707aa4]::panicking::panic_with_hook
[INFO] [stdout]    7:     0x62c6d7aafcc2 - std[70759c8f55707aa4]::panicking::panic_handler::{closure#0}
[INFO] [stdout]    8:     0x62c6d7aa8889 - std[70759c8f55707aa4]::sys::backtrace::__rust_end_short_backtrace::<std[70759c8f55707aa4]::panicking::panic_handler::{closure#0}, !>
[INFO] [stdout]    9:     0x62c6d7ab08bd - __rustc[8fa7c3cbc660c2b3]::rust_begin_unwind
[INFO] [stdout]   10:     0x62c6d7ae877c - core[df12db4294e9bfd3]::panicking::panic_fmt
[INFO] [stdout]   11:     0x62c6d7ae8552 - core[df12db4294e9bfd3]::result::unwrap_failed
[INFO] [stdout]   12:     0x62c6d7a490f9 - sample[d591d3afbcba938f]::integration_tests::build_and_exec
[INFO] [stdout]   13:     0x62c6d7a49579 - <sample[d591d3afbcba938f]::integration_tests::store_and_load_test::{closure#0} as core[df12db4294e9bfd3]::ops::function::FnOnce<()>>::call_once
[INFO] [stdout]   14:     0x62c6d7a496ab - test[9d35eded1c95d3be]::__rust_begin_short_backtrace::<core[df12db4294e9bfd3]::result::Result<(), alloc[2182bb758b4b3781]::string::String>, fn() -> core[df12db4294e9bfd3]::result::Result<(), alloc[2182bb758b4b3781]::string::String>>
[INFO] [stdout]   15:     0x62c6d7a56d15 - test[9d35eded1c95d3be]::run_test::{closure#0}
[INFO] [stdout]   16:     0x62c6d7a505d4 - std[70759c8f55707aa4]::sys::backtrace::__rust_begin_short_backtrace::<test[9d35eded1c95d3be]::run_test::{closure#1}, ()>
[INFO] [stdout]   17:     0x62c6d7a59e72 - <std[70759c8f55707aa4]::thread::lifecycle::spawn_unchecked<test[9d35eded1c95d3be]::run_test::{closure#1}, ()>::{closure#1} as core[df12db4294e9bfd3]::ops::function::FnOnce<()>>::call_once::{shim:vtable#0}
[INFO] [stdout]   18:     0x62c6d7ad30f9 - <std[70759c8f55707aa4]::sys::thread::unix::Thread>::new::thread_start
[INFO] [stdout]   19:     0x7cccf71ebdfa - <unknown>
[INFO] [stdout]   20:     0x7cccf727f3d4 - clone
[INFO] [stdout]   21:                0x0 - <unknown>
[INFO] [stdout] 
[INFO] [stdout] ---- integration_tests::small_2_test stdout ----
[INFO] [stdout] 
[INFO] [stdout] thread 'integration_tests::small_2_test' (581) panicked at tests/sample.rs:77:14:
[INFO] [stdout] failed to spawn a process: Os { code: 2, kind: NotFound, message: "No such file or directory" }
[INFO] [stdout] stack backtrace:
[INFO] [stdout]    0:     0x62c6d7ad3b91 - <<std[70759c8f55707aa4]::sys::backtrace::BacktraceLock>::print::DisplayBacktrace as core[df12db4294e9bfd3]::fmt::Display>::fmt
[INFO] [stdout]    1:     0x62c6d7ae804a - core[df12db4294e9bfd3]::fmt::write
[INFO] [stdout]    2:     0x62c6d7ad80dc - <alloc[2182bb758b4b3781]::vec::Vec<u8> as core[df12db4294e9bfd3]::io::write::Write>::write_fmt
[INFO] [stdout]    3:     0x62c6d7aafc16 - std[70759c8f55707aa4]::panicking::default_hook::{closure#0}
[INFO] [stdout]    4:     0x62c6d7acbf89 - std[70759c8f55707aa4]::panicking::default_hook
[INFO] [stdout]    5:     0x62c6d7a563c0 - test[9d35eded1c95d3be]::test_main_inner::<test[9d35eded1c95d3be]::test_main_static::{closure#0}>::{closure#0}
[INFO] [stdout]    6:     0x62c6d7acc142 - std[70759c8f55707aa4]::panicking::panic_with_hook
[INFO] [stdout]    7:     0x62c6d7aafcc2 - std[70759c8f55707aa4]::panicking::panic_handler::{closure#0}
[INFO] [stdout]    8:     0x62c6d7aa8889 - std[70759c8f55707aa4]::sys::backtrace::__rust_end_short_backtrace::<std[70759c8f55707aa4]::panicking::panic_handler::{closure#0}, !>
[INFO] [stdout]    9:     0x62c6d7ab08bd - __rustc[8fa7c3cbc660c2b3]::rust_begin_unwind
[INFO] [stdout]   10:     0x62c6d7ae877c - core[df12db4294e9bfd3]::panicking::panic_fmt
[INFO] [stdout]   11:     0x62c6d7ae8552 - core[df12db4294e9bfd3]::result::unwrap_failed
[INFO] [stdout]   12:     0x62c6d7a490f9 - sample[d591d3afbcba938f]::integration_tests::build_and_exec
[INFO] [stdout]   13:     0x62c6d7a49399 - <sample[d591d3afbcba938f]::integration_tests::small_2_test::{closure#0} as core[df12db4294e9bfd3]::ops::function::FnOnce<()>>::call_once
[INFO] [stdout]   14:     0x62c6d7a496ab - test[9d35eded1c95d3be]::__rust_begin_short_backtrace::<core[df12db4294e9bfd3]::result::Result<(), alloc[2182bb758b4b3781]::string::String>, fn() -> core[df12db4294e9bfd3]::result::Result<(), alloc[2182bb758b4b3781]::string::String>>
[INFO] [stdout]   15:     0x62c6d7a56d15 - test[9d35eded1c95d3be]::run_test::{closure#0}
[INFO] [stdout]   16:     0x62c6d7a505d4 - std[70759c8f55707aa4]::sys::backtrace::__rust_begin_short_backtrace::<test[9d35eded1c95d3be]::run_test::{closure#1}, ()>
[INFO] [stdout]   17:     0x62c6d7a59e72 - <std[70759c8f55707aa4]::thread::lifecycle::spawn_unchecked<test[9d35eded1c95d3be]::run_test::{closure#1}, ()>::{closure#1} as core[df12db4294e9bfd3]::ops::function::FnOnce<()>>::call_once::{shim:vtable#0}
[INFO] [stdout]   18:     0x62c6d7ad30f9 - <std[70759c8f55707aa4]::sys::thread::unix::Thread>::new::thread_start
[INFO] [stdout]   19:     0x7cccf71ebdfa - <unknown>
[INFO] [stdout]   20:     0x7cccf727f3d4 - clone
[INFO] [stdout]   21:                0x0 - <unknown>
[INFO] [stdout] 
[INFO] [stdout] ---- integration_tests::return_42_tests stdout ----
[INFO] [stdout] 
[INFO] [stdout] thread 'integration_tests::return_42_tests' (579) panicked at tests/sample.rs:77:14:
[INFO] [stdout] failed to spawn a process: Os { code: 2, kind: NotFound, message: "No such file or directory" }
[INFO] [stdout] stack backtrace:
[INFO] [stdout]    0:     0x62c6d7ad3b91 - <<std[70759c8f55707aa4]::sys::backtrace::BacktraceLock>::print::DisplayBacktrace as core[df12db4294e9bfd3]::fmt::Display>::fmt
[INFO] [stdout]    1:     0x62c6d7ae804a - core[df12db4294e9bfd3]::fmt::write
[INFO] [stdout]    2:     0x62c6d7ad80dc - <alloc[2182bb758b4b3781]::vec::Vec<u8> as core[df12db4294e9bfd3]::io::write::Write>::write_fmt
[INFO] [stdout]    3:     0x62c6d7aafc16 - std[70759c8f55707aa4]::panicking::default_hook::{closure#0}
[INFO] [stdout]    4:     0x62c6d7acbf89 - std[70759c8f55707aa4]::panicking::default_hook
[INFO] [stdout]    5:     0x62c6d7a563c0 - test[9d35eded1c95d3be]::test_main_inner::<test[9d35eded1c95d3be]::test_main_static::{closure#0}>::{closure#0}
[INFO] [stdout]    6:     0x62c6d7acc142 - std[70759c8f55707aa4]::panicking::panic_with_hook
[INFO] [stdout]    7:     0x62c6d7aafcc2 - std[70759c8f55707aa4]::panicking::panic_handler::{closure#0}
[INFO] [stdout]    8:     0x62c6d7aa8889 - std[70759c8f55707aa4]::sys::backtrace::__rust_end_short_backtrace::<std[70759c8f55707aa4]::panicking::panic_handler::{closure#0}, !>
[INFO] [stdout]    9:     0x62c6d7ab08bd - __rustc[8fa7c3cbc660c2b3]::rust_begin_unwind
[INFO] [stdout]   10:     0x62c6d7ae877c - core[df12db4294e9bfd3]::panicking::panic_fmt
[INFO] [stdout]   11:     0x62c6d7ae8552 - core[df12db4294e9bfd3]::result::unwrap_failed
[INFO] [stdout]   12:     0x62c6d7a490f9 - sample[d591d3afbcba938f]::integration_tests::build_and_exec
[INFO] [stdout]   13:     0x62c6d7a49489 - <sample[d591d3afbcba938f]::integration_tests::return_42_tests::{closure#0} as core[df12db4294e9bfd3]::ops::function::FnOnce<()>>::call_once
[INFO] [stdout]   14:     0x62c6d7a496ab - test[9d35eded1c95d3be]::__rust_begin_short_backtrace::<core[df12db4294e9bfd3]::result::Result<(), alloc[2182bb758b4b3781]::string::String>, fn() -> core[df12db4294e9bfd3]::result::Result<(), alloc[2182bb758b4b3781]::string::String>>
[INFO] [stdout]   15:     0x62c6d7a56d15 - test[9d35eded1c95d3be]::run_test::{closure#0}
[INFO] [stdout]   16:     0x62c6d7a505d4 - std[70759c8f55707aa4]::sys::backtrace::__rust_begin_short_backtrace::<test[9d35eded1c95d3be]::run_test::{closure#1}, ()>
[INFO] [stdout]   17:     0x62c6d7a59e72 - <std[70759c8f55707aa4]::thread::lifecycle::spawn_unchecked<test[9d35eded1c95d3be]::run_test::{closure#1}, ()>::{closure#1} as core[df12db4294e9bfd3]::ops::function::FnOnce<()>>::call_once::{shim:vtable#0}
[INFO] [stdout]   18:     0x62c6d7ad30f9 - <std[70759c8f55707aa4]::sys::thread::unix::Thread>::new::thread_start
[INFO] [stdout]   19:     0x7cccf71ebdfa - <unknown>
[INFO] [stdout]   20:     0x7cccf727f3d4 - clone
[INFO] [stdout]   21:                0x0 - <unknown>
[INFO] [stdout] 
[INFO] [stdout] ---- integration_tests::simple_32bit_inst_test stdout ----
[INFO] [stdout] 
[INFO] [stdout] thread 'integration_tests::simple_32bit_inst_test' (580) panicked at tests/sample.rs:77:14:
[INFO] [stdout] failed to spawn a process: Os { code: 2, kind: NotFound, message: "No such file or directory" }
[INFO] [stdout] stack backtrace:
[INFO] [stdout]    0:     0x62c6d7ad3b91 - <<std[70759c8f55707aa4]::sys::backtrace::BacktraceLock>::print::DisplayBacktrace as core[df12db4294e9bfd3]::fmt::Display>::fmt
[INFO] [stdout]    1:     0x62c6d7ae804a - core[df12db4294e9bfd3]::fmt::write
[INFO] [stdout]    2:     0x62c6d7ad80dc - <alloc[2182bb758b4b3781]::vec::Vec<u8> as core[df12db4294e9bfd3]::io::write::Write>::write_fmt
[INFO] [stdout]    3:     0x62c6d7aafc16 - std[70759c8f55707aa4]::panicking::default_hook::{closure#0}
[INFO] [stdout]    4:     0x62c6d7acbf89 - std[70759c8f55707aa4]::panicking::default_hook
[INFO] [stdout]    5:     0x62c6d7a563c0 - test[9d35eded1c95d3be]::test_main_inner::<test[9d35eded1c95d3be]::test_main_static::{closure#0}>::{closure#0}
[INFO] [stdout]    6:     0x62c6d7acc142 - std[70759c8f55707aa4]::panicking::panic_with_hook
[INFO] [stdout]    7:     0x62c6d7aafcc2 - std[70759c8f55707aa4]::panicking::panic_handler::{closure#0}
[INFO] [stdout]    8:     0x62c6d7aa8889 - std[70759c8f55707aa4]::sys::backtrace::__rust_end_short_backtrace::<std[70759c8f55707aa4]::panicking::panic_handler::{closure#0}, !>
[INFO] [stdout]    9:     0x62c6d7ab08bd - __rustc[8fa7c3cbc660c2b3]::rust_begin_unwind
[INFO] [stdout]   10:     0x62c6d7ae877c - core[df12db4294e9bfd3]::panicking::panic_fmt
[INFO] [stdout]   11:     0x62c6d7ae8552 - core[df12db4294e9bfd3]::result::unwrap_failed
[INFO] [stdout]   12:     0x62c6d7a490f9 - sample[d591d3afbcba938f]::integration_tests::build_and_exec
[INFO] [stdout]   13:     0x62c6d7a495c9 - <sample[d591d3afbcba938f]::integration_tests::simple_32bit_inst_test::{closure#0} as core[df12db4294e9bfd3]::ops::function::FnOnce<()>>::call_once
[INFO] [stdout]   14:     0x62c6d7a496ab - test[9d35eded1c95d3be]::__rust_begin_short_backtrace::<core[df12db4294e9bfd3]::result::Result<(), alloc[2182bb758b4b3781]::string::String>, fn() -> core[df12db4294e9bfd3]::result::Result<(), alloc[2182bb758b4b3781]::string::String>>
[INFO] [stdout]   15:     0x62c6d7a56d15 - test[9d35eded1c95d3be]::run_test::{closure#0}
[INFO] [stdout]   16:     0x62c6d7a505d4 - std[70759c8f55707aa4]::sys::backtrace::__rust_begin_short_backtrace::<test[9d35eded1c95d3be]::run_test::{closure#1}, ()>
[INFO] [stdout]   17:     0x62c6d7a59e72 - <std[70759c8f55707aa4]::thread::lifecycle::spawn_unchecked<test[9d35eded1c95d3be]::run_test::{closure#1}, ()>::{closure#1} as core[df12db4294e9bfd3]::ops::function::FnOnce<()>>::call_once::{shim:vtable#0}
[INFO] [stdout]   18:     0x62c6d7ad30f9 - <std[70759c8f55707aa4]::sys::thread::unix::Thread>::new::thread_start
[INFO] [stdout]   19:     0x7cccf71ebdfa - <unknown>
[INFO] [stdout]   20:     0x7cccf727f3d4 - clone
[INFO] [stdout]   21:                0x0 - <unknown>
[INFO] [stdout] 
[INFO] [stdout] ---- integration_tests::small_test stdout ----
[INFO] [stdout] 
[INFO] [stdout] thread 'integration_tests::small_test' (583) panicked at tests/sample.rs:77:14:
[INFO] [stdout] failed to spawn a process: Os { code: 2, kind: NotFound, message: "No such file or directory" }
[INFO] [stdout] stack backtrace:
[INFO] [stdout]    0:     0x62c6d7ad3b91 - <<std[70759c8f55707aa4]::sys::backtrace::BacktraceLock>::print::DisplayBacktrace as core[df12db4294e9bfd3]::fmt::Display>::fmt
[INFO] [stdout]    1:     0x62c6d7ae804a - core[df12db4294e9bfd3]::fmt::write
[INFO] [stdout]    2:     0x62c6d7ad80dc - <alloc[2182bb758b4b3781]::vec::Vec<u8> as core[df12db4294e9bfd3]::io::write::Write>::write_fmt
[INFO] [stdout]    3:     0x62c6d7aafc16 - std[70759c8f55707aa4]::panicking::default_hook::{closure#0}
[INFO] [stdout]    4:     0x62c6d7acbf89 - std[70759c8f55707aa4]::panicking::default_hook
[INFO] [stdout]    5:     0x62c6d7a563c0 - test[9d35eded1c95d3be]::test_main_inner::<test[9d35eded1c95d3be]::test_main_static::{closure#0}>::{closure#0}
[INFO] [stdout]    6:     0x62c6d7acc142 - std[70759c8f55707aa4]::panicking::panic_with_hook
[INFO] [stdout]    7:     0x62c6d7aafcc2 - std[70759c8f55707aa4]::panicking::panic_handler::{closure#0}
[INFO] [stdout]    8:     0x62c6d7aa8889 - std[70759c8f55707aa4]::sys::backtrace::__rust_end_short_backtrace::<std[70759c8f55707aa4]::panicking::panic_handler::{closure#0}, !>
[INFO] [stdout]    9:     0x62c6d7ab08bd - __rustc[8fa7c3cbc660c2b3]::rust_begin_unwind
[INFO] [stdout]   10:     0x62c6d7ae877c - core[df12db4294e9bfd3]::panicking::panic_fmt
[INFO] [stdout]   11:     0x62c6d7ae8552 - core[df12db4294e9bfd3]::result::unwrap_failed
[INFO] [stdout]   12:     0x62c6d7a490f9 - sample[d591d3afbcba938f]::integration_tests::build_and_exec
[INFO] [stdout]   13:     0x62c6d7a492a9 - <sample[d591d3afbcba938f]::integration_tests::small_test::{closure#0} as core[df12db4294e9bfd3]::ops::function::FnOnce<()>>::call_once
[INFO] [stdout]   14:     0x62c6d7a496ab - test[9d35eded1c95d3be]::__rust_begin_short_backtrace::<core[df12db4294e9bfd3]::result::Result<(), alloc[2182bb758b4b3781]::string::String>, fn() -> core[df12db4294e9bfd3]::result::Result<(), alloc[2182bb758b4b3781]::string::String>>
[INFO] [stdout]   15:     0x62c6d7a56d15 - test[9d35eded1c95d3be]::run_test::{closure#0}
[INFO] [stdout]   16:     0x62c6d7a505d4 - std[70759c8f55707aa4]::sys::backtrace::__rust_begin_short_backtrace::<test[9d35eded1c95d3be]::run_test::{closure#1}, ()>
[INFO] [stdout]   17:     0x62c6d7a59e72 - <std[70759c8f55707aa4]::thread::lifecycle::spawn_unchecked<test[9d35eded1c95d3be]::run_test::{closure#1}, ()>::{closure#1} as core[df12db4294e9bfd3]::ops::function::FnOnce<()>>::call_once::{shim:vtable#0}
[INFO] [stdout]   18:     0x62c6d7ad30f9 - <std[70759c8f55707aa4]::sys::thread::unix::Thread>::new::thread_start
[INFO] [stdout]   19:     0x7cccf71ebdfa - <unknown>
[INFO] [stdout]   20:     0x7cccf727f3d4 - clone
[INFO] [stdout]   21:                0x0 - <unknown>
[INFO] [stdout] 
[INFO] [stdout] ---- integration_tests::double_quote_test stdout ----
[INFO] [stdout] 
[INFO] [stdout] thread 'integration_tests::double_quote_test' (578) panicked at tests/sample.rs:77:14:
[INFO] [stdout] failed to spawn a process: Os { code: 2, kind: NotFound, message: "No such file or directory" }
[INFO] [stdout] stack backtrace:
[INFO] [stdout]    0:     0x62c6d7ad3b91 - <<std[70759c8f55707aa4]::sys::backtrace::BacktraceLock>::print::DisplayBacktrace as core[df12db4294e9bfd3]::fmt::Display>::fmt
[INFO] [stdout]    1:     0x62c6d7ae804a - core[df12db4294e9bfd3]::fmt::write
[INFO] [stdout]    2:     0x62c6d7ad80dc - <alloc[2182bb758b4b3781]::vec::Vec<u8> as core[df12db4294e9bfd3]::io::write::Write>::write_fmt
[INFO] [stdout]    3:     0x62c6d7aafc16 - std[70759c8f55707aa4]::panicking::default_hook::{closure#0}
[INFO] [stdout]    4:     0x62c6d7acbf89 - std[70759c8f55707aa4]::panicking::default_hook
[INFO] [stdout]    5:     0x62c6d7a563c0 - test[9d35eded1c95d3be]::test_main_inner::<test[9d35eded1c95d3be]::test_main_static::{closure#0}>::{closure#0}
[INFO] [stdout]    6:     0x62c6d7acc142 - std[70759c8f55707aa4]::panicking::panic_with_hook
[INFO] [stdout]    7:     0x62c6d7aafcc2 - std[70759c8f55707aa4]::panicking::panic_handler::{closure#0}
[INFO] [stdout]    8:     0x62c6d7aa8889 - std[70759c8f55707aa4]::sys::backtrace::__rust_end_short_backtrace::<std[70759c8f55707aa4]::panicking::panic_handler::{closure#0}, !>
[INFO] [stdout]    9:     0x62c6d7ab08bd - __rustc[8fa7c3cbc660c2b3]::rust_begin_unwind
[INFO] [stdout]   10:     0x62c6d7ae877c - core[df12db4294e9bfd3]::panicking::panic_fmt
[INFO] [stdout]   11:     0x62c6d7ae8552 - core[df12db4294e9bfd3]::result::unwrap_failed
[INFO] [stdout]   12:     0x62c6d7a490f9 - sample[d591d3afbcba938f]::integration_tests::build_and_exec
[INFO] [stdout]   13:     0x62c6d7a494d9 - <sample[d591d3afbcba938f]::integration_tests::double_quote_test::{closure#0} as core[df12db4294e9bfd3]::ops::function::FnOnce<()>>::call_once
[INFO] [stdout]   14:     0x62c6d7a496ab - test[9d35eded1c95d3be]::__rust_begin_short_backtrace::<core[df12db4294e9bfd3]::result::Result<(), alloc[2182bb758b4b3781]::string::String>, fn() -> core[df12db4294e9bfd3]::result::Result<(), alloc[2182bb758b4b3781]::string::String>>
[INFO] [stdout]   15:     0x62c6d7a56d15 - test[9d35eded1c95d3be]::run_test::{closure#0}
[INFO] [stdout]   16:     0x62c6d7a505d4 - std[70759c8f55707aa4]::sys::backtrace::__rust_begin_short_backtrace::<test[9d35eded1c95d3be]::run_test::{closure#1}, ()>
[INFO] [stdout]   17:     0x62c6d7a59e72 - <std[70759c8f55707aa4]::thread::lifecycle::spawn_unchecked<test[9d35eded1c95d3be]::run_test::{closure#1}, ()>::{closure#1} as core[df12db4294e9bfd3]::ops::function::FnOnce<()>>::call_once::{shim:vtable#0}
[INFO] [stdout]   18:     0x62c6d7ad30f9 - <std[70759c8f55707aa4]::sys::thread::unix::Thread>::new::thread_start
[INFO] [stdout]   19:     0x7cccf71ebdfa - <unknown>
[INFO] [stdout]   20:     0x7cccf727f3d4 - clone
[INFO] [stdout]   21:                0x0 - <unknown>
[INFO] [stdout] 
[INFO] [stdout] ---- integration_tests::call_foo_test stdout ----
[INFO] [stdout] 
[INFO] [stdout] thread 'integration_tests::call_foo_test' (577) panicked at tests/sample.rs:77:14:
[INFO] [stdout] failed to spawn a process: Os { code: 2, kind: NotFound, message: "No such file or directory" }
[INFO] [stdout] stack backtrace:
[INFO] [stdout]    0:     0x62c6d7ad3b91 - <<std[70759c8f55707aa4]::sys::backtrace::BacktraceLock>::print::DisplayBacktrace as core[df12db4294e9bfd3]::fmt::Display>::fmt
[INFO] [stdout]    1:     0x62c6d7ae804a - core[df12db4294e9bfd3]::fmt::write
[INFO] [stdout]    2:     0x62c6d7ad80dc - <alloc[2182bb758b4b3781]::vec::Vec<u8> as core[df12db4294e9bfd3]::io::write::Write>::write_fmt
[INFO] [stdout]    3:     0x62c6d7aafc16 - std[70759c8f55707aa4]::panicking::default_hook::{closure#0}
[INFO] [stdout]    4:     0x62c6d7acbf89 - std[70759c8f55707aa4]::panicking::default_hook
[INFO] [stdout]    5:     0x62c6d7a563c0 - test[9d35eded1c95d3be]::test_main_inner::<test[9d35eded1c95d3be]::test_main_static::{closure#0}>::{closure#0}
[INFO] [stdout]    6:     0x62c6d7acc142 - std[70759c8f55707aa4]::panicking::panic_with_hook
[INFO] [stdout]    7:     0x62c6d7aafcc2 - std[70759c8f55707aa4]::panicking::panic_handler::{closure#0}
[INFO] [stdout]    8:     0x62c6d7aa8889 - std[70759c8f55707aa4]::sys::backtrace::__rust_end_short_backtrace::<std[70759c8f55707aa4]::panicking::panic_handler::{closure#0}, !>
[INFO] [stdout]    9:     0x62c6d7ab08bd - __rustc[8fa7c3cbc660c2b3]::rust_begin_unwind
[INFO] [stdout]   10:     0x62c6d7ae877c - core[df12db4294e9bfd3]::panicking::panic_fmt
[INFO] [stdout]   11:     0x62c6d7ae8552 - core[df12db4294e9bfd3]::result::unwrap_failed
[INFO] [stdout]   12:     0x62c6d7a490f9 - sample[d591d3afbcba938f]::integration_tests::build_and_exec
[INFO] [stdout]   13:     0x62c6d7a49439 - <sample[d591d3afbcba938f]::integration_tests::call_foo_test::{closure#0} as core[df12db4294e9bfd3]::ops::function::FnOnce<()>>::call_once
[INFO] [stdout]   14:     0x62c6d7a496ab - test[9d35eded1c95d3be]::__rust_begin_short_backtrace::<core[df12db4294e9bfd3]::result::Result<(), alloc[2182bb758b4b3781]::string::String>, fn() -> core[df12db4294e9bfd3]::result::Result<(), alloc[2182bb758b4b3781]::string::String>>
[INFO] [stdout]   15:     0x62c6d7a56d15 - test[9d35eded1c95d3be]::run_test::{closure#0}
[INFO] [stdout]   16:     0x62c6d7a505d4 - std[70759c8f55707aa4]::sys::backtrace::__rust_begin_short_backtrace::<test[9d35eded1c95d3be]::run_test::{closure#1}, ()>
[INFO] [stdout]   17:     0x62c6d7a59e72 - <std[70759c8f55707aa4]::thread::lifecycle::spawn_unchecked<test[9d35eded1c95d3be]::run_test::{closure#1}, ()>::{closure#1} as core[df12db4294e9bfd3]::ops::function::FnOnce<()>>::call_once::{shim:vtable#0}
[INFO] [stdout]   18:     0x62c6d7ad30f9 - <std[70759c8f55707aa4]::sys::thread::unix::Thread>::new::thread_start
[INFO] [stdout]   19:     0x7cccf71ebdfa - <unknown>
[INFO] [stdout]   20:     0x7cccf727f3d4 - clone
[INFO] [stdout]   21:                0x0 - <unknown>
[INFO] [stdout] 
[INFO] [stdout] ---- integration_tests::addq_test stdout ----
[INFO] [stdout] 
[INFO] [stdout] thread 'integration_tests::addq_test' (574) panicked at tests/sample.rs:77:14:
[INFO] [stdout] failed to spawn a process: Os { code: 2, kind: NotFound, message: "No such file or directory" }
[INFO] [stdout] stack backtrace:
[INFO] [stdout]    0:     0x62c6d7ad3b91 - <<std[70759c8f55707aa4]::sys::backtrace::BacktraceLock>::print::DisplayBacktrace as core[df12db4294e9bfd3]::fmt::Display>::fmt
[INFO] [stdout]    1:     0x62c6d7ae804a - core[df12db4294e9bfd3]::fmt::write
[INFO] [stdout]    2:     0x62c6d7ad80dc - <alloc[2182bb758b4b3781]::vec::Vec<u8> as core[df12db4294e9bfd3]::io::write::Write>::write_fmt
[INFO] [stdout]    3:     0x62c6d7aafc16 - std[70759c8f55707aa4]::panicking::default_hook::{closure#0}
[INFO] [stdout]    4:     0x62c6d7acbf89 - std[70759c8f55707aa4]::panicking::default_hook
[INFO] [stdout]    5:     0x62c6d7a563c0 - test[9d35eded1c95d3be]::test_main_inner::<test[9d35eded1c95d3be]::test_main_static::{closure#0}>::{closure#0}
[INFO] [stdout]    6:     0x62c6d7acc142 - std[70759c8f55707aa4]::panicking::panic_with_hook
[INFO] [stdout]    7:     0x62c6d7aafcc2 - std[70759c8f55707aa4]::panicking::panic_handler::{closure#0}
[INFO] [stdout]    8:     0x62c6d7aa8889 - std[70759c8f55707aa4]::sys::backtrace::__rust_end_short_backtrace::<std[70759c8f55707aa4]::panicking::panic_handler::{closure#0}, !>
[INFO] [stdout]    9:     0x62c6d7ab08bd - __rustc[8fa7c3cbc660c2b3]::rust_begin_unwind
[INFO] [stdout]   10:     0x62c6d7ae877c - core[df12db4294e9bfd3]::panicking::panic_fmt
[INFO] [stdout]   11:     0x62c6d7ae8552 - core[df12db4294e9bfd3]::result::unwrap_failed
[INFO] [stdout]   12:     0x62c6d7a490f9 - sample[d591d3afbcba938f]::integration_tests::build_and_exec
[INFO] [stdout]   13:     0x62c6d7a49619 - <sample[d591d3afbcba938f]::integration_tests::addq_test::{closure#0} as core[df12db4294e9bfd3]::ops::function::FnOnce<()>>::call_once
[INFO] [stdout]   14:     0x62c6d7a496ab - test[9d35eded1c95d3be]::__rust_begin_short_backtrace::<core[df12db4294e9bfd3]::result::Result<(), alloc[2182bb758b4b3781]::string::String>, fn() -> core[df12db4294e9bfd3]::result::Result<(), alloc[2182bb758b4b3781]::string::String>>
[INFO] [stdout]   15:     0x62c6d7a56d15 - test[9d35eded1c95d3be]::run_test::{closure#0}
[INFO] [stdout]   16:     0x62c6d7a505d4 - std[70759c8f55707aa4]::sys::backtrace::__rust_begin_short_backtrace::<test[9d35eded1c95d3be]::run_test::{closure#1}, ()>
[INFO] [stdout]   17:     0x62c6d7a59e72 - <std[70759c8f55707aa4]::thread::lifecycle::spawn_unchecked<test[9d35eded1c95d3be]::run_test::{closure#1}, ()>::{closure#1} as core[df12db4294e9bfd3]::ops::function::FnOnce<()>>::call_once::{shim:vtable#0}
[INFO] [stdout]   18:     0x62c6d7ad30f9 - <std[70759c8f55707aa4]::sys::thread::unix::Thread>::new::thread_start
[INFO] [stdout]   19:     0x7cccf71ebdfa - <unknown>
[INFO] [stdout]   20:     0x7cccf727f3d4 - clone
[INFO] [stdout]   21:                0x0 - <unknown>
[INFO] [stdout] 
[INFO] [stdout] 
[INFO] [stdout] failures:
[INFO] [stdout]     integration_tests::addq_test
[INFO] [stdout]     integration_tests::branch1_test
[INFO] [stdout]     integration_tests::branch2_test
[INFO] [stdout]     integration_tests::call_foo_test
[INFO] [stdout]     integration_tests::double_quote_test
[INFO] [stdout]     integration_tests::return_42_tests
[INFO] [stdout]     integration_tests::simple_32bit_inst_test
[INFO] [stdout]     integration_tests::small_2_test
[INFO] [stdout]     integration_tests::small_3_test
[INFO] [stdout]     integration_tests::small_test
[INFO] [stdout]     integration_tests::store_and_load_test
[INFO] [stdout] 
[INFO] [stdout] test result: FAILED. 0 passed; 11 failed; 1 ignored; 0 measured; 0 filtered out; finished in 0.07s
[INFO] [stdout] 
[INFO] running `Command { std: "docker" "inspect" "4df08574cffb6c2828174782906aac01cf5f43c3e64ce1ca6c5eb126a6f0f810", kill_on_drop: false }`
[INFO] running `Command { std: "docker" "rm" "-f" "4df08574cffb6c2828174782906aac01cf5f43c3e64ce1ca6c5eb126a6f0f810", kill_on_drop: false }`
[INFO] [stdout] 4df08574cffb6c2828174782906aac01cf5f43c3e64ce1ca6c5eb126a6f0f810
