[INFO] fetching crate x0x-symphony-workspace 0.2.0...
[INFO] testing x0x-symphony-workspace-0.2.0 against 1.99.0-beta.8+cargoflags=--release for beta-release-1.100-2
[INFO] extracting crate x0x-symphony-workspace 0.2.0 into /workspace/builds/worker-5-tc1/source
[INFO] started tweaking crates.io crate x0x-symphony-workspace 0.2.0
[INFO] removed 0 missing tests
[INFO] finished tweaking crates.io crate x0x-symphony-workspace 0.2.0
[INFO] tweaked toml for crates.io crate x0x-symphony-workspace 0.2.0 written to /workspace/builds/worker-5-tc1/source/Cargo.toml
[INFO] validating manifest of crates.io crate x0x-symphony-workspace 0.2.0 on toolchain 1.99.0-beta.8
[INFO] running `Command { std: CARGO_HOME="/workspace/cargo-home" RUSTUP_HOME="/workspace/rustup-home" "/workspace/cargo-home/bin/cargo" "+1.99.0-beta.8" "metadata" "--manifest-path" "Cargo.toml" "--no-deps", kill_on_drop: false }`
[INFO] crate crates.io crate x0x-symphony-workspace 0.2.0 already has a lockfile, it will not be regenerated
[INFO] running `Command { std: CARGO_HOME="/workspace/cargo-home" RUSTUP_HOME="/workspace/rustup-home" "/workspace/cargo-home/bin/cargo" "+1.99.0-beta.8" "fetch" "--manifest-path" "Cargo.toml", kill_on_drop: false }`
[INFO] [stderr]     Updating crates.io index
[INFO] [stderr]  Downloading crates ...
[INFO] [stderr]   Downloaded x0x-symphony-core v0.2.0
[INFO] running `Command { std: "docker" "create" "-v" "/var/lib/crater-agent-workspace/builds/worker-5-tc1/source:/opt/rustwide/workdir:ro,Z" "-v" "/var/lib/crater-agent-workspace/builds/worker-5-tc1/target:/opt/rustwide/target:rw,Z" "-v" "/var/lib/crater-agent-workspace/cargo-home:/opt/rustwide/cargo-home:ro,Z" "-v" "/var/lib/crater-agent-workspace/rustup-home:/opt/rustwide/rustup-home:ro,Z" "-m" "1610612736" "--network" "none" "ghcr.io/rust-lang/crates-build-env/linux@sha256:77db811e55d90add9212f6832c23229e3de5f1c1f9905e8cb07319ea15df73ac" "sleep" "infinity", kill_on_drop: false }`
[INFO] [stdout] 9309e54ad7e0b1e4e035d13c37c87f111d73bfd3de78f22d1336c9fdd3b5220e
[INFO] running `Command { std: "docker" "start" "9309e54ad7e0b1e4e035d13c37c87f111d73bfd3de78f22d1336c9fdd3b5220e", kill_on_drop: false }`
[INFO] running `Command { std: "docker" "inspect" "9309e54ad7e0b1e4e035d13c37c87f111d73bfd3de78f22d1336c9fdd3b5220e", kill_on_drop: false }`
[INFO] running `Command { std: "docker" "exec" "-e" "SOURCE_DIR=/opt/rustwide/workdir" "-e" "CARGO_HOME=/opt/rustwide/cargo-home" "-e" "RUSTUP_HOME=/opt/rustwide/rustup-home" "-e" "CARGO_TARGET_DIR=/opt/rustwide/target" "-w" "/opt/rustwide/workdir" "--user" "0:0" "9309e54ad7e0b1e4e035d13c37c87f111d73bfd3de78f22d1336c9fdd3b5220e" "/opt/rustwide/cargo-home/bin/cargo" "+1.99.0-beta.8" "metadata" "--no-deps" "--format-version=1", kill_on_drop: false }`
[INFO] running `Command { std: "docker" "inspect" "9309e54ad7e0b1e4e035d13c37c87f111d73bfd3de78f22d1336c9fdd3b5220e", kill_on_drop: false }`
[INFO] running `Command { std: "docker" "exec" "-e" "SOURCE_DIR=/opt/rustwide/workdir" "-e" "CARGO_HOME=/opt/rustwide/cargo-home" "-e" "RUSTUP_HOME=/opt/rustwide/rustup-home" "-e" "CARGO_TARGET_DIR=/opt/rustwide/target" "-e" "CARGO_INCREMENTAL=0" "-e" "RUST_BACKTRACE=full" "-e" "RUSTFLAGS=--cap-lints=warn" "-e" "RUSTDOCFLAGS=--cap-lints=warn" "-w" "/opt/rustwide/workdir" "--user" "0:0" "9309e54ad7e0b1e4e035d13c37c87f111d73bfd3de78f22d1336c9fdd3b5220e" "/opt/rustwide/cargo-home/bin/cargo" "+1.99.0-beta.8" "build" "--frozen" "--message-format=json" "--release", kill_on_drop: false }`
[INFO] [stderr]    Compiling quote v1.0.46
[INFO] [stderr]    Compiling libc v0.2.186
[INFO] [stderr]    Compiling nix v0.30.1
[INFO] [stderr]    Compiling sha2 v0.10.9
[INFO] [stderr]    Compiling chrono v0.4.45
[INFO] [stderr]    Compiling bytes v1.12.0
[INFO] [stderr]    Compiling subtle v2.6.1
[INFO] [stderr]    Compiling syn v2.0.118
[INFO] [stderr]    Compiling errno v0.3.14
[INFO] [stderr]    Compiling mio v1.2.1
[INFO] [stderr]    Compiling signal-hook-registry v1.4.8
[INFO] [stderr]    Compiling tokio v1.52.3
[INFO] [stderr]    Compiling serde_derive v1.0.228
[INFO] [stderr]    Compiling thiserror-impl v2.0.18
[INFO] [stderr]    Compiling tracing-attributes v0.1.31
[INFO] [stderr]    Compiling async-trait v0.1.89
[INFO] [stderr]    Compiling tracing v0.1.44
[INFO] [stderr]    Compiling thiserror v2.0.18
[INFO] [stderr]    Compiling serde v1.0.228
[INFO] [stderr]    Compiling x0x-symphony-core v0.2.0
[INFO] [stderr]    Compiling x0x-symphony-workspace v0.2.0 (/opt/rustwide/workdir)
[INFO] [stderr]     Finished `release` profile [optimized] target(s) in 39.32s
[INFO] running `Command { std: "docker" "inspect" "9309e54ad7e0b1e4e035d13c37c87f111d73bfd3de78f22d1336c9fdd3b5220e", kill_on_drop: false }`
[INFO] running `Command { std: "docker" "exec" "-e" "SOURCE_DIR=/opt/rustwide/workdir" "-e" "CARGO_HOME=/opt/rustwide/cargo-home" "-e" "RUSTUP_HOME=/opt/rustwide/rustup-home" "-e" "CARGO_TARGET_DIR=/opt/rustwide/target" "-e" "CARGO_INCREMENTAL=0" "-e" "RUST_BACKTRACE=full" "-e" "RUSTFLAGS=--cap-lints=warn" "-e" "RUSTDOCFLAGS=--cap-lints=warn" "-w" "/opt/rustwide/workdir" "--user" "0:0" "9309e54ad7e0b1e4e035d13c37c87f111d73bfd3de78f22d1336c9fdd3b5220e" "/opt/rustwide/cargo-home/bin/cargo" "+1.99.0-beta.8" "test" "--frozen" "--no-run" "--message-format=json" "--release", kill_on_drop: false }`
[INFO] [stderr]    Compiling bitflags v2.13.0
[INFO] [stderr]    Compiling getrandom v0.4.3
[INFO] [stderr]    Compiling tokio-macros v2.7.0
[INFO] [stderr]    Compiling fastrand v2.4.1
[INFO] [stderr]    Compiling nix v0.30.1
[INFO] [stderr]    Compiling rustix v1.1.4
[INFO] [stderr]    Compiling tokio v1.52.3
[INFO] [stderr]    Compiling tempfile v3.27.0
[INFO] [stderr]    Compiling x0x-symphony-workspace v0.2.0 (/opt/rustwide/workdir)
[INFO] [stderr]     Finished `release` profile [optimized] target(s) in 28.74s
[INFO] running `Command { std: "docker" "inspect" "9309e54ad7e0b1e4e035d13c37c87f111d73bfd3de78f22d1336c9fdd3b5220e", kill_on_drop: false }`
[INFO] running `Command { std: "docker" "exec" "-e" "SOURCE_DIR=/opt/rustwide/workdir" "-e" "CARGO_HOME=/opt/rustwide/cargo-home" "-e" "RUSTUP_HOME=/opt/rustwide/rustup-home" "-e" "CARGO_TARGET_DIR=/opt/rustwide/target" "-e" "CARGO_INCREMENTAL=0" "-e" "RUST_BACKTRACE=full" "-e" "RUSTFLAGS=--cap-lints=warn" "-e" "RUSTDOCFLAGS=--cap-lints=warn" "-w" "/opt/rustwide/workdir" "--user" "0:0" "9309e54ad7e0b1e4e035d13c37c87f111d73bfd3de78f22d1336c9fdd3b5220e" "/opt/rustwide/cargo-home/bin/cargo" "+1.99.0-beta.8" "test" "--frozen" "--release", kill_on_drop: false }`
[INFO] [stderr]     Finished `release` profile [optimized] target(s) in 0.10s
[INFO] [stderr]      Running unittests src/lib.rs (/opt/rustwide/target/release/deps/x0x_symphony_workspace-e2c06647fc88e467)
[INFO] [stdout] 
[INFO] [stdout] running 0 tests
[INFO] [stdout] 
[INFO] [stdout] test result: ok. 0 passed; 0 failed; 0 ignored; 0 measured; 0 filtered out; finished in 0.00s
[INFO] [stdout] 
[INFO] [stderr]      Running tests/containment.rs (/opt/rustwide/target/release/deps/containment-df9e0e58321f4a1e)
[INFO] [stdout] 
[INFO] [stdout] running 25 tests
[INFO] [stdout] test hook_env_value_rejects_newline_with_structured_error ... ok
[INFO] [stdout] test accepts_non_reserved_dotted_identifier ... ok
[INFO] [stdout] test created_workspace_directory_is_owner_private ... ok
[INFO] [stdout] test cleanup_preserves_non_terminal_and_deletes_terminal ... ok
[INFO] [stdout] test hook_sensitive_env_denied_without_explicit_allowlist ... ok
[INFO] [stdout] test destroy_refuses_replaced_root_symlink ... ok
[INFO] [stdout] test destroy_refuses_symlink_escape_after_create ... ok
[INFO] [stdout] test rejects_absolute_path_identifier ... ok
[INFO] [stdout] test rejects_dangerous_shell_env_variables ... ok
[INFO] [stdout] test rejects_nested_parent_traversal_identifier_a_dotdot_b ... ok
[INFO] [stdout] test rejects_4096_byte_identifier ... ok
[INFO] [stdout] test rejects_preplanted_symlink_inside_root_pointing_outside ... ok
[INFO] [stdout] test rejects_parent_traversal_identifier_dotdot_etc ... ok
[INFO] [stdout] test rejects_root_itself_identifier ... ok
[INFO] [stdout] test hook_sensitive_env_allowed_when_explicitly_allowlisted ... ok
[INFO] [stdout] test hook_env_preserves_case_sensitive_path_aliases ... ok
[INFO] [stdout] test hook_pipefail_is_enforced ... ok
[INFO] [stdout] test poisoned_parent_environment_does_not_leak_to_hook ... ok
[INFO] [stdout] test hook_env_key_length_boundary_is_enforced ... ok
[INFO] [stdout] test rejects_slash_and_nul_identifiers ... ok
[INFO] [stdout] test rejects_trailing_dot_identifier ... ok
[INFO] [stdout] test rejects_windows_reserved_device_name_identifier ... ok
[INFO] [stdout] test rejects_unicode_fullwidth_dot_identifier ... ok
[INFO] [stdout] test workspace_path_is_deterministic_from_sanitized_issue_id ... ok
[INFO] [stdout] test hook_timeout_produces_structured_outcome ... ok
[INFO] [stdout] 
[INFO] [stdout] test result: ok. 25 passed; 0 failed; 0 ignored; 0 measured; 0 filtered out; finished in 0.04s
[INFO] [stdout] 
[INFO] [stderr]      Running tests/hook_process_group.rs (/opt/rustwide/target/release/deps/hook_process_group-1044d4ba60b9cb92)
[INFO] [stdout] 
[INFO] [stdout] running 1 test
[INFO] [stderr] error: test failed, to rerun pass `--test hook_process_group`
[INFO] [stdout] test proof_hook_timeout_kills_forked_child_process_group ... FAILED
[INFO] [stdout] 
[INFO] [stdout] failures:
[INFO] [stdout] 
[INFO] [stdout] ---- proof_hook_timeout_kills_forked_child_process_group stdout ----
[INFO] [stdout] 
[INFO] [stdout] thread 'proof_hook_timeout_kills_forked_child_process_group' (843) panicked at tests/hook_process_group.rs:70:5:
[INFO] [stdout] forked hook grandchild must be killed with the process group
[INFO] [stdout] stack backtrace:
[INFO] [stdout]    0:     0x6445d4583231 - <<std[70759c8f55707aa4]::sys::backtrace::BacktraceLock>::print::DisplayBacktrace as core[df12db4294e9bfd3]::fmt::Display>::fmt
[INFO] [stdout]    1:     0x6445d4597cda - core[df12db4294e9bfd3]::fmt::write
[INFO] [stdout]    2:     0x6445d4587aec - <alloc[2182bb758b4b3781]::vec::Vec<u8> as core[df12db4294e9bfd3]::io::write::Write>::write_fmt
[INFO] [stdout]    3:     0x6445d455cdc6 - std[70759c8f55707aa4]::panicking::default_hook::{closure#0}
[INFO] [stdout]    4:     0x6445d457a7b9 - std[70759c8f55707aa4]::panicking::default_hook
[INFO] [stdout]    5:     0x6445d44e7680 - test[9d35eded1c95d3be]::test_main_inner::<test[9d35eded1c95d3be]::test_main_static::{closure#0}>::{closure#0}
[INFO] [stdout]    6:     0x6445d457aae2 - std[70759c8f55707aa4]::panicking::panic_with_hook
[INFO] [stdout]    7:     0x6445d455cea4 - std[70759c8f55707aa4]::panicking::panic_handler::{closure#0}
[INFO] [stdout]    8:     0x6445d4555949 - std[70759c8f55707aa4]::sys::backtrace::__rust_end_short_backtrace::<std[70759c8f55707aa4]::panicking::panic_handler::{closure#0}, !>
[INFO] [stdout]    9:     0x6445d455db2d - __rustc[8fa7c3cbc660c2b3]::rust_begin_unwind
[INFO] [stdout]   10:     0x6445d459843c - core[df12db4294e9bfd3]::panicking::panic_fmt
[INFO] [stdout]   11:     0x6445d44cf262 - hook_process_group[bf4811e77a07f22a]::proof_hook_timeout_kills_forked_child_process_group::{closure#0}
[INFO] [stdout]   12:     0x6445d44cfbdd - <tokio[7d5211fc4e02113a]::runtime::scheduler::current_thread::Context>::enter::<core[df12db4294e9bfd3]::task::poll::Poll<core[df12db4294e9bfd3]::result::Result<(), alloc[2182bb758b4b3781]::boxed::Box<dyn core[df12db4294e9bfd3]::error::Error>>>, <tokio[7d5211fc4e02113a]::runtime::scheduler::current_thread::CoreGuard>::block_on<core[df12db4294e9bfd3]::pin::Pin<&mut core[df12db4294e9bfd3]::pin::Pin<&mut dyn core[df12db4294e9bfd3]::future::future::Future<Output = core[df12db4294e9bfd3]::result::Result<(), alloc[2182bb758b4b3781]::boxed::Box<dyn core[df12db4294e9bfd3]::error::Error>>>>>>::{closure#0}::{closure#0}>
[INFO] [stdout]   13:     0x6445d44d426e - <tokio[7d5211fc4e02113a]::runtime::context::scoped::Scoped<tokio[7d5211fc4e02113a]::runtime::scheduler::Context>>::set::<<tokio[7d5211fc4e02113a]::runtime::scheduler::current_thread::CoreGuard>::enter<<tokio[7d5211fc4e02113a]::runtime::scheduler::current_thread::CoreGuard>::block_on<core[df12db4294e9bfd3]::pin::Pin<&mut core[df12db4294e9bfd3]::pin::Pin<&mut dyn core[df12db4294e9bfd3]::future::future::Future<Output = core[df12db4294e9bfd3]::result::Result<(), alloc[2182bb758b4b3781]::boxed::Box<dyn core[df12db4294e9bfd3]::error::Error>>>>>>::{closure#0}, core[df12db4294e9bfd3]::option::Option<core[df12db4294e9bfd3]::result::Result<(), alloc[2182bb758b4b3781]::boxed::Box<dyn core[df12db4294e9bfd3]::error::Error>>>>::{closure#0}, (alloc[2182bb758b4b3781]::boxed::Box<tokio[7d5211fc4e02113a]::runtime::scheduler::current_thread::Core>, core[df12db4294e9bfd3]::option::Option<core[df12db4294e9bfd3]::result::Result<(), alloc[2182bb758b4b3781]::boxed::Box<dyn core[df12db4294e9bfd3]::error::Error>>>)>
[INFO] [stdout]   14:     0x6445d44d0159 - <tokio[7d5211fc4e02113a]::runtime::scheduler::current_thread::CoreGuard>::block_on::<core[df12db4294e9bfd3]::pin::Pin<&mut core[df12db4294e9bfd3]::pin::Pin<&mut dyn core[df12db4294e9bfd3]::future::future::Future<Output = core[df12db4294e9bfd3]::result::Result<(), alloc[2182bb758b4b3781]::boxed::Box<dyn core[df12db4294e9bfd3]::error::Error>>>>>>
[INFO] [stdout]   15:     0x6445d44da11a - tokio[7d5211fc4e02113a]::runtime::context::runtime::enter_runtime::<<tokio[7d5211fc4e02113a]::runtime::scheduler::current_thread::CurrentThread>::block_on<core[df12db4294e9bfd3]::pin::Pin<&mut dyn core[df12db4294e9bfd3]::future::future::Future<Output = core[df12db4294e9bfd3]::result::Result<(), alloc[2182bb758b4b3781]::boxed::Box<dyn core[df12db4294e9bfd3]::error::Error>>>>>::{closure#0}, core[df12db4294e9bfd3]::result::Result<(), alloc[2182bb758b4b3781]::boxed::Box<dyn core[df12db4294e9bfd3]::error::Error>>>
[INFO] [stdout]   16:     0x6445d44d8f3d - <tokio[7d5211fc4e02113a]::runtime::runtime::Runtime>::block_on::<core[df12db4294e9bfd3]::pin::Pin<&mut dyn core[df12db4294e9bfd3]::future::future::Future<Output = core[df12db4294e9bfd3]::result::Result<(), alloc[2182bb758b4b3781]::boxed::Box<dyn core[df12db4294e9bfd3]::error::Error>>>>>
[INFO] [stdout]   17:     0x6445d44cf764 - <hook_process_group[bf4811e77a07f22a]::proof_hook_timeout_kills_forked_child_process_group::{closure#0} as core[df12db4294e9bfd3]::ops::function::FnOnce<()>>::call_once
[INFO] [stdout]   18:     0x6445d44da96b - test[9d35eded1c95d3be]::__rust_begin_short_backtrace::<core[df12db4294e9bfd3]::result::Result<(), alloc[2182bb758b4b3781]::string::String>, fn() -> core[df12db4294e9bfd3]::result::Result<(), alloc[2182bb758b4b3781]::string::String>>
[INFO] [stdout]   19:     0x6445d44e7fd5 - test[9d35eded1c95d3be]::run_test::{closure#0}
[INFO] [stdout]   20:     0x6445d44e1894 - std[70759c8f55707aa4]::sys::backtrace::__rust_begin_short_backtrace::<test[9d35eded1c95d3be]::run_test::{closure#1}, ()>
[INFO] [stdout]   21:     0x6445d44eb132 - <std[70759c8f55707aa4]::thread::lifecycle::spawn_unchecked<test[9d35eded1c95d3be]::run_test::{closure#1}, ()>::{closure#1} as core[df12db4294e9bfd3]::ops::function::FnOnce<()>>::call_once::{shim:vtable#0}
[INFO] [stdout]   22:     0x6445d4582759 - <std[70759c8f55707aa4]::sys::thread::unix::Thread>::new::thread_start
[INFO] [stdout]   23:     0x76b486677dfa - <unknown>
[INFO] [stdout]   24:     0x76b48670b3d4 - clone
[INFO] [stdout]   25:                0x0 - <unknown>
[INFO] [stdout] 
[INFO] [stdout] 
[INFO] [stdout] failures:
[INFO] [stdout]     proof_hook_timeout_kills_forked_child_process_group
[INFO] [stdout] 
[INFO] [stdout] test result: FAILED. 0 passed; 1 failed; 0 ignored; 0 measured; 0 filtered out; finished in 2.26s
[INFO] [stdout] 
[INFO] running `Command { std: "docker" "inspect" "9309e54ad7e0b1e4e035d13c37c87f111d73bfd3de78f22d1336c9fdd3b5220e", kill_on_drop: false }`
[INFO] running `Command { std: "docker" "rm" "-f" "9309e54ad7e0b1e4e035d13c37c87f111d73bfd3de78f22d1336c9fdd3b5220e", kill_on_drop: false }`
[INFO] [stdout] 9309e54ad7e0b1e4e035d13c37c87f111d73bfd3de78f22d1336c9fdd3b5220e
