[INFO] fetching crate x0x-symphony-runner-shell 0.2.0...
[INFO] testing x0x-symphony-runner-shell-0.2.0 against 1.100.0-beta.1+cargoflags=--release for beta-release-1.100-2
[INFO] extracting crate x0x-symphony-runner-shell 0.2.0 into /workspace/builds/worker-0-tc2/source
[INFO] started tweaking crates.io crate x0x-symphony-runner-shell 0.2.0
[INFO] removed 0 missing tests
[INFO] finished tweaking crates.io crate x0x-symphony-runner-shell 0.2.0
[INFO] tweaked toml for crates.io crate x0x-symphony-runner-shell 0.2.0 written to /workspace/builds/worker-0-tc2/source/Cargo.toml
[INFO] validating manifest of crates.io crate x0x-symphony-runner-shell 0.2.0 on toolchain 1.100.0-beta.1
[INFO] running `Command { std: CARGO_HOME="/workspace/cargo-home" RUSTUP_HOME="/workspace/rustup-home" "/workspace/cargo-home/bin/cargo" "+1.100.0-beta.1" "metadata" "--manifest-path" "Cargo.toml" "--no-deps", kill_on_drop: false }`
[INFO] crate crates.io crate x0x-symphony-runner-shell 0.2.0 already has a lockfile, it will not be regenerated
[INFO] running `Command { std: CARGO_HOME="/workspace/cargo-home" RUSTUP_HOME="/workspace/rustup-home" "/workspace/cargo-home/bin/cargo" "+1.100.0-beta.1" "fetch" "--manifest-path" "Cargo.toml", kill_on_drop: false }`
[INFO] [stderr] warning: `package.homepage` is redundant with `package.repository`
[INFO] [stderr]   --> Cargo.toml:77:12
[INFO] [stderr]    |
[INFO] [stderr] 77 | homepage = "https://github.com/saorsa-labs/x0x-symphony"
[INFO] [stderr]    |            ^^^^^^^^^^^^^^^^^^^^^^^^^^^^^^^^^^^^^^^^^^^^^
[INFO] [stderr] ...
[INFO] [stderr] 82 | repository = "https://github.com/saorsa-labs/x0x-symphony"
[INFO] [stderr]    |              ---------------------------------------------
[INFO] [stderr]    |
[INFO] [stderr]    = note: `cargo::redundant_homepage` is set to `warn` by default
[INFO] [stderr] help: consider removing `package.homepage`
[INFO] [stderr] warning: `x0x-symphony-runner-shell` (manifest) generated 1 warning
[INFO] running `Command { std: "docker" "create" "-v" "/var/lib/crater-agent-workspace/builds/worker-0-tc2/source:/opt/rustwide/workdir:ro,Z" "-v" "/var/lib/crater-agent-workspace/builds/worker-0-tc2/target:/opt/rustwide/target:rw,Z" "-v" "/var/lib/crater-agent-workspace/cargo-home:/opt/rustwide/cargo-home:ro,Z" "-v" "/var/lib/crater-agent-workspace/rustup-home:/opt/rustwide/rustup-home:ro,Z" "-m" "1610612736" "--network" "none" "ghcr.io/rust-lang/crates-build-env/linux@sha256:77db811e55d90add9212f6832c23229e3de5f1c1f9905e8cb07319ea15df73ac" "sleep" "infinity", kill_on_drop: false }`
[INFO] [stdout] c0380d644c21ba8fd329643d533bf7d7046cbed4b08e722959420cbb644eda8d
[INFO] running `Command { std: "docker" "start" "c0380d644c21ba8fd329643d533bf7d7046cbed4b08e722959420cbb644eda8d", kill_on_drop: false }`
[INFO] running `Command { std: "docker" "inspect" "c0380d644c21ba8fd329643d533bf7d7046cbed4b08e722959420cbb644eda8d", kill_on_drop: false }`
[INFO] running `Command { std: "docker" "exec" "-e" "SOURCE_DIR=/opt/rustwide/workdir" "-e" "CARGO_HOME=/opt/rustwide/cargo-home" "-e" "RUSTUP_HOME=/opt/rustwide/rustup-home" "-e" "CARGO_TARGET_DIR=/opt/rustwide/target" "-w" "/opt/rustwide/workdir" "--user" "0:0" "c0380d644c21ba8fd329643d533bf7d7046cbed4b08e722959420cbb644eda8d" "/opt/rustwide/cargo-home/bin/cargo" "+1.100.0-beta.1" "metadata" "--no-deps" "--format-version=1", kill_on_drop: false }`
[INFO] running `Command { std: "docker" "inspect" "c0380d644c21ba8fd329643d533bf7d7046cbed4b08e722959420cbb644eda8d", kill_on_drop: false }`
[INFO] running `Command { std: "docker" "exec" "-e" "SOURCE_DIR=/opt/rustwide/workdir" "-e" "CARGO_HOME=/opt/rustwide/cargo-home" "-e" "RUSTUP_HOME=/opt/rustwide/rustup-home" "-e" "CARGO_TARGET_DIR=/opt/rustwide/target" "-e" "CARGO_INCREMENTAL=0" "-e" "RUST_BACKTRACE=full" "-e" "RUSTFLAGS=--cap-lints=warn" "-e" "RUSTDOCFLAGS=--cap-lints=warn" "-w" "/opt/rustwide/workdir" "--user" "0:0" "c0380d644c21ba8fd329643d533bf7d7046cbed4b08e722959420cbb644eda8d" "/opt/rustwide/cargo-home/bin/cargo" "+1.100.0-beta.1" "build" "--frozen" "--message-format=json" "--release", kill_on_drop: false }`
[INFO] [stderr] warning: `package.homepage` is redundant with `package.repository`
[INFO] [stderr]   --> Cargo.toml:77:12
[INFO] [stderr]    |
[INFO] [stderr] 77 | homepage = "https://github.com/saorsa-labs/x0x-symphony"
[INFO] [stderr]    |            ^^^^^^^^^^^^^^^^^^^^^^^^^^^^^^^^^^^^^^^^^^^^^
[INFO] [stderr] ...
[INFO] [stderr] 82 | repository = "https://github.com/saorsa-labs/x0x-symphony"
[INFO] [stderr]    |              ---------------------------------------------
[INFO] [stderr]    |
[INFO] [stderr]    = note: `cargo::redundant_homepage` is set to `warn` by default
[INFO] [stderr] help: consider removing `package.homepage`
[INFO] [stderr] warning: `x0x-symphony-runner-shell` (manifest) generated 1 warning
[INFO] [stderr]    Compiling libc v0.2.186
[INFO] [stderr]    Compiling futures-core v0.3.32
[INFO] [stderr]    Compiling syn v2.0.118
[INFO] [stderr]    Compiling nix v0.30.1
[INFO] [stderr]    Compiling unsafe-libyaml v0.2.11
[INFO] [stderr]    Compiling bitflags v2.13.0
[INFO] [stderr]    Compiling chrono v0.4.45
[INFO] [stderr]    Compiling time v0.3.53
[INFO] [stderr]    Compiling sha2 v0.10.9
[INFO] [stderr]    Compiling errno v0.3.14
[INFO] [stderr]    Compiling socket2 v0.6.4
[INFO] [stderr]    Compiling mio v1.2.1
[INFO] [stderr]    Compiling signal-hook-registry v1.4.8
[INFO] [stderr]    Compiling tokio v1.52.3
[INFO] [stderr]    Compiling serde_derive v1.0.228
[INFO] [stderr]    Compiling thiserror-impl v2.0.18
[INFO] [stderr]    Compiling enumflags2_derive v0.7.12
[INFO] [stderr]    Compiling async-trait v0.1.89
[INFO] [stderr]    Compiling tracing-attributes v0.1.31
[INFO] [stderr]    Compiling futures-macro v0.3.32
[INFO] [stderr]    Compiling futures-util v0.3.32
[INFO] [stderr]    Compiling enumflags2 v0.7.12
[INFO] [stderr]    Compiling thiserror v2.0.18
[INFO] [stderr]    Compiling tracing v0.1.44
[INFO] [stderr]    Compiling landlock v0.4.5
[INFO] [stderr]    Compiling serde v1.0.228
[INFO] [stderr]    Compiling x0x-symphony-core v0.2.0
[INFO] [stderr]    Compiling serde_yaml v0.9.34+deprecated
[INFO] [stderr]    Compiling saorsa-sandbox v0.2.0
[INFO] [stderr]    Compiling x0x-symphony-runner-shell v0.2.0 (/opt/rustwide/workdir)
[INFO] [stderr]     Finished `release` profile [optimized] target(s) in 32.13s
[INFO] [stderr] warning: the following packages contain code that will be rejected by a future version of Rust: nix v0.30.1
[INFO] [stderr] note: to see what the problems were, use the option `--future-incompat-report`, or run `cargo report future-incompatibilities --id 5`
[INFO] running `Command { std: "docker" "inspect" "c0380d644c21ba8fd329643d533bf7d7046cbed4b08e722959420cbb644eda8d", kill_on_drop: false }`
[INFO] running `Command { std: "docker" "exec" "-e" "SOURCE_DIR=/opt/rustwide/workdir" "-e" "CARGO_HOME=/opt/rustwide/cargo-home" "-e" "RUSTUP_HOME=/opt/rustwide/rustup-home" "-e" "CARGO_TARGET_DIR=/opt/rustwide/target" "-e" "CARGO_INCREMENTAL=0" "-e" "RUST_BACKTRACE=full" "-e" "RUSTFLAGS=--cap-lints=warn" "-e" "RUSTDOCFLAGS=--cap-lints=warn" "-w" "/opt/rustwide/workdir" "--user" "0:0" "c0380d644c21ba8fd329643d533bf7d7046cbed4b08e722959420cbb644eda8d" "/opt/rustwide/cargo-home/bin/cargo" "+1.100.0-beta.1" "test" "--frozen" "--no-run" "--message-format=json" "--release", kill_on_drop: false }`
[INFO] [stderr] warning: `package.homepage` is redundant with `package.repository`
[INFO] [stderr]   --> Cargo.toml:77:12
[INFO] [stderr]    |
[INFO] [stderr] 77 | homepage = "https://github.com/saorsa-labs/x0x-symphony"
[INFO] [stderr]    |            ^^^^^^^^^^^^^^^^^^^^^^^^^^^^^^^^^^^^^^^^^^^^^
[INFO] [stderr] ...
[INFO] [stderr] 82 | repository = "https://github.com/saorsa-labs/x0x-symphony"
[INFO] [stderr]    |              ---------------------------------------------
[INFO] [stderr]    |
[INFO] [stderr]    = note: `cargo::redundant_homepage` is set to `warn` by default
[INFO] [stderr] help: consider removing `package.homepage`
[INFO] [stderr] warning: `x0x-symphony-runner-shell` (manifest) generated 1 warning
[INFO] [stderr]    Compiling tokio-macros v2.7.0
[INFO] [stderr]    Compiling nix v0.30.1
[INFO] [stderr]    Compiling getrandom v0.4.3
[INFO] [stderr]    Compiling tempfile v3.27.0
[INFO] [stderr]    Compiling tokio v1.52.3
[INFO] [stderr]    Compiling saorsa-sandbox v0.2.0
[INFO] [stderr]    Compiling x0x-symphony-runner-shell v0.2.0 (/opt/rustwide/workdir)
[INFO] [stderr]     Finished `release` profile [optimized] target(s) in 24.87s
[INFO] [stderr] warning: the following packages contain code that will be rejected by a future version of Rust: nix v0.30.1
[INFO] [stderr] note: to see what the problems were, use the option `--future-incompat-report`, or run `cargo report future-incompatibilities --id 5`
[INFO] running `Command { std: "docker" "inspect" "c0380d644c21ba8fd329643d533bf7d7046cbed4b08e722959420cbb644eda8d", kill_on_drop: false }`
[INFO] running `Command { std: "docker" "exec" "-e" "SOURCE_DIR=/opt/rustwide/workdir" "-e" "CARGO_HOME=/opt/rustwide/cargo-home" "-e" "RUSTUP_HOME=/opt/rustwide/rustup-home" "-e" "CARGO_TARGET_DIR=/opt/rustwide/target" "-e" "CARGO_INCREMENTAL=0" "-e" "RUST_BACKTRACE=full" "-e" "RUSTFLAGS=--cap-lints=warn" "-e" "RUSTDOCFLAGS=--cap-lints=warn" "-w" "/opt/rustwide/workdir" "--user" "0:0" "c0380d644c21ba8fd329643d533bf7d7046cbed4b08e722959420cbb644eda8d" "/opt/rustwide/cargo-home/bin/cargo" "+1.100.0-beta.1" "test" "--frozen" "--release", kill_on_drop: false }`
[INFO] [stderr] warning: `package.homepage` is redundant with `package.repository`
[INFO] [stderr]   --> Cargo.toml:77:12
[INFO] [stderr]    |
[INFO] [stderr] 77 | homepage = "https://github.com/saorsa-labs/x0x-symphony"
[INFO] [stderr]    |            ^^^^^^^^^^^^^^^^^^^^^^^^^^^^^^^^^^^^^^^^^^^^^
[INFO] [stderr] ...
[INFO] [stderr] 82 | repository = "https://github.com/saorsa-labs/x0x-symphony"
[INFO] [stderr]    |              ---------------------------------------------
[INFO] [stderr]    |
[INFO] [stderr]    = note: `cargo::redundant_homepage` is set to `warn` by default
[INFO] [stderr] help: consider removing `package.homepage`
[INFO] [stderr] warning: `x0x-symphony-runner-shell` (manifest) generated 1 warning
[INFO] [stderr]     Finished `release` profile [optimized] target(s) in 0.11s
[INFO] [stderr] warning: the following packages contain code that will be rejected by a future version of Rust: nix v0.30.1
[INFO] [stderr] note: to see what the problems were, use the option `--future-incompat-report`, or run `cargo report future-incompatibilities --id 5`
[INFO] [stderr]      Running unittests src/lib.rs (/opt/rustwide/target/release/build/x0x-symphony-runner-shell/85b0f9197b28680a/out/x0x_symphony_runner_shell-85b0f9197b28680a)
[INFO] [stdout] 
[INFO] [stdout] running 7 tests
[INFO] [stdout] test runner::tests::sandbox_session_shutdown_runs_before_spawn_error_returns ... ok
[INFO] [stdout] test runner::tests::runner_defaults_local_source_at_existing_call_sites ... ok
[INFO] [stdout] test runner::tests::sandbox_session_shutdown_runs_once_on_failed_child_exit ... ok
[INFO] [stdout] test runner::tests::runner_propagates_network_source_to_sandbox ... ok
[INFO] [stdout] test runner::tests::env_additions_override_caller_on_collision ... ok
[INFO] [stdout] test runner::tests::wrapped_command_env_reaches_spawned_child ... ok
[INFO] [stdout] test runner::tests::wrap_receives_distinct_cwd_for_each_session ... ok
[INFO] [stderr]      Running tests/preset_live_smoke.rs (/opt/rustwide/target/release/build/x0x-symphony-runner-shell/408ee316c27ae47a/out/preset_live_smoke-408ee316c27ae47a)
[INFO] [stdout] 
[INFO] [stdout] test result: ok. 7 passed; 0 failed; 0 ignored; 0 measured; 0 filtered out; finished in 0.09s
[INFO] [stdout] 
[INFO] [stdout] 
[INFO] [stdout] running 7 tests
[INFO] [stdout] test classifier_accepts_known_runtime_failures ... ok
[INFO] [stdout] test classifier_fails_argv_errors_even_when_runtime_markers_also_match ... ok
[INFO] [stdout] test pi_preset_argv_is_accepted_by_installed_pi ... ok
[INFO] [stdout] test codex_preset_argv_is_accepted_by_installed_codex ... ok
[INFO] [stdout] test claude_code_preset_argv_is_accepted_by_installed_claude ... ok
[INFO] [stdout] test classifier_fails_closed_on_unrecognised_output ... ok
[INFO] [stdout] test pinned_presets_start_under_production_shell_runner ... ok
[INFO] [stdout] 
[INFO] [stdout] test result: ok. 7 passed; 0 failed; 0 ignored; 0 measured; 0 filtered out; finished in 0.00s
[INFO] [stdout] 
[INFO] [stderr]      Running tests/presets.rs (/opt/rustwide/target/release/build/x0x-symphony-runner-shell/3bb21f7bae4f4513/out/presets-3bb21f7bae4f4513)
[INFO] [stdout] 
[INFO] [stdout] running 9 tests
[INFO] [stdout] test minimax_preset_yaml_resolves_to_runnable_spec ... ok
[INFO] [stdout] test pi_preset_yaml_resolves_to_runnable_spec ... ok
[INFO] [stdout] test preset_overrides_prepend_child_sandbox_args ... ok
[INFO] [stdout] test workflow_yaml_parses_sandbox_block ... ok
[INFO] [stdout] test kimi_preset_yaml_resolves_to_runnable_spec ... ok
[INFO] [stdout] test glm_preset_yaml_resolves_to_runnable_spec ... ok
[INFO] [stdout] test workflow_yaml_overrides_claude_code_without_template_rendering ... ok
[INFO] [stderr]      Running tests/run_smoke.rs (/opt/rustwide/target/release/build/x0x-symphony-runner-shell/2b0305587e699fb8/out/run_smoke-2b0305587e699fb8)
[INFO] [stdout] test claude_code_preset_resolves_expected_command_args_env ... ok
[INFO] [stdout] test codex_preset_resolves_expected_command_args_env ... ok
[INFO] [stdout] 
[INFO] [stdout] test result: ok. 9 passed; 0 failed; 0 ignored; 0 measured; 0 filtered out; finished in 0.00s
[INFO] [stdout] 
[INFO] [stdout] 
[INFO] [stdout] running 6 tests
[INFO] [stdout] test secret_like_workflow_env_requires_explicit_allowlist ... ok
[INFO] [stdout] test argv_is_static_and_prompt_is_only_issue_content_channel ... ok
[INFO] [stdout] test poisoned_parent_environment_does_not_leak_to_child_env ... ok
[INFO] [stdout] test shell_runner_streams_prompt_to_arbitrary_child_process ... ok
[INFO] [stdout] test proof_chatty_child_does_not_grow_output_memory_unboundedly ... ok
[INFO] [stdout] test proof_timeout_kills_forked_children_process_group ... FAILED
[INFO] [stdout] 
[INFO] [stderr] error: test failed, to rerun pass `--test run_smoke`
[INFO] [stdout] failures:
[INFO] [stdout] 
[INFO] [stdout] ---- proof_timeout_kills_forked_children_process_group stdout ----
[INFO] [stdout] 
[INFO] [stdout] thread 'proof_timeout_kills_forked_children_process_group' (1162) panicked at tests/run_smoke.rs:177:5:
[INFO] [stdout] assertion failed: !process_exists(child_pid)
[INFO] [stdout] stack backtrace:
[INFO] [stdout]    0:     0x5760c583c2e1 - <<std[617be2ca0a6fd877]::sys::backtrace::BacktraceLock>::print::DisplayBacktrace as core[a373ad73a504971]::fmt::Display>::fmt
[INFO] [stdout]    1:     0x5760c585138a - core[a373ad73a504971]::fmt::write
[INFO] [stdout]    2:     0x5760c5840bcc - <alloc[2e1b2a31b91974c5]::vec::Vec<u8> as core[a373ad73a504971]::io::write::Write>::write_fmt
[INFO] [stdout]    3:     0x5760c58159f6 - std[617be2ca0a6fd877]::panicking::default_hook::{closure#0}
[INFO] [stdout]    4:     0x5760c5833539 - std[617be2ca0a6fd877]::panicking::default_hook
[INFO] [stdout]    5:     0x5760c575efc0 - test[aada8e7e76ba119b]::test_main_inner::{closure#0}
[INFO] [stdout]    6:     0x5760c5833862 - std[617be2ca0a6fd877]::panicking::panic_with_hook
[INFO] [stdout]    7:     0x5760c5815ad4 - std[617be2ca0a6fd877]::panicking::panic_handler::{closure#0}
[INFO] [stdout]    8:     0x5760c580e379 - std[617be2ca0a6fd877]::sys::backtrace::__rust_end_short_backtrace::<std[617be2ca0a6fd877]::panicking::panic_handler::{closure#0}, !>
[INFO] [stdout]    9:     0x5760c581674d - __rustc[ea4f61d10b84890b]::rust_begin_unwind
[INFO] [stdout]   10:     0x5760c5851aec - core[a373ad73a504971]::panicking::panic_fmt
[INFO] [stdout]   11:     0x5760c5851ab2 - core[a373ad73a504971]::panicking::panic
[INFO] [stdout]   12:     0x5760c573fcdd - run_smoke[43321e0921b907b5]::proof_timeout_kills_forked_children_process_group::{closure#0}
[INFO] [stdout]   13:     0x5760c574ab2d - <tokio[1e6c179e84f46a3e]::runtime::scheduler::current_thread::Context>::enter::<core[a373ad73a504971]::task::poll::Poll<core[a373ad73a504971]::result::Result<(), alloc[2e1b2a31b91974c5]::boxed::Box<dyn core[a373ad73a504971]::error::Error>>>, <tokio[1e6c179e84f46a3e]::runtime::scheduler::current_thread::CoreGuard>::block_on<core[a373ad73a504971]::pin::Pin<&mut core[a373ad73a504971]::pin::Pin<&mut dyn core[a373ad73a504971]::future::future::Future<Output = core[a373ad73a504971]::result::Result<(), alloc[2e1b2a31b91974c5]::boxed::Box<dyn core[a373ad73a504971]::error::Error>>>>>>::{closure#0}::{closure#0}>
[INFO] [stdout]   14:     0x5760c574f22e - <tokio[1e6c179e84f46a3e]::runtime::context::scoped::Scoped<tokio[1e6c179e84f46a3e]::runtime::scheduler::Context>>::set::<<tokio[1e6c179e84f46a3e]::runtime::scheduler::current_thread::CoreGuard>::enter<<tokio[1e6c179e84f46a3e]::runtime::scheduler::current_thread::CoreGuard>::block_on<core[a373ad73a504971]::pin::Pin<&mut core[a373ad73a504971]::pin::Pin<&mut dyn core[a373ad73a504971]::future::future::Future<Output = core[a373ad73a504971]::result::Result<(), alloc[2e1b2a31b91974c5]::boxed::Box<dyn core[a373ad73a504971]::error::Error>>>>>>::{closure#0}, core[a373ad73a504971]::option::Option<core[a373ad73a504971]::result::Result<(), alloc[2e1b2a31b91974c5]::boxed::Box<dyn core[a373ad73a504971]::error::Error>>>>::{closure#0}, (alloc[2e1b2a31b91974c5]::boxed::Box<tokio[1e6c179e84f46a3e]::runtime::scheduler::current_thread::Core>, core[a373ad73a504971]::option::Option<core[a373ad73a504971]::result::Result<(), alloc[2e1b2a31b91974c5]::boxed::Box<dyn core[a373ad73a504971]::error::Error>>>)>
[INFO] [stdout]   15:     0x5760c574aea9 - <tokio[1e6c179e84f46a3e]::runtime::scheduler::current_thread::CoreGuard>::block_on::<core[a373ad73a504971]::pin::Pin<&mut core[a373ad73a504971]::pin::Pin<&mut dyn core[a373ad73a504971]::future::future::Future<Output = core[a373ad73a504971]::result::Result<(), alloc[2e1b2a31b91974c5]::boxed::Box<dyn core[a373ad73a504971]::error::Error>>>>>>
[INFO] [stdout]   16:     0x5760c574ec4a - tokio[1e6c179e84f46a3e]::runtime::context::runtime::enter_runtime::<<tokio[1e6c179e84f46a3e]::runtime::scheduler::current_thread::CurrentThread>::block_on<core[a373ad73a504971]::pin::Pin<&mut dyn core[a373ad73a504971]::future::future::Future<Output = core[a373ad73a504971]::result::Result<(), alloc[2e1b2a31b91974c5]::boxed::Box<dyn core[a373ad73a504971]::error::Error>>>>>::{closure#0}, core[a373ad73a504971]::result::Result<(), alloc[2e1b2a31b91974c5]::boxed::Box<dyn core[a373ad73a504971]::error::Error>>>
[INFO] [stdout]   17:     0x5760c574f0f5 - <tokio[1e6c179e84f46a3e]::runtime::runtime::Runtime>::block_on::<core[a373ad73a504971]::pin::Pin<&mut dyn core[a373ad73a504971]::future::future::Future<Output = core[a373ad73a504971]::result::Result<(), alloc[2e1b2a31b91974c5]::boxed::Box<dyn core[a373ad73a504971]::error::Error>>>>>
[INFO] [stdout]   18:     0x5760c57461d4 - <run_smoke[43321e0921b907b5]::proof_timeout_kills_forked_children_process_group::{closure#0} as core[a373ad73a504971]::ops::function::FnOnce<()>>::call_once
[INFO] [stdout]   19:     0x5760c575240b - test[aada8e7e76ba119b]::__rust_begin_short_backtrace::<core[a373ad73a504971]::result::Result<(), alloc[2e1b2a31b91974c5]::string::String>, fn() -> core[a373ad73a504971]::result::Result<(), alloc[2e1b2a31b91974c5]::string::String>>
[INFO] [stdout]   20:     0x5760c575f5e5 - test[aada8e7e76ba119b]::run_test::{closure#0}
[INFO] [stdout]   21:     0x5760c5758ed4 - std[617be2ca0a6fd877]::sys::backtrace::__rust_begin_short_backtrace::<test[aada8e7e76ba119b]::run_test::{closure#1}, ()>
[INFO] [stdout]   22:     0x5760c5762672 - <std[617be2ca0a6fd877]::thread::lifecycle::spawn_unchecked<test[aada8e7e76ba119b]::run_test::{closure#1}, ()>::{closure#1} as core[a373ad73a504971]::ops::function::FnOnce<()>>::call_once::{shim:vtable#0}
[INFO] [stdout]   23:     0x5760c583b5bf - <std[617be2ca0a6fd877]::sys::thread::unix::Thread>::new::thread_start
[INFO] [stdout]   24:     0x7585c13d2dfa - <unknown>
[INFO] [stdout]   25:     0x7585c14663d4 - clone
[INFO] [stdout]   26:                0x0 - <unknown>
[INFO] [stdout] 
[INFO] [stdout] 
[INFO] [stdout] failures:
[INFO] [stdout]     proof_timeout_kills_forked_children_process_group
[INFO] [stdout] 
[INFO] [stdout] test result: FAILED. 5 passed; 1 failed; 0 ignored; 0 measured; 0 filtered out; finished in 2.29s
[INFO] [stdout] 
[INFO] running `Command { std: "docker" "inspect" "c0380d644c21ba8fd329643d533bf7d7046cbed4b08e722959420cbb644eda8d", kill_on_drop: false }`
[INFO] running `Command { std: "docker" "rm" "-f" "c0380d644c21ba8fd329643d533bf7d7046cbed4b08e722959420cbb644eda8d", kill_on_drop: false }`
[INFO] [stdout] c0380d644c21ba8fd329643d533bf7d7046cbed4b08e722959420cbb644eda8d
