[INFO] fetching crate x-ai 0.1.0...
[INFO] testing x-ai-0.1.0 against 1.100.0-beta.1+cargoflags=--release for beta-release-1.100-2
[INFO] extracting crate x-ai 0.1.0 into /workspace/builds/worker-4-tc2/source
[INFO] started tweaking crates.io crate x-ai 0.1.0
[INFO] finished tweaking crates.io crate x-ai 0.1.0
[INFO] tweaked toml for crates.io crate x-ai 0.1.0 written to /workspace/builds/worker-4-tc2/source/Cargo.toml
[INFO] validating manifest of crates.io crate x-ai 0.1.0 on toolchain 1.100.0-beta.1
[INFO] running `Command { std: CARGO_HOME="/workspace/cargo-home" RUSTUP_HOME="/workspace/rustup-home" "/workspace/cargo-home/bin/cargo" "+1.100.0-beta.1" "metadata" "--manifest-path" "Cargo.toml" "--no-deps", kill_on_drop: false }`
[INFO] crate crates.io crate x-ai 0.1.0 already has a lockfile, it will not be regenerated
[INFO] running `Command { std: CARGO_HOME="/workspace/cargo-home" RUSTUP_HOME="/workspace/rustup-home" "/workspace/cargo-home/bin/cargo" "+1.100.0-beta.1" "fetch" "--manifest-path" "Cargo.toml", kill_on_drop: false }`
[INFO] running `Command { std: "docker" "create" "-v" "/var/lib/crater-agent-workspace/builds/worker-4-tc2/source:/opt/rustwide/workdir:ro,Z" "-v" "/var/lib/crater-agent-workspace/builds/worker-4-tc2/target:/opt/rustwide/target:rw,Z" "-v" "/var/lib/crater-agent-workspace/cargo-home:/opt/rustwide/cargo-home:ro,Z" "-v" "/var/lib/crater-agent-workspace/rustup-home:/opt/rustwide/rustup-home:ro,Z" "-m" "1610612736" "--network" "none" "ghcr.io/rust-lang/crates-build-env/linux@sha256:77db811e55d90add9212f6832c23229e3de5f1c1f9905e8cb07319ea15df73ac" "sleep" "infinity", kill_on_drop: false }`
[INFO] [stdout] f3af834980296531447fdc16ff731b800bf006efc462952dafd433b88ec6fbb0
[INFO] running `Command { std: "docker" "start" "f3af834980296531447fdc16ff731b800bf006efc462952dafd433b88ec6fbb0", kill_on_drop: false }`
[INFO] running `Command { std: "docker" "inspect" "f3af834980296531447fdc16ff731b800bf006efc462952dafd433b88ec6fbb0", kill_on_drop: false }`
[INFO] running `Command { std: "docker" "exec" "-e" "SOURCE_DIR=/opt/rustwide/workdir" "-e" "CARGO_HOME=/opt/rustwide/cargo-home" "-e" "RUSTUP_HOME=/opt/rustwide/rustup-home" "-e" "CARGO_TARGET_DIR=/opt/rustwide/target" "-w" "/opt/rustwide/workdir" "--user" "0:0" "f3af834980296531447fdc16ff731b800bf006efc462952dafd433b88ec6fbb0" "/opt/rustwide/cargo-home/bin/cargo" "+1.100.0-beta.1" "metadata" "--no-deps" "--format-version=1", kill_on_drop: false }`
[INFO] running `Command { std: "docker" "inspect" "f3af834980296531447fdc16ff731b800bf006efc462952dafd433b88ec6fbb0", kill_on_drop: false }`
[INFO] running `Command { std: "docker" "exec" "-e" "SOURCE_DIR=/opt/rustwide/workdir" "-e" "CARGO_HOME=/opt/rustwide/cargo-home" "-e" "RUSTUP_HOME=/opt/rustwide/rustup-home" "-e" "CARGO_TARGET_DIR=/opt/rustwide/target" "-e" "CARGO_INCREMENTAL=0" "-e" "RUST_BACKTRACE=full" "-e" "RUSTFLAGS=--cap-lints=warn" "-e" "RUSTDOCFLAGS=--cap-lints=warn" "-w" "/opt/rustwide/workdir" "--user" "0:0" "f3af834980296531447fdc16ff731b800bf006efc462952dafd433b88ec6fbb0" "/opt/rustwide/cargo-home/bin/cargo" "+1.100.0-beta.1" "build" "--frozen" "--message-format=json" "--release", kill_on_drop: false }`
[INFO] [stderr]    Compiling libc v0.2.186
[INFO] [stderr]    Compiling stable_deref_trait v1.2.1
[INFO] [stderr]    Compiling pin-project-lite v0.2.17
[INFO] [stderr]    Compiling bytes v1.11.1
[INFO] [stderr]    Compiling futures-core v0.3.32
[INFO] [stderr]    Compiling itoa v1.0.18
[INFO] [stderr]    Compiling futures-sink v0.3.32
[INFO] [stderr]    Compiling once_cell v1.21.4
[INFO] [stderr]    Compiling aws-lc-rs v1.16.3
[INFO] [stderr]    Compiling zeroize v1.8.2
[INFO] [stderr]    Compiling smallvec v1.15.1
[INFO] [stderr]    Compiling litemap v0.8.2
[INFO] [stderr]    Compiling writeable v0.6.3
[INFO] [stderr]    Compiling slab v0.4.12
[INFO] [stderr]    Compiling icu_normalizer_data v2.2.0
[INFO] [stderr]    Compiling syn v2.0.117
[INFO] [stderr]    Compiling memchr v2.8.0
[INFO] [stderr]    Compiling utf8_iter v1.0.4
[INFO] [stderr]    Compiling icu_properties_data v2.2.0
[INFO] [stderr]    Compiling hashbrown v0.17.0
[INFO] [stderr]    Compiling futures-io v0.3.32
[INFO] [stderr]    Compiling equivalent v1.0.2
[INFO] [stderr]    Compiling rustls-pki-types v1.14.1
[INFO] [stderr]    Compiling rustls v0.23.40
[INFO] [stderr]    Compiling untrusted v0.9.0
[INFO] [stderr]    Compiling futures-task v0.3.32
[INFO] [stderr]    Compiling httparse v1.10.1
[INFO] [stderr]    Compiling tracing-core v0.1.36
[INFO] [stderr]    Compiling atomic-waker v1.1.2
[INFO] [stderr]    Compiling try-lock v0.2.5
[INFO] [stderr]    Compiling percent-encoding v2.3.2
[INFO] [stderr]    Compiling subtle v2.6.1
[INFO] [stderr]    Compiling tower-service v0.3.3
[INFO] [stderr]    Compiling fnv v1.0.7
[INFO] [stderr]    Compiling want v0.3.1
[INFO] [stderr]    Compiling serde_core v1.0.228
[INFO] [stderr]    Compiling futures-channel v0.3.32
[INFO] [stderr]    Compiling zmij v1.0.21
[INFO] [stderr]    Compiling sync_wrapper v1.0.2
[INFO] [stderr]    Compiling openssl-probe v0.2.1
[INFO] [stderr]    Compiling tower-layer v0.3.3
[INFO] [stderr]    Compiling base64 v0.22.1
[INFO] [stderr]    Compiling ipnet v2.12.0
[INFO] [stderr]    Compiling serde_json v1.0.149
[INFO] [stderr]    Compiling serde v1.0.228
[INFO] [stderr]    Compiling rustls-native-certs v0.8.3
[INFO] [stderr]    Compiling form_urlencoded v1.2.2
[INFO] [stderr]    Compiling futures-util v0.3.32
[INFO] [stderr]    Compiling cfg-if v1.0.4
[INFO] [stderr]    Compiling bitflags v2.11.1
[INFO] [stderr]    Compiling iri-string v0.7.12
[INFO] [stderr]    Compiling log v0.4.29
[INFO] [stderr]    Compiling thiserror v2.0.18
[INFO] [stderr]    Compiling encoding_rs v0.8.35
[INFO] [stderr]    Compiling indexmap v2.14.0
[INFO] [stderr]    Compiling mime v0.3.17
[INFO] [stderr]    Compiling tracing v0.1.44
[INFO] [stderr]    Compiling http v1.4.0
[INFO] [stderr]    Compiling socket2 v0.6.3
[INFO] [stderr]    Compiling mio v1.2.0
[INFO] [stderr]    Compiling http-body v1.0.1
[INFO] [stderr]    Compiling http-body-util v0.1.3
[INFO] [stderr]    Compiling jobserver v0.1.34
[INFO] [stderr]    Compiling tokio v1.52.2
[INFO] [stderr]    Compiling cc v1.2.61
[INFO] [stderr]    Compiling synstructure v0.13.2
[INFO] [stderr]    Compiling zerovec-derive v0.11.3
[INFO] [stderr]    Compiling displaydoc v0.2.5
[INFO] [stderr]    Compiling serde_derive v1.0.228
[INFO] [stderr]    Compiling thiserror-impl v2.0.18
[INFO] [stderr]    Compiling zerofrom-derive v0.1.7
[INFO] [stderr]    Compiling yoke-derive v0.8.2
[INFO] [stderr]    Compiling cmake v0.1.58
[INFO] [stderr]    Compiling aws-lc-sys v0.40.0
[INFO] [stderr]    Compiling zerofrom v0.1.7
[INFO] [stderr]    Compiling yoke v0.8.2
[INFO] [stderr]    Compiling zerotrie v0.2.4
[INFO] [stderr]    Compiling zerovec v0.11.6
[INFO] [stderr]    Compiling tinystr v0.8.3
[INFO] [stderr]    Compiling potential_utf v0.1.5
[INFO] [stderr]    Compiling icu_collections v2.2.0
[INFO] [stderr]    Compiling icu_locale_core v2.2.0
[INFO] [stderr]    Compiling tokio-util v0.7.18
[INFO] [stderr]    Compiling tower v0.5.3
[INFO] [stderr]    Compiling icu_provider v2.2.0
[INFO] [stderr]    Compiling h2 v0.4.14
[INFO] [stderr]    Compiling tower-http v0.6.8
[INFO] [stderr]    Compiling icu_normalizer v2.2.0
[INFO] [stderr]    Compiling icu_properties v2.2.0
[INFO] [stderr]    Compiling idna_adapter v1.2.2
[INFO] [stderr]    Compiling idna v1.1.0
[INFO] [stderr]    Compiling url v2.5.8
[INFO] [stderr]    Compiling hyper v1.9.0
[INFO] [stderr]    Compiling hyper-util v0.1.20
[INFO] [stderr]    Compiling rustls-webpki v0.103.13
[INFO] [stderr]    Compiling tokio-rustls v0.26.4
[INFO] [stderr]    Compiling rustls-platform-verifier v0.7.0
[INFO] [stderr]    Compiling hyper-rustls v0.27.9
[INFO] [stderr]    Compiling reqwest v0.13.3
[INFO] [stderr]    Compiling x-ai v0.1.0 (/opt/rustwide/workdir)
[INFO] [stderr]     Finished `release` profile [optimized] target(s) in 1m 20s
[INFO] running `Command { std: "docker" "inspect" "f3af834980296531447fdc16ff731b800bf006efc462952dafd433b88ec6fbb0", kill_on_drop: false }`
[INFO] running `Command { std: "docker" "exec" "-e" "SOURCE_DIR=/opt/rustwide/workdir" "-e" "CARGO_HOME=/opt/rustwide/cargo-home" "-e" "RUSTUP_HOME=/opt/rustwide/rustup-home" "-e" "CARGO_TARGET_DIR=/opt/rustwide/target" "-e" "CARGO_INCREMENTAL=0" "-e" "RUST_BACKTRACE=full" "-e" "RUSTFLAGS=--cap-lints=warn" "-e" "RUSTDOCFLAGS=--cap-lints=warn" "-w" "/opt/rustwide/workdir" "--user" "0:0" "f3af834980296531447fdc16ff731b800bf006efc462952dafd433b88ec6fbb0" "/opt/rustwide/cargo-home/bin/cargo" "+1.100.0-beta.1" "test" "--frozen" "--no-run" "--message-format=json" "--release", kill_on_drop: false }`
[INFO] [stderr]    Compiling syn v2.0.117
[INFO] [stderr]    Compiling smallvec v1.15.1
[INFO] [stderr]    Compiling stable_deref_trait v1.2.1
[INFO] [stderr]    Compiling cfg-if v1.0.4
[INFO] [stderr]    Compiling bytes v1.11.1
[INFO] [stderr]    Compiling pin-project-lite v0.2.17
[INFO] [stderr]    Compiling scopeguard v1.2.0
[INFO] [stderr]    Compiling futures-core v0.3.32
[INFO] [stderr]    Compiling once_cell v1.21.4
[INFO] [stderr]    Compiling libc v0.2.186
[INFO] [stderr]    Compiling parking_lot_core v0.9.12
[INFO] [stderr]    Compiling itoa v1.0.18
[INFO] [stderr]    Compiling futures-sink v0.3.32
[INFO] [stderr]    Compiling zeroize v1.8.2
[INFO] [stderr]    Compiling litemap v0.8.2
[INFO] [stderr]    Compiling writeable v0.6.3
[INFO] [stderr]    Compiling slab v0.4.12
[INFO] [stderr]    Compiling aws-lc-sys v0.40.0
[INFO] [stderr]    Compiling memchr v2.8.0
[INFO] [stderr]    Compiling lock_api v0.4.14
[INFO] [stderr]    Compiling utf8_iter v1.0.4
[INFO] [stderr]    Compiling equivalent v1.0.2
[INFO] [stderr]    Compiling untrusted v0.9.0
[INFO] [stderr]    Compiling futures-task v0.3.32
[INFO] [stderr]    Compiling futures-io v0.3.32
[INFO] [stderr]    Compiling rustls-pki-types v1.14.1
[INFO] [stderr]    Compiling hashbrown v0.17.0
[INFO] [stderr]    Compiling icu_normalizer_data v2.2.0
[INFO] [stderr]    Compiling icu_properties_data v2.2.0
[INFO] [stderr]    Compiling atomic-waker v1.1.2
[INFO] [stderr]    Compiling percent-encoding v2.3.2
[INFO] [stderr]    Compiling tower-service v0.3.3
[INFO] [stderr]    Compiling try-lock v0.2.5
[INFO] [stderr]    Compiling subtle v2.6.1
[INFO] [stderr]    Compiling tracing-core v0.1.36
[INFO] [stderr]    Compiling fnv v1.0.7
[INFO] [stderr]    Compiling want v0.3.1
[INFO] [stderr]    Compiling httparse v1.10.1
[INFO] [stderr]    Compiling futures-channel v0.3.32
[INFO] [stderr]    Compiling serde_core v1.0.228
[INFO] [stderr]    Compiling sync_wrapper v1.0.2
[INFO] [stderr]    Compiling openssl-probe v0.2.1
[INFO] [stderr]    Compiling ipnet v2.12.0
[INFO] [stderr]    Compiling base64 v0.22.1
[INFO] [stderr]    Compiling tower-layer v0.3.3
[INFO] [stderr]    Compiling form_urlencoded v1.2.2
[INFO] [stderr]    Compiling zmij v1.0.21
[INFO] [stderr]    Compiling bitflags v2.11.1
[INFO] [stderr]    Compiling iri-string v0.7.12
[INFO] [stderr]    Compiling futures-util v0.3.32
[INFO] [stderr]    Compiling log v0.4.29
[INFO] [stderr]    Compiling rustls-native-certs v0.8.3
[INFO] [stderr]    Compiling encoding_rs v0.8.35
[INFO] [stderr]    Compiling mime v0.3.17
[INFO] [stderr]    Compiling aws-lc-rs v1.16.3
[INFO] [stderr]    Compiling tracing v0.1.44
[INFO] [stderr]    Compiling http v1.4.0
[INFO] [stderr]    Compiling indexmap v2.14.0
[INFO] [stderr]    Compiling errno v0.3.14
[INFO] [stderr]    Compiling mio v1.2.0
[INFO] [stderr]    Compiling socket2 v0.6.3
[INFO] [stderr]    Compiling signal-hook-registry v1.4.8
[INFO] [stderr]    Compiling parking_lot v0.12.5
[INFO] [stderr]    Compiling http-body v1.0.1
[INFO] [stderr]    Compiling http-body-util v0.1.3
[INFO] [stderr]    Compiling rustls-webpki v0.103.13
[INFO] [stderr]    Compiling rustls v0.23.40
[INFO] [stderr]    Compiling serde_json v1.0.149
[INFO] [stderr]    Compiling synstructure v0.13.2
[INFO] [stderr]    Compiling zerofrom-derive v0.1.7
[INFO] [stderr]    Compiling yoke-derive v0.8.2
[INFO] [stderr]    Compiling zerovec-derive v0.11.3
[INFO] [stderr]    Compiling displaydoc v0.2.5
[INFO] [stderr]    Compiling tokio-macros v2.7.0
[INFO] [stderr]    Compiling serde_derive v1.0.228
[INFO] [stderr]    Compiling thiserror-impl v2.0.18
[INFO] [stderr]    Compiling tokio v1.52.2
[INFO] [stderr]    Compiling zerofrom v0.1.7
[INFO] [stderr]    Compiling yoke v0.8.2
[INFO] [stderr]    Compiling zerovec v0.11.6
[INFO] [stderr]    Compiling zerotrie v0.2.4
[INFO] [stderr]    Compiling thiserror v2.0.18
[INFO] [stderr]    Compiling tinystr v0.8.3
[INFO] [stderr]    Compiling potential_utf v0.1.5
[INFO] [stderr]    Compiling rustls-platform-verifier v0.7.0
[INFO] [stderr]    Compiling icu_collections v2.2.0
[INFO] [stderr]    Compiling icu_locale_core v2.2.0
[INFO] [stderr]    Compiling serde v1.0.228
[INFO] [stderr]    Compiling icu_provider v2.2.0
[INFO] [stderr]    Compiling icu_normalizer v2.2.0
[INFO] [stderr]    Compiling icu_properties v2.2.0
[INFO] [stderr]    Compiling idna_adapter v1.2.2
[INFO] [stderr]    Compiling idna v1.1.0
[INFO] [stderr]    Compiling url v2.5.8
[INFO] [stderr]    Compiling tokio-util v0.7.18
[INFO] [stderr]    Compiling tower v0.5.3
[INFO] [stderr]    Compiling tokio-rustls v0.26.4
[INFO] [stderr]    Compiling h2 v0.4.14
[INFO] [stderr]    Compiling tower-http v0.6.8
[INFO] [stderr]    Compiling hyper v1.9.0
[INFO] [stderr]    Compiling hyper-util v0.1.20
[INFO] [stderr]    Compiling hyper-rustls v0.27.9
[INFO] [stderr]    Compiling reqwest v0.13.3
[INFO] [stderr]    Compiling x-ai v0.1.0 (/opt/rustwide/workdir)
[INFO] [stderr]     Finished `release` profile [optimized] target(s) in 1m 04s
[INFO] running `Command { std: "docker" "inspect" "f3af834980296531447fdc16ff731b800bf006efc462952dafd433b88ec6fbb0", kill_on_drop: false }`
[INFO] running `Command { std: "docker" "exec" "-e" "SOURCE_DIR=/opt/rustwide/workdir" "-e" "CARGO_HOME=/opt/rustwide/cargo-home" "-e" "RUSTUP_HOME=/opt/rustwide/rustup-home" "-e" "CARGO_TARGET_DIR=/opt/rustwide/target" "-e" "CARGO_INCREMENTAL=0" "-e" "RUST_BACKTRACE=full" "-e" "RUSTFLAGS=--cap-lints=warn" "-e" "RUSTDOCFLAGS=--cap-lints=warn" "-w" "/opt/rustwide/workdir" "--user" "0:0" "f3af834980296531447fdc16ff731b800bf006efc462952dafd433b88ec6fbb0" "/opt/rustwide/cargo-home/bin/cargo" "+1.100.0-beta.1" "test" "--frozen" "--release", kill_on_drop: false }`
[INFO] [stderr]     Finished `release` profile [optimized] target(s) in 0.24s
[INFO] [stderr]      Running unittests src/lib.rs (/opt/rustwide/target/release/build/x-ai/a7d779a217c6d32d/out/x_ai-a7d779a217c6d32d)
[INFO] [stdout] 
[INFO] [stdout] running 0 tests
[INFO] [stdout] 
[INFO] [stdout] test result: ok. 0 passed; 0 failed; 0 ignored; 0 measured; 0 filtered out; finished in 0.00s
[INFO] [stdout] 
[INFO] [stderr]    Doc-tests x_ai
[INFO] [stdout] 
[INFO] [stdout] running 5 tests
[INFO] [stdout] test src/../README.md - (line 159) ... ignored
[INFO] [stdout] test src/../README.md - (line 191) ... ignored
[INFO] [stdout] test src/../README.md - (line 224) ... ignored
[INFO] [stdout] test src/../README.md - (line 257) ... ignored
[INFO] [stdout] test src/../README.md - (line 133) ... FAILED
[INFO] [stdout] 
[INFO] [stdout] failures:
[INFO] [stdout] 
[INFO] [stdout] ---- src/../README.md - (line 133) stdout ----
[INFO] [stdout] Test executable failed (exit status: 101).
[INFO] [stdout] 
[INFO] [stdout] stderr:
[INFO] [stdout] 
[INFO] [stdout] thread 'main' (3362) panicked at /tmp/rustdoctest2CyRdp/doctest_bundle_2024.rs:18:14:
[INFO] [stdout] XAI_API_KEY must be set!: NotPresent
[INFO] [stdout] stack backtrace:
[INFO] [stdout]    0:     0x60b9dd897d52 - std[617be2ca0a6fd877]::backtrace_rs::backtrace::libunwind::trace
[INFO] [stdout]                                at /rustc/e3feeb59cd1bdd011a2bfcc0747b55125d9b8527/library/std/src/../../backtrace/src/backtrace/libunwind.rs:117:9
[INFO] [stdout]    1:     0x60b9dd897d52 - std[617be2ca0a6fd877]::backtrace_rs::backtrace::trace_unsynchronized::<std[617be2ca0a6fd877]::sys::backtrace::_print_fmt::{closure#1}>
[INFO] [stdout]                                at /rustc/e3feeb59cd1bdd011a2bfcc0747b55125d9b8527/library/std/src/../../backtrace/src/backtrace/mod.rs:66:14
[INFO] [stdout]    2:     0x60b9dd897d52 - std[617be2ca0a6fd877]::sys::backtrace::_print_fmt
[INFO] [stdout]                                at /rustc/e3feeb59cd1bdd011a2bfcc0747b55125d9b8527/library/std/src/sys/backtrace.rs:74:9
[INFO] [stdout]    3:     0x60b9dd897d52 - <<std[617be2ca0a6fd877]::sys::backtrace::BacktraceLock>::print::DisplayBacktrace as core[a373ad73a504971]::fmt::Display>::fmt
[INFO] [stdout]                                at /rustc/e3feeb59cd1bdd011a2bfcc0747b55125d9b8527/library/std/src/sys/backtrace.rs:44:26
[INFO] [stdout]    4:     0x60b9dd627d2c - <core[a373ad73a504971]::fmt::rt::Argument>::fmt
[INFO] [stdout]                                at /rustc/e3feeb59cd1bdd011a2bfcc0747b55125d9b8527/library/core/src/fmt/rt.rs:152:76
[INFO] [stdout]    5:     0x60b9dd627d2c - core[a373ad73a504971]::fmt::write
[INFO] [stdout]                                at /rustc/e3feeb59cd1bdd011a2bfcc0747b55125d9b8527/library/core/src/fmt/mod.rs:1687:22
[INFO] [stdout]    6:     0x60b9dd895b87 - core[a373ad73a504971]::io::write::default_write_fmt::<std[617be2ca0a6fd877]::sys::stdio::unix::Stderr>
[INFO] [stdout]                                at /rustc/e3feeb59cd1bdd011a2bfcc0747b55125d9b8527/library/core/src/io/write.rs:402:11
[INFO] [stdout]    7:     0x60b9dd895b87 - <std[617be2ca0a6fd877]::sys::stdio::unix::Stderr as core[a373ad73a504971]::io::write::Write>::write_fmt
[INFO] [stdout]                                at /rustc/e3feeb59cd1bdd011a2bfcc0747b55125d9b8527/library/core/src/io/write.rs:335:13
[INFO] [stdout]    8:     0x60b9dd8965bc - <std[617be2ca0a6fd877]::sys::backtrace::BacktraceLock>::print
[INFO] [stdout]                                at /rustc/e3feeb59cd1bdd011a2bfcc0747b55125d9b8527/library/std/src/sys/backtrace.rs:47:9
[INFO] [stdout]    9:     0x60b9dd8965bc - std[617be2ca0a6fd877]::panicking::default_hook::{closure#0}
[INFO] [stdout]                                at /rustc/e3feeb59cd1bdd011a2bfcc0747b55125d9b8527/library/std/src/panicking.rs:289:27
[INFO] [stdout]   10:     0x60b9dd895dd6 - std[617be2ca0a6fd877]::panicking::default_hook
[INFO] [stdout]                                at /rustc/e3feeb59cd1bdd011a2bfcc0747b55125d9b8527/library/std/src/panicking.rs:316:9
[INFO] [stdout]   11:     0x60b9dd8956d2 - std[617be2ca0a6fd877]::panicking::panic_with_hook
[INFO] [stdout]                                at /rustc/e3feeb59cd1bdd011a2bfcc0747b55125d9b8527/library/std/src/panicking.rs:811:13
[INFO] [stdout]   12:     0x60b9dd8f829a - std[617be2ca0a6fd877]::panicking::panic_handler::{closure#0}
[INFO] [stdout]                                at /rustc/e3feeb59cd1bdd011a2bfcc0747b55125d9b8527/library/std/src/panicking.rs:685:13
[INFO] [stdout]   13:     0x60b9dd8f81f9 - std[617be2ca0a6fd877]::sys::backtrace::__rust_end_short_backtrace::<std[617be2ca0a6fd877]::panicking::panic_handler::{closure#0}, !>
[INFO] [stdout]                                at /rustc/e3feeb59cd1bdd011a2bfcc0747b55125d9b8527/library/std/src/sys/backtrace.rs:182:18
[INFO] [stdout]   14:     0x60b9dd8f8be4 - __rustc[ea4f61d10b84890b]::rust_begin_unwind
[INFO] [stdout]                                at /rustc/e3feeb59cd1bdd011a2bfcc0747b55125d9b8527/library/std/src/panicking.rs:676:5
[INFO] [stdout]   15:     0x60b9dd627aed - core[a373ad73a504971]::panicking::panic_fmt
[INFO] [stdout]                                at /rustc/e3feeb59cd1bdd011a2bfcc0747b55125d9b8527/library/core/src/panicking.rs:80:14
[INFO] [stdout]   16:     0x60b9dd6320c9 - core[a373ad73a504971]::result::unwrap_failed
[INFO] [stdout]                                at /rustc/e3feeb59cd1bdd011a2bfcc0747b55125d9b8527/library/core/src/result.rs:1870:5
[INFO] [stdout]   17:     0x60b9dd6476f0 - <core[a373ad73a504971]::result::Result<alloc[2e1b2a31b91974c5]::string::String, std[617be2ca0a6fd877]::env::VarError>>::expect
[INFO] [stdout]   18:     0x60b9dd64722a - doctest_bundle_2024[8cc95805e96201d2]::__doctest_0::main::{closure#0}
[INFO] [stdout]   19:     0x60b9dd65acf6 - <tokio[8af2ef50ad7cd8b7]::runtime::park::CachedParkThread>::block_on::<doctest_bundle_2024[8cc95805e96201d2]::__doctest_0::main::{closure#0}>::{closure#0}
[INFO] [stdout]   20:     0x60b9dd65abae - <tokio[8af2ef50ad7cd8b7]::runtime::park::CachedParkThread>::block_on::<doctest_bundle_2024[8cc95805e96201d2]::__doctest_0::main::{closure#0}>
[INFO] [stdout]   21:     0x60b9dd65a97f - <tokio[8af2ef50ad7cd8b7]::runtime::context::blocking::BlockingRegionGuard>::block_on::<doctest_bundle_2024[8cc95805e96201d2]::__doctest_0::main::{closure#0}>
[INFO] [stdout]   22:     0x60b9dd65a8de - <tokio[8af2ef50ad7cd8b7]::runtime::scheduler::multi_thread::MultiThread>::block_on::<doctest_bundle_2024[8cc95805e96201d2]::__doctest_0::main::{closure#0}>::{closure#0}
[INFO] [stdout]   23:     0x60b9dd65a7a7 - tokio[8af2ef50ad7cd8b7]::runtime::context::runtime::enter_runtime::<<tokio[8af2ef50ad7cd8b7]::runtime::scheduler::multi_thread::MultiThread>::block_on<doctest_bundle_2024[8cc95805e96201d2]::__doctest_0::main::{closure#0}>::{closure#0}, ()>
[INFO] [stdout]   24:     0x60b9dd6582f3 - <tokio[8af2ef50ad7cd8b7]::runtime::scheduler::multi_thread::MultiThread>::block_on::<doctest_bundle_2024[8cc95805e96201d2]::__doctest_0::main::{closure#0}>
[INFO] [stdout]   25:     0x60b9dd6581ed - <tokio[8af2ef50ad7cd8b7]::runtime::runtime::Runtime>::block_on_inner::<doctest_bundle_2024[8cc95805e96201d2]::__doctest_0::main::{closure#0}>
[INFO] [stdout]   26:     0x60b9dd65b1c5 - <tokio[8af2ef50ad7cd8b7]::runtime::runtime::Runtime>::block_on::<doctest_bundle_2024[8cc95805e96201d2]::__doctest_0::main::{closure#0}>
[INFO] [stdout]   27:     0x60b9dd65b98b - doctest_bundle_2024[8cc95805e96201d2]::__doctest_0::main
[INFO] [stdout]   28:     0x60b9dd65b85e - doctest_bundle_2024[8cc95805e96201d2]::__doctest_0::__main_fn
[INFO] [stdout]   29:     0x60b9dd616d9f - doctest_runner_2024[a5234fb354d81c5]::__doctest_0::TEST::{closure#0}
[INFO] [stdout]   30:     0x60b9dd61a246 - <doctest_runner_2024[a5234fb354d81c5]::__doctest_0::TEST::{closure#0} as core[a373ad73a504971]::ops::function::FnOnce<()>>::call_once
[INFO] [stdout]   31:     0x60b9dd617277 - doctest_runner_2024[a5234fb354d81c5]::main
[INFO] [stdout]   32:     0x60b9dd61a1d3 - <fn() -> std[617be2ca0a6fd877]::process::ExitCode as core[a373ad73a504971]::ops::function::FnOnce<()>>::call_once
[INFO] [stdout]   33:     0x60b9dd6166be - std[617be2ca0a6fd877]::sys::backtrace::__rust_begin_short_backtrace::<fn() -> std[617be2ca0a6fd877]::process::ExitCode, std[617be2ca0a6fd877]::process::ExitCode>
[INFO] [stdout]   34:     0x60b9dd616bb9 - std[617be2ca0a6fd877]::rt::lang_start::<std[617be2ca0a6fd877]::process::ExitCode>::{closure#0}
[INFO] [stdout]   35:     0x60b9dd912fbb - <&dyn core[a373ad73a504971]::ops::function::Fn<(), Output = i32> + core[a373ad73a504971]::marker::Sync + core[a373ad73a504971]::panic::unwind_safe::RefUnwindSafe as core[a373ad73a504971]::ops::function::FnOnce<()>>::call_once
[INFO] [stdout]                                at /rustc/e3feeb59cd1bdd011a2bfcc0747b55125d9b8527/library/core/src/ops/function.rs:287:21
[INFO] [stdout]   36:     0x60b9dd912fbb - std[617be2ca0a6fd877]::panicking::catch_unwind::do_call::<&dyn core[a373ad73a504971]::ops::function::Fn<(), Output = i32> + core[a373ad73a504971]::marker::Sync + core[a373ad73a504971]::panic::unwind_safe::RefUnwindSafe, i32>
[INFO] [stdout]                                at /rustc/e3feeb59cd1bdd011a2bfcc0747b55125d9b8527/library/std/src/panicking.rs:573:43
[INFO] [stdout]   37:     0x60b9dd912fbb - std[617be2ca0a6fd877]::panicking::catch_unwind::<i32, &dyn core[a373ad73a504971]::ops::function::Fn<(), Output = i32> + core[a373ad73a504971]::marker::Sync + core[a373ad73a504971]::panic::unwind_safe::RefUnwindSafe>
[INFO] [stdout]                                at /rustc/e3feeb59cd1bdd011a2bfcc0747b55125d9b8527/library/std/src/panicking.rs:541:19
[INFO] [stdout]   38:     0x60b9dd912fbb - std[617be2ca0a6fd877]::panic::catch_unwind::<&dyn core[a373ad73a504971]::ops::function::Fn<(), Output = i32> + core[a373ad73a504971]::marker::Sync + core[a373ad73a504971]::panic::unwind_safe::RefUnwindSafe, i32>
[INFO] [stdout]                                at /rustc/e3feeb59cd1bdd011a2bfcc0747b55125d9b8527/library/std/src/panic.rs:359:14
[INFO] [stdout]   39:     0x60b9dd912fbb - std[617be2ca0a6fd877]::rt::lang_start_internal::{closure#0}
[INFO] [stdout]                                at /rustc/e3feeb59cd1bdd011a2bfcc0747b55125d9b8527/library/std/src/rt.rs:175:24
[INFO] [stdout]   40:     0x60b9dd912fbb - std[617be2ca0a6fd877]::panicking::catch_unwind::do_call::<std[617be2ca0a6fd877]::rt::lang_start_internal::{closure#0}, isize>
[INFO] [stdout]                                at /rustc/e3feeb59cd1bdd011a2bfcc0747b55125d9b8527/library/std/src/panicking.rs:573:43
[INFO] [stdout]   41:     0x60b9dd912fbb - std[617be2ca0a6fd877]::panicking::catch_unwind::<isize, std[617be2ca0a6fd877]::rt::lang_start_internal::{closure#0}>
[INFO] [stdout]                                at /rustc/e3feeb59cd1bdd011a2bfcc0747b55125d9b8527/library/std/src/panicking.rs:541:19
[INFO] [stdout]   42:     0x60b9dd912fbb - std[617be2ca0a6fd877]::panic::catch_unwind::<std[617be2ca0a6fd877]::rt::lang_start_internal::{closure#0}, isize>
[INFO] [stdout]                                at /rustc/e3feeb59cd1bdd011a2bfcc0747b55125d9b8527/library/std/src/panic.rs:359:14
[INFO] [stdout]   43:     0x60b9dd912fbb - std[617be2ca0a6fd877]::rt::lang_start_internal
[INFO] [stdout]                                at /rustc/e3feeb59cd1bdd011a2bfcc0747b55125d9b8527/library/std/src/rt.rs:171:5
[INFO] [stdout]   44:     0x60b9dd615e30 - std[617be2ca0a6fd877]::rt::lang_start::<std[617be2ca0a6fd877]::process::ExitCode>
[INFO] [stdout]   45:     0x60b9dd61a3d5 - main
[INFO] [stdout]   46:     0x7ad435b61601 - <unknown>
[INFO] [stdout]   47:     0x7ad435b61718 - __libc_start_main
[INFO] [stdout]   48:     0x60b9dd614f65 - _start
[INFO] [stdout]   49:                0x0 - <unknown>
[INFO] [stdout] 
[INFO] [stdout] 
[INFO] [stdout] 
[INFO] [stdout] failures:
[INFO] [stdout]     src/../README.md - (line 133)
[INFO] [stdout] 
[INFO] [stdout] test result: FAILED. 0 passed; 1 failed; 4 ignored; 0 measured; 0 filtered out; finished in 0.21s
[INFO] [stdout] 
[INFO] [stdout] all doctests ran in 10.28s; merged doctests compilation took 10.07s
[INFO] [stderr] error: doctest failed, to rerun pass `--doc`
[INFO] running `Command { std: "docker" "inspect" "f3af834980296531447fdc16ff731b800bf006efc462952dafd433b88ec6fbb0", kill_on_drop: false }`
[INFO] running `Command { std: "docker" "rm" "-f" "f3af834980296531447fdc16ff731b800bf006efc462952dafd433b88ec6fbb0", kill_on_drop: false }`
[INFO] [stdout] f3af834980296531447fdc16ff731b800bf006efc462952dafd433b88ec6fbb0
