[INFO] fetching crate wyzie-subs 0.2.0...
[INFO] testing wyzie-subs-0.2.0 against 1.99.0-beta.8+cargoflags=--release for beta-release-1.100-2
[INFO] extracting crate wyzie-subs 0.2.0 into /workspace/builds/worker-4-tc1/source
[INFO] started tweaking crates.io crate wyzie-subs 0.2.0
[INFO] finished tweaking crates.io crate wyzie-subs 0.2.0
[INFO] tweaked toml for crates.io crate wyzie-subs 0.2.0 written to /workspace/builds/worker-4-tc1/source/Cargo.toml
[INFO] validating manifest of crates.io crate wyzie-subs 0.2.0 on toolchain 1.99.0-beta.8
[INFO] running `Command { std: CARGO_HOME="/workspace/cargo-home" RUSTUP_HOME="/workspace/rustup-home" "/workspace/cargo-home/bin/cargo" "+1.99.0-beta.8" "metadata" "--manifest-path" "Cargo.toml" "--no-deps", kill_on_drop: false }`
[INFO] crate crates.io crate wyzie-subs 0.2.0 already has a lockfile, it will not be regenerated
[INFO] running `Command { std: CARGO_HOME="/workspace/cargo-home" RUSTUP_HOME="/workspace/rustup-home" "/workspace/cargo-home/bin/cargo" "+1.99.0-beta.8" "fetch" "--manifest-path" "Cargo.toml", kill_on_drop: false }`
[INFO] [stderr]  Downloading crates ...
[INFO] [stderr]   Downloaded rustls-pki-types v1.13.0
[INFO] [stderr]   Downloaded serde_qs v1.1.0
[INFO] [stderr]   Downloaded wasm-bindgen-futures v0.4.55
[INFO] [stderr]   Downloaded cc v1.2.46
[INFO] [stderr]   Downloaded security-framework v3.6.0
[INFO] [stderr]   Downloaded hyper-util v0.1.18
[INFO] [stderr]   Downloaded mio v1.1.0
[INFO] [stderr]   Downloaded aws-lc-rs v1.16.2
[INFO] [stderr]   Downloaded aws-lc-sys v0.39.1
[INFO] running `Command { std: "docker" "create" "-v" "/var/lib/crater-agent-workspace/builds/worker-4-tc1/source:/opt/rustwide/workdir:ro,Z" "-v" "/var/lib/crater-agent-workspace/builds/worker-4-tc1/target:/opt/rustwide/target:rw,Z" "-v" "/var/lib/crater-agent-workspace/cargo-home:/opt/rustwide/cargo-home:ro,Z" "-v" "/var/lib/crater-agent-workspace/rustup-home:/opt/rustwide/rustup-home:ro,Z" "-m" "1610612736" "--network" "none" "ghcr.io/rust-lang/crates-build-env/linux@sha256:77db811e55d90add9212f6832c23229e3de5f1c1f9905e8cb07319ea15df73ac" "sleep" "infinity", kill_on_drop: false }`
[INFO] [stdout] 31688776a6078fa42909255baad1384a815a92f928a321bb6aa6acc5f38234b0
[INFO] running `Command { std: "docker" "start" "31688776a6078fa42909255baad1384a815a92f928a321bb6aa6acc5f38234b0", kill_on_drop: false }`
[INFO] running `Command { std: "docker" "inspect" "31688776a6078fa42909255baad1384a815a92f928a321bb6aa6acc5f38234b0", kill_on_drop: false }`
[INFO] running `Command { std: "docker" "exec" "-e" "SOURCE_DIR=/opt/rustwide/workdir" "-e" "CARGO_HOME=/opt/rustwide/cargo-home" "-e" "RUSTUP_HOME=/opt/rustwide/rustup-home" "-e" "CARGO_TARGET_DIR=/opt/rustwide/target" "-w" "/opt/rustwide/workdir" "--user" "0:0" "31688776a6078fa42909255baad1384a815a92f928a321bb6aa6acc5f38234b0" "/opt/rustwide/cargo-home/bin/cargo" "+1.99.0-beta.8" "metadata" "--no-deps" "--format-version=1", kill_on_drop: false }`
[INFO] running `Command { std: "docker" "inspect" "31688776a6078fa42909255baad1384a815a92f928a321bb6aa6acc5f38234b0", kill_on_drop: false }`
[INFO] running `Command { std: "docker" "exec" "-e" "SOURCE_DIR=/opt/rustwide/workdir" "-e" "CARGO_HOME=/opt/rustwide/cargo-home" "-e" "RUSTUP_HOME=/opt/rustwide/rustup-home" "-e" "CARGO_TARGET_DIR=/opt/rustwide/target" "-e" "CARGO_INCREMENTAL=0" "-e" "RUST_BACKTRACE=full" "-e" "RUSTFLAGS=--cap-lints=warn" "-e" "RUSTDOCFLAGS=--cap-lints=warn" "-w" "/opt/rustwide/workdir" "--user" "0:0" "31688776a6078fa42909255baad1384a815a92f928a321bb6aa6acc5f38234b0" "/opt/rustwide/cargo-home/bin/cargo" "+1.99.0-beta.8" "build" "--frozen" "--message-format=json" "--release", kill_on_drop: false }`
[INFO] [stderr]    Compiling libc v0.2.177
[INFO] [stderr]    Compiling bytes v1.10.1
[INFO] [stderr]    Compiling aws-lc-rs v1.16.2
[INFO] [stderr]    Compiling syn v2.0.110
[INFO] [stderr]    Compiling rustls-pki-types v1.13.0
[INFO] [stderr]    Compiling tracing-core v0.1.34
[INFO] [stderr]    Compiling futures-sink v0.3.31
[INFO] [stderr]    Compiling hashbrown v0.16.0
[INFO] [stderr]    Compiling rustls v0.23.35
[INFO] [stderr]    Compiling log v0.4.28
[INFO] [stderr]    Compiling serde_json v1.0.149
[INFO] [stderr]    Compiling http v1.3.1
[INFO] [stderr]    Compiling indexmap v2.12.0
[INFO] [stderr]    Compiling tracing v0.1.41
[INFO] [stderr]    Compiling rustls-native-certs v0.8.3
[INFO] [stderr]    Compiling jobserver v0.1.34
[INFO] [stderr]    Compiling cc v1.2.46
[INFO] [stderr]    Compiling socket2 v0.6.1
[INFO] [stderr]    Compiling mio v1.1.0
[INFO] [stderr]    Compiling tokio v1.48.0
[INFO] [stderr]    Compiling http-body v1.0.1
[INFO] [stderr]    Compiling http-body-util v0.1.3
[INFO] [stderr]    Compiling cmake v0.1.58
[INFO] [stderr]    Compiling aws-lc-sys v0.39.1
[INFO] [stderr]    Compiling synstructure v0.13.2
[INFO] [stderr]    Compiling zerofrom-derive v0.1.6
[INFO] [stderr]    Compiling yoke-derive v0.8.1
[INFO] [stderr]    Compiling zerovec-derive v0.11.2
[INFO] [stderr]    Compiling displaydoc v0.2.5
[INFO] [stderr]    Compiling serde_derive v1.0.228
[INFO] [stderr]    Compiling zerofrom v0.1.6
[INFO] [stderr]    Compiling thiserror-impl v2.0.18
[INFO] [stderr]    Compiling typed-builder-macro v0.23.2
[INFO] [stderr]    Compiling strum_macros v0.28.0
[INFO] [stderr]    Compiling yoke v0.8.1
[INFO] [stderr]    Compiling zerovec v0.11.5
[INFO] [stderr]    Compiling zerotrie v0.2.3
[INFO] [stderr]    Compiling tinystr v0.8.2
[INFO] [stderr]    Compiling icu_locale_core v2.1.1
[INFO] [stderr]    Compiling potential_utf v0.1.4
[INFO] [stderr]    Compiling icu_collections v2.1.1
[INFO] [stderr]    Compiling tokio-util v0.7.17
[INFO] [stderr]    Compiling h2 v0.4.12
[INFO] [stderr]    Compiling tower v0.5.2
[INFO] [stderr]    Compiling icu_provider v2.1.1
[INFO] [stderr]    Compiling serde v1.0.228
[INFO] [stderr]    Compiling tower-http v0.6.8
[INFO] [stderr]    Compiling icu_normalizer v2.1.1
[INFO] [stderr]    Compiling icu_properties v2.1.1
[INFO] [stderr]    Compiling serde_urlencoded v0.7.1
[INFO] [stderr]    Compiling serde_qs v1.1.0
[INFO] [stderr]    Compiling strum v0.28.0
[INFO] [stderr]    Compiling typed-builder v0.23.2
[INFO] [stderr]    Compiling thiserror v2.0.18
[INFO] [stderr]    Compiling idna_adapter v1.2.1
[INFO] [stderr]    Compiling idna v1.1.0
[INFO] [stderr]    Compiling url v2.5.8
[INFO] [stderr]    Compiling hyper v1.8.1
[INFO] [stderr]    Compiling hyper-util v0.1.18
[INFO] [stderr]    Compiling rustls-webpki v0.103.8
[INFO] [stderr]    Compiling tokio-rustls v0.26.4
[INFO] [stderr]    Compiling rustls-platform-verifier v0.6.2
[INFO] [stderr]    Compiling hyper-rustls v0.27.7
[INFO] [stderr]    Compiling reqwest v0.13.2
[INFO] [stderr]    Compiling wyzie-subs v0.2.0 (/opt/rustwide/workdir)
[INFO] [stderr]     Finished `release` profile [optimized] target(s) in 3m 29s
[INFO] running `Command { std: "docker" "inspect" "31688776a6078fa42909255baad1384a815a92f928a321bb6aa6acc5f38234b0", kill_on_drop: false }`
[INFO] running `Command { std: "docker" "exec" "-e" "SOURCE_DIR=/opt/rustwide/workdir" "-e" "CARGO_HOME=/opt/rustwide/cargo-home" "-e" "RUSTUP_HOME=/opt/rustwide/rustup-home" "-e" "CARGO_TARGET_DIR=/opt/rustwide/target" "-e" "CARGO_INCREMENTAL=0" "-e" "RUST_BACKTRACE=full" "-e" "RUSTFLAGS=--cap-lints=warn" "-e" "RUSTDOCFLAGS=--cap-lints=warn" "-w" "/opt/rustwide/workdir" "--user" "0:0" "31688776a6078fa42909255baad1384a815a92f928a321bb6aa6acc5f38234b0" "/opt/rustwide/cargo-home/bin/cargo" "+1.99.0-beta.8" "test" "--frozen" "--no-run" "--message-format=json" "--release", kill_on_drop: false }`
[INFO] [stderr]    Compiling parking_lot_core v0.9.12
[INFO] [stderr]    Compiling errno v0.3.14
[INFO] [stderr]    Compiling tokio-macros v2.6.1
[INFO] [stderr]    Compiling signal-hook-registry v1.4.8
[INFO] [stderr]    Compiling parking_lot v0.12.5
[INFO] [stderr]    Compiling tokio v1.48.0
[INFO] [stderr]    Compiling tokio-util v0.7.17
[INFO] [stderr]    Compiling tokio-rustls v0.26.4
[INFO] [stderr]    Compiling tower v0.5.2
[INFO] [stderr]    Compiling h2 v0.4.12
[INFO] [stderr]    Compiling tower-http v0.6.8
[INFO] [stderr]    Compiling hyper v1.8.1
[INFO] [stderr]    Compiling hyper-util v0.1.18
[INFO] [stderr]    Compiling hyper-rustls v0.27.7
[INFO] [stderr]    Compiling reqwest v0.13.2
[INFO] [stderr]    Compiling wyzie-subs v0.2.0 (/opt/rustwide/workdir)
[INFO] [stderr]     Finished `release` profile [optimized] target(s) in 56.92s
[INFO] running `Command { std: "docker" "inspect" "31688776a6078fa42909255baad1384a815a92f928a321bb6aa6acc5f38234b0", kill_on_drop: false }`
[INFO] running `Command { std: "docker" "exec" "-e" "SOURCE_DIR=/opt/rustwide/workdir" "-e" "CARGO_HOME=/opt/rustwide/cargo-home" "-e" "RUSTUP_HOME=/opt/rustwide/rustup-home" "-e" "CARGO_TARGET_DIR=/opt/rustwide/target" "-e" "CARGO_INCREMENTAL=0" "-e" "RUST_BACKTRACE=full" "-e" "RUSTFLAGS=--cap-lints=warn" "-e" "RUSTDOCFLAGS=--cap-lints=warn" "-w" "/opt/rustwide/workdir" "--user" "0:0" "31688776a6078fa42909255baad1384a815a92f928a321bb6aa6acc5f38234b0" "/opt/rustwide/cargo-home/bin/cargo" "+1.99.0-beta.8" "test" "--frozen" "--release", kill_on_drop: false }`
[INFO] [stderr]     Finished `release` profile [optimized] target(s) in 0.20s
[INFO] [stderr]      Running unittests src/lib.rs (/opt/rustwide/target/release/deps/wyzie_subs-0276b6864433f8bd)
[INFO] [stdout] 
[INFO] [stdout] running 2 tests
[INFO] [stdout] test models::tests::params_serialize ... ok
[INFO] [stdout] test models::tests::source_serailzes ... ok
[INFO] [stdout] 
[INFO] [stdout] test result: ok. 2 passed; 0 failed; 0 ignored; 0 measured; 0 filtered out; finished in 0.00s
[INFO] [stdout] 
[INFO] [stderr]    Doc-tests wyzie_subs
[INFO] [stdout] 
[INFO] [stdout] running 3 tests
[INFO] [stdout] test src/client.rs - client::WyzieClient (line 12) ... ok
[INFO] [stdout] test src/../README.md - (line 16) ... FAILED
[INFO] [stdout] test src/client.rs - client::WyzieClient::search (line 45) ... FAILED
[INFO] [stdout] 
[INFO] [stdout] failures:
[INFO] [stdout] 
[INFO] [stdout] ---- src/../README.md - (line 16) stdout ----
[INFO] [stdout] Test executable failed (exit status: 101).
[INFO] [stdout] 
[INFO] [stdout] stderr:
[INFO] [stdout] 
[INFO] [stdout] thread 'main' (2666) panicked at /tmp/rustdoctestSEHNyL/doctest_bundle_2024.rs:20:39:
[INFO] [stdout] called `Result::unwrap()` on an `Err` value: NotPresent
[INFO] [stdout] stack backtrace:
[INFO] [stdout]    0:     0x585183d25431 - std[70759c8f55707aa4]::backtrace_rs::backtrace::libunwind::trace
[INFO] [stdout]                                at /rustc/dfb0accb7f508ae8be965d8629557221c889dd98/library/std/src/../../backtrace/src/backtrace/libunwind.rs:117:9
[INFO] [stdout]    1:     0x585183d25431 - std[70759c8f55707aa4]::backtrace_rs::backtrace::trace_unsynchronized::<std[70759c8f55707aa4]::sys::backtrace::_print_fmt::{closure#1}>
[INFO] [stdout]                                at /rustc/dfb0accb7f508ae8be965d8629557221c889dd98/library/std/src/../../backtrace/src/backtrace/mod.rs:66:14
[INFO] [stdout]    2:     0x585183d25431 - std[70759c8f55707aa4]::sys::backtrace::_print_fmt
[INFO] [stdout]                                at /rustc/dfb0accb7f508ae8be965d8629557221c889dd98/library/std/src/sys/backtrace.rs:74:9
[INFO] [stdout]    3:     0x585183d25431 - <<std[70759c8f55707aa4]::sys::backtrace::BacktraceLock>::print::DisplayBacktrace as core[df12db4294e9bfd3]::fmt::Display>::fmt
[INFO] [stdout]                                at /rustc/dfb0accb7f508ae8be965d8629557221c889dd98/library/std/src/sys/backtrace.rs:44:26
[INFO] [stdout]    4:     0x585183d3bbfa - <core[df12db4294e9bfd3]::fmt::rt::Argument>::fmt
[INFO] [stdout]                                at /rustc/dfb0accb7f508ae8be965d8629557221c889dd98/library/core/src/fmt/rt.rs:152:76
[INFO] [stdout]    5:     0x585183d3bbfa - core[df12db4294e9bfd3]::fmt::write
[INFO] [stdout]    6:     0x585183d2b2ac - core[df12db4294e9bfd3]::io::write::default_write_fmt::<std[70759c8f55707aa4]::sys::stdio::unix::Stderr>
[INFO] [stdout]                                at /rustc/dfb0accb7f508ae8be965d8629557221c889dd98/library/core/src/io/write.rs:402:11
[INFO] [stdout]    7:     0x585183d2b2ac - <std[70759c8f55707aa4]::sys::stdio::unix::Stderr as core[df12db4294e9bfd3]::io::write::Write>::write_fmt
[INFO] [stdout]                                at /rustc/dfb0accb7f508ae8be965d8629557221c889dd98/library/core/src/io/write.rs:335:13
[INFO] [stdout]    8:     0x585183cffec6 - <std[70759c8f55707aa4]::sys::backtrace::BacktraceLock>::print
[INFO] [stdout]                                at /rustc/dfb0accb7f508ae8be965d8629557221c889dd98/library/std/src/sys/backtrace.rs:47:9
[INFO] [stdout]    9:     0x585183cffec6 - std[70759c8f55707aa4]::panicking::default_hook::{closure#0}
[INFO] [stdout]                                at /rustc/dfb0accb7f508ae8be965d8629557221c889dd98/library/std/src/panicking.rs:292:27
[INFO] [stdout]   10:     0x585183d1cff1 - std[70759c8f55707aa4]::panicking::default_hook
[INFO] [stdout]                                at /rustc/dfb0accb7f508ae8be965d8629557221c889dd98/library/std/src/panicking.rs:319:9
[INFO] [stdout]   11:     0x585183d1d31b - std[70759c8f55707aa4]::panicking::panic_with_hook
[INFO] [stdout]                                at /rustc/dfb0accb7f508ae8be965d8629557221c889dd98/library/std/src/panicking.rs:815:13
[INFO] [stdout]   12:     0x585183cfff72 - std[70759c8f55707aa4]::panicking::panic_handler::{closure#0}
[INFO] [stdout]                                at /rustc/dfb0accb7f508ae8be965d8629557221c889dd98/library/std/src/panicking.rs:688:13
[INFO] [stdout]   13:     0x585183cf8ac9 - std[70759c8f55707aa4]::sys::backtrace::__rust_end_short_backtrace::<std[70759c8f55707aa4]::panicking::panic_handler::{closure#0}, !>
[INFO] [stdout]                                at /rustc/dfb0accb7f508ae8be965d8629557221c889dd98/library/std/src/sys/backtrace.rs:182:18
[INFO] [stdout]   14:     0x585183d00edd - __rustc[8fa7c3cbc660c2b3]::rust_begin_unwind
[INFO] [stdout]                                at /rustc/dfb0accb7f508ae8be965d8629557221c889dd98/library/std/src/panicking.rs:679:5
[INFO] [stdout]   15:     0x585183d3c39c - core[df12db4294e9bfd3]::panicking::panic_fmt
[INFO] [stdout]                                at /rustc/dfb0accb7f508ae8be965d8629557221c889dd98/library/core/src/panicking.rs:80:14
[INFO] [stdout]   16:     0x585183d3c172 - core[df12db4294e9bfd3]::result::unwrap_failed
[INFO] [stdout]                                at /rustc/dfb0accb7f508ae8be965d8629557221c889dd98/library/core/src/result.rs:1871:5
[INFO] [stdout]   17:     0x585183898152 - doctest_bundle_2024[72c4b0461e1faad2]::__doctest_0::main::{closure#0}
[INFO] [stdout]   18:     0x585183895399 - <tokio[e9b1e6ee79dec37b]::runtime::park::CachedParkThread>::block_on::<doctest_bundle_2024[72c4b0461e1faad2]::__doctest_0::main::{closure#0}>::{closure#0}
[INFO] [stdout]   19:     0x585183874bc2 - <tokio[e9b1e6ee79dec37b]::runtime::park::CachedParkThread>::block_on::<doctest_bundle_2024[72c4b0461e1faad2]::__doctest_0::main::{closure#0}>
[INFO] [stdout]   20:     0x585183894adb - <tokio[e9b1e6ee79dec37b]::runtime::scheduler::multi_thread::MultiThread>::block_on::<doctest_bundle_2024[72c4b0461e1faad2]::__doctest_0::main::{closure#0}>::{closure#0}
[INFO] [stdout]   21:     0x58518387fcdd - tokio[e9b1e6ee79dec37b]::runtime::context::runtime::enter_runtime::<<tokio[e9b1e6ee79dec37b]::runtime::scheduler::multi_thread::MultiThread>::block_on<doctest_bundle_2024[72c4b0461e1faad2]::__doctest_0::main::{closure#0}>::{closure#0}, ()>
[INFO] [stdout]   22:     0x58518387259c - <tokio[e9b1e6ee79dec37b]::runtime::runtime::Runtime>::block_on_inner::<doctest_bundle_2024[72c4b0461e1faad2]::__doctest_0::main::{closure#0}>
[INFO] [stdout]   23:     0x5851838728cc - <tokio[e9b1e6ee79dec37b]::runtime::runtime::Runtime>::block_on::<doctest_bundle_2024[72c4b0461e1faad2]::__doctest_0::main::{closure#0}>
[INFO] [stdout]   24:     0x5851838a27c1 - doctest_bundle_2024[72c4b0461e1faad2]::__doctest_0::main
[INFO] [stdout]   25:     0x5851838a2856 - doctest_bundle_2024[72c4b0461e1faad2]::__doctest_0::__main_fn
[INFO] [stdout]   26:     0x58518386dda0 - doctest_runner_2024[37d7b32fe5ed358d]::__doctest_0::TEST::{closure#0}
[INFO] [stdout]   27:     0x585183871856 - <doctest_runner_2024[37d7b32fe5ed358d]::__doctest_0::TEST::{closure#0} as core[df12db4294e9bfd3]::ops::function::FnOnce<()>>::call_once
[INFO] [stdout]   28:     0x58518386e431 - doctest_runner_2024[37d7b32fe5ed358d]::main
[INFO] [stdout]   29:     0x5851838717e3 - <fn() -> std[70759c8f55707aa4]::process::ExitCode as core[df12db4294e9bfd3]::ops::function::FnOnce<()>>::call_once
[INFO] [stdout]   30:     0x58518386d6a6 - std[70759c8f55707aa4]::sys::backtrace::__rust_begin_short_backtrace::<fn() -> std[70759c8f55707aa4]::process::ExitCode, std[70759c8f55707aa4]::process::ExitCode>
[INFO] [stdout]   31:     0x58518386dbd9 - std[70759c8f55707aa4]::rt::lang_start::<std[70759c8f55707aa4]::process::ExitCode>::{closure#0}
[INFO] [stdout]   32:     0x585183d1bf69 - <&dyn core[df12db4294e9bfd3]::ops::function::Fn<(), Output = i32> + core[df12db4294e9bfd3]::panic::unwind_safe::RefUnwindSafe + core[df12db4294e9bfd3]::marker::Sync as core[df12db4294e9bfd3]::ops::function::FnOnce<()>>::call_once
[INFO] [stdout]                                at /rustc/dfb0accb7f508ae8be965d8629557221c889dd98/library/core/src/ops/function.rs:287:21
[INFO] [stdout]   33:     0x585183d1bf69 - std[70759c8f55707aa4]::panicking::catch_unwind::do_call::<&dyn core[df12db4294e9bfd3]::ops::function::Fn<(), Output = i32> + core[df12db4294e9bfd3]::panic::unwind_safe::RefUnwindSafe + core[df12db4294e9bfd3]::marker::Sync, i32>
[INFO] [stdout]                                at /rustc/dfb0accb7f508ae8be965d8629557221c889dd98/library/std/src/panicking.rs:576:43
[INFO] [stdout]   34:     0x585183d1bf69 - std[70759c8f55707aa4]::panicking::catch_unwind::<i32, &dyn core[df12db4294e9bfd3]::ops::function::Fn<(), Output = i32> + core[df12db4294e9bfd3]::panic::unwind_safe::RefUnwindSafe + core[df12db4294e9bfd3]::marker::Sync>
[INFO] [stdout]                                at /rustc/dfb0accb7f508ae8be965d8629557221c889dd98/library/std/src/panicking.rs:544:19
[INFO] [stdout]   35:     0x585183d1bf69 - std[70759c8f55707aa4]::panic::catch_unwind::<&dyn core[df12db4294e9bfd3]::ops::function::Fn<(), Output = i32> + core[df12db4294e9bfd3]::panic::unwind_safe::RefUnwindSafe + core[df12db4294e9bfd3]::marker::Sync, i32>
[INFO] [stdout]                                at /rustc/dfb0accb7f508ae8be965d8629557221c889dd98/library/std/src/panic.rs:359:14
[INFO] [stdout]   36:     0x585183d1bf69 - std[70759c8f55707aa4]::rt::lang_start_internal::{closure#0}
[INFO] [stdout]                                at /rustc/dfb0accb7f508ae8be965d8629557221c889dd98/library/std/src/rt.rs:175:24
[INFO] [stdout]   37:     0x585183d1bf69 - std[70759c8f55707aa4]::panicking::catch_unwind::do_call::<std[70759c8f55707aa4]::rt::lang_start_internal::{closure#0}, isize>
[INFO] [stdout]                                at /rustc/dfb0accb7f508ae8be965d8629557221c889dd98/library/std/src/panicking.rs:576:43
[INFO] [stdout]   38:     0x585183d1bf69 - std[70759c8f55707aa4]::panicking::catch_unwind::<isize, std[70759c8f55707aa4]::rt::lang_start_internal::{closure#0}>
[INFO] [stdout]                                at /rustc/dfb0accb7f508ae8be965d8629557221c889dd98/library/std/src/panicking.rs:544:19
[INFO] [stdout]   39:     0x585183d1bf69 - std[70759c8f55707aa4]::panic::catch_unwind::<std[70759c8f55707aa4]::rt::lang_start_internal::{closure#0}, isize>
[INFO] [stdout]                                at /rustc/dfb0accb7f508ae8be965d8629557221c889dd98/library/std/src/panic.rs:359:14
[INFO] [stdout]   40:     0x585183d1bf69 - std[70759c8f55707aa4]::rt::lang_start_internal
[INFO] [stdout]                                at /rustc/dfb0accb7f508ae8be965d8629557221c889dd98/library/std/src/rt.rs:171:5
[INFO] [stdout]   41:     0x58518386cb91 - std[70759c8f55707aa4]::rt::lang_start::<std[70759c8f55707aa4]::process::ExitCode>
[INFO] [stdout]   42:     0x5851838719c5 - main
[INFO] [stdout]   43:     0x7cb150036601 - <unknown>
[INFO] [stdout]   44:     0x7cb150036718 - __libc_start_main
[INFO] [stdout]   45:     0x58518386bda5 - _start
[INFO] [stdout]   46:                0x0 - <unknown>
[INFO] [stdout] 
[INFO] [stdout] 
[INFO] [stdout] ---- src/client.rs - client::WyzieClient::search (line 45) stdout ----
[INFO] [stdout] Test executable failed (exit status: 101).
[INFO] [stdout] 
[INFO] [stdout] stderr:
[INFO] [stdout] 
[INFO] [stdout] thread 'main' (2667) panicked at /tmp/rustdoctestSEHNyL/doctest_bundle_2024.rs:64:39:
[INFO] [stdout] called `Result::unwrap()` on an `Err` value: NotPresent
[INFO] [stdout] stack backtrace:
[INFO] [stdout]    0:     0x5d6ef209f431 - std[70759c8f55707aa4]::backtrace_rs::backtrace::libunwind::trace
[INFO] [stdout]                                at /rustc/dfb0accb7f508ae8be965d8629557221c889dd98/library/std/src/../../backtrace/src/backtrace/libunwind.rs:117:9
[INFO] [stdout]    1:     0x5d6ef209f431 - std[70759c8f55707aa4]::backtrace_rs::backtrace::trace_unsynchronized::<std[70759c8f55707aa4]::sys::backtrace::_print_fmt::{closure#1}>
[INFO] [stdout]                                at /rustc/dfb0accb7f508ae8be965d8629557221c889dd98/library/std/src/../../backtrace/src/backtrace/mod.rs:66:14
[INFO] [stdout]    2:     0x5d6ef209f431 - std[70759c8f55707aa4]::sys::backtrace::_print_fmt
[INFO] [stdout]                                at /rustc/dfb0accb7f508ae8be965d8629557221c889dd98/library/std/src/sys/backtrace.rs:74:9
[INFO] [stdout]    3:     0x5d6ef209f431 - <<std[70759c8f55707aa4]::sys::backtrace::BacktraceLock>::print::DisplayBacktrace as core[df12db4294e9bfd3]::fmt::Display>::fmt
[INFO] [stdout]                                at /rustc/dfb0accb7f508ae8be965d8629557221c889dd98/library/std/src/sys/backtrace.rs:44:26
[INFO] [stdout]    4:     0x5d6ef20b5bfa - <core[df12db4294e9bfd3]::fmt::rt::Argument>::fmt
[INFO] [stdout]                                at /rustc/dfb0accb7f508ae8be965d8629557221c889dd98/library/core/src/fmt/rt.rs:152:76
[INFO] [stdout]    5:     0x5d6ef20b5bfa - core[df12db4294e9bfd3]::fmt::write
[INFO] [stdout]    6:     0x5d6ef20a52ac - core[df12db4294e9bfd3]::io::write::default_write_fmt::<std[70759c8f55707aa4]::sys::stdio::unix::Stderr>
[INFO] [stdout]                                at /rustc/dfb0accb7f508ae8be965d8629557221c889dd98/library/core/src/io/write.rs:402:11
[INFO] [stdout]    7:     0x5d6ef20a52ac - <std[70759c8f55707aa4]::sys::stdio::unix::Stderr as core[df12db4294e9bfd3]::io::write::Write>::write_fmt
[INFO] [stdout]                                at /rustc/dfb0accb7f508ae8be965d8629557221c889dd98/library/core/src/io/write.rs:335:13
[INFO] [stdout]    8:     0x5d6ef2079ec6 - <std[70759c8f55707aa4]::sys::backtrace::BacktraceLock>::print
[INFO] [stdout]                                at /rustc/dfb0accb7f508ae8be965d8629557221c889dd98/library/std/src/sys/backtrace.rs:47:9
[INFO] [stdout]    9:     0x5d6ef2079ec6 - std[70759c8f55707aa4]::panicking::default_hook::{closure#0}
[INFO] [stdout]                                at /rustc/dfb0accb7f508ae8be965d8629557221c889dd98/library/std/src/panicking.rs:292:27
[INFO] [stdout]   10:     0x5d6ef2096ff1 - std[70759c8f55707aa4]::panicking::default_hook
[INFO] [stdout]                                at /rustc/dfb0accb7f508ae8be965d8629557221c889dd98/library/std/src/panicking.rs:319:9
[INFO] [stdout]   11:     0x5d6ef209731b - std[70759c8f55707aa4]::panicking::panic_with_hook
[INFO] [stdout]                                at /rustc/dfb0accb7f508ae8be965d8629557221c889dd98/library/std/src/panicking.rs:815:13
[INFO] [stdout]   12:     0x5d6ef2079f72 - std[70759c8f55707aa4]::panicking::panic_handler::{closure#0}
[INFO] [stdout]                                at /rustc/dfb0accb7f508ae8be965d8629557221c889dd98/library/std/src/panicking.rs:688:13
[INFO] [stdout]   13:     0x5d6ef2072ac9 - std[70759c8f55707aa4]::sys::backtrace::__rust_end_short_backtrace::<std[70759c8f55707aa4]::panicking::panic_handler::{closure#0}, !>
[INFO] [stdout]                                at /rustc/dfb0accb7f508ae8be965d8629557221c889dd98/library/std/src/sys/backtrace.rs:182:18
[INFO] [stdout]   14:     0x5d6ef207aedd - __rustc[8fa7c3cbc660c2b3]::rust_begin_unwind
[INFO] [stdout]                                at /rustc/dfb0accb7f508ae8be965d8629557221c889dd98/library/std/src/panicking.rs:679:5
[INFO] [stdout]   15:     0x5d6ef20b639c - core[df12db4294e9bfd3]::panicking::panic_fmt
[INFO] [stdout]                                at /rustc/dfb0accb7f508ae8be965d8629557221c889dd98/library/core/src/panicking.rs:80:14
[INFO] [stdout]   16:     0x5d6ef20b6172 - core[df12db4294e9bfd3]::result::unwrap_failed
[INFO] [stdout]                                at /rustc/dfb0accb7f508ae8be965d8629557221c889dd98/library/core/src/result.rs:1871:5
[INFO] [stdout]   17:     0x5d6ef1c12962 - doctest_bundle_2024[72c4b0461e1faad2]::__doctest_2::main::{closure#0}
[INFO] [stdout]   18:     0x5d6ef1c0f3a9 - <tokio[e9b1e6ee79dec37b]::runtime::park::CachedParkThread>::block_on::<doctest_bundle_2024[72c4b0461e1faad2]::__doctest_2::main::{closure#0}>::{closure#0}
[INFO] [stdout]   19:     0x5d6ef1beeed2 - <tokio[e9b1e6ee79dec37b]::runtime::park::CachedParkThread>::block_on::<doctest_bundle_2024[72c4b0461e1faad2]::__doctest_2::main::{closure#0}>
[INFO] [stdout]   20:     0x5d6ef1c0eb3b - <tokio[e9b1e6ee79dec37b]::runtime::scheduler::multi_thread::MultiThread>::block_on::<doctest_bundle_2024[72c4b0461e1faad2]::__doctest_2::main::{closure#0}>::{closure#0}
[INFO] [stdout]   21:     0x5d6ef1bf9e3d - tokio[e9b1e6ee79dec37b]::runtime::context::runtime::enter_runtime::<<tokio[e9b1e6ee79dec37b]::runtime::scheduler::multi_thread::MultiThread>::block_on<doctest_bundle_2024[72c4b0461e1faad2]::__doctest_2::main::{closure#0}>::{closure#0}, ()>
[INFO] [stdout]   22:     0x5d6ef1bec75c - <tokio[e9b1e6ee79dec37b]::runtime::runtime::Runtime>::block_on_inner::<doctest_bundle_2024[72c4b0461e1faad2]::__doctest_2::main::{closure#0}>
[INFO] [stdout]   23:     0x5d6ef1bec9bc - <tokio[e9b1e6ee79dec37b]::runtime::runtime::Runtime>::block_on::<doctest_bundle_2024[72c4b0461e1faad2]::__doctest_2::main::{closure#0}>
[INFO] [stdout]   24:     0x5d6ef1c1cb81 - doctest_bundle_2024[72c4b0461e1faad2]::__doctest_2::main
[INFO] [stdout]   25:     0x5d6ef1c1cc16 - doctest_bundle_2024[72c4b0461e1faad2]::__doctest_2::__main_fn
[INFO] [stdout]   26:     0x5d6ef1be7ea1 - doctest_runner_2024[37d7b32fe5ed358d]::__doctest_2::TEST::{closure#0}
[INFO] [stdout]   27:     0x5d6ef1beb896 - <doctest_runner_2024[37d7b32fe5ed358d]::__doctest_2::TEST::{closure#0} as core[df12db4294e9bfd3]::ops::function::FnOnce<()>>::call_once
[INFO] [stdout]   28:     0x5d6ef1be8431 - doctest_runner_2024[37d7b32fe5ed358d]::main
[INFO] [stdout]   29:     0x5d6ef1beb7e3 - <fn() -> std[70759c8f55707aa4]::process::ExitCode as core[df12db4294e9bfd3]::ops::function::FnOnce<()>>::call_once
[INFO] [stdout]   30:     0x5d6ef1be76a6 - std[70759c8f55707aa4]::sys::backtrace::__rust_begin_short_backtrace::<fn() -> std[70759c8f55707aa4]::process::ExitCode, std[70759c8f55707aa4]::process::ExitCode>
[INFO] [stdout]   31:     0x5d6ef1be7bd9 - std[70759c8f55707aa4]::rt::lang_start::<std[70759c8f55707aa4]::process::ExitCode>::{closure#0}
[INFO] [stdout]   32:     0x5d6ef2095f69 - <&dyn core[df12db4294e9bfd3]::ops::function::Fn<(), Output = i32> + core[df12db4294e9bfd3]::panic::unwind_safe::RefUnwindSafe + core[df12db4294e9bfd3]::marker::Sync as core[df12db4294e9bfd3]::ops::function::FnOnce<()>>::call_once
[INFO] [stdout]                                at /rustc/dfb0accb7f508ae8be965d8629557221c889dd98/library/core/src/ops/function.rs:287:21
[INFO] [stdout]   33:     0x5d6ef2095f69 - std[70759c8f55707aa4]::panicking::catch_unwind::do_call::<&dyn core[df12db4294e9bfd3]::ops::function::Fn<(), Output = i32> + core[df12db4294e9bfd3]::panic::unwind_safe::RefUnwindSafe + core[df12db4294e9bfd3]::marker::Sync, i32>
[INFO] [stdout]                                at /rustc/dfb0accb7f508ae8be965d8629557221c889dd98/library/std/src/panicking.rs:576:43
[INFO] [stdout]   34:     0x5d6ef2095f69 - std[70759c8f55707aa4]::panicking::catch_unwind::<i32, &dyn core[df12db4294e9bfd3]::ops::function::Fn<(), Output = i32> + core[df12db4294e9bfd3]::panic::unwind_safe::RefUnwindSafe + core[df12db4294e9bfd3]::marker::Sync>
[INFO] [stdout]                                at /rustc/dfb0accb7f508ae8be965d8629557221c889dd98/library/std/src/panicking.rs:544:19
[INFO] [stdout]   35:     0x5d6ef2095f69 - std[70759c8f55707aa4]::panic::catch_unwind::<&dyn core[df12db4294e9bfd3]::ops::function::Fn<(), Output = i32> + core[df12db4294e9bfd3]::panic::unwind_safe::RefUnwindSafe + core[df12db4294e9bfd3]::marker::Sync, i32>
[INFO] [stdout]                                at /rustc/dfb0accb7f508ae8be965d8629557221c889dd98/library/std/src/panic.rs:359:14
[INFO] [stdout]   36:     0x5d6ef2095f69 - std[70759c8f55707aa4]::rt::lang_start_internal::{closure#0}
[INFO] [stdout]                                at /rustc/dfb0accb7f508ae8be965d8629557221c889dd98/library/std/src/rt.rs:175:24
[INFO] [stdout]   37:     0x5d6ef2095f69 - std[70759c8f55707aa4]::panicking::catch_unwind::do_call::<std[70759c8f55707aa4]::rt::lang_start_internal::{closure#0}, isize>
[INFO] [stdout]                                at /rustc/dfb0accb7f508ae8be965d8629557221c889dd98/library/std/src/panicking.rs:576:43
[INFO] [stdout]   38:     0x5d6ef2095f69 - std[70759c8f55707aa4]::panicking::catch_unwind::<isize, std[70759c8f55707aa4]::rt::lang_start_internal::{closure#0}>
[INFO] [stdout]                                at /rustc/dfb0accb7f508ae8be965d8629557221c889dd98/library/std/src/panicking.rs:544:19
[INFO] [stdout]   39:     0x5d6ef2095f69 - std[70759c8f55707aa4]::panic::catch_unwind::<std[70759c8f55707aa4]::rt::lang_start_internal::{closure#0}, isize>
[INFO] [stdout]                                at /rustc/dfb0accb7f508ae8be965d8629557221c889dd98/library/std/src/panic.rs:359:14
[INFO] [stdout]   40:     0x5d6ef2095f69 - std[70759c8f55707aa4]::rt::lang_start_internal
[INFO] [stdout]                                at /rustc/dfb0accb7f508ae8be965d8629557221c889dd98/library/std/src/rt.rs:171:5
[INFO] [stdout]   41:     0x5d6ef1be6b91 - std[70759c8f55707aa4]::rt::lang_start::<std[70759c8f55707aa4]::process::ExitCode>
[INFO] [stdout]   42:     0x5d6ef1beb9c5 - main
[INFO] [stdout]   43:     0x7e968dc11601 - <unknown>
[INFO] [stdout]   44:     0x7e968dc11718 - __libc_start_main
[INFO] [stdout]   45:     0x5d6ef1be5da5 - _start
[INFO] [stdout]   46:                0x0 - <unknown>
[INFO] [stdout] 
[INFO] [stdout] 
[INFO] [stdout] 
[INFO] [stdout] failures:
[INFO] [stdout]     src/../README.md - (line 16)
[INFO] [stdout]     src/client.rs - client::WyzieClient::search (line 45)
[INFO] [stdout] 
[INFO] [stdout] test result: FAILED. 1 passed; 2 failed; 0 ignored; 0 measured; 0 filtered out; finished in 0.20s
[INFO] [stdout] 
[INFO] [stdout] all doctests ran in 1.34s; merged doctests compilation took 1.12s
[INFO] [stderr] error: doctest failed, to rerun pass `--doc`
[INFO] running `Command { std: "docker" "inspect" "31688776a6078fa42909255baad1384a815a92f928a321bb6aa6acc5f38234b0", kill_on_drop: false }`
[INFO] running `Command { std: "docker" "rm" "-f" "31688776a6078fa42909255baad1384a815a92f928a321bb6aa6acc5f38234b0", kill_on_drop: false }`
[INFO] [stdout] 31688776a6078fa42909255baad1384a815a92f928a321bb6aa6acc5f38234b0
