[INFO] fetching crate wyvern-host 0.7.0...
[INFO] testing wyvern-host-0.7.0 against 1.100.0-beta.1+cargoflags=--release for beta-release-1.100-2
[INFO] extracting crate wyvern-host 0.7.0 into /workspace/builds/worker-6-tc2/source
[INFO] started tweaking crates.io crate wyvern-host 0.7.0
[INFO] removed 0 missing tests
[INFO] finished tweaking crates.io crate wyvern-host 0.7.0
[INFO] tweaked toml for crates.io crate wyvern-host 0.7.0 written to /workspace/builds/worker-6-tc2/source/Cargo.toml
[INFO] validating manifest of crates.io crate wyvern-host 0.7.0 on toolchain 1.100.0-beta.1
[INFO] running `Command { std: CARGO_HOME="/workspace/cargo-home" RUSTUP_HOME="/workspace/rustup-home" "/workspace/cargo-home/bin/cargo" "+1.100.0-beta.1" "metadata" "--manifest-path" "Cargo.toml" "--no-deps", kill_on_drop: false }`
[INFO] crate crates.io crate wyvern-host 0.7.0 already has a lockfile, it will not be regenerated
[INFO] running `Command { std: CARGO_HOME="/workspace/cargo-home" RUSTUP_HOME="/workspace/rustup-home" "/workspace/cargo-home/bin/cargo" "+1.100.0-beta.1" "fetch" "--manifest-path" "Cargo.toml", kill_on_drop: false }`
[INFO] [stderr] warning: `package.homepage` is redundant with `package.repository`
[INFO] [stderr]   --> Cargo.toml:82:12
[INFO] [stderr]    |
[INFO] [stderr] 82 | homepage = "https://github.com/randlee/wyvern"
[INFO] [stderr]    |            ^^^^^^^^^^^^^^^^^^^^^^^^^^^^^^^^^^^
[INFO] [stderr] ...
[INFO] [stderr] 87 | repository = "https://github.com/randlee/wyvern"
[INFO] [stderr]    |              -----------------------------------
[INFO] [stderr]    |
[INFO] [stderr]    = note: `cargo::redundant_homepage` is set to `warn` by default
[INFO] [stderr] help: consider removing `package.homepage`
[INFO] [stderr] warning: `wyvern-host` (manifest) generated 1 warning
[INFO] running `Command { std: "docker" "create" "-v" "/var/lib/crater-agent-workspace/builds/worker-6-tc2/source:/opt/rustwide/workdir:ro,Z" "-v" "/var/lib/crater-agent-workspace/builds/worker-6-tc2/target:/opt/rustwide/target:rw,Z" "-v" "/var/lib/crater-agent-workspace/cargo-home:/opt/rustwide/cargo-home:ro,Z" "-v" "/var/lib/crater-agent-workspace/rustup-home:/opt/rustwide/rustup-home:ro,Z" "-m" "1610612736" "--network" "none" "ghcr.io/rust-lang/crates-build-env/linux@sha256:77db811e55d90add9212f6832c23229e3de5f1c1f9905e8cb07319ea15df73ac" "sleep" "infinity", kill_on_drop: false }`
[INFO] [stdout] 001c2facc5fb67fb73b05ba32c70d62d21ba6198aabf9428d07074ca3a43f346
[INFO] running `Command { std: "docker" "start" "001c2facc5fb67fb73b05ba32c70d62d21ba6198aabf9428d07074ca3a43f346", kill_on_drop: false }`
[INFO] running `Command { std: "docker" "inspect" "001c2facc5fb67fb73b05ba32c70d62d21ba6198aabf9428d07074ca3a43f346", kill_on_drop: false }`
[INFO] running `Command { std: "docker" "exec" "-e" "SOURCE_DIR=/opt/rustwide/workdir" "-e" "CARGO_HOME=/opt/rustwide/cargo-home" "-e" "RUSTUP_HOME=/opt/rustwide/rustup-home" "-e" "CARGO_TARGET_DIR=/opt/rustwide/target" "-w" "/opt/rustwide/workdir" "--user" "0:0" "001c2facc5fb67fb73b05ba32c70d62d21ba6198aabf9428d07074ca3a43f346" "/opt/rustwide/cargo-home/bin/cargo" "+1.100.0-beta.1" "metadata" "--no-deps" "--format-version=1", kill_on_drop: false }`
[INFO] running `Command { std: "docker" "inspect" "001c2facc5fb67fb73b05ba32c70d62d21ba6198aabf9428d07074ca3a43f346", kill_on_drop: false }`
[INFO] running `Command { std: "docker" "exec" "-e" "SOURCE_DIR=/opt/rustwide/workdir" "-e" "CARGO_HOME=/opt/rustwide/cargo-home" "-e" "RUSTUP_HOME=/opt/rustwide/rustup-home" "-e" "CARGO_TARGET_DIR=/opt/rustwide/target" "-e" "CARGO_INCREMENTAL=0" "-e" "RUST_BACKTRACE=full" "-e" "RUSTFLAGS=--cap-lints=warn" "-e" "RUSTDOCFLAGS=--cap-lints=warn" "-w" "/opt/rustwide/workdir" "--user" "0:0" "001c2facc5fb67fb73b05ba32c70d62d21ba6198aabf9428d07074ca3a43f346" "/opt/rustwide/cargo-home/bin/cargo" "+1.100.0-beta.1" "build" "--frozen" "--message-format=json" "--release", kill_on_drop: false }`
[INFO] [stderr] warning: `package.homepage` is redundant with `package.repository`
[INFO] [stderr]   --> Cargo.toml:82:12
[INFO] [stderr]    |
[INFO] [stderr] 82 | homepage = "https://github.com/randlee/wyvern"
[INFO] [stderr]    |            ^^^^^^^^^^^^^^^^^^^^^^^^^^^^^^^^^^^
[INFO] [stderr] ...
[INFO] [stderr] 87 | repository = "https://github.com/randlee/wyvern"
[INFO] [stderr]    |              -----------------------------------
[INFO] [stderr]    |
[INFO] [stderr]    = note: `cargo::redundant_homepage` is set to `warn` by default
[INFO] [stderr] help: consider removing `package.homepage`
[INFO] [stderr] warning: `wyvern-host` (manifest) generated 1 warning
[INFO] [stderr]    Compiling libc v0.2.190
[INFO] [stderr]    Compiling smallvec v1.16.2
[INFO] [stderr]    Compiling serde v1.0.229
[INFO] [stderr]    Compiling syn v3.0.6
[INFO] [stderr]    Compiling syn v2.0.119
[INFO] [stderr]    Compiling serde_core v1.0.229
[INFO] [stderr]    Compiling crossbeam-utils v0.8.23
[INFO] [stderr]    Compiling rustix v1.1.5
[INFO] [stderr]    Compiling linux-raw-sys v0.12.1
[INFO] [stderr]    Compiling toml_parser v1.1.4+spec-1.1.0
[INFO] [stderr]    Compiling event-listener v5.4.2
[INFO] [stderr]    Compiling concurrent-queue v2.5.0
[INFO] [stderr]    Compiling toml_datetime v1.1.2+spec-1.1.0
[INFO] [stderr]    Compiling event-listener-strategy v0.5.4
[INFO] [stderr]    Compiling toml_edit v0.25.16+spec-1.1.0
[INFO] [stderr]    Compiling siphasher v1.0.4
[INFO] [stderr]    Compiling proc-macro2 v1.0.107
[INFO] [stderr]    Compiling phf_shared v0.14.0
[INFO] [stderr]    Compiling fastrand v2.5.0
[INFO] [stderr]    Compiling unicode-ident v1.0.26
[INFO] [stderr]    Compiling phf_generator v0.14.0
[INFO] [stderr]    Compiling proc-macro-crate v3.5.0
[INFO] [stderr]    Compiling errno v0.3.14
[INFO] [stderr]    Compiling parking_lot_core v0.9.12
[INFO] [stderr]    Compiling signal-hook-registry v1.4.8
[INFO] [stderr]    Compiling async-io v2.6.0
[INFO] [stderr]    Compiling parking_lot v0.12.5
[INFO] [stderr]    Compiling quote v1.0.47
[INFO] [stderr]    Compiling async-task v4.7.1
[INFO] [stderr]    Compiling cc v1.6.0
[INFO] [stderr]    Compiling wayland-sys v0.31.11
[INFO] [stderr]    Compiling mio v1.2.4
[INFO] [stderr]    Compiling socket2 v0.6.5
[INFO] [stderr]    Compiling async-channel v2.5.0
[INFO] [stderr]    Compiling http v1.5.0
[INFO] [stderr]    Compiling libloading v0.8.9
[INFO] [stderr]    Compiling zerocopy v0.8.61
[INFO] [stderr]    Compiling dlib v0.5.3
[INFO] [stderr]    Compiling wayland-backend v0.3.17
[INFO] [stderr]    Compiling string_cache_codegen v0.11.2
[INFO] [stderr]    Compiling phf_codegen v0.14.0
[INFO] [stderr]    Compiling http-body v1.1.0
[INFO] [stderr]    Compiling piper v0.2.5
[INFO] [stderr]    Compiling endi v1.1.1
[INFO] [stderr]    Compiling synstructure v0.14.0
[INFO] [stderr]    Compiling winnow v1.0.4
[INFO] [stderr]    Compiling web_atoms v0.3.0
[INFO] [stderr]    Compiling blocking v1.7.0
[INFO] [stderr]    Compiling quick-xml v0.41.0
[INFO] [stderr]    Compiling getrandom v0.4.3
[INFO] [stderr]    Compiling getrandom v0.3.4
[INFO] [stderr]    Compiling async-lock v3.4.2
[INFO] [stderr]    Compiling enumflags2_derive v0.7.12
[INFO] [stderr]    Compiling tracing-attributes v0.1.31
[INFO] [stderr]    Compiling wayland-client v0.31.15
[INFO] [stderr]    Compiling downcast-rs v1.2.1
[INFO] [stderr]    Compiling serde_derive v1.0.229
[INFO] [stderr]    Compiling zerofrom-derive v0.1.8
[INFO] [stderr]    Compiling yoke-derive v0.8.4
[INFO] [stderr]    Compiling zerovec-derive v0.11.6
[INFO] [stderr]    Compiling displaydoc v0.2.7
[INFO] [stderr]    Compiling tracing v0.1.44
[INFO] [stderr]    Compiling polling v3.11.0
[INFO] [stderr]    Compiling tokio-macros v2.7.2
[INFO] [stderr]    Compiling zerofrom v0.1.8
[INFO] [stderr]    Compiling yoke v0.8.3
[INFO] [stderr]    Compiling zerovec v0.11.8
[INFO] [stderr]    Compiling zerotrie v0.2.5
[INFO] [stderr]    Compiling tokio v1.53.2
[INFO] [stderr]    Compiling futures-macro v0.3.34
[INFO] [stderr]    Compiling tinystr v0.8.4
[INFO] [stderr]    Compiling icu_locale_core v2.3.0
[INFO] [stderr]    Compiling potential_utf v0.1.6
[INFO] [stderr]    Compiling icu_collections v2.3.0
[INFO] [stderr]    Compiling icu_provider v2.3.1
[INFO] [stderr]    Compiling futures-util v0.3.34
[INFO] [stderr]    Compiling icu_normalizer v2.3.0
[INFO] [stderr]    Compiling icu_properties v2.3.0
[INFO] [stderr]    Compiling zvariant_utils v4.2.0
[INFO] [stderr]    Compiling enumflags2 v0.7.12
[INFO] [stderr]    Compiling zcheapstr v1.1.0
[INFO] [stderr]    Compiling zvariant_derive v5.15.0
[INFO] [stderr]    Compiling zvariant v5.15.0
[INFO] [stderr]    Compiling idna_adapter v1.2.2
[INFO] [stderr]    Compiling idna v1.1.0
[INFO] [stderr]    Compiling serde_json v1.0.151
[INFO] [stderr]    Compiling string_cache v0.11.0
[INFO] [stderr]    Compiling url v2.5.8
[INFO] [stderr]    Compiling ppv-lite86 v0.2.21
[INFO] [stderr]    Compiling async-signal v0.2.14
[INFO] [stderr]    Compiling wayland-scanner v0.31.11
[INFO] [stderr]    Compiling zbus_names v4.3.4
[INFO] [stderr]    Compiling uuid v1.27.0
[INFO] [stderr]    Compiling rand_core v0.9.5
[INFO] [stderr]    Compiling phf v0.14.0
[INFO] [stderr]    Compiling unicase v2.10.0
[INFO] [stderr]    Compiling mime_guess v2.0.5
[INFO] [stderr]    Compiling rand_chacha v0.9.0
[INFO] [stderr]    Compiling zbus_macros v5.19.0
[INFO] [stderr]    Compiling async-process v2.5.0
[INFO] [stderr]    Compiling async-trait v0.1.92
[INFO] [stderr]    Compiling async-recursion v1.2.0
[INFO] [stderr]    Compiling serde_repr v0.1.21
[INFO] [stderr]    Compiling tendril v0.5.1
[INFO] [stderr]    Compiling http-body-util v0.1.5
[INFO] [stderr]    Compiling async-executor v1.14.0
[INFO] [stderr]    Compiling async-broadcast v0.7.2
[INFO] [stderr]    Compiling ordered-stream v0.2.0
[INFO] [stderr]    Compiling sync_wrapper v1.0.2
[INFO] [stderr]    Compiling markup5ever v0.40.0
[INFO] [stderr]    Compiling zbus v5.19.0
[INFO] [stderr]    Compiling hyper v1.12.0
[INFO] [stderr]    Compiling wayland-protocols v0.32.13
[INFO] [stderr]    Compiling rand v0.9.5
[INFO] [stderr]    Compiling async-net v2.0.0
[INFO] [stderr]    Compiling async-fs v2.2.0
[INFO] [stderr]    Compiling futures-channel v0.3.34
[INFO] [stderr]    Compiling rfd v0.15.4
[INFO] [stderr]    Compiling raw-window-handle v0.6.2
[INFO] [stderr]    Compiling pulldown-cmark v0.12.2
[INFO] [stderr]    Compiling dirs-sys v0.5.0
[INFO] [stderr]    Compiling wyvern-schema v0.7.0
[INFO] [stderr]    Compiling tokio-util v0.7.19
[INFO] [stderr]    Compiling serde_urlencoded v0.7.1
[INFO] [stderr]    Compiling hyper-util v0.1.21
[INFO] [stderr]    Compiling html5ever v0.40.1
[INFO] [stderr]    Compiling cssparser v0.38.0
[INFO] [stderr]    Compiling tower v0.5.3
[INFO] [stderr]    Compiling axum-core v0.5.6
[INFO] [stderr]    Compiling maplit v1.0.2
[INFO] [stderr]    Compiling urlencoding v2.1.3
[INFO] [stderr]    Compiling matchit v0.8.4
[INFO] [stderr]    Compiling pulldown-cmark-escape v0.11.0
[INFO] [stderr]    Compiling pollster v0.4.0
[INFO] [stderr]    Compiling tower-http v0.6.11
[INFO] [stderr]    Compiling ammonia v4.2.1
[INFO] [stderr]    Compiling axum v0.8.9
[INFO] [stderr]    Compiling wyvern-wizard v0.7.0
[INFO] [stderr]    Compiling dirs v6.0.0
[INFO] [stderr]    Compiling webbrowser v1.2.4
[INFO] [stderr]    Compiling ashpd v0.11.1
[INFO] [stderr]    Compiling wyvern-host v0.7.0 (/opt/rustwide/workdir)
[INFO] [stderr]     Finished `release` profile [optimized] target(s) in 4m 24s
[INFO] running `Command { std: "docker" "inspect" "001c2facc5fb67fb73b05ba32c70d62d21ba6198aabf9428d07074ca3a43f346", kill_on_drop: false }`
[INFO] running `Command { std: "docker" "exec" "-e" "SOURCE_DIR=/opt/rustwide/workdir" "-e" "CARGO_HOME=/opt/rustwide/cargo-home" "-e" "RUSTUP_HOME=/opt/rustwide/rustup-home" "-e" "CARGO_TARGET_DIR=/opt/rustwide/target" "-e" "CARGO_INCREMENTAL=0" "-e" "RUST_BACKTRACE=full" "-e" "RUSTFLAGS=--cap-lints=warn" "-e" "RUSTDOCFLAGS=--cap-lints=warn" "-w" "/opt/rustwide/workdir" "--user" "0:0" "001c2facc5fb67fb73b05ba32c70d62d21ba6198aabf9428d07074ca3a43f346" "/opt/rustwide/cargo-home/bin/cargo" "+1.100.0-beta.1" "test" "--frozen" "--no-run" "--message-format=json" "--release", kill_on_drop: false }`
[INFO] [stderr] warning: `package.homepage` is redundant with `package.repository`
[INFO] [stderr]   --> Cargo.toml:82:12
[INFO] [stderr]    |
[INFO] [stderr] 82 | homepage = "https://github.com/randlee/wyvern"
[INFO] [stderr]    |            ^^^^^^^^^^^^^^^^^^^^^^^^^^^^^^^^^^^
[INFO] [stderr] ...
[INFO] [stderr] 87 | repository = "https://github.com/randlee/wyvern"
[INFO] [stderr]    |              -----------------------------------
[INFO] [stderr]    |
[INFO] [stderr]    = note: `cargo::redundant_homepage` is set to `warn` by default
[INFO] [stderr] help: consider removing `package.homepage`
[INFO] [stderr] warning: `wyvern-host` (manifest) generated 1 warning
[INFO] [stderr]    Compiling futures-util v0.3.34
[INFO] [stderr]    Compiling ring v0.17.14
[INFO] [stderr]    Compiling zeroize v1.9.1
[INFO] [stderr]    Compiling want v0.3.2
[INFO] [stderr]    Compiling getrandom v0.2.17
[INFO] [stderr]    Compiling rustls v0.23.45
[INFO] [stderr]    Compiling axum-core v0.5.6
[INFO] [stderr]    Compiling serial_test_derive v3.5.0
[INFO] [stderr]    Compiling rustls-pki-types v1.15.1
[INFO] [stderr]    Compiling hyper v1.12.0
[INFO] [stderr]    Compiling tempfile v3.27.0
[INFO] [stderr]    Compiling webpki-roots v1.0.9
[INFO] [stderr]    Compiling hyper-util v0.1.21
[INFO] [stderr]    Compiling tower v0.5.3
[INFO] [stderr]    Compiling ashpd v0.11.1
[INFO] [stderr]    Compiling futures-executor v0.3.34
[INFO] [stderr]    Compiling serial_test v3.5.0
[INFO] [stderr]    Compiling tower-http v0.6.11
[INFO] [stderr]    Compiling axum v0.8.9
[INFO] [stderr]    Compiling rfd v0.15.4
[INFO] [stderr]    Compiling wyvern-host v0.7.0 (/opt/rustwide/workdir)
[INFO] [stderr]    Compiling rustls-webpki v0.103.15
[INFO] [stderr]    Compiling tokio-rustls v0.26.6
[INFO] [stderr]    Compiling hyper-rustls v0.27.10
[INFO] [stderr]    Compiling reqwest v0.12.28
[INFO] [stderr]     Finished `release` profile [optimized] target(s) in 3m 03s
[INFO] running `Command { std: "docker" "inspect" "001c2facc5fb67fb73b05ba32c70d62d21ba6198aabf9428d07074ca3a43f346", kill_on_drop: false }`
[INFO] running `Command { std: "docker" "exec" "-e" "SOURCE_DIR=/opt/rustwide/workdir" "-e" "CARGO_HOME=/opt/rustwide/cargo-home" "-e" "RUSTUP_HOME=/opt/rustwide/rustup-home" "-e" "CARGO_TARGET_DIR=/opt/rustwide/target" "-e" "CARGO_INCREMENTAL=0" "-e" "RUST_BACKTRACE=full" "-e" "RUSTFLAGS=--cap-lints=warn" "-e" "RUSTDOCFLAGS=--cap-lints=warn" "-w" "/opt/rustwide/workdir" "--user" "0:0" "001c2facc5fb67fb73b05ba32c70d62d21ba6198aabf9428d07074ca3a43f346" "/opt/rustwide/cargo-home/bin/cargo" "+1.100.0-beta.1" "test" "--frozen" "--release", kill_on_drop: false }`
[INFO] [stderr] warning: `package.homepage` is redundant with `package.repository`
[INFO] [stderr]   --> Cargo.toml:82:12
[INFO] [stderr]    |
[INFO] [stderr] 82 | homepage = "https://github.com/randlee/wyvern"
[INFO] [stderr]    |            ^^^^^^^^^^^^^^^^^^^^^^^^^^^^^^^^^^^
[INFO] [stderr] ...
[INFO] [stderr] 87 | repository = "https://github.com/randlee/wyvern"
[INFO] [stderr]    |              -----------------------------------
[INFO] [stderr]    |
[INFO] [stderr]    = note: `cargo::redundant_homepage` is set to `warn` by default
[INFO] [stderr] help: consider removing `package.homepage`
[INFO] [stderr] warning: `wyvern-host` (manifest) generated 1 warning
[INFO] [stderr]     Finished `release` profile [optimized] target(s) in 0.30s
[INFO] [stderr]      Running unittests src/lib.rs (/opt/rustwide/target/release/build/wyvern-host/825ce715837117d5/out/wyvern_host-825ce715837117d5)
[INFO] [stdout] 
[INFO] [stdout] running 53 tests
[INFO] [stdout] test browser_catalog::tests::catalog_contains_viewer_enum_ids ... ok
[INFO] [stdout] test browser_catalog::tests::for_browser_id_matches_wire_name ... ok
[INFO] [stdout] test browser_registry::tests::catalog_id_rejects_unknown ... ok
[INFO] [stdout] test browser_launch::tests::launch_none_and_embedded_are_noops ... ok
[INFO] [stdout] test browser_registry::tests::resolve_named_errors_when_missing_after_empty_refresh ... ok
[INFO] [stdout] test browser_registry::tests::version_mismatch_is_cache_miss ... ok
[INFO] [stdout] test markdown::tests::content_html_keeps_safe_markup ... ok
[INFO] [stdout] test browser_registry::tests::stale_executable_triggers_refresh_retry ... ok
[INFO] [stdout] test markdown::tests::content_html_strips_script_and_handlers ... ok
[INFO] [stdout] test markdown::tests::markdown_renders_heading_and_emphasis ... ok
[INFO] [stdout] test options::tests::headless_session_timeout_is_thirty_seconds ... ok
[INFO] [stdout] test browser_registry::tests::load_distinguishes_missing_vs_corrupt ... ok
[INFO] [stdout] test browser_registry::tests::refresh_writes_rfc3339_updated_at ... ok
[INFO] [stdout] test picker::tests::real_file_picker_smoke ... ignored, requires native picker UI
[INFO] [stdout] test options::tests::validate_accepts_default_session_timeout ... ok
[INFO] [stdout] test options::tests::validate_rejects_sub_minimum_session_timeout ... ok
[INFO] [stdout] test picker::tests::filter_extensions_strips_glob_prefix ... ok
[INFO] [stdout] test picker::tests::injected_mock_returns_path_without_env ... ok
[INFO] [stdout] test options::tests::validate_rejects_zero_session_timeout ... ok
[INFO] [stdout] test question::preview::tests::preview_html_keeps_pre_fragment ... ok
[INFO] [stdout] test question::preview::tests::preview_html_strips_script_and_handlers ... ok
[INFO] [stdout] test report_finish::tests::accepts_matching_finish_and_echoes_authoritative_panels ... ok
[INFO] [stdout] test report_finish::tests::comments_bound_is_enforced ... ok
[INFO] [stdout] test question::preview::tests::preview_html_converts_markdown ... ok
[INFO] [stdout] test picker::tests::injected_mock_empty_simulates_cancel ... ok
[INFO] [stdout] test report_finish::tests::empty_comments_are_allowed ... ok
[INFO] [stdout] test report_finish::tests::manifest_required_has_dedicated_code ... ok
[INFO] [stdout] test routes::dialog::tests::dialog_payload_rejects_oversized_markdown ... ok
[INFO] [stdout] test report_finish::tests::panels_mismatch_is_rejected ... ok
[INFO] [stdout] test report_finish::tests::panel_shape_errors_use_panels_invalid_not_mismatch ... ok
[INFO] [stdout] test report_session::tests::token_issued_only_for_review_with_panels ... ok
[INFO] [stdout] test report_finish::tests::unknown_top_level_key_is_rejected ... ok
[INFO] [stdout] test routes::dialog::tests::dialog_payload_rejects_oversized_question_preview ... ok
[INFO] [stdout] test routes::dialog::tests::dialog_payload_renders_normal_question_preview ... ok
[INFO] [stdout] test routes::dialog::tests::dialog_payload_renders_normal_markdown ... ok
[INFO] [stdout] test server::tests::bind_policy_allows_loopback ... ok
[INFO] [stdout] test server::tests::bind_policy_rejects_non_loopback_without_opt_in ... ok
[INFO] [stdout] test server::tests::request_id_make_span_reads_header ... ok
[INFO] [stdout] test session::tests::complete_returns_false_when_receiver_dropped ... ok
[INFO] [stdout] test session::tests::concurrent_navigate_and_finish_are_mutually_exclusive ... ok
[INFO] [stdout] test browser_registry::tests::platform_mismatch_is_cache_miss_then_refresh ... ok
[INFO] [stdout] test session::tests::consume_result_token_prevents_later_complete ... ok
[INFO] [stdout] test session::tests::view_command_does_not_issue_report_manifest ... ok
[INFO] [stdout] test session::tests::navigate_after_result_submitted_returns_conflict_error ... ok
[INFO] [stdout] test session::tests::review_command_issues_validated_manifest_token ... ok
[INFO] [stdout] test static_files::tests::report_bind_require_report_page_rejects_packaged_index_pattern ... ok
[INFO] [stdout] test static_files::tests::report_bind_require_report_page_accepts_existing_page ... ok
[INFO] [stdout] test session::tests::navigate_without_bound_origin_fails ... ok
[INFO] [stdout] test session::tests::timeout_consume_and_complete_are_mutually_exclusive ... ok
[INFO] [stdout] test static_files::tests::safe_join_rejects_parent ... ok
[INFO] [stdout] test static_files::tests::require_type_dir_preserves_canonicalize_io_error ... ok
[INFO] [stdout] test static_files::tests::safe_join_allows_nested ... ok
[INFO] [stdout] test routes::dialog::tests::dialog_payload_times_out_slow_render ... ok
[INFO] [stdout] 
[INFO] [stdout] test result: ok. 52 passed; 0 failed; 1 ignored; 0 measured; 0 filtered out; finished in 0.52s
[INFO] [stdout] 
[INFO] [stderr]      Running tests/http_chrome.rs (/opt/rustwide/target/release/build/wyvern-host/0eef54d8ba1ad65c/out/http_chrome-0eef54d8ba1ad65c)
[INFO] [stdout] 
[INFO] [stdout] running 4 tests
[INFO] [stdout] test run_chrome_posts_ok_via_http ... FAILED
[INFO] [stdout] test run_chrome_dialog_payload_includes_status ... FAILED
[INFO] [stdout] test run_chrome_dismissed_via_beacon ... FAILED
[INFO] [stdout] test run_chrome_result_rejects_missing_button ... FAILED
[INFO] [stdout] 
[INFO] [stdout] failures:
[INFO] [stdout] 
[INFO] [stdout] ---- run_chrome_posts_ok_via_http stdout ----
[INFO] [stdout] 
[INFO] [stdout] thread 'run_chrome_posts_ok_via_http' (4777) panicked at tests/support/http.rs:28:13:
[INFO] [stdout] timed out waiting for dialog URL file /tmp/wyvern-chrome-url-4774-1
[INFO] [stdout] stack backtrace:
[INFO] [stdout]    0:     0x619d88f87b71 - <<std[617be2ca0a6fd877]::sys::backtrace::BacktraceLock>::print::DisplayBacktrace as core[a373ad73a504971]::fmt::Display>::fmt
[INFO] [stdout]    1:     0x619d88fa0dca - core[a373ad73a504971]::fmt::write
[INFO] [stdout]    2:     0x619d88f8df6c - <alloc[2e1b2a31b91974c5]::vec::Vec<u8> as core[a373ad73a504971]::io::write::Write>::write_fmt
[INFO] [stdout]    3:     0x619d88f5fd06 - std[617be2ca0a6fd877]::panicking::default_hook::{closure#0}
[INFO] [stdout]    4:     0x619d88f7e9a9 - std[617be2ca0a6fd877]::panicking::default_hook
[INFO] [stdout]    5:     0x619d88af39b0 - test[aada8e7e76ba119b]::test_main_inner::{closure#0}
[INFO] [stdout]    6:     0x619d88f7ecd2 - std[617be2ca0a6fd877]::panicking::panic_with_hook
[INFO] [stdout]    7:     0x619d88f5fdb2 - std[617be2ca0a6fd877]::panicking::panic_handler::{closure#0}
[INFO] [stdout]    8:     0x619d88f58739 - std[617be2ca0a6fd877]::sys::backtrace::__rust_end_short_backtrace::<std[617be2ca0a6fd877]::panicking::panic_handler::{closure#0}, !>
[INFO] [stdout]    9:     0x619d88f60bad - __rustc[ea4f61d10b84890b]::rust_begin_unwind
[INFO] [stdout]   10:     0x619d88fa152c - core[a373ad73a504971]::panicking::panic_fmt
[INFO] [stdout]   11:     0x619d8894bfd4 - http_chrome[3c7f1219fe9ec76c]::support::http::wait_for_url_file
[INFO] [stdout]   12:     0x619d8893a6ce - <http_chrome[3c7f1219fe9ec76c]::run_chrome_posts_ok_via_http::{closure#0} as core[a373ad73a504971]::ops::function::FnOnce<()>>::call_once
[INFO] [stdout]   13:     0x619d88ae6dfb - test[aada8e7e76ba119b]::__rust_begin_short_backtrace::<core[a373ad73a504971]::result::Result<(), alloc[2e1b2a31b91974c5]::string::String>, fn() -> core[a373ad73a504971]::result::Result<(), alloc[2e1b2a31b91974c5]::string::String>>
[INFO] [stdout]   14:     0x619d88af3fd5 - test[aada8e7e76ba119b]::run_test::{closure#0}
[INFO] [stdout]   15:     0x619d88aed8c4 - std[617be2ca0a6fd877]::sys::backtrace::__rust_begin_short_backtrace::<test[aada8e7e76ba119b]::run_test::{closure#1}, ()>
[INFO] [stdout]   16:     0x619d88af7062 - <std[617be2ca0a6fd877]::thread::lifecycle::spawn_unchecked<test[aada8e7e76ba119b]::run_test::{closure#1}, ()>::{closure#1} as core[a373ad73a504971]::ops::function::FnOnce<()>>::call_once::{shim:vtable#0}
[INFO] [stdout]   17:     0x619d88f862ff - <std[617be2ca0a6fd877]::sys::thread::unix::Thread>::new::thread_start
[INFO] [stdout]   18:     0x7e1c9cfb2dfa - <unknown>
[INFO] [stdout]   19:     0x7e1c9d0463d4 - clone
[INFO] [stdout]   20:                0x0 - <unknown>
[INFO] [stdout] 
[INFO] [stdout] ---- run_chrome_dialog_payload_includes_status stdout ----
[INFO] [stdout] 
[INFO] [stdout] thread 'run_chrome_dialog_payload_includes_status' (4775) panicked at tests/support/http.rs:28:13:
[INFO] [stdout] timed out waiting for dialog URL file /tmp/wyvern-chrome-status-url-4774-3
[INFO] [stdout] stack backtrace:
[INFO] [stdout]    0:     0x619d88f87b71 - <<std[617be2ca0a6fd877]::sys::backtrace::BacktraceLock>::print::DisplayBacktrace as core[a373ad73a504971]::fmt::Display>::fmt
[INFO] [stdout]    1:     0x619d88fa0dca - core[a373ad73a504971]::fmt::write
[INFO] [stdout]    2:     0x619d88f8df6c - <alloc[2e1b2a31b91974c5]::vec::Vec<u8> as core[a373ad73a504971]::io::write::Write>::write_fmt
[INFO] [stdout]    3:     0x619d88f5fd06 - std[617be2ca0a6fd877]::panicking::default_hook::{closure#0}
[INFO] [stdout]    4:     0x619d88f7e9a9 - std[617be2ca0a6fd877]::panicking::default_hook
[INFO] [stdout]    5:     0x619d88af39b0 - test[aada8e7e76ba119b]::test_main_inner::{closure#0}
[INFO] [stdout]    6:     0x619d88f7ecd2 - std[617be2ca0a6fd877]::panicking::panic_with_hook
[INFO] [stdout]    7:     0x619d88f5fdb2 - std[617be2ca0a6fd877]::panicking::panic_handler::{closure#0}
[INFO] [stdout]    8:     0x619d88f58739 - std[617be2ca0a6fd877]::sys::backtrace::__rust_end_short_backtrace::<std[617be2ca0a6fd877]::panicking::panic_handler::{closure#0}, !>
[INFO] [stdout]    9:     0x619d88f60bad - __rustc[ea4f61d10b84890b]::rust_begin_unwind
[INFO] [stdout]   10:     0x619d88fa152c - core[a373ad73a504971]::panicking::panic_fmt
[INFO] [stdout]   11:     0x619d8894bfd4 - http_chrome[3c7f1219fe9ec76c]::support::http::wait_for_url_file
[INFO] [stdout]   12:     0x619d8893d596 - <http_chrome[3c7f1219fe9ec76c]::run_chrome_dialog_payload_includes_status::{closure#0} as core[a373ad73a504971]::ops::function::FnOnce<()>>::call_once
[INFO] [stdout]   13:     0x619d88ae6dfb - test[aada8e7e76ba119b]::__rust_begin_short_backtrace::<core[a373ad73a504971]::result::Result<(), alloc[2e1b2a31b91974c5]::string::String>, fn() -> core[a373ad73a504971]::result::Result<(), alloc[2e1b2a31b91974c5]::string::String>>
[INFO] [stdout]   14:     0x619d88af3fd5 - test[aada8e7e76ba119b]::run_test::{closure#0}
[INFO] [stdout]   15:     0x619d88aed8c4 - std[617be2ca0a6fd877]::sys::backtrace::__rust_begin_short_backtrace::<test[aada8e7e76ba119b]::run_test::{closure#1}, ()>
[INFO] [stdout]   16:     0x619d88af7062 - <std[617be2ca0a6fd877]::thread::lifecycle::spawn_unchecked<test[aada8e7e76ba119b]::run_test::{closure#1}, ()>::{closure#1} as core[a373ad73a504971]::ops::function::FnOnce<()>>::call_once::{shim:vtable#0}
[INFO] [stdout]   17:     0x619d88f862ff - <std[617be2ca0a6fd877]::sys::thread::unix::Thread>::new::thread_start
[INFO] [stdout]   18:     0x7e1c9cfb2dfa - <unknown>
[INFO] [stdout]   19:     0x7e1c9d0463d4 - clone
[INFO] [stdout]   20:                0x0 - <unknown>
[INFO] [stdout] 
[INFO] [stdout] ---- run_chrome_dismissed_via_beacon stdout ----
[INFO] [stdout] 
[INFO] [stdout] thread 'run_chrome_dismissed_via_beacon' (4776) panicked at tests/support/http.rs:28:13:
[INFO] [stdout] timed out waiting for dialog URL file /tmp/wyvern-chrome-dismissed-url-4774-0
[INFO] [stdout] stack backtrace:
[INFO] [stdout]    0:     0x619d88f87b71 - <<std[617be2ca0a6fd877]::sys::backtrace::BacktraceLock>::print::DisplayBacktrace as core[a373ad73a504971]::fmt::Display>::fmt
[INFO] [stdout]    1:     0x619d88fa0dca - core[a373ad73a504971]::fmt::write
[INFO] [stdout]    2:     0x619d88f8df6c - <alloc[2e1b2a31b91974c5]::vec::Vec<u8> as core[a373ad73a504971]::io::write::Write>::write_fmt
[INFO] [stdout]    3:     0x619d88f5fd06 - std[617be2ca0a6fd877]::panicking::default_hook::{closure#0}
[INFO] [stdout]    4:     0x619d88f7e9a9 - std[617be2ca0a6fd877]::panicking::default_hook
[INFO] [stdout]    5:     0x619d88af39b0 - test[aada8e7e76ba119b]::test_main_inner::{closure#0}
[INFO] [stdout]    6:     0x619d88f7ecd2 - std[617be2ca0a6fd877]::panicking::panic_with_hook
[INFO] [stdout]    7:     0x619d88f5fdb2 - std[617be2ca0a6fd877]::panicking::panic_handler::{closure#0}
[INFO] [stdout]    8:     0x619d88f58739 - std[617be2ca0a6fd877]::sys::backtrace::__rust_end_short_backtrace::<std[617be2ca0a6fd877]::panicking::panic_handler::{closure#0}, !>
[INFO] [stdout]    9:     0x619d88f60bad - __rustc[ea4f61d10b84890b]::rust_begin_unwind
[INFO] [stdout]   10:     0x619d88fa152c - core[a373ad73a504971]::panicking::panic_fmt
[INFO] [stdout]   11:     0x619d8894bfd4 - http_chrome[3c7f1219fe9ec76c]::support::http::wait_for_url_file
[INFO] [stdout]   12:     0x619d8893ba4d - <http_chrome[3c7f1219fe9ec76c]::run_chrome_dismissed_via_beacon::{closure#0} as core[a373ad73a504971]::ops::function::FnOnce<()>>::call_once
[INFO] [stdout]   13:     0x619d88ae6dfb - test[aada8e7e76ba119b]::__rust_begin_short_backtrace::<core[a373ad73a504971]::result::Result<(), alloc[2e1b2a31b91974c5]::string::String>, fn() -> core[a373ad73a504971]::result::Result<(), alloc[2e1b2a31b91974c5]::string::String>>
[INFO] [stdout]   14:     0x619d88af3fd5 - test[aada8e7e76ba119b]::run_test::{closure#0}
[INFO] [stdout]   15:     0x619d88aed8c4 - std[617be2ca0a6fd877]::sys::backtrace::__rust_begin_short_backtrace::<test[aada8e7e76ba119b]::run_test::{closure#1}, ()>
[INFO] [stdout]   16:     0x619d88af7062 - <std[617be2ca0a6fd877]::thread::lifecycle::spawn_unchecked<test[aada8e7e76ba119b]::run_test::{closure#1}, ()>::{closure#1} as core[a373ad73a504971]::ops::function::FnOnce<()>>::call_once::{shim:vtable#0}
[INFO] [stdout]   17:     0x619d88f862ff - <std[617be2ca0a6fd877]::sys::thread::unix::Thread>::new::thread_start
[INFO] [stdout]   18:     0x7e1c9cfb2dfa - <unknown>
[INFO] [stdout]   19:     0x7e1c9d0463d4 - clone
[INFO] [stdout]   20:                0x0 - <unknown>
[INFO] [stdout] 
[INFO] [stdout] ---- run_chrome_result_rejects_missing_button stdout ----
[INFO] [stdout] 
[INFO] [stdout] thread 'run_chrome_result_rejects_missing_button' (4778) panicked at tests/support/http.rs:28:13:
[INFO] [stdout] timed out waiting for dialog URL file /tmp/wyvern-chrome-bad-result-url-4774-2
[INFO] [stdout] stack backtrace:
[INFO] [stdout]    0:     0x619d88f87b71 - <<std[617be2ca0a6fd877]::sys::backtrace::BacktraceLock>::print::DisplayBacktrace as core[a373ad73a504971]::fmt::Display>::fmt
[INFO] [stdout]    1:     0x619d88fa0dca - core[a373ad73a504971]::fmt::write
[INFO] [stdout]    2:     0x619d88f8df6c - <alloc[2e1b2a31b91974c5]::vec::Vec<u8> as core[a373ad73a504971]::io::write::Write>::write_fmt
[INFO] [stdout]    3:     0x619d88f5fd06 - std[617be2ca0a6fd877]::panicking::default_hook::{closure#0}
[INFO] [stdout]    4:     0x619d88f7e9a9 - std[617be2ca0a6fd877]::panicking::default_hook
[INFO] [stdout]    5:     0x619d88af39b0 - test[aada8e7e76ba119b]::test_main_inner::{closure#0}
[INFO] [stdout]    6:     0x619d88f7ecd2 - std[617be2ca0a6fd877]::panicking::panic_with_hook
[INFO] [stdout]    7:     0x619d88f5fdb2 - std[617be2ca0a6fd877]::panicking::panic_handler::{closure#0}
[INFO] [stdout]    8:     0x619d88f58739 - std[617be2ca0a6fd877]::sys::backtrace::__rust_end_short_backtrace::<std[617be2ca0a6fd877]::panicking::panic_handler::{closure#0}, !>
[INFO] [stdout]    9:     0x619d88f60bad - __rustc[ea4f61d10b84890b]::rust_begin_unwind
[INFO] [stdout]   10:     0x619d88fa152c - core[a373ad73a504971]::panicking::panic_fmt
[INFO] [stdout]   11:     0x619d8894bfd4 - http_chrome[3c7f1219fe9ec76c]::support::http::wait_for_url_file
[INFO] [stdout]   12:     0x619d8893c812 - <http_chrome[3c7f1219fe9ec76c]::run_chrome_result_rejects_missing_button::{closure#0} as core[a373ad73a504971]::ops::function::FnOnce<()>>::call_once
[INFO] [stdout]   13:     0x619d88ae6dfb - test[aada8e7e76ba119b]::__rust_begin_short_backtrace::<core[a373ad73a504971]::result::Result<(), alloc[2e1b2a31b91974c5]::string::String>, fn() -> core[a373ad73a504971]::result::Result<(), alloc[2e1b2a31b91974c5]::string::String>>
[INFO] [stdout]   14:     0x619d88af3fd5 - test[aada8e7e76ba119b]::run_test::{closure#0}
[INFO] [stdout]   15:     0x619d88aed8c4 - std[617be2ca0a6fd877]::sys::backtrace::__rust_begin_short_backtrace::<test[aada8e7e76ba119b]::run_test::{closure#1}, ()>
[INFO] [stdout]   16:     0x619d88af7062 - <std[617be2ca0a6fd877]::thread::lifecycle::spawn_unchecked<test[aada8e7e76ba119b]::run_test::{closure#1}, ()>::{closure#1} as core[a373ad73a504971]::ops::function::FnOnce<()>>::call_once::{shim:vtable#0}
[INFO] [stdout]   17:     0x619d88f862ff - <std[617be2ca0a6fd877]::sys::thread::unix::Thread>::new::thread_start
[INFO] [stdout]   18:     0x7e1c9cfb2dfa - <unknown>
[INFO] [stdout]   19:     0x7e1c9d0463d4 - clone
[INFO] [stdout]   20:                0x0 - <unknown>
[INFO] [stdout] 
[INFO] [stdout] 
[INFO] [stdout] failures:
[INFO] [stdout]     run_chrome_dialog_payload_includes_status
[INFO] [stdout]     run_chrome_dismissed_via_beacon
[INFO] [stdout]     run_chrome_posts_ok_via_http
[INFO] [stdout]     run_chrome_result_rejects_missing_button
[INFO] [stdout] 
[INFO] [stdout] test result: FAILED. 0 passed; 4 failed; 0 ignored; 0 measured; 0 filtered out; finished in 15.01s
[INFO] [stdout] 
[INFO] [stderr] error: test failed, to rerun pass `--test http_chrome`
[INFO] running `Command { std: "docker" "inspect" "001c2facc5fb67fb73b05ba32c70d62d21ba6198aabf9428d07074ca3a43f346", kill_on_drop: false }`
[INFO] running `Command { std: "docker" "rm" "-f" "001c2facc5fb67fb73b05ba32c70d62d21ba6198aabf9428d07074ca3a43f346", kill_on_drop: false }`
[INFO] [stdout] 001c2facc5fb67fb73b05ba32c70d62d21ba6198aabf9428d07074ca3a43f346
