[INFO] fetching crate wvx-forge 0.1.1...
[INFO] testing wvx-forge-0.1.1 against 1.100.0-beta.1+cargoflags=--release for beta-release-1.100-2
[INFO] extracting crate wvx-forge 0.1.1 into /workspace/builds/worker-7-tc2/source
[INFO] started tweaking crates.io crate wvx-forge 0.1.1
[INFO] finished tweaking crates.io crate wvx-forge 0.1.1
[INFO] tweaked toml for crates.io crate wvx-forge 0.1.1 written to /workspace/builds/worker-7-tc2/source/Cargo.toml
[INFO] validating manifest of crates.io crate wvx-forge 0.1.1 on toolchain 1.100.0-beta.1
[INFO] running `Command { std: CARGO_HOME="/workspace/cargo-home" RUSTUP_HOME="/workspace/rustup-home" "/workspace/cargo-home/bin/cargo" "+1.100.0-beta.1" "metadata" "--manifest-path" "Cargo.toml" "--no-deps", kill_on_drop: false }`
[INFO] crate crates.io crate wvx-forge 0.1.1 already has a lockfile, it will not be regenerated
[INFO] running `Command { std: CARGO_HOME="/workspace/cargo-home" RUSTUP_HOME="/workspace/rustup-home" "/workspace/cargo-home/bin/cargo" "+1.100.0-beta.1" "fetch" "--manifest-path" "Cargo.toml", kill_on_drop: false }`
[INFO] running `Command { std: "docker" "create" "-v" "/var/lib/crater-agent-workspace/builds/worker-7-tc2/source:/opt/rustwide/workdir:ro,Z" "-v" "/var/lib/crater-agent-workspace/builds/worker-7-tc2/target:/opt/rustwide/target:rw,Z" "-v" "/var/lib/crater-agent-workspace/cargo-home:/opt/rustwide/cargo-home:ro,Z" "-v" "/var/lib/crater-agent-workspace/rustup-home:/opt/rustwide/rustup-home:ro,Z" "-m" "1610612736" "--network" "none" "ghcr.io/rust-lang/crates-build-env/linux@sha256:77db811e55d90add9212f6832c23229e3de5f1c1f9905e8cb07319ea15df73ac" "sleep" "infinity", kill_on_drop: false }`
[INFO] [stdout] 09120768dedb1f8fd04e69c01e91c8cde6f584fe4a106d07fa813f97d5e519d3
[INFO] running `Command { std: "docker" "start" "09120768dedb1f8fd04e69c01e91c8cde6f584fe4a106d07fa813f97d5e519d3", kill_on_drop: false }`
[INFO] running `Command { std: "docker" "inspect" "09120768dedb1f8fd04e69c01e91c8cde6f584fe4a106d07fa813f97d5e519d3", kill_on_drop: false }`
[INFO] running `Command { std: "docker" "exec" "-e" "SOURCE_DIR=/opt/rustwide/workdir" "-e" "CARGO_HOME=/opt/rustwide/cargo-home" "-e" "RUSTUP_HOME=/opt/rustwide/rustup-home" "-e" "CARGO_TARGET_DIR=/opt/rustwide/target" "-w" "/opt/rustwide/workdir" "--user" "0:0" "09120768dedb1f8fd04e69c01e91c8cde6f584fe4a106d07fa813f97d5e519d3" "/opt/rustwide/cargo-home/bin/cargo" "+1.100.0-beta.1" "metadata" "--no-deps" "--format-version=1", kill_on_drop: false }`
[INFO] running `Command { std: "docker" "inspect" "09120768dedb1f8fd04e69c01e91c8cde6f584fe4a106d07fa813f97d5e519d3", kill_on_drop: false }`
[INFO] running `Command { std: "docker" "exec" "-e" "SOURCE_DIR=/opt/rustwide/workdir" "-e" "CARGO_HOME=/opt/rustwide/cargo-home" "-e" "RUSTUP_HOME=/opt/rustwide/rustup-home" "-e" "CARGO_TARGET_DIR=/opt/rustwide/target" "-e" "CARGO_INCREMENTAL=0" "-e" "RUST_BACKTRACE=full" "-e" "RUSTFLAGS=--cap-lints=warn" "-e" "RUSTDOCFLAGS=--cap-lints=warn" "-w" "/opt/rustwide/workdir" "--user" "0:0" "09120768dedb1f8fd04e69c01e91c8cde6f584fe4a106d07fa813f97d5e519d3" "/opt/rustwide/cargo-home/bin/cargo" "+1.100.0-beta.1" "build" "--frozen" "--message-format=json" "--release", kill_on_drop: false }`
[INFO] [stderr]    Compiling proc-macro2 v1.0.107
[INFO] [stderr]    Compiling unicode-ident v1.0.24
[INFO] [stderr]    Compiling quote v1.0.47
[INFO] [stderr]    Compiling indexmap v2.14.0
[INFO] [stderr]    Compiling winnow v0.7.15
[INFO] [stderr]    Compiling toml_write v0.1.2
[INFO] [stderr]    Compiling syn v3.0.3
[INFO] [stderr]    Compiling syn v2.0.119
[INFO] [stderr]    Compiling serde_derive v1.0.229
[INFO] [stderr]    Compiling thiserror-impl v2.0.20
[INFO] [stderr]    Compiling thiserror v2.0.20
[INFO] [stderr]    Compiling serde v1.0.229
[INFO] [stderr]    Compiling serde_spanned v0.6.9
[INFO] [stderr]    Compiling toml_datetime v0.6.11
[INFO] [stderr]    Compiling toml_edit v0.22.27
[INFO] [stderr]    Compiling toml v0.8.23
[INFO] [stderr]    Compiling wvx-forge v0.1.1 (/opt/rustwide/workdir)
[INFO] [stderr]     Finished `release` profile [optimized] target(s) in 48.86s
[INFO] running `Command { std: "docker" "inspect" "09120768dedb1f8fd04e69c01e91c8cde6f584fe4a106d07fa813f97d5e519d3", kill_on_drop: false }`
[INFO] running `Command { std: "docker" "exec" "-e" "SOURCE_DIR=/opt/rustwide/workdir" "-e" "CARGO_HOME=/opt/rustwide/cargo-home" "-e" "RUSTUP_HOME=/opt/rustwide/rustup-home" "-e" "CARGO_TARGET_DIR=/opt/rustwide/target" "-e" "CARGO_INCREMENTAL=0" "-e" "RUST_BACKTRACE=full" "-e" "RUSTFLAGS=--cap-lints=warn" "-e" "RUSTDOCFLAGS=--cap-lints=warn" "-w" "/opt/rustwide/workdir" "--user" "0:0" "09120768dedb1f8fd04e69c01e91c8cde6f584fe4a106d07fa813f97d5e519d3" "/opt/rustwide/cargo-home/bin/cargo" "+1.100.0-beta.1" "test" "--frozen" "--no-run" "--message-format=json" "--release", kill_on_drop: false }`
[INFO] [stderr]    Compiling wvx-forge v0.1.1 (/opt/rustwide/workdir)
[INFO] [stderr]     Finished `release` profile [optimized] target(s) in 10.83s
[INFO] running `Command { std: "docker" "inspect" "09120768dedb1f8fd04e69c01e91c8cde6f584fe4a106d07fa813f97d5e519d3", kill_on_drop: false }`
[INFO] running `Command { std: "docker" "exec" "-e" "SOURCE_DIR=/opt/rustwide/workdir" "-e" "CARGO_HOME=/opt/rustwide/cargo-home" "-e" "RUSTUP_HOME=/opt/rustwide/rustup-home" "-e" "CARGO_TARGET_DIR=/opt/rustwide/target" "-e" "CARGO_INCREMENTAL=0" "-e" "RUST_BACKTRACE=full" "-e" "RUSTFLAGS=--cap-lints=warn" "-e" "RUSTDOCFLAGS=--cap-lints=warn" "-w" "/opt/rustwide/workdir" "--user" "0:0" "09120768dedb1f8fd04e69c01e91c8cde6f584fe4a106d07fa813f97d5e519d3" "/opt/rustwide/cargo-home/bin/cargo" "+1.100.0-beta.1" "test" "--frozen" "--release", kill_on_drop: false }`
[INFO] [stderr]     Finished `release` profile [optimized] target(s) in 0.09s
[INFO] [stderr]      Running unittests src/lib.rs (/opt/rustwide/target/release/build/wvx-forge/b2a655889e54b4a7/out/wvx_forge-b2a655889e54b4a7)
[INFO] [stdout] 
[INFO] [stdout] running 18 tests
[INFO] [stdout] test capability_match::tests::matches_serialize_shape ... ok
[INFO] [stdout] test capability_match::tests::family_hint_without_shape_is_soft ... ok
[INFO] [stdout] test capability_match::tests::unknown_shape_is_new_proposal ... ok
[INFO] [stdout] test draft::tests::draft_reuses_existing_parse_capability ... ok
[INFO] [stdout] test extract::tests::ast_multiline_function ... ok
[INFO] [stdout] test extract::tests::serialize_fn_shape ... ok
[INFO] [stdout] test facts::tests::rejects_wrong_schema ... ok
[INFO] [stdout] test facts::tests::facts_roundtrip_to_extract ... ok
[INFO] [stdout] test draft::tests::draft_known_parse_shape ... ok
[INFO] [stdout] test capability_match::tests::matches_parse_shape_exact ... ok
[INFO] [stdout] test draft::tests::drafts_functions_from_wvx_types ... FAILED
[INFO] [stdout] test extract::tests::parse_fn_shape ... ok
[INFO] [stdout] test compile_adapter::tests::module_path_from_source ... ok
[INFO] [stdout] test compile_adapter::tests::compile_external_demo_parse ... FAILED
[INFO] [stdout] test extract::tests::extracts_from_wvx_types_ast ... FAILED
[INFO] [stdout] test extract::tests::extracts_adapters_with_module_path ... FAILED
[INFO] [stdout] test economics::tests::gate_c_pilot_metrics ... FAILED
[INFO] [stdout] test tests::inventory_self_workspace ... FAILED
[INFO] [stdout] 
[INFO] [stdout] failures:
[INFO] [stdout] 
[INFO] [stdout] ---- draft::tests::drafts_functions_from_wvx_types stdout ----
[INFO] [stdout] 
[INFO] [stdout] thread 'draft::tests::drafts_functions_from_wvx_types' (559) panicked at src/draft.rs:601:50:
[INFO] [stdout] called `Result::unwrap()` on an `Err` value: NotDir("/opt/rustwide/workdir/../wvx-types")
[INFO] [stdout] stack backtrace:
[INFO] [stdout]    0:     0x56ce34c21a31 - <<std[617be2ca0a6fd877]::sys::backtrace::BacktraceLock>::print::DisplayBacktrace as core[a373ad73a504971]::fmt::Display>::fmt
[INFO] [stdout]    1:     0x56ce34c36d9a - core[a373ad73a504971]::fmt::write
[INFO] [stdout]    2:     0x56ce34c25f8c - <alloc[2e1b2a31b91974c5]::vec::Vec<u8> as core[a373ad73a504971]::io::write::Write>::write_fmt
[INFO] [stdout]    3:     0x56ce34bfbee6 - std[617be2ca0a6fd877]::panicking::default_hook::{closure#0}
[INFO] [stdout]    4:     0x56ce34c19039 - std[617be2ca0a6fd877]::panicking::default_hook
[INFO] [stdout]    5:     0x56ce34a9cb90 - test[aada8e7e76ba119b]::test_main_inner::{closure#0}
[INFO] [stdout]    6:     0x56ce34c19362 - std[617be2ca0a6fd877]::panicking::panic_with_hook
[INFO] [stdout]    7:     0x56ce34bfbf92 - std[617be2ca0a6fd877]::panicking::panic_handler::{closure#0}
[INFO] [stdout]    8:     0x56ce34bf4959 - std[617be2ca0a6fd877]::sys::backtrace::__rust_end_short_backtrace::<std[617be2ca0a6fd877]::panicking::panic_handler::{closure#0}, !>
[INFO] [stdout]    9:     0x56ce34bfcb9d - __rustc[ea4f61d10b84890b]::rust_begin_unwind
[INFO] [stdout]   10:     0x56ce34c374fc - core[a373ad73a504971]::panicking::panic_fmt
[INFO] [stdout]   11:     0x56ce34c372d2 - core[a373ad73a504971]::result::unwrap_failed
[INFO] [stdout]   12:     0x56ce34a53a85 - <wvx_forge[bdd2e61eac687b80]::draft::tests::drafts_functions_from_wvx_types::{closure#0} as core[a373ad73a504971]::ops::function::FnOnce<()>>::call_once
[INFO] [stdout]   13:     0x56ce34a8ffdb - test[aada8e7e76ba119b]::__rust_begin_short_backtrace::<core[a373ad73a504971]::result::Result<(), alloc[2e1b2a31b91974c5]::string::String>, fn() -> core[a373ad73a504971]::result::Result<(), alloc[2e1b2a31b91974c5]::string::String>>
[INFO] [stdout]   14:     0x56ce34a9d1b5 - test[aada8e7e76ba119b]::run_test::{closure#0}
[INFO] [stdout]   15:     0x56ce34a96aa4 - std[617be2ca0a6fd877]::sys::backtrace::__rust_begin_short_backtrace::<test[aada8e7e76ba119b]::run_test::{closure#1}, ()>
[INFO] [stdout]   16:     0x56ce34aa0242 - <std[617be2ca0a6fd877]::thread::lifecycle::spawn_unchecked<test[aada8e7e76ba119b]::run_test::{closure#1}, ()>::{closure#1} as core[a373ad73a504971]::ops::function::FnOnce<()>>::call_once::{shim:vtable#0}
[INFO] [stdout]   17:     0x56ce34c20d3f - <std[617be2ca0a6fd877]::sys::thread::unix::Thread>::new::thread_start
[INFO] [stdout]   18:     0x7cf6cf190dfa - <unknown>
[INFO] [stdout]   19:     0x7cf6cf2243d4 - clone
[INFO] [stdout]   20:                0x0 - <unknown>
[INFO] [stdout] 
[INFO] [stdout] ---- compile_adapter::tests::compile_external_demo_parse stdout ----
[INFO] [stdout] 
[INFO] [stdout] thread 'compile_adapter::tests::compile_external_demo_parse' (555) panicked at src/compile_adapter.rs:473:90:
[INFO] [stdout] called `Result::unwrap()` on an `Err` value: NotDir("/opt/rustwide/workdir/../wvx-adapter-external-demo")
[INFO] [stdout] stack backtrace:
[INFO] [stdout]    0:     0x56ce34c21a31 - <<std[617be2ca0a6fd877]::sys::backtrace::BacktraceLock>::print::DisplayBacktrace as core[a373ad73a504971]::fmt::Display>::fmt
[INFO] [stdout]    1:     0x56ce34c36d9a - core[a373ad73a504971]::fmt::write
[INFO] [stdout]    2:     0x56ce34c25f8c - <alloc[2e1b2a31b91974c5]::vec::Vec<u8> as core[a373ad73a504971]::io::write::Write>::write_fmt
[INFO] [stdout]    3:     0x56ce34bfbee6 - std[617be2ca0a6fd877]::panicking::default_hook::{closure#0}
[INFO] [stdout]    4:     0x56ce34c19039 - std[617be2ca0a6fd877]::panicking::default_hook
[INFO] [stdout]    5:     0x56ce34a9cb90 - test[aada8e7e76ba119b]::test_main_inner::{closure#0}
[INFO] [stdout]    6:     0x56ce34c19362 - std[617be2ca0a6fd877]::panicking::panic_with_hook
[INFO] [stdout]    7:     0x56ce34bfbf92 - std[617be2ca0a6fd877]::panicking::panic_handler::{closure#0}
[INFO] [stdout]    8:     0x56ce34bf4959 - std[617be2ca0a6fd877]::sys::backtrace::__rust_end_short_backtrace::<std[617be2ca0a6fd877]::panicking::panic_handler::{closure#0}, !>
[INFO] [stdout]    9:     0x56ce34bfcb9d - __rustc[ea4f61d10b84890b]::rust_begin_unwind
[INFO] [stdout]   10:     0x56ce34c374fc - core[a373ad73a504971]::panicking::panic_fmt
[INFO] [stdout]   11:     0x56ce34c372d2 - core[a373ad73a504971]::result::unwrap_failed
[INFO] [stdout]   12:     0x56ce34a2ce2f - <wvx_forge[bdd2e61eac687b80]::compile_adapter::tests::compile_external_demo_parse::{closure#0} as core[a373ad73a504971]::ops::function::FnOnce<()>>::call_once
[INFO] [stdout]   13:     0x56ce34a8ffdb - test[aada8e7e76ba119b]::__rust_begin_short_backtrace::<core[a373ad73a504971]::result::Result<(), alloc[2e1b2a31b91974c5]::string::String>, fn() -> core[a373ad73a504971]::result::Result<(), alloc[2e1b2a31b91974c5]::string::String>>
[INFO] [stdout]   14:     0x56ce34a9d1b5 - test[aada8e7e76ba119b]::run_test::{closure#0}
[INFO] [stdout]   15:     0x56ce34a96aa4 - std[617be2ca0a6fd877]::sys::backtrace::__rust_begin_short_backtrace::<test[aada8e7e76ba119b]::run_test::{closure#1}, ()>
[INFO] [stdout]   16:     0x56ce34aa0242 - <std[617be2ca0a6fd877]::thread::lifecycle::spawn_unchecked<test[aada8e7e76ba119b]::run_test::{closure#1}, ()>::{closure#1} as core[a373ad73a504971]::ops::function::FnOnce<()>>::call_once::{shim:vtable#0}
[INFO] [stdout]   17:     0x56ce34c20d3f - <std[617be2ca0a6fd877]::sys::thread::unix::Thread>::new::thread_start
[INFO] [stdout]   18:     0x7cf6cf190dfa - <unknown>
[INFO] [stdout]   19:     0x7cf6cf2243d4 - clone
[INFO] [stdout]   20:                0x0 - <unknown>
[INFO] [stdout] 
[INFO] [stdout] ---- extract::tests::extracts_from_wvx_types_ast stdout ----
[INFO] [stdout] 
[INFO] [stdout] thread 'extract::tests::extracts_from_wvx_types_ast' (563) panicked at src/extract.rs:601:48:
[INFO] [stdout] called `Result::unwrap()` on an `Err` value: NotDir("/opt/rustwide/workdir/../wvx-types")
[INFO] [stdout] stack backtrace:
[INFO] [stdout]    0:     0x56ce34c21a31 - <<std[617be2ca0a6fd877]::sys::backtrace::BacktraceLock>::print::DisplayBacktrace as core[a373ad73a504971]::fmt::Display>::fmt
[INFO] [stdout]    1:     0x56ce34c36d9a - core[a373ad73a504971]::fmt::write
[INFO] [stdout]    2:     0x56ce34c25f8c - <alloc[2e1b2a31b91974c5]::vec::Vec<u8> as core[a373ad73a504971]::io::write::Write>::write_fmt
[INFO] [stdout]    3:     0x56ce34bfbee6 - std[617be2ca0a6fd877]::panicking::default_hook::{closure#0}
[INFO] [stdout]    4:     0x56ce34c19039 - std[617be2ca0a6fd877]::panicking::default_hook
[INFO] [stdout]    5:     0x56ce34a9cb90 - test[aada8e7e76ba119b]::test_main_inner::{closure#0}
[INFO] [stdout]    6:     0x56ce34c19362 - std[617be2ca0a6fd877]::panicking::panic_with_hook
[INFO] [stdout]    7:     0x56ce34bfbf92 - std[617be2ca0a6fd877]::panicking::panic_handler::{closure#0}
[INFO] [stdout]    8:     0x56ce34bf4959 - std[617be2ca0a6fd877]::sys::backtrace::__rust_end_short_backtrace::<std[617be2ca0a6fd877]::panicking::panic_handler::{closure#0}, !>
[INFO] [stdout]    9:     0x56ce34bfcb9d - __rustc[ea4f61d10b84890b]::rust_begin_unwind
[INFO] [stdout]   10:     0x56ce34c374fc - core[a373ad73a504971]::panicking::panic_fmt
[INFO] [stdout]   11:     0x56ce34c372d2 - core[a373ad73a504971]::result::unwrap_failed
[INFO] [stdout]   12:     0x56ce34a2e0c4 - <wvx_forge[bdd2e61eac687b80]::extract::tests::extracts_from_wvx_types_ast::{closure#0} as core[a373ad73a504971]::ops::function::FnOnce<()>>::call_once
[INFO] [stdout]   13:     0x56ce34a8ffdb - test[aada8e7e76ba119b]::__rust_begin_short_backtrace::<core[a373ad73a504971]::result::Result<(), alloc[2e1b2a31b91974c5]::string::String>, fn() -> core[a373ad73a504971]::result::Result<(), alloc[2e1b2a31b91974c5]::string::String>>
[INFO] [stdout]   14:     0x56ce34a9d1b5 - test[aada8e7e76ba119b]::run_test::{closure#0}
[INFO] [stdout]   15:     0x56ce34a96aa4 - std[617be2ca0a6fd877]::sys::backtrace::__rust_begin_short_backtrace::<test[aada8e7e76ba119b]::run_test::{closure#1}, ()>
[INFO] [stdout]   16:     0x56ce34aa0242 - <std[617be2ca0a6fd877]::thread::lifecycle::spawn_unchecked<test[aada8e7e76ba119b]::run_test::{closure#1}, ()>::{closure#1} as core[a373ad73a504971]::ops::function::FnOnce<()>>::call_once::{shim:vtable#0}
[INFO] [stdout]   17:     0x56ce34c20d3f - <std[617be2ca0a6fd877]::sys::thread::unix::Thread>::new::thread_start
[INFO] [stdout]   18:     0x7cf6cf190dfa - <unknown>
[INFO] [stdout]   19:     0x7cf6cf2243d4 - clone
[INFO] [stdout]   20:                0x0 - <unknown>
[INFO] [stdout] 
[INFO] [stdout] ---- extract::tests::extracts_adapters_with_module_path stdout ----
[INFO] [stdout] 
[INFO] [stdout] thread 'extract::tests::extracts_adapters_with_module_path' (562) panicked at src/extract.rs:647:48:
[INFO] [stdout] called `Result::unwrap()` on an `Err` value: NotDir("/opt/rustwide/workdir/../wvx-adapters")
[INFO] [stdout] stack backtrace:
[INFO] [stdout]    0:     0x56ce34c21a31 - <<std[617be2ca0a6fd877]::sys::backtrace::BacktraceLock>::print::DisplayBacktrace as core[a373ad73a504971]::fmt::Display>::fmt
[INFO] [stdout]    1:     0x56ce34c36d9a - core[a373ad73a504971]::fmt::write
[INFO] [stdout]    2:     0x56ce34c25f8c - <alloc[2e1b2a31b91974c5]::vec::Vec<u8> as core[a373ad73a504971]::io::write::Write>::write_fmt
[INFO] [stdout]    3:     0x56ce34bfbee6 - std[617be2ca0a6fd877]::panicking::default_hook::{closure#0}
[INFO] [stdout]    4:     0x56ce34c19039 - std[617be2ca0a6fd877]::panicking::default_hook
[INFO] [stdout]    5:     0x56ce34a9cb90 - test[aada8e7e76ba119b]::test_main_inner::{closure#0}
[INFO] [stdout]    6:     0x56ce34c19362 - std[617be2ca0a6fd877]::panicking::panic_with_hook
[INFO] [stdout]    7:     0x56ce34bfbf92 - std[617be2ca0a6fd877]::panicking::panic_handler::{closure#0}
[INFO] [stdout]    8:     0x56ce34bf4959 - std[617be2ca0a6fd877]::sys::backtrace::__rust_end_short_backtrace::<std[617be2ca0a6fd877]::panicking::panic_handler::{closure#0}, !>
[INFO] [stdout]    9:     0x56ce34bfcb9d - __rustc[ea4f61d10b84890b]::rust_begin_unwind
[INFO] [stdout]   10:     0x56ce34c374fc - core[a373ad73a504971]::panicking::panic_fmt
[INFO] [stdout]   11:     0x56ce34c372d2 - core[a373ad73a504971]::result::unwrap_failed
[INFO] [stdout]   12:     0x56ce34a2e4fb - <wvx_forge[bdd2e61eac687b80]::extract::tests::extracts_adapters_with_module_path::{closure#0} as core[a373ad73a504971]::ops::function::FnOnce<()>>::call_once
[INFO] [stdout]   13:     0x56ce34a8ffdb - test[aada8e7e76ba119b]::__rust_begin_short_backtrace::<core[a373ad73a504971]::result::Result<(), alloc[2e1b2a31b91974c5]::string::String>, fn() -> core[a373ad73a504971]::result::Result<(), alloc[2e1b2a31b91974c5]::string::String>>
[INFO] [stdout]   14:     0x56ce34a9d1b5 - test[aada8e7e76ba119b]::run_test::{closure#0}
[INFO] [stdout]   15:     0x56ce34a96aa4 - std[617be2ca0a6fd877]::sys::backtrace::__rust_begin_short_backtrace::<test[aada8e7e76ba119b]::run_test::{closure#1}, ()>
[INFO] [stdout]   16:     0x56ce34aa0242 - <std[617be2ca0a6fd877]::thread::lifecycle::spawn_unchecked<test[aada8e7e76ba119b]::run_test::{closure#1}, ()>::{closure#1} as core[a373ad73a504971]::ops::function::FnOnce<()>>::call_once::{shim:vtable#0}
[INFO] [stdout]   17:     0x56ce34c20d3f - <std[617be2ca0a6fd877]::sys::thread::unix::Thread>::new::thread_start
[INFO] [stdout]   18:     0x7cf6cf190dfa - <unknown>
[INFO] [stdout]   19:     0x7cf6cf2243d4 - clone
[INFO] [stdout]   20:                0x0 - <unknown>
[INFO] [stdout] 
[INFO] [stdout] ---- economics::tests::gate_c_pilot_metrics stdout ----
[INFO] [stdout] 
[INFO] [stdout] thread 'economics::tests::gate_c_pilot_metrics' (560) panicked at src/economics.rs:568:9:
[INFO] [stdout] recall=0
[INFO] [stdout] stack backtrace:
[INFO] [stdout]    0:     0x56ce34c21a31 - <<std[617be2ca0a6fd877]::sys::backtrace::BacktraceLock>::print::DisplayBacktrace as core[a373ad73a504971]::fmt::Display>::fmt
[INFO] [stdout]    1:     0x56ce34c36d9a - core[a373ad73a504971]::fmt::write
[INFO] [stdout]    2:     0x56ce34c25f8c - <alloc[2e1b2a31b91974c5]::vec::Vec<u8> as core[a373ad73a504971]::io::write::Write>::write_fmt
[INFO] [stdout]    3:     0x56ce34bfbee6 - std[617be2ca0a6fd877]::panicking::default_hook::{closure#0}
[INFO] [stdout]    4:     0x56ce34c19039 - std[617be2ca0a6fd877]::panicking::default_hook
[INFO] [stdout]    5:     0x56ce34a9cb90 - test[aada8e7e76ba119b]::test_main_inner::{closure#0}
[INFO] [stdout]    6:     0x56ce34c19362 - std[617be2ca0a6fd877]::panicking::panic_with_hook
[INFO] [stdout]    7:     0x56ce34bfbf92 - std[617be2ca0a6fd877]::panicking::panic_handler::{closure#0}
[INFO] [stdout]    8:     0x56ce34bf4959 - std[617be2ca0a6fd877]::sys::backtrace::__rust_end_short_backtrace::<std[617be2ca0a6fd877]::panicking::panic_handler::{closure#0}, !>
[INFO] [stdout]    9:     0x56ce34bfcb9d - __rustc[ea4f61d10b84890b]::rust_begin_unwind
[INFO] [stdout]   10:     0x56ce34c374fc - core[a373ad73a504971]::panicking::panic_fmt
[INFO] [stdout]   11:     0x56ce34a5486b - <wvx_forge[bdd2e61eac687b80]::economics::tests::gate_c_pilot_metrics::{closure#0} as core[a373ad73a504971]::ops::function::FnOnce<()>>::call_once
[INFO] [stdout]   12:     0x56ce34a8ffdb - test[aada8e7e76ba119b]::__rust_begin_short_backtrace::<core[a373ad73a504971]::result::Result<(), alloc[2e1b2a31b91974c5]::string::String>, fn() -> core[a373ad73a504971]::result::Result<(), alloc[2e1b2a31b91974c5]::string::String>>
[INFO] [stdout]   13:     0x56ce34a9d1b5 - test[aada8e7e76ba119b]::run_test::{closure#0}
[INFO] [stdout]   14:     0x56ce34a96aa4 - std[617be2ca0a6fd877]::sys::backtrace::__rust_begin_short_backtrace::<test[aada8e7e76ba119b]::run_test::{closure#1}, ()>
[INFO] [stdout]   15:     0x56ce34aa0242 - <std[617be2ca0a6fd877]::thread::lifecycle::spawn_unchecked<test[aada8e7e76ba119b]::run_test::{closure#1}, ()>::{closure#1} as core[a373ad73a504971]::ops::function::FnOnce<()>>::call_once::{shim:vtable#0}
[INFO] [stdout]   16:     0x56ce34c20d3f - <std[617be2ca0a6fd877]::sys::thread::unix::Thread>::new::thread_start
[INFO] [stdout]   17:     0x7cf6cf190dfa - <unknown>
[INFO] [stdout]   18:     0x7cf6cf2243d4 - clone
[INFO] [stdout]   19:                0x0 - <unknown>
[INFO] [stdout] 
[INFO] [stdout] ---- tests::inventory_self_workspace stdout ----
[INFO] [stdout] 
[INFO] [stdout] thread 'tests::inventory_self_workspace' (568) panicked at src/lib.rs:383:44:
[INFO] [stdout] called `Result::unwrap()` on an `Err` value: Missing("/opt/rustwide/workdir/../../Cargo.toml")
[INFO] [stdout] stack backtrace:
[INFO] [stdout]    0:     0x56ce34c21a31 - <<std[617be2ca0a6fd877]::sys::backtrace::BacktraceLock>::print::DisplayBacktrace as core[a373ad73a504971]::fmt::Display>::fmt
[INFO] [stdout]    1:     0x56ce34c36d9a - core[a373ad73a504971]::fmt::write
[INFO] [stdout]    2:     0x56ce34c25f8c - <alloc[2e1b2a31b91974c5]::vec::Vec<u8> as core[a373ad73a504971]::io::write::Write>::write_fmt
[INFO] [stdout]    3:     0x56ce34bfbee6 - std[617be2ca0a6fd877]::panicking::default_hook::{closure#0}
[INFO] [stdout]    4:     0x56ce34c19039 - std[617be2ca0a6fd877]::panicking::default_hook
[INFO] [stdout]    5:     0x56ce34a9cb90 - test[aada8e7e76ba119b]::test_main_inner::{closure#0}
[INFO] [stdout]    6:     0x56ce34c19362 - std[617be2ca0a6fd877]::panicking::panic_with_hook
[INFO] [stdout]    7:     0x56ce34bfbf92 - std[617be2ca0a6fd877]::panicking::panic_handler::{closure#0}
[INFO] [stdout]    8:     0x56ce34bf4959 - std[617be2ca0a6fd877]::sys::backtrace::__rust_end_short_backtrace::<std[617be2ca0a6fd877]::panicking::panic_handler::{closure#0}, !>
[INFO] [stdout]    9:     0x56ce34bfcb9d - __rustc[ea4f61d10b84890b]::rust_begin_unwind
[INFO] [stdout]   10:     0x56ce34c374fc - core[a373ad73a504971]::panicking::panic_fmt
[INFO] [stdout]   11:     0x56ce34c372d2 - core[a373ad73a504971]::result::unwrap_failed
[INFO] [stdout]   12:     0x56ce34a5226e - <wvx_forge[bdd2e61eac687b80]::tests::inventory_self_workspace::{closure#0} as core[a373ad73a504971]::ops::function::FnOnce<()>>::call_once
[INFO] [stdout]   13:     0x56ce34a8ffdb - test[aada8e7e76ba119b]::__rust_begin_short_backtrace::<core[a373ad73a504971]::result::Result<(), alloc[2e1b2a31b91974c5]::string::String>, fn() -> core[a373ad73a504971]::result::Result<(), alloc[2e1b2a31b91974c5]::string::String>>
[INFO] [stdout]   14:     0x56ce34a9d1b5 - test[aada8e7e76ba119b]::run_test::{closure#0}
[INFO] [stdout]   15:     0x56ce34a96aa4 - std[617be2ca0a6fd877]::sys::backtrace::__rust_begin_short_backtrace::<test[aada8e7e76ba119b]::run_test::{closure#1}, ()>
[INFO] [stdout]   16:     0x56ce34aa0242 - <std[617be2ca0a6fd877]::thread::lifecycle::spawn_unchecked<test[aada8e7e76ba119b]::run_test::{closure#1}, ()>::{closure#1} as core[a373ad73a504971]::ops::function::FnOnce<()>>::call_once::{shim:vtable#0}
[INFO] [stdout]   17:     0x56ce34c20d3f - <std[617be2ca0a6fd877]::sys::thread::unix::Thread>::new::thread_start
[INFO] [stdout]   18:     0x7cf6cf190dfa - <unknown>
[INFO] [stdout]   19:     0x7cf6cf2243d4 - clone
[INFO] [stdout]   20:                0x0 - <unknown>
[INFO] [stdout] 
[INFO] [stdout] 
[INFO] [stdout] failures:
[INFO] [stdout]     compile_adapter::tests::compile_external_demo_parse
[INFO] [stdout]     draft::tests::drafts_functions_from_wvx_types
[INFO] [stdout]     economics::tests::gate_c_pilot_metrics
[INFO] [stdout]     extract::tests::extracts_adapters_with_module_path
[INFO] [stdout]     extract::tests::extracts_from_wvx_types_ast
[INFO] [stdout]     tests::inventory_self_workspace
[INFO] [stdout] 
[INFO] [stdout] test result: FAILED. 12 passed; 6 failed; 0 ignored; 0 measured; 0 filtered out; finished in 0.02s
[INFO] [stdout] 
[INFO] [stderr] error: test failed, to rerun pass `--lib`
[INFO] running `Command { std: "docker" "inspect" "09120768dedb1f8fd04e69c01e91c8cde6f584fe4a106d07fa813f97d5e519d3", kill_on_drop: false }`
[INFO] running `Command { std: "docker" "rm" "-f" "09120768dedb1f8fd04e69c01e91c8cde6f584fe4a106d07fa813f97d5e519d3", kill_on_drop: false }`
[INFO] [stdout] 09120768dedb1f8fd04e69c01e91c8cde6f584fe4a106d07fa813f97d5e519d3
