[INFO] fetching crate wtui 0.2.3...
[INFO] testing wtui-0.2.3 against 1.100.0-beta.1+cargoflags=--release for beta-release-1.100-2
[INFO] extracting crate wtui 0.2.3 into /workspace/builds/worker-6-tc2/source
[INFO] started tweaking crates.io crate wtui 0.2.3
[INFO] removed 0 missing tests
[INFO] finished tweaking crates.io crate wtui 0.2.3
[INFO] tweaked toml for crates.io crate wtui 0.2.3 written to /workspace/builds/worker-6-tc2/source/Cargo.toml
[INFO] validating manifest of crates.io crate wtui 0.2.3 on toolchain 1.100.0-beta.1
[INFO] running `Command { std: CARGO_HOME="/workspace/cargo-home" RUSTUP_HOME="/workspace/rustup-home" "/workspace/cargo-home/bin/cargo" "+1.100.0-beta.1" "metadata" "--manifest-path" "Cargo.toml" "--no-deps", kill_on_drop: false }`
[INFO] crate crates.io crate wtui 0.2.3 already has a lockfile, it will not be regenerated
[INFO] running `Command { std: CARGO_HOME="/workspace/cargo-home" RUSTUP_HOME="/workspace/rustup-home" "/workspace/cargo-home/bin/cargo" "+1.100.0-beta.1" "fetch" "--manifest-path" "Cargo.toml", kill_on_drop: false }`
[INFO] [stderr] warning: `package.homepage` is redundant with `package.repository`
[INFO] [stderr]   --> Cargo.toml:60:12
[INFO] [stderr]    |
[INFO] [stderr] 60 | homepage = "https://github.com/wbbradley/wt"
[INFO] [stderr]    |            ^^^^^^^^^^^^^^^^^^^^^^^^^^^^^^^^^
[INFO] [stderr] ...
[INFO] [stderr] 66 | repository = "https://github.com/wbbradley/wt"
[INFO] [stderr]    |              ---------------------------------
[INFO] [stderr]    |
[INFO] [stderr]    = note: `cargo::redundant_homepage` is set to `warn` by default
[INFO] [stderr] help: consider removing `package.homepage`
[INFO] [stderr] warning: `wtui` (manifest) generated 1 warning
[INFO] running `Command { std: "docker" "create" "-v" "/var/lib/crater-agent-workspace/builds/worker-6-tc2/source:/opt/rustwide/workdir:ro,Z" "-v" "/var/lib/crater-agent-workspace/builds/worker-6-tc2/target:/opt/rustwide/target:rw,Z" "-v" "/var/lib/crater-agent-workspace/cargo-home:/opt/rustwide/cargo-home:ro,Z" "-v" "/var/lib/crater-agent-workspace/rustup-home:/opt/rustwide/rustup-home:ro,Z" "-m" "1610612736" "--network" "none" "ghcr.io/rust-lang/crates-build-env/linux@sha256:77db811e55d90add9212f6832c23229e3de5f1c1f9905e8cb07319ea15df73ac" "sleep" "infinity", kill_on_drop: false }`
[INFO] [stdout] 9dc4532c9f73fa33e2a417e028d01d41c3a85019f3d83df78f2225d34e8fd079
[INFO] running `Command { std: "docker" "start" "9dc4532c9f73fa33e2a417e028d01d41c3a85019f3d83df78f2225d34e8fd079", kill_on_drop: false }`
[INFO] running `Command { std: "docker" "inspect" "9dc4532c9f73fa33e2a417e028d01d41c3a85019f3d83df78f2225d34e8fd079", kill_on_drop: false }`
[INFO] running `Command { std: "docker" "exec" "-e" "SOURCE_DIR=/opt/rustwide/workdir" "-e" "CARGO_HOME=/opt/rustwide/cargo-home" "-e" "RUSTUP_HOME=/opt/rustwide/rustup-home" "-e" "CARGO_TARGET_DIR=/opt/rustwide/target" "-w" "/opt/rustwide/workdir" "--user" "0:0" "9dc4532c9f73fa33e2a417e028d01d41c3a85019f3d83df78f2225d34e8fd079" "/opt/rustwide/cargo-home/bin/cargo" "+1.100.0-beta.1" "metadata" "--no-deps" "--format-version=1", kill_on_drop: false }`
[INFO] running `Command { std: "docker" "inspect" "9dc4532c9f73fa33e2a417e028d01d41c3a85019f3d83df78f2225d34e8fd079", kill_on_drop: false }`
[INFO] running `Command { std: "docker" "exec" "-e" "SOURCE_DIR=/opt/rustwide/workdir" "-e" "CARGO_HOME=/opt/rustwide/cargo-home" "-e" "RUSTUP_HOME=/opt/rustwide/rustup-home" "-e" "CARGO_TARGET_DIR=/opt/rustwide/target" "-e" "CARGO_INCREMENTAL=0" "-e" "RUST_BACKTRACE=full" "-e" "RUSTFLAGS=--cap-lints=warn" "-e" "RUSTDOCFLAGS=--cap-lints=warn" "-w" "/opt/rustwide/workdir" "--user" "0:0" "9dc4532c9f73fa33e2a417e028d01d41c3a85019f3d83df78f2225d34e8fd079" "/opt/rustwide/cargo-home/bin/cargo" "+1.100.0-beta.1" "build" "--frozen" "--message-format=json" "--release", kill_on_drop: false }`
[INFO] [stderr] warning: `package.homepage` is redundant with `package.repository`
[INFO] [stderr]   --> Cargo.toml:60:12
[INFO] [stderr]    |
[INFO] [stderr] 60 | homepage = "https://github.com/wbbradley/wt"
[INFO] [stderr]    |            ^^^^^^^^^^^^^^^^^^^^^^^^^^^^^^^^^
[INFO] [stderr] ...
[INFO] [stderr] 66 | repository = "https://github.com/wbbradley/wt"
[INFO] [stderr]    |              ---------------------------------
[INFO] [stderr]    |
[INFO] [stderr]    = note: `cargo::redundant_homepage` is set to `warn` by default
[INFO] [stderr] help: consider removing `package.homepage`
[INFO] [stderr] warning: `wtui` (manifest) generated 1 warning
[INFO] [stderr]    Compiling log v0.4.33
[INFO] [stderr]    Compiling bitflags v2.13.1
[INFO] [stderr]    Compiling cc v1.4.0
[INFO] [stderr]    Compiling errno v0.3.14
[INFO] [stderr]    Compiling rustls-pki-types v1.15.1
[INFO] [stderr]    Compiling getrandom v0.2.17
[INFO] [stderr]    Compiling crc32fast v1.5.0
[INFO] [stderr]    Compiling httparse v1.10.1
[INFO] [stderr]    Compiling syn v3.0.3
[INFO] [stderr]    Compiling syn v2.0.119
[INFO] [stderr]    Compiling rustix v0.38.44
[INFO] [stderr]    Compiling parking_lot_core v0.9.12
[INFO] [stderr]    Compiling adler2 v2.0.1
[INFO] [stderr]    Compiling rustls v0.23.43
[INFO] [stderr]    Compiling once_cell v1.21.4
[INFO] [stderr]    Compiling linux-raw-sys v0.4.15
[INFO] [stderr]    Compiling signal-hook-registry v1.4.8
[INFO] [stderr]    Compiling simd-adler32 v0.3.10
[INFO] [stderr]    Compiling mio v1.2.2
[INFO] [stderr]    Compiling getrandom v0.4.3
[INFO] [stderr]    Compiling parking_lot v0.12.5
[INFO] [stderr]    Compiling hashbrown v0.15.5
[INFO] [stderr]    Compiling itertools v0.13.0
[INFO] [stderr]    Compiling miniz_oxide v0.8.9
[INFO] [stderr]    Compiling http v1.5.0
[INFO] [stderr]    Compiling castaway v0.2.4
[INFO] [stderr]    Compiling aho-corasick v1.1.5
[INFO] [stderr]    Compiling signal-hook v0.3.18
[INFO] [stderr]    Compiling unicode-segmentation v1.13.3
[INFO] [stderr]    Compiling signal-hook-mio v0.2.5
[INFO] [stderr]    Compiling thiserror v2.0.19
[INFO] [stderr]    Compiling regex-syntax v0.8.11
[INFO] [stderr]    Compiling compact_str v0.8.2
[INFO] [stderr]    Compiling lru v0.12.5
[INFO] [stderr]    Compiling rustix v1.1.4
[INFO] [stderr]    Compiling clap_builder v4.6.2
[INFO] [stderr]    Compiling webpki-roots v1.0.9
[INFO] [stderr]    Compiling serde_json v1.0.151
[INFO] [stderr]    Compiling flate2 v1.1.9
[INFO] [stderr]    Compiling num-conv v0.2.2
[INFO] [stderr]    Compiling utf8-zero v0.8.1
[INFO] [stderr]    Compiling ring v0.17.14
[INFO] [stderr]    Compiling cassowary v0.3.0
[INFO] [stderr]    Compiling crossterm v0.28.1
[INFO] [stderr]    Compiling ureq-proto v0.6.0
[INFO] [stderr]    Compiling deranged v0.5.8
[INFO] [stderr]    Compiling time-core v0.1.9
[INFO] [stderr]    Compiling unicode-width v0.2.0
[INFO] [stderr]    Compiling fs2 v0.4.3
[INFO] [stderr]    Compiling darling_core v0.23.0
[INFO] [stderr]    Compiling unicode-truncate v1.1.0
[INFO] [stderr]    Compiling time v0.3.54
[INFO] [stderr]    Compiling regex-automata v0.4.18
[INFO] [stderr]    Compiling tempfile v3.27.0
[INFO] [stderr]    Compiling strum_macros v0.26.4
[INFO] [stderr]    Compiling serde_derive v1.0.229
[INFO] [stderr]    Compiling thiserror-impl v2.0.19
[INFO] [stderr]    Compiling clap_derive v4.6.4
[INFO] [stderr]    Compiling strum v0.26.3
[INFO] [stderr]    Compiling darling_macro v0.23.0
[INFO] [stderr]    Compiling darling v0.23.0
[INFO] [stderr]    Compiling instability v0.3.12
[INFO] [stderr]    Compiling ratatui v0.29.0
[INFO] [stderr]    Compiling clap v4.6.4
[INFO] [stderr]    Compiling serde v1.0.229
[INFO] [stderr]    Compiling regex v1.13.1
[INFO] [stderr]    Compiling rustls-webpki v0.103.13
[INFO] [stderr]    Compiling ureq v3.3.0
[INFO] [stderr]    Compiling wtui v0.2.3 (/opt/rustwide/workdir)
[INFO] [stdout] warning: variable does not need to be mutable
[INFO] [stdout]    --> src/tui.rs:291:17
[INFO] [stdout]     |
[INFO] [stdout] 291 |             let mut command = Command::new("wl-copy");
[INFO] [stdout]     |                 ----^^^^^^^
[INFO] [stdout]     |                 |
[INFO] [stdout]     |                 help: remove this `mut`
[INFO] [stdout]     |
[INFO] [stdout]     = note: `#[warn(unused_mut)]` (part of `#[warn(unused)]`) on by default
[INFO] [stdout] 
[INFO] [stdout] 
[INFO] [stderr]     Finished `release` profile [optimized] target(s) in 1m 45s
[INFO] running `Command { std: "docker" "inspect" "9dc4532c9f73fa33e2a417e028d01d41c3a85019f3d83df78f2225d34e8fd079", kill_on_drop: false }`
[INFO] running `Command { std: "docker" "exec" "-e" "SOURCE_DIR=/opt/rustwide/workdir" "-e" "CARGO_HOME=/opt/rustwide/cargo-home" "-e" "RUSTUP_HOME=/opt/rustwide/rustup-home" "-e" "CARGO_TARGET_DIR=/opt/rustwide/target" "-e" "CARGO_INCREMENTAL=0" "-e" "RUST_BACKTRACE=full" "-e" "RUSTFLAGS=--cap-lints=warn" "-e" "RUSTDOCFLAGS=--cap-lints=warn" "-w" "/opt/rustwide/workdir" "--user" "0:0" "9dc4532c9f73fa33e2a417e028d01d41c3a85019f3d83df78f2225d34e8fd079" "/opt/rustwide/cargo-home/bin/cargo" "+1.100.0-beta.1" "test" "--frozen" "--no-run" "--message-format=json" "--release", kill_on_drop: false }`
[INFO] [stderr] warning: `package.homepage` is redundant with `package.repository`
[INFO] [stderr]   --> Cargo.toml:60:12
[INFO] [stderr]    |
[INFO] [stderr] 60 | homepage = "https://github.com/wbbradley/wt"
[INFO] [stderr]    |            ^^^^^^^^^^^^^^^^^^^^^^^^^^^^^^^^^
[INFO] [stderr] ...
[INFO] [stderr] 66 | repository = "https://github.com/wbbradley/wt"
[INFO] [stderr]    |              ---------------------------------
[INFO] [stderr]    |
[INFO] [stderr]    = note: `cargo::redundant_homepage` is set to `warn` by default
[INFO] [stderr] help: consider removing `package.homepage`
[INFO] [stderr] warning: `wtui` (manifest) generated 1 warning
[INFO] [stdout] warning: variable does not need to be mutable
[INFO] [stdout]    --> src/tui.rs:291:17
[INFO] [stdout]     |
[INFO] [stdout] 291 |             let mut command = Command::new("wl-copy");
[INFO] [stdout]     |                 ----^^^^^^^
[INFO] [stdout]     |                 |
[INFO] [stdout]     |                 help: remove this `mut`
[INFO] [stdout]     |
[INFO] [stdout]     = note: `#[warn(unused_mut)]` (part of `#[warn(unused)]`) on by default
[INFO] [stdout] 
[INFO] [stdout] 
[INFO] [stderr]    Compiling wtui v0.2.3 (/opt/rustwide/workdir)
[INFO] [stdout] warning: variable does not need to be mutable
[INFO] [stdout]    --> src/tui.rs:291:17
[INFO] [stdout]     |
[INFO] [stdout] 291 |             let mut command = Command::new("wl-copy");
[INFO] [stdout]     |                 ----^^^^^^^
[INFO] [stdout]     |                 |
[INFO] [stdout]     |                 help: remove this `mut`
[INFO] [stdout]     |
[INFO] [stdout]     = note: `#[warn(unused_mut)]` (part of `#[warn(unused)]`) on by default
[INFO] [stdout] 
[INFO] [stdout] 
[INFO] [stderr]     Finished `release` profile [optimized] target(s) in 42.21s
[INFO] running `Command { std: "docker" "inspect" "9dc4532c9f73fa33e2a417e028d01d41c3a85019f3d83df78f2225d34e8fd079", kill_on_drop: false }`
[INFO] running `Command { std: "docker" "exec" "-e" "SOURCE_DIR=/opt/rustwide/workdir" "-e" "CARGO_HOME=/opt/rustwide/cargo-home" "-e" "RUSTUP_HOME=/opt/rustwide/rustup-home" "-e" "CARGO_TARGET_DIR=/opt/rustwide/target" "-e" "CARGO_INCREMENTAL=0" "-e" "RUST_BACKTRACE=full" "-e" "RUSTFLAGS=--cap-lints=warn" "-e" "RUSTDOCFLAGS=--cap-lints=warn" "-w" "/opt/rustwide/workdir" "--user" "0:0" "9dc4532c9f73fa33e2a417e028d01d41c3a85019f3d83df78f2225d34e8fd079" "/opt/rustwide/cargo-home/bin/cargo" "+1.100.0-beta.1" "test" "--frozen" "--release", kill_on_drop: false }`
[INFO] [stderr] warning: `package.homepage` is redundant with `package.repository`
[INFO] [stderr]   --> Cargo.toml:60:12
[INFO] [stderr]    |
[INFO] [stderr] 60 | homepage = "https://github.com/wbbradley/wt"
[INFO] [stderr]    |            ^^^^^^^^^^^^^^^^^^^^^^^^^^^^^^^^^
[INFO] [stderr] ...
[INFO] [stderr] 66 | repository = "https://github.com/wbbradley/wt"
[INFO] [stderr]    |              ---------------------------------
[INFO] [stderr]    |
[INFO] [stderr]    = note: `cargo::redundant_homepage` is set to `warn` by default
[INFO] [stderr] help: consider removing `package.homepage`
[INFO] [stderr] warning: `wtui` (manifest) generated 1 warning
[INFO] [stderr] warning: variable does not need to be mutable
[INFO] [stderr]    --> src/tui.rs:291:17
[INFO] [stderr]     |
[INFO] [stderr] 291 |             let mut command = Command::new("wl-copy");
[INFO] [stderr]     |                 ----^^^^^^^
[INFO] [stderr]     |                 |
[INFO] [stderr]     |                 help: remove this `mut`
[INFO] [stderr]     |
[INFO] [stderr]     = note: `#[warn(unused_mut)]` (part of `#[warn(unused)]`) on by default
[INFO] [stderr] 
[INFO] [stderr] warning: `wtui` (bin "wt") generated 1 warning (run `cargo fix --bin "wt" -p wtui` to apply 1 suggestion)
[INFO] [stderr] warning: `wtui` (bin "wt" test) generated 1 warning (1 duplicate)
[INFO] [stderr]     Finished `release` profile [optimized] target(s) in 0.13s
[INFO] [stderr]      Running unittests src/main.rs (/opt/rustwide/target/release/build/wtui/523f0761bfcdf667/out/wt-523f0761bfcdf667)
[INFO] [stdout] 
[INFO] [stdout] running 217 tests
[INFO] [stdout] test app::tests::authored_snapshot_overlays_pages_then_commits_or_reverts_atomically ... ok
[INFO] [stdout] test app::tests::action_availability_handles_headers_bare_stale_dirty_and_session_only ... ok
[INFO] [stdout] test app::tests::agent_prompt_scopes_are_exact_deterministic_and_collapse_independent ... ok
[INFO] [stdout] test app::tests::backburner_keeps_cross_repository_stack_descendants_under_their_root ... ok
[INFO] [stdout] test app::tests::backburner_groups_whole_stacks_filters_prompts_and_wraps_attention_navigation ... ok
[INFO] [stdout] test app::tests::copy_and_prune_shortcuts_do_not_bind_advanced_create ... ok
[INFO] [stdout] test app::tests::bare_anchor_is_represented_by_repository_header_not_worktree_row ... ok
[INFO] [stdout] test app::tests::branch_and_stack_disclosures_survive_refresh_independently ... ok
[INFO] [stdout] test app::tests::committed_search_navigates_exact_hits_in_both_directions_with_wraparound ... ok
[INFO] [stdout] test app::tests::containing_worktree_is_selected_and_ctrl_c_cancels ... ok
[INFO] [stdout] test app::tests::clean_singleton_repository_flattens_to_one_selectable_row ... ok
[INFO] [stdout] test app::tests::canonical_detail_refresh_retains_data_on_error_and_rejects_old_generation ... ok
[INFO] [stdout] test app::tests::comment_text_removes_markdown_and_separates_later_sections ... ok
[INFO] [stdout] test app::tests::dirty_singleton_repository_has_no_worktree_subtree ... ok
[INFO] [stdout] test app::tests::filter_uses_case_insensitive_regular_expressions ... ok
[INFO] [stdout] test app::tests::enter_in_non_pr_details_never_accepts_the_worktree ... ok
[INFO] [stdout] test app::tests::filter_matches_only_visible_pull_request_presentation ... ok
[INFO] [stdout] test app::tests::cursor_navigation_builds_visible_rows_once_and_preserves_scroll ... ok
[INFO] [stdout] test app::tests::filtered_check_category_changes_keep_identity_selection_and_new_ancestors ... ok
[INFO] [stdout] test app::tests::initial_selection_does_not_scroll_when_already_visible ... ok
[INFO] [stdout] test app::tests::local_only_backburnered_worktree_remains_recoverable_under_bare_repository ... ok
[INFO] [stdout] test app::tests::merged_pull_requests_omit_active_sections_but_keep_open_comments ... ok
[INFO] [stdout] test app::tests::half_page_navigation_moves_the_unified_list_selection ... ok
[INFO] [stdout] test app::tests::github_network_activity_covers_branch_and_pr_detail_requests ... ok
[INFO] [stdout] test app::tests::github_refresh_retains_stale_data_and_rejects_old_generations ... ok
[INFO] [stdout] test app::tests::prompt_worktree_uses_mapped_repository_branch_and_reports_local_head ... ok
[INFO] [stdout] test app::tests::palette_forms_and_confirmations_have_testable_transitions ... ok
[INFO] [stdout] test app::tests::quiet_status_refresh_retains_visible_state_and_hides_progress ... ok
[INFO] [stdout] test app::tests::refreshes_coalesce_and_stale_generations_are_rejected ... ok
[INFO] [stdout] test app::tests::paging_jumps_and_resize_keep_selection_visible ... ok
[INFO] [stdout] test app::tests::repository_refresh_recomputes_cached_current_worktree ... ok
[INFO] [stdout] test app::tests::left_folds_nearest_leaf_section_right_is_leaf_noop_and_branches_fold_whole_subtrees ... ok
[INFO] [stdout] test app::tests::local_branch_ancestry_nests_each_worktree_once ... ok
[INFO] [stdout] test app::tests::rollup_sections_group_checks_combine_reviewers_and_omit_empty_comments ... ok
[INFO] [stdout] test app::tests::search_does_not_match_required_metadata_hidden_by_the_check_renderer ... ok
[INFO] [stdout] test app::tests::mixed_local_and_virtual_descendants_share_typed_stack_sections_once ... ok
[INFO] [stdout] test app::tests::filter_matches_visible_repository_state_labels ... ok
[INFO] [stdout] test app::tests::github_trunk_base_vetoes_incidental_local_commit_ancestry ... ok
[INFO] [stdout] test app::tests::github_base_wins_and_remote_cycles_or_ambiguity_become_roots ... ok
[INFO] [stdout] test app::tests::stable_repository_mapping_survives_shifted_app_indexes_and_missing_paths ... ok
[INFO] [stdout] test app::tests::navigation_filter_and_inline_collapse_are_reducer_driven ... ok
[INFO] [stdout] test app::tests::selectable_pr_details_navigate_sort_route_urls_and_reconcile ... ok
[INFO] [stdout] test app::tests::selection_identity_survives_reordered_refresh ... ok
[INFO] [stdout] test app::tests::singleton_repository_promotes_pull_request_sections_and_web_actions ... ok
[INFO] [stdout] test app::tests::tree_sorts_repository_and_branch_labels_alphabetically ... ok
[INFO] [stdout] test app::tests::unavailable_pull_request_details_keep_unknown_attention_headers_visible ... ok
[INFO] [stdout] test app::tests::virtual_descendants_follow_a_backburnered_parent_into_the_backburner_tree ... ok
[INFO] [stdout] test app::tests::singly_mapped_virtual_repository_folds_into_local_repository ... ok
[INFO] [stdout] test app::tests::stacked_pull_requests_render_parent_first_with_depth_and_filter_ancestors ... ok
[INFO] [stdout] test bootstrap::tests::candidates_follow_required_collision_order ... ok
[INFO] [stdout] test app::tests::initial_selection_scrolls_down_only_when_below_viewport ... ok
[INFO] [stdout] test app::tests::web_action_is_enabled_only_for_branches_with_pull_requests ... ok
[INFO] [stdout] test app::tests::filtered_tree_keeps_only_matches_and_complete_nested_ancestor_paths ... ok
[INFO] [stdout] test app::tests::virtual_selection_expansion_and_enter_survive_updates_with_safe_fallback ... ok
[INFO] [stdout] test app::tests::multiple_github_identities_share_one_local_repository_forest ... ok
[INFO] [stdout] test bootstrap::tests::failed_https_clone_redacts_secret_and_cleans_owned_staging ... ok
[INFO] [stdout] test app::tests::filter_folds_are_temporary_and_escape_preserves_the_selected_path ... ok
[INFO] [stdout] test cache::tests::branch_updates_reject_changed_branches_and_retain_success_on_failure ... ok
[INFO] [stdout] test cache::tests::branch_refresh_prunes_legacy_active_identities_and_pr_less_success ... ok
[INFO] [stdout] test app::tests::virtual_repositories_follow_catalog_order_then_unmapped_and_sort_prs_newest ... ok
[INFO] [stdout] test cache::tests::legacy_branch_binding_is_pruned_without_discarding_independent_remote_data ... ok
[INFO] [stdout] test app::tests::backburnering_a_mixed_stack_moves_the_local_base_and_virtual_children_together ... ok
[INFO] [stdout] test cache::tests::materialized_pull_request_replaces_cached_branch_and_deduplicates_identity ... ok
[INFO] [stdout] test cache::tests::trunk_worktrees_are_removed_from_the_branch_cache ... ok
[INFO] [stdout] test cli::tests::ambiguous_qualified_selector_returns_a_tui_filter ... ok
[INFO] [stdout] test cache::tests::cache_round_trips_atomically_and_deduplicates_authored_prs ... ok
[INFO] [stdout] test cache::tests::legacy_cache_without_detail_field_remains_readable ... ok
[INFO] [stdout] test cli::tests::cleanup_flag_is_a_top_level_tui_option ... ok
[INFO] [stdout] test cli::tests::selector_rejects_duplicate_labels ... ok
[INFO] [stdout] test cli::tests::pull_request_like_direct_selector_never_materializes ... ok
[INFO] [stdout] test app::tests::search_replacement_cancellation_and_refresh_preserve_predictable_state ... ok
[INFO] [stdout] test config::tests::defaults_optional_catalog_fields ... ok
[INFO] [stdout] test config::tests::canonicalizes_a_symlink_in_the_longest_existing_prefix ... ok
[INFO] [stdout] test config::tests::expands_only_supported_leading_expressions_and_creates_roots ... ok
[INFO] [stdout] test cache::tests::malformed_and_future_cache_files_are_rejected ... ok
[INFO] [stdout] test config::tests::missing_catalog_loads_default ... ok
[INFO] [stdout] test config::tests::rejects_future_versions ... ok
[INFO] [stdout] test config::tests::rejects_an_existing_non_directory_root ... ok
[INFO] [stderr] hint: Using 'master' as the name for the initial branch. This default branch name
[INFO] [stderr] hint: will change to "main" in Git 3.0. To configure the initial branch name
[INFO] [stderr] hint: to use in all of your new repositories, which will suppress this warning,
[INFO] [stderr] hint: call:
[INFO] [stderr] hint:
[INFO] [stderr] hint: 	git config --global init.defaultBranch <name>
[INFO] [stderr] hint:
[INFO] [stderr] hint: Names commonly chosen instead of 'master' are 'main', 'trunk' and
[INFO] [stderr] hint: 'development'. The just-created branch can be renamed via this command:
[INFO] [stderr] hint:
[INFO] [stderr] hint: 	git branch -m <name>
[INFO] [stderr] hint:
[INFO] [stderr] hint: Disable this message with "git config set advice.defaultBranchName false"
[INFO] [stdout] test config::tests::rejects_undefined_relative_and_shell_expressions ... ok
[INFO] [stdout] Initialized empty Git repository in /tmp/.tmpiNHTWm/unrelated.git/
[INFO] [stdout] test bootstrap::tests::unrelated_candidates_are_never_adopted_or_overwritten ... ok
[INFO] [stdout] test background::tests::worker_pool_is_bounded_and_preserves_generation_ids ... ok
[INFO] [stdout] test config::tests::failed_write_preserves_existing_catalog ... ok
[INFO] [stdout] test cache::tests::canonical_details_round_trip_and_failed_refresh_retains_stale_data ... ok
[INFO] [stdout] test git::tests::parses_all_worktree_states_and_spaces ... ok
[INFO] [stdout] test git::tests::parses_bare_anchor ... ok
[INFO] [stdout] test git::tests::parses_v2_status_headers_and_counts ... ok
[INFO] [stdout] test git::tests::rejects_fields_outside_records ... ok
[INFO] [stdout] test git::tests::rejects_incomplete_rename_status ... ok
[INFO] [stdout] test git::tests::preserves_non_utf8_paths ... ok
[INFO] [stderr] hint: Using 'master' as the name for the initial branch. This default branch name
[INFO] [stdout] test config::tests::saves_atomically_and_creates_parents ... ok
[INFO] [stderr] hint: will change to "main" in Git 3.0. To configure the initial branch name
[INFO] [stderr] hint: to use in all of your new repositories, which will suppress this warning,
[INFO] [stderr] hint: call:
[INFO] [stderr] hint:
[INFO] [stderr] hint: 	git config --global init.defaultBranch <name>
[INFO] [stderr] hint:
[INFO] [stderr] hint: Names commonly chosen instead of 'master' are 'main', 'trunk' and
[INFO] [stderr] hint: 'development'. The just-created branch can be renamed via this command:
[INFO] [stderr] hint:
[INFO] [stderr] hint: 	git branch -m <name>
[INFO] [stderr] hint:
[INFO] [stderr] hint: Disable this message with "git config set advice.defaultBranchName false"
[INFO] [stdout] test background::tests::cancellation_terminates_and_reaps_the_active_process_group ... ok
[INFO] [stdout] Initialized empty Git repository in /tmp/.tmpF3M4B7/repository/.git/
[INFO] [stdout] test github::tests::authored_search_includes_pull_requests_authored_by_or_assigned_to_the_viewer ... ok
[INFO] [stderr] hint: Using 'master' as the name for the initial branch. This default branch name
[INFO] [stdout] Initialized empty Git repository in /tmp/.tmprnnaWa/main/.git/
[INFO] [stderr] hint: will change to "main" in Git 3.0. To configure the initial branch name
[INFO] [stderr] hint: to use in all of your new repositories, which will suppress this warning,
[INFO] [stderr] hint: call:
[INFO] [stderr] hint:
[INFO] [stderr] hint: 	git config --global init.defaultBranch <name>
[INFO] [stderr] hint:
[INFO] [stderr] hint: Names commonly chosen instead of 'master' are 'main', 'trunk' and
[INFO] [stderr] hint: 'development'. The just-created branch can be renamed via this command:
[INFO] [stderr] hint:
[INFO] [stderr] hint: 	git branch -m <name>
[INFO] [stderr] hint:
[INFO] [stderr] hint: Disable this message with "git config set advice.defaultBranchName false"
[INFO] [stdout] Initialized empty Git repository in /tmp/.tmpB1pX3s/project.git/
[INFO] [stderr] hint: Using 'master' as the name for the initial branch. This default branch name
[INFO] [stderr] hint: will change to "main" in Git 3.0. To configure the initial branch name
[INFO] [stderr] hint: to use in all of your new repositories, which will suppress this warning,
[INFO] [stderr] hint: call:
[INFO] [stderr] hint:
[INFO] [stderr] hint: 	git config --global init.defaultBranch <name>
[INFO] [stderr] hint:
[INFO] [stderr] hint: Names commonly chosen instead of 'master' are 'main', 'trunk' and
[INFO] [stderr] hint: 'development'. The just-created branch can be renamed via this command:
[INFO] [stderr] hint:
[INFO] [stderr] hint: 	git branch -m <name>
[INFO] [stderr] hint:
[INFO] [stderr] hint: Disable this message with "git config set advice.defaultBranchName false"
[INFO] [stderr] hint: Using 'master' as the name for the initial branch. This default branch name
[INFO] [stderr] hint: will change to "main" in Git 3.0. To configure the initial branch name
[INFO] [stderr] hint: to use in all of your new repositories, which will suppress this warning,
[INFO] [stderr] hint: call:
[INFO] [stderr] hint:
[INFO] [stderr] hint: 	git config --global init.defaultBranch <name>
[INFO] [stderr] hint:
[INFO] [stderr] hint: Names commonly chosen instead of 'master' are 'main', 'trunk' and
[INFO] [stderr] hint: 'development'. The just-created branch can be renamed via this command:
[INFO] [stderr] hint:
[INFO] [stderr] hint: 	git branch -m <name>
[INFO] [stderr] hint:
[INFO] [stderr] hint: Disable this message with "git config set advice.defaultBranchName false"
[INFO] [stdout] Initialized empty Git repository in /tmp/.tmpiNHTWm/mapped.git/
[INFO] [stdout] Initialized empty Git repository in /tmp/.tmpj4bjmq/main/.git/
[INFO] [stdout] test git::tests::catalog_discovery_isolates_stale_repositories ... ok
[INFO] [stdout] test github::tests::canonical_ids_use_the_base_repository_and_mapping_obeys_precedence ... ok
[INFO] [stdout] test github::tests::catalog_remote_refresh_skips_paths_excluded_by_startup_discovery ... ok
[INFO] [stdout] test github::tests::credentials_follow_precedence_and_redact_tokens ... ok
[INFO] [stdout] test background::tests::background_job_starts_without_blocking_and_cancels_lock_wait ... ok
[INFO] [stdout] test github::tests::branch_remote_precedence_prefers_upstream_then_configured_remote ... ok
[INFO] [stdout] test github::tests::authored_search_reports_later_page_failure_after_publishing_prior_pages ... ok
[INFO] [stdout] test github::tests::exact_branch_match_can_select_a_merged_pr_over_an_open_sha_match ... ok
[INFO] [stdout] test github::tests::exact_head_oid_selects_the_parent_pr_for_a_repointed_branch ... ok
[INFO] [stdout] test github::tests::errors_only_null_repository_and_http_failures_are_classified ... ok
[INFO] [stdout] test github::tests::exhausted_rate_limit_suppresses_follow_up_requests_until_reset ... ok
[INFO] [stdout] test config::tests::lock_wait_can_be_cancelled ... ok
[INFO] [stdout] test github::tests::inferred_hosts_union_explicit_cached_and_github_com ... ok
[INFO] [stdout] test github::tests::detail_hydration_bounds_context_pagination_and_marks_truncation_unknown ... ok
[INFO] [stdout] test github::tests::mapping_skips_unusable_cached_repositories ... ok
[INFO] [stdout] test github::tests::normalizes_states_forks_checks_and_preference ... ok
[INFO] [stdout] test github::tests::parses_github_and_enterprise_remote_forms ... ok
[INFO] [stdout] test github::tests::partial_data_keeps_authoritative_aliases_and_classifies_failed_ones ... ok
[INFO] [stdout] test github::tests::only_the_selected_associated_pr_marks_a_worktree_active ... ok
[INFO] [stdout] test github::tests::fetch_uses_required_headers_variables_and_bounded_batches ... ok
[INFO] [stdout] test github::tests::remote_cache_reconciles_additions_removals_conflicts_and_preference ... ok
[INFO] [stdout] test github::tests::malformed_responses_and_network_failures_do_not_escape_as_panics ... ok
[INFO] [stdout] test github::tests::partial_detail_connections_remain_usable_and_unknown ... ok
[INFO] [stdout] test github::tests::remote_symbolic_head_identifies_trunk_and_excludes_only_that_worktree ... ok
[INFO] [stdout] test github::tests::detail_hydration_deduplicates_identity_and_paginates_check_contexts ... ok
[INFO] [stdout] test github::tests::selected_pull_request_refetch_rejects_missing_repository_or_pr ... ok
[INFO] [stdout] test materialize::tests::authenticated_fetch_keeps_tokens_out_of_arguments_debug_and_errors ... ok
[INFO] [stdout] test github::tests::selected_pull_request_refetch_accepts_merged_state_and_current_head_sha ... ok
[INFO] [stdout] test github::tests::strict_association_results_keep_all_prs_and_reject_partial_parsing ... ok
[INFO] [stdout] test github::tests::trunk_detached_and_bare_worktrees_never_request_github_data ... ok
[INFO] [stdout] test git::tests::resolves_and_discovers_a_bare_repository_anchor ... ok
[INFO] [stdout] test config::tests::sidecar_lock_serializes_reload_mutate_and_atomic_save ... ok
[INFO] [stdout] test materialize::tests::pull_request_markers_parse_canonical_identity_and_reject_malformed_values ... ok
[INFO] [stdout] [main (root-commit) ee62bb9] initial
[INFO] [stdout] [master (root-commit) ee62bb9] initial
[INFO] [stdout] test github::tests::authored_search_warns_when_the_thousand_result_ceiling_truncates ... ok
[INFO] [stderr] Preparing worktree (new branch 'parent')
[INFO] [stderr] Preparing worktree (new branch 'linked')
[INFO] [stdout] test materialize::tests::incomplete_worktree_cleanup_removes_only_the_owned_destination ... ok
[INFO] [stdout] test merged_cleanup::tests::local_policy_rejects_every_unsafe_administrative_state_before_network ... ok
[INFO] [stdout] test bootstrap::tests::unique_labels_and_existing_matching_candidate_are_reused ... ok
[INFO] [stdout] Initialized empty Git repository in /tmp/.tmpseMxJu/main/.git/
[INFO] [stdout] Initialized empty Git repository in /tmp/.tmpMYe2Ku/main/.git/
[INFO] [stdout] HEAD is now at ee62bb9 initial
[INFO] [stdout] HEAD is now at ee62bb9 initial
[INFO] [stdout] test bootstrap::tests::broken_symlink_is_occupied_and_uses_the_next_candidate ... ok
[INFO] [stdout] test model::tests::catalog_defaults_repository_root_without_serializing_it ... ok
[INFO] [stdout] test model::tests::check_normalization_prefers_newest_duplicate_and_required_only_rollup ... ok
[INFO] [stdout] test model::tests::github_hosts_are_normalized_deduplicated_and_include_github_com ... ok
[INFO] [stdout] test model::tests::incomplete_pending_and_failed_required_checks_do_not_report_ready ... ok
[INFO] [stdout] test model::tests::reviewer_folding_keeps_latest_state_and_attention_counts_threads ... ok
[INFO] [stdout] test model::tests::section_views_report_incomplete_checks_and_combine_reviewer_identities ... ok
[INFO] [stdout] test model::tests::waiting_checks_and_review_requests_are_not_actionable_attention ... ok
[INFO] [stdout] test operations::tests::broken_symlink_destination_is_occupied ... ok
[INFO] [stdout] test operations::tests::creating_a_destination_parent_builds_the_whole_configured_root ... ok
[INFO] [stdout] test operations::tests::missing_parents_are_allowed_only_inside_the_configured_root ... ok
[INFO] [stdout] test operations::tests::pull_request_destinations_follow_configured_and_default_rules ... ok
[INFO] [stdout] test operations::tests::suggestion_uses_configured_root_and_sanitizes_branch ... ok
[INFO] [stdout] test prompt::tests::checkout_command_shell_quotes_the_worktree_path ... ok
[INFO] [stdout] test prompt::tests::conventional_prefix_stripping_rejects_unknown_or_malformed_prefixes ... ok
[INFO] [stdout] test prompt::tests::empty_scopes_do_not_produce_a_prompt ... ok
[INFO] [stdout] test prompt::tests::formats_checks_comments_reviews_hosts_forks_and_missing_fields_exactly ... ok
[INFO] [stdout] test prompt::tests::reports_stale_and_missing_worktree_state_without_guessing ... ok
[INFO] [stdout] test bootstrap::tests::filter_and_transport_fallback_keep_tokens_out_of_arguments_and_debug ... ok
[INFO] [stdout] test prompt::tests::review_requests_strip_conventional_prefixes_and_mark_drafts_exactly ... ok
[INFO] [stdout] test state::tests::missing_is_empty_and_corrupt_is_reported ... ok
[INFO] [stdout] test prompt::tests::unidentified_comments_use_their_best_reference_and_rollup_excerpt ... ok
[INFO] [stdout] test bootstrap::tests::invalid_entry_is_relinked_without_touching_existing_path_or_metadata ... ok
[INFO] [stdout] test terminal::tests::guard_restores_alternate_screen_and_cursor_on_drop ... FAILED
[INFO] [stdout] test terminal::tests::guard_restores_during_unwind ... FAILED
[INFO] [stdout] [parent c2a7bd3] parent
[INFO] [stdout] test git::tests::resolves_main_and_linked_worktrees_to_the_same_anchor ... ok
[INFO] [stdout] Initialized empty Git repository in /tmp/.tmpJf3vwW/main/.git/
[INFO] [stderr] Preparing worktree (new branch 'child')
[INFO] [stdout] test terminal::tests::selection_protocol_is_exact_and_cancellation_is_empty ... ok
[INFO] [stdout] [main (root-commit) ee62bb9] initial
[INFO] [stdout] [main (root-commit) ee62bb9] initial
[INFO] [stdout] HEAD is now at c2a7bd3 parent
[INFO] [stderr] Preparing worktree (new branch 'topic')
[INFO] [stdout] test state::tests::round_trip_is_atomic_host_aware_and_creates_parents ... ok
[INFO] [stdout] Initialized empty Git repository in /tmp/.tmpzSpREv/project/.git/
[INFO] [stdout] Initialized empty Git repository in /tmp/.tmp7fWCzK/project.git/
[INFO] [stderr] Preparing worktree (new branch 'topic')
[INFO] [stderr] hint: Using 'master' as the name for the initial branch. This default branch name
[INFO] [stderr] hint: will change to "main" in Git 3.0. To configure the initial branch name
[INFO] [stderr] hint: to use in all of your new repositories, which will suppress this warning,
[INFO] [stderr] hint: call:
[INFO] [stderr] hint:
[INFO] [stderr] hint: 	git config --global init.defaultBranch <name>
[INFO] [stderr] hint:
[INFO] [stderr] hint: Names commonly chosen instead of 'master' are 'main', 'trunk' and
[INFO] [stderr] hint: 'development'. The just-created branch can be renamed via this command:
[INFO] [stderr] hint:
[INFO] [stderr] hint: 	git branch -m <name>
[INFO] [stderr] hint:
[INFO] [stderr] hint: Disable this message with "git config set advice.defaultBranchName false"
[INFO] [stderr] hint: Using 'master' as the name for the initial branch. This default branch name
[INFO] [stderr] hint: will change to "main" in Git 3.0. To configure the initial branch name
[INFO] [stderr] hint: to use in all of your new repositories, which will suppress this warning,
[INFO] [stderr] hint: call:
[INFO] [stderr] hint:
[INFO] [stderr] hint: 	git config --global init.defaultBranch <name>
[INFO] [stderr] hint:
[INFO] [stderr] hint: Names commonly chosen instead of 'master' are 'main', 'trunk' and
[INFO] [stderr] hint: 'development'. The just-created branch can be renamed via this command:
[INFO] [stderr] hint:
[INFO] [stderr] hint: 	git branch -m <name>
[INFO] [stderr] hint:
[INFO] [stderr] hint: Disable this message with "git config set advice.defaultBranchName false"
[INFO] [stdout] HEAD is now at ee62bb9 initial
[INFO] [stdout] [child cd3a51b] child
[INFO] [stdout] HEAD is now at ee62bb9 initial
[INFO] [stdout] Initialized empty Git repository in /tmp/.tmpsk2nJl/project/.git/
[INFO] [stdout] [main (root-commit) ee62bb9] initial
[INFO] [stdout] test tui::tests::controller_restores_persists_and_surfaces_backburner_state_errors ... ok
[INFO] [stderr] Preparing worktree (new branch 'topic')
[INFO] [stdout] HEAD is now at ee62bb9 initial
[INFO] [stdout] [main (root-commit) ee62bb9] initial
[INFO] [stdout] test cli::tests::cleanup_flag_removes_containing_clean_linked_worktree ... ok
[INFO] [stdout] test bootstrap::tests::mapped_repository_path_is_resolved_and_validated_against_fresh_catalog ... ok
[INFO] [stdout] Initialized empty Git repository in /tmp/.tmpRhgZKG/project/.git/
[INFO] [stderr] hint: Using 'master' as the name for the initial branch. This default branch name
[INFO] [stderr] hint: will change to "main" in Git 3.0. To configure the initial branch name
[INFO] [stderr] hint: to use in all of your new repositories, which will suppress this warning,
[INFO] [stderr] hint: call:
[INFO] [stderr] hint:
[INFO] [stderr] hint: 	git config --global init.defaultBranch <name>
[INFO] [stderr] hint:
[INFO] [stderr] hint: Names commonly chosen instead of 'master' are 'main', 'trunk' and
[INFO] [stderr] hint: 'development'. The just-created branch can be renamed via this command:
[INFO] [stderr] hint:
[INFO] [stderr] hint: 	git branch -m <name>
[INFO] [stderr] hint:
[INFO] [stderr] hint: Disable this message with "git config set advice.defaultBranchName false"
[INFO] [stdout] test tui::tests::ctrl_c_cancels_materialization_without_producing_a_selection ... ok
[INFO] [stdout] test tui::tests::empty_catalog_outside_repository_remains_empty ... ok
[INFO] [stdout] test tui::tests::form_parsers_reject_ambiguous_values ... ok
[INFO] [stdout] test tui::tests::github_refresh_interval_has_a_thirty_second_floor ... ok
[INFO] [stdout] test tui::tests::injected_clipboard_handles_success_empty_scope_and_failure ... ok
[INFO] [stdout] test git::tests::infers_nearest_local_worktree_parent_from_commit_ancestry ... ok
[INFO] [stdout] test tui::tests::injected_url_opener_handles_success_and_surfaces_failure_inline ... ok
[INFO] [stdout] test tui::tests::failed_periodic_local_refresh_retains_the_last_snapshot ... ok
[INFO] [stdout] test merged_cleanup::tests::canonical_marker_forces_exact_lookup_and_malformed_marker_fails_closed ... ok
[INFO] [stdout] test tui::tests::manual_refresh_waits_for_its_local_snapshot_before_github ... ok
[INFO] [stdout] test tui::tests::empty_catalog_inside_repository_creates_session_only_onboarding ... ok
[INFO] [stdout] test tui::tests::local_snapshot_drops_branch_bound_github_data_after_a_branch_change ... ok
[INFO] [stdout] test tui::tests::overlapping_github_refreshes_coalesce ... ok
[INFO] [stdout] Initialized empty Git repository in /tmp/.tmpks6IZI/project/.git/
[INFO] [stdout] test merged_cleanup::tests::plans_and_removes_only_an_exact_clean_merged_head_then_preserves_branch ... ok
[INFO] [stderr] hint: Using 'master' as the name for the initial branch. This default branch name
[INFO] [stderr] hint: will change to "main" in Git 3.0. To configure the initial branch name
[INFO] [stderr] hint: to use in all of your new repositories, which will suppress this warning,
[INFO] [stderr] hint: call:
[INFO] [stderr] hint:
[INFO] [stderr] hint: 	git config --global init.defaultBranch <name>
[INFO] [stderr] hint:
[INFO] [stderr] hint: Names commonly chosen instead of 'master' are 'main', 'trunk' and
[INFO] [stderr] hint: 'development'. The just-created branch can be renamed via this command:
[INFO] [stderr] hint:
[INFO] [stderr] hint: 	git branch -m <name>
[INFO] [stderr] hint:
[INFO] [stderr] hint: Disable this message with "git config set advice.defaultBranchName false"
[INFO] [stdout] Initialized empty Git repository in /tmp/.tmpnFDmer/registered/.git/
[INFO] [stdout] test tui::tests::create_form_validates_then_opens_exact_confirmation ... ok
[INFO] [stdout] test tui::tests::periodic_local_refresh_runs_without_scheduling_github ... ok
[INFO] [stdout] test tui::tests::startup_explains_existing_non_git_catalog_paths ... ok
[INFO] [stdout] test tui::tests::controller_registers_edits_and_unregisters_session_repository ... ok
[INFO] [stdout] Initialized empty Git repository in /tmp/.tmp74DlVQ/relocated/.git/
[INFO] [stderr] hint: Using 'master' as the name for the initial branch. This default branch name
[INFO] [stderr] hint: will change to "main" in Git 3.0. To configure the initial branch name
[INFO] [stderr] hint: to use in all of your new repositories, which will suppress this warning,
[INFO] [stderr] hint: call:
[INFO] [stderr] hint:
[INFO] [stderr] hint: 	git config --global init.defaultBranch <name>
[INFO] [stderr] hint:
[INFO] [stderr] hint: Names commonly chosen instead of 'master' are 'main', 'trunk' and
[INFO] [stderr] hint: 'development'. The just-created branch can be renamed via this command:
[INFO] [stderr] hint:
[INFO] [stderr] hint: 	git branch -m <name>
[INFO] [stderr] hint:
[INFO] [stderr] hint: Disable this message with "git config set advice.defaultBranchName false"
[INFO] [stdout] test tui::tests::invalid_repository_can_be_unregistered_through_ui_shortcut ... ok
[INFO] [stderr] hint: Using 'master' as the name for the initial branch. This default branch name
[INFO] [stderr] hint: will change to "main" in Git 3.0. To configure the initial branch name
[INFO] [stderr] hint: to use in all of your new repositories, which will suppress this warning,
[INFO] [stderr] hint: call:
[INFO] [stderr] hint:
[INFO] [stderr] hint: 	git config --global init.defaultBranch <name>
[INFO] [stderr] hint:
[INFO] [stderr] hint: Names commonly chosen instead of 'master' are 'main', 'trunk' and
[INFO] [stderr] hint: 'development'. The just-created branch can be renamed via this command:
[INFO] [stderr] hint:
[INFO] [stderr] hint: 	git branch -m <name>
[INFO] [stderr] hint:
[INFO] [stderr] hint: Disable this message with "git config set advice.defaultBranchName false"
[INFO] [stderr] hint: Using 'master' as the name for the initial branch. This default branch name
[INFO] [stderr] hint: will change to "main" in Git 3.0. To configure the initial branch name
[INFO] [stderr] hint: to use in all of your new repositories, which will suppress this warning,
[INFO] [stderr] hint: call:
[INFO] [stderr] hint:
[INFO] [stderr] hint: 	git config --global init.defaultBranch <name>
[INFO] [stderr] hint:
[INFO] [stderr] hint: Names commonly chosen instead of 'master' are 'main', 'trunk' and
[INFO] [stderr] hint: 'development'. The just-created branch can be renamed via this command:
[INFO] [stderr] hint:
[INFO] [stderr] hint: 	git branch -m <name>
[INFO] [stderr] hint:
[INFO] [stderr] hint: Disable this message with "git config set advice.defaultBranchName false"
[INFO] [stdout] Initialized empty Git repository in /tmp/.tmpnFDmer/current/.git/
[INFO] [stdout] [main (root-commit) ee62bb9] initial
[INFO] [stdout] test ui::tests::bounds_long_unicode_reviewer_and_comment_rows_by_display_width ... ok
[INFO] [stdout] test tui::tests::successful_github_refresh_starts_the_header_age_clock ... ok
[INFO] [stdout] test tui::tests::successful_background_materialization_returns_the_exact_path ... ok
[INFO] [stdout] test ui::tests::create_form_identifies_the_selected_repository ... ok
[INFO] [stdout] test ui::tests::check_states_use_semantic_colors ... ok
[INFO] [stdout] test ui::tests::check_rows_cover_pending_valid_unknown_and_optional_styles ... ok
[INFO] [stdout] test ui::tests::cursor_navigation_redraw_benchmark ... ignored, release-mode latency benchmark; run explicitly with --ignored
[INFO] [stdout] test ui::tests::inline_checks_and_reviewers_use_rollup_glyphs_tokens_and_login_colors ... ok
[INFO] [stdout] test ui::tests::open_comments_color_authors_mark_outdated_and_use_true_display_width ... ok
[INFO] [stdout] test ui::tests::renders_bare_state_on_repository_without_anchor_child ... ok
[INFO] [stdout] test ui::tests::renders_clean_singleton_repository_with_inline_branch_identity ... ok
[INFO] [stdout] test ui::tests::open_form_shows_the_rejection_reason_beside_its_fields ... ok
[INFO] [stdout] test ui::tests::redraw_uses_one_row_snapshot_and_cached_current_location ... ok
[INFO] [stdout] test ui::tests::renders_compact_repository_status_and_resizes ... ok
[INFO] [stdout] test ui::tests::renders_header_progress_footer_error_and_confirmation ... ok
[INFO] [stdout] test ui::tests::renders_progressive_and_stale_github_states ... ok
[INFO] [stdout] test ui::tests::renders_virtual_rows_no_local_marker_and_pull_request_details ... ok
[INFO] [stdout] test ui::tests::renders_outer_branch_disclosures_and_stacked_worktree_connectors ... ok
[INFO] [stdout] test ui::tests::semantic_palette_covers_navigation_identity_metadata_and_status ... ok
[INFO] [stdout] test ui::tests::search_footer_and_incremental_match_highlighting_are_explicit ... ok
[INFO] [stdout] test ui::tests::shortens_home_prefix_only_on_component_boundaries ... ok
[INFO] [stdout] test ui::tests::truncates_labels_by_terminal_columns ... ok
[INFO] [stdout] test ui::tests::tree_prefixes_render_siblings_ancestry_and_roots ... ok
[INFO] [stdout] test ui::tests::truncates_unicode_tree_content_to_one_line_and_preserves_styles ... ok
[INFO] [stdout] Initialized empty Git repository in /tmp/.tmpSgvABm/registered/.git/
[INFO] [stdout] test ui::tests::renders_empty_stale_and_action_palette_states ... ok
[INFO] [stdout] test tui::tests::background_github_refresh_persists_remote_identity_cache ... ok
[INFO] [stderr] hint: Using 'master' as the name for the initial branch. This default branch name
[INFO] [stderr] hint: will change to "main" in Git 3.0. To configure the initial branch name
[INFO] [stderr] hint: to use in all of your new repositories, which will suppress this warning,
[INFO] [stderr] hint: call:
[INFO] [stderr] hint:
[INFO] [stderr] hint: 	git config --global init.defaultBranch <name>
[INFO] [stderr] hint:
[INFO] [stderr] hint: Names commonly chosen instead of 'master' are 'main', 'trunk' and
[INFO] [stderr] hint: 'development'. The just-created branch can be renamed via this command:
[INFO] [stderr] hint:
[INFO] [stderr] hint: 	git branch -m <name>
[INFO] [stderr] hint:
[INFO] [stderr] hint: Disable this message with "git config set advice.defaultBranchName false"
[INFO] [stdout] Initialized empty Git repository in /tmp/.tmpSgvABm/current/.git/
[INFO] [stdout] test tui::tests::stale_repository_edit_form_relinks_the_catalog_entry ... ok
[INFO] [stdout] test tui::tests::repository_reload_reconciles_authored_mappings_with_session_row ... ok
[INFO] [stdout] test tui::tests::unregistered_current_repository_keeps_catalog_visible_on_startup ... ok
[INFO] [stdout] test tui::tests::remote_cache_preserves_selected_local_pr_and_virtual_stack ... ok
[INFO] [stdout] test materialize::tests::destination_collision_fails_without_a_numeric_path_fallback ... ok
[INFO] [stdout] test materialize::tests::fetched_oid_mismatch_creates_neither_branch_nor_worktree ... ok
[INFO] [stdout] test merged_cleanup::tests::skips_ambiguous_nonmerged_mismatched_dirty_and_changed_after_preview ... ok
[INFO] [stdout] test materialize::tests::deleted_real_head_branch_falls_back_to_the_base_pull_ref ... ok
[INFO] [stdout] test tui::tests::new_worktree_dialog_tracks_remote_trunk_caches_and_exits ... ok
[INFO] [stdout] test materialize::tests::real_head_remote_tracks_branch_marks_it_and_reuses_worktree ... ok
[INFO] [stdout] test materialize::tests::missing_head_remote_uses_synthetic_branch_without_adding_remote ... ok
[INFO] [stdout] test materialize::tests::fast_forwards_safe_branch_and_preserves_ahead_diverged_and_other_pr_branches ... ok
[INFO] [stdout] 
[INFO] [stdout] failures:
[INFO] [stdout] 
[INFO] [stdout] ---- terminal::tests::guard_restores_alternate_screen_and_cursor_on_drop stdout ----
[INFO] [stdout] 
[INFO] [stdout] thread 'terminal::tests::guard_restores_alternate_screen_and_cursor_on_drop' (2220) panicked at src/terminal.rs:182:60:
[INFO] [stdout] called `Result::unwrap()` on an `Err` value: Os { code: 11, kind: WouldBlock, message: "Resource temporarily unavailable" }
[INFO] [stdout] stack backtrace:
[INFO] [stdout]    0:     0x55b149c51a21 - <<std[617be2ca0a6fd877]::sys::backtrace::BacktraceLock>::print::DisplayBacktrace as core[a373ad73a504971]::fmt::Display>::fmt
[INFO] [stdout]    1:     0x55b149c6929a - core[a373ad73a504971]::fmt::write
[INFO] [stdout]    2:     0x55b149c565dc - <alloc[2e1b2a31b91974c5]::vec::Vec<u8> as core[a373ad73a504971]::io::write::Write>::write_fmt
[INFO] [stdout]    3:     0x55b149c28396 - std[617be2ca0a6fd877]::panicking::default_hook::{closure#0}
[INFO] [stdout]    4:     0x55b149c47c69 - std[617be2ca0a6fd877]::panicking::default_hook
[INFO] [stdout]    5:     0x55b149a9ca60 - test[aada8e7e76ba119b]::test_main_inner::{closure#0}
[INFO] [stdout]    6:     0x55b149c47f92 - std[617be2ca0a6fd877]::panicking::panic_with_hook
[INFO] [stdout]    7:     0x55b149c28442 - std[617be2ca0a6fd877]::panicking::panic_handler::{closure#0}
[INFO] [stdout]    8:     0x55b149c20c29 - std[617be2ca0a6fd877]::sys::backtrace::__rust_end_short_backtrace::<std[617be2ca0a6fd877]::panicking::panic_handler::{closure#0}, !>
[INFO] [stdout]    9:     0x55b149c295cd - __rustc[ea4f61d10b84890b]::rust_begin_unwind
[INFO] [stdout]   10:     0x55b149c69a7c - core[a373ad73a504971]::panicking::panic_fmt
[INFO] [stdout]   11:     0x55b149c69852 - core[a373ad73a504971]::result::unwrap_failed
[INFO] [stdout]   12:     0x55b149867e15 - <wt[2a9f68a2a5f31a30]::terminal::tests::guard_restores_alternate_screen_and_cursor_on_drop::{closure#0} as core[a373ad73a504971]::ops::function::FnOnce<()>>::call_once
[INFO] [stdout]   13:     0x55b149a8feab - test[aada8e7e76ba119b]::__rust_begin_short_backtrace::<core[a373ad73a504971]::result::Result<(), alloc[2e1b2a31b91974c5]::string::String>, fn() -> core[a373ad73a504971]::result::Result<(), alloc[2e1b2a31b91974c5]::string::String>>
[INFO] [stdout]   14:     0x55b149a9d085 - test[aada8e7e76ba119b]::run_test::{closure#0}
[INFO] [stdout]   15:     0x55b149a96974 - std[617be2ca0a6fd877]::sys::backtrace::__rust_begin_short_backtrace::<test[aada8e7e76ba119b]::run_test::{closure#1}, ()>
[INFO] [stdout]   16:     0x55b149aa0112 - <std[617be2ca0a6fd877]::thread::lifecycle::spawn_unchecked<test[aada8e7e76ba119b]::run_test::{closure#1}, ()>::{closure#1} as core[a373ad73a504971]::ops::function::FnOnce<()>>::call_once::{shim:vtable#0}
[INFO] [stdout]   17:     0x55b149c502af - <std[617be2ca0a6fd877]::sys::thread::unix::Thread>::new::thread_start
[INFO] [stdout]   18:     0x7cfa88c84dfa - <unknown>
[INFO] [stdout]   19:     0x7cfa88d183d4 - clone
[INFO] [stdout]   20:                0x0 - <unknown>
[INFO] [stdout] 
[INFO] [stdout] ---- terminal::tests::guard_restores_during_unwind stdout ----
[INFO] [stdout] 
[INFO] [stdout] thread 'terminal::tests::guard_restores_during_unwind' (2222) panicked at src/terminal.rs:206:60:
[INFO] [stdout] called `Result::unwrap()` on an `Err` value: Os { code: 11, kind: WouldBlock, message: "Resource temporarily unavailable" }
[INFO] [stdout] stack backtrace:
[INFO] [stdout]    0:     0x55b149c51a21 - <<std[617be2ca0a6fd877]::sys::backtrace::BacktraceLock>::print::DisplayBacktrace as core[a373ad73a504971]::fmt::Display>::fmt
[INFO] [stdout]    1:     0x55b149c6929a - core[a373ad73a504971]::fmt::write
[INFO] [stdout]    2:     0x55b149c565dc - <alloc[2e1b2a31b91974c5]::vec::Vec<u8> as core[a373ad73a504971]::io::write::Write>::write_fmt
[INFO] [stdout]    3:     0x55b149c28396 - std[617be2ca0a6fd877]::panicking::default_hook::{closure#0}
[INFO] [stdout]    4:     0x55b149c47c69 - std[617be2ca0a6fd877]::panicking::default_hook
[INFO] [stdout]    5:     0x55b149a9ca60 - test[aada8e7e76ba119b]::test_main_inner::{closure#0}
[INFO] [stdout]    6:     0x55b149c47f92 - std[617be2ca0a6fd877]::panicking::panic_with_hook
[INFO] [stdout]    7:     0x55b149c28442 - std[617be2ca0a6fd877]::panicking::panic_handler::{closure#0}
[INFO] [stdout]    8:     0x55b149c20c29 - std[617be2ca0a6fd877]::sys::backtrace::__rust_end_short_backtrace::<std[617be2ca0a6fd877]::panicking::panic_handler::{closure#0}, !>
[INFO] [stdout]    9:     0x55b149c295cd - __rustc[ea4f61d10b84890b]::rust_begin_unwind
[INFO] [stdout]   10:     0x55b149c69a7c - core[a373ad73a504971]::panicking::panic_fmt
[INFO] [stdout]   11:     0x55b149c69852 - core[a373ad73a504971]::result::unwrap_failed
[INFO] [stdout]   12:     0x55b14984235a - wt[2a9f68a2a5f31a30]::terminal::tests::guard_restores_during_unwind::{closure#0}
[INFO] [stdout]   13:     0x55b1498687cc - __rust_try
[INFO] [stdout]   14:     0x55b1498532fd - wt[2a9f68a2a5f31a30]::terminal::tests::guard_restores_during_unwind
[INFO] [stdout]   15:     0x55b149867a59 - <wt[2a9f68a2a5f31a30]::terminal::tests::guard_restores_during_unwind::{closure#0} as core[a373ad73a504971]::ops::function::FnOnce<()>>::call_once
[INFO] [stdout]   16:     0x55b149a8feab - test[aada8e7e76ba119b]::__rust_begin_short_backtrace::<core[a373ad73a504971]::result::Result<(), alloc[2e1b2a31b91974c5]::string::String>, fn() -> core[a373ad73a504971]::result::Result<(), alloc[2e1b2a31b91974c5]::string::String>>
[INFO] [stdout]   17:     0x55b149a9d085 - test[aada8e7e76ba119b]::run_test::{closure#0}
[INFO] [stdout]   18:     0x55b149a96974 - std[617be2ca0a6fd877]::sys::backtrace::__rust_begin_short_backtrace::<test[aada8e7e76ba119b]::run_test::{closure#1}, ()>
[INFO] [stdout]   19:     0x55b149aa0112 - <std[617be2ca0a6fd877]::thread::lifecycle::spawn_unchecked<test[aada8e7e76ba119b]::run_test::{closure#1}, ()>::{closure#1} as core[a373ad73a504971]::ops::function::FnOnce<()>>::call_once::{shim:vtable#0}
[INFO] [stdout]   20:     0x55b149c502af - <std[617be2ca0a6fd877]::sys::thread::unix::Thread>::new::thread_start
[INFO] [stdout]   21:     0x7cfa88c84dfa - <unknown>
[INFO] [stdout]   22:     0x7cfa88d183d4 - clone
[INFO] [stdout]   23:                0x0 - <unknown>
[INFO] [stdout] 
[INFO] [stdout] thread 'terminal::tests::guard_restores_during_unwind' (2222) panicked at src/terminal.rs:211:9:
[INFO] [stdout] assertion failed: output.windows(8).any(|window| window == b"\x1b[?1049l")
[INFO] [stdout] stack backtrace:
[INFO] [stdout]    0:     0x55b149c51a21 - <<std[617be2ca0a6fd877]::sys::backtrace::BacktraceLock>::print::DisplayBacktrace as core[a373ad73a504971]::fmt::Display>::fmt
[INFO] [stdout]    1:     0x55b149c6929a - core[a373ad73a504971]::fmt::write
[INFO] [stdout]    2:     0x55b149c565dc - <alloc[2e1b2a31b91974c5]::vec::Vec<u8> as core[a373ad73a504971]::io::write::Write>::write_fmt
[INFO] [stdout]    3:     0x55b149c28396 - std[617be2ca0a6fd877]::panicking::default_hook::{closure#0}
[INFO] [stdout]    4:     0x55b149c47c69 - std[617be2ca0a6fd877]::panicking::default_hook
[INFO] [stdout]    5:     0x55b149a9ca60 - test[aada8e7e76ba119b]::test_main_inner::{closure#0}
[INFO] [stdout]    6:     0x55b149c47f92 - std[617be2ca0a6fd877]::panicking::panic_with_hook
[INFO] [stdout]    7:     0x55b149c28474 - std[617be2ca0a6fd877]::panicking::panic_handler::{closure#0}
[INFO] [stdout]    8:     0x55b149c20c29 - std[617be2ca0a6fd877]::sys::backtrace::__rust_end_short_backtrace::<std[617be2ca0a6fd877]::panicking::panic_handler::{closure#0}, !>
[INFO] [stdout]    9:     0x55b149c295cd - __rustc[ea4f61d10b84890b]::rust_begin_unwind
[INFO] [stdout]   10:     0x55b149c69a7c - core[a373ad73a504971]::panicking::panic_fmt
[INFO] [stdout]   11:     0x55b149c69a42 - core[a373ad73a504971]::panicking::panic
[INFO] [stdout]   12:     0x55b14985350f - wt[2a9f68a2a5f31a30]::terminal::tests::guard_restores_during_unwind
[INFO] [stdout]   13:     0x55b149867a59 - <wt[2a9f68a2a5f31a30]::terminal::tests::guard_restores_during_unwind::{closure#0} as core[a373ad73a504971]::ops::function::FnOnce<()>>::call_once
[INFO] [stdout]   14:     0x55b149a8feab - test[aada8e7e76ba119b]::__rust_begin_short_backtrace::<core[a373ad73a504971]::result::Result<(), alloc[2e1b2a31b91974c5]::string::String>, fn() -> core[a373ad73a504971]::result::Result<(), alloc[2e1b2a31b91974c5]::string::String>>
[INFO] [stdout]   15:     0x55b149a9d085 - test[aada8e7e76ba119b]::run_test::{closure#0}
[INFO] [stdout]   16:     0x55b149a96974 - std[617be2ca0a6fd877]::sys::backtrace::__rust_begin_short_backtrace::<test[aada8e7e76ba119b]::run_test::{closure#1}, ()>
[INFO] [stdout]   17:     0x55b149aa0112 - <std[617be2ca0a6fd877]::thread::lifecycle::spawn_unchecked<test[aada8e7e76ba119b]::run_test::{closure#1}, ()>::{closure#1} as core[a373ad73a504971]::ops::function::FnOnce<()>>::call_once::{shim:vtable#0}
[INFO] [stdout]   18:     0x55b149c502af - <std[617be2ca0a6fd877]::sys::thread::unix::Thread>::new::thread_start
[INFO] [stdout]   19:     0x7cfa88c84dfa - <unknown>
[INFO] [stdout]   20:     0x7cfa88d183d4 - clone
[INFO] [stdout]   21:                0x0 - <unknown>
[INFO] [stdout] 
[INFO] [stdout] 
[INFO] [stdout] failures:
[INFO] [stdout]     terminal::tests::guard_restores_alternate_screen_and_cursor_on_drop
[INFO] [stdout]     terminal::tests::guard_restores_during_unwind
[INFO] [stdout] 
[INFO] [stdout] test result: FAILED. 214 passed; 2 failed; 1 ignored; 0 measured; 0 filtered out; finished in 0.91s
[INFO] [stdout] 
[INFO] [stderr] error: test failed, to rerun pass `--bin wt`
[INFO] running `Command { std: "docker" "inspect" "9dc4532c9f73fa33e2a417e028d01d41c3a85019f3d83df78f2225d34e8fd079", kill_on_drop: false }`
[INFO] running `Command { std: "docker" "rm" "-f" "9dc4532c9f73fa33e2a417e028d01d41c3a85019f3d83df78f2225d34e8fd079", kill_on_drop: false }`
[INFO] [stdout] 9dc4532c9f73fa33e2a417e028d01d41c3a85019f3d83df78f2225d34e8fd079
