[INFO] fetching crate wsdom-core 0.0.1...
[INFO] testing wsdom-core-0.0.1 against 1.99.0-beta.8+cargoflags=--release for beta-release-1.100-2
[INFO] extracting crate wsdom-core 0.0.1 into /workspace/builds/worker-4-tc1/source
[INFO] started tweaking crates.io crate wsdom-core 0.0.1
[INFO] finished tweaking crates.io crate wsdom-core 0.0.1
[INFO] tweaked toml for crates.io crate wsdom-core 0.0.1 written to /workspace/builds/worker-4-tc1/source/Cargo.toml
[INFO] validating manifest of crates.io crate wsdom-core 0.0.1 on toolchain 1.99.0-beta.8
[INFO] running `Command { std: CARGO_HOME="/workspace/cargo-home" RUSTUP_HOME="/workspace/rustup-home" "/workspace/cargo-home/bin/cargo" "+1.99.0-beta.8" "metadata" "--manifest-path" "Cargo.toml" "--no-deps", kill_on_drop: false }`
[INFO] running `Command { std: CARGO_HOME="/workspace/cargo-home" RUSTUP_HOME="/workspace/rustup-home" "/workspace/cargo-home/bin/cargo" "+1.99.0-beta.8" "generate-lockfile" "--manifest-path" "Cargo.toml", kill_on_drop: false }`
[INFO] [stderr]     Updating crates.io index
[INFO] [stderr]      Locking 19 packages to highest compatible versions
[INFO] running `Command { std: CARGO_HOME="/workspace/cargo-home" RUSTUP_HOME="/workspace/rustup-home" "/workspace/cargo-home/bin/cargo" "+1.99.0-beta.8" "fetch" "--manifest-path" "Cargo.toml", kill_on_drop: false }`
[INFO] running `Command { std: "docker" "create" "-v" "/var/lib/crater-agent-workspace/builds/worker-4-tc1/source:/opt/rustwide/workdir:ro,Z" "-v" "/var/lib/crater-agent-workspace/builds/worker-4-tc1/target:/opt/rustwide/target:rw,Z" "-v" "/var/lib/crater-agent-workspace/cargo-home:/opt/rustwide/cargo-home:ro,Z" "-v" "/var/lib/crater-agent-workspace/rustup-home:/opt/rustwide/rustup-home:ro,Z" "-m" "1610612736" "--network" "none" "ghcr.io/rust-lang/crates-build-env/linux@sha256:77db811e55d90add9212f6832c23229e3de5f1c1f9905e8cb07319ea15df73ac" "sleep" "infinity", kill_on_drop: false }`
[INFO] [stdout] 6c87e2440a2bc3a50a6bebd3239913da7fdeb055c911a7ae157c47545da11cf6
[INFO] running `Command { std: "docker" "start" "6c87e2440a2bc3a50a6bebd3239913da7fdeb055c911a7ae157c47545da11cf6", kill_on_drop: false }`
[INFO] running `Command { std: "docker" "inspect" "6c87e2440a2bc3a50a6bebd3239913da7fdeb055c911a7ae157c47545da11cf6", kill_on_drop: false }`
[INFO] running `Command { std: "docker" "exec" "-e" "SOURCE_DIR=/opt/rustwide/workdir" "-e" "CARGO_HOME=/opt/rustwide/cargo-home" "-e" "RUSTUP_HOME=/opt/rustwide/rustup-home" "-e" "CARGO_TARGET_DIR=/opt/rustwide/target" "-w" "/opt/rustwide/workdir" "--user" "0:0" "6c87e2440a2bc3a50a6bebd3239913da7fdeb055c911a7ae157c47545da11cf6" "/opt/rustwide/cargo-home/bin/cargo" "+1.99.0-beta.8" "metadata" "--no-deps" "--format-version=1", kill_on_drop: false }`
[INFO] running `Command { std: "docker" "inspect" "6c87e2440a2bc3a50a6bebd3239913da7fdeb055c911a7ae157c47545da11cf6", kill_on_drop: false }`
[INFO] running `Command { std: "docker" "exec" "-e" "SOURCE_DIR=/opt/rustwide/workdir" "-e" "CARGO_HOME=/opt/rustwide/cargo-home" "-e" "RUSTUP_HOME=/opt/rustwide/rustup-home" "-e" "CARGO_TARGET_DIR=/opt/rustwide/target" "-e" "CARGO_INCREMENTAL=0" "-e" "RUST_BACKTRACE=full" "-e" "RUSTFLAGS=--cap-lints=warn" "-e" "RUSTDOCFLAGS=--cap-lints=warn" "-w" "/opt/rustwide/workdir" "--user" "0:0" "6c87e2440a2bc3a50a6bebd3239913da7fdeb055c911a7ae157c47545da11cf6" "/opt/rustwide/cargo-home/bin/cargo" "+1.99.0-beta.8" "build" "--frozen" "--message-format=json" "--release", kill_on_drop: false }`
[INFO] [stderr]    Compiling syn v3.0.9
[INFO] [stderr]    Compiling serde_json v1.0.154
[INFO] [stderr]    Compiling ref-cast-impl v1.0.27
[INFO] [stderr]    Compiling serde_derive v1.0.229
[INFO] [stderr]    Compiling ref-cast v1.0.27
[INFO] [stderr]    Compiling serde v1.0.229
[INFO] [stderr]    Compiling wsdom-core v0.0.1 (/opt/rustwide/workdir)
[INFO] [stdout] warning: struct `InvalidReturn` is never constructed
[INFO] [stdout]    --> src/link.rs:173:8
[INFO] [stdout]     |
[INFO] [stdout] 173 | struct InvalidReturn;
[INFO] [stdout]     |        ^^^^^^^^^^^^^
[INFO] [stdout]     |
[INFO] [stdout]     = note: `#[warn(dead_code)]` (part of `#[warn(unused)]`) on by default
[INFO] [stdout] 
[INFO] [stdout] 
[INFO] [stdout] warning: struct `CommandSerializeFailed` is never constructed
[INFO] [stdout]    --> src/operations.rs:309:8
[INFO] [stdout]     |
[INFO] [stdout] 309 | struct CommandSerializeFailed;
[INFO] [stdout]     |        ^^^^^^^^^^^^^^^^^^^^^^
[INFO] [stdout] 
[INFO] [stdout] 
[INFO] [stderr]     Finished `release` profile [optimized] target(s) in 7.70s
[INFO] running `Command { std: "docker" "inspect" "6c87e2440a2bc3a50a6bebd3239913da7fdeb055c911a7ae157c47545da11cf6", kill_on_drop: false }`
[INFO] running `Command { std: "docker" "exec" "-e" "SOURCE_DIR=/opt/rustwide/workdir" "-e" "CARGO_HOME=/opt/rustwide/cargo-home" "-e" "RUSTUP_HOME=/opt/rustwide/rustup-home" "-e" "CARGO_TARGET_DIR=/opt/rustwide/target" "-e" "CARGO_INCREMENTAL=0" "-e" "RUST_BACKTRACE=full" "-e" "RUSTFLAGS=--cap-lints=warn" "-e" "RUSTDOCFLAGS=--cap-lints=warn" "-w" "/opt/rustwide/workdir" "--user" "0:0" "6c87e2440a2bc3a50a6bebd3239913da7fdeb055c911a7ae157c47545da11cf6" "/opt/rustwide/cargo-home/bin/cargo" "+1.99.0-beta.8" "test" "--frozen" "--no-run" "--message-format=json" "--release", kill_on_drop: false }`
[INFO] [stderr]    Compiling futures-task v0.3.34
[INFO] [stderr]    Compiling serde_derive v1.0.229
[INFO] [stderr]    Compiling ref-cast-impl v1.0.27
[INFO] [stderr]    Compiling futures-macro v0.3.34
[INFO] [stderr]    Compiling ref-cast v1.0.27
[INFO] [stderr]    Compiling futures-util v0.3.34
[INFO] [stderr]    Compiling serde v1.0.229
[INFO] [stderr]    Compiling wsdom-core v0.0.1 (/opt/rustwide/workdir)
[INFO] [stdout] warning: struct `InvalidReturn` is never constructed
[INFO] [stdout]    --> src/link.rs:173:8
[INFO] [stdout]     |
[INFO] [stdout] 173 | struct InvalidReturn;
[INFO] [stdout]     |        ^^^^^^^^^^^^^
[INFO] [stdout]     |
[INFO] [stdout]     = note: `#[warn(dead_code)]` (part of `#[warn(unused)]`) on by default
[INFO] [stdout] 
[INFO] [stdout] 
[INFO] [stdout] warning: struct `CommandSerializeFailed` is never constructed
[INFO] [stdout]    --> src/operations.rs:309:8
[INFO] [stdout]     |
[INFO] [stdout] 309 | struct CommandSerializeFailed;
[INFO] [stdout]     |        ^^^^^^^^^^^^^^^^^^^^^^
[INFO] [stdout] 
[INFO] [stdout] 
[INFO] [stdout] warning: struct `InvalidReturn` is never constructed
[INFO] [stdout]    --> src/link.rs:173:8
[INFO] [stdout]     |
[INFO] [stdout] 173 | struct InvalidReturn;
[INFO] [stdout]     |        ^^^^^^^^^^^^^
[INFO] [stdout]     |
[INFO] [stdout]     = note: `#[warn(dead_code)]` (part of `#[warn(unused)]`) on by default
[INFO] [stdout] 
[INFO] [stdout] 
[INFO] [stdout] warning: struct `CommandSerializeFailed` is never constructed
[INFO] [stdout]    --> src/operations.rs:309:8
[INFO] [stdout]     |
[INFO] [stdout] 309 | struct CommandSerializeFailed;
[INFO] [stdout]     |        ^^^^^^^^^^^^^^^^^^^^^^
[INFO] [stdout] 
[INFO] [stdout] 
[INFO] [stderr]     Finished `release` profile [optimized] target(s) in 5.98s
[INFO] running `Command { std: "docker" "inspect" "6c87e2440a2bc3a50a6bebd3239913da7fdeb055c911a7ae157c47545da11cf6", kill_on_drop: false }`
[INFO] running `Command { std: "docker" "exec" "-e" "SOURCE_DIR=/opt/rustwide/workdir" "-e" "CARGO_HOME=/opt/rustwide/cargo-home" "-e" "RUSTUP_HOME=/opt/rustwide/rustup-home" "-e" "CARGO_TARGET_DIR=/opt/rustwide/target" "-e" "CARGO_INCREMENTAL=0" "-e" "RUST_BACKTRACE=full" "-e" "RUSTFLAGS=--cap-lints=warn" "-e" "RUSTDOCFLAGS=--cap-lints=warn" "-w" "/opt/rustwide/workdir" "--user" "0:0" "6c87e2440a2bc3a50a6bebd3239913da7fdeb055c911a7ae157c47545da11cf6" "/opt/rustwide/cargo-home/bin/cargo" "+1.99.0-beta.8" "test" "--frozen" "--release", kill_on_drop: false }`
[INFO] [stderr] warning: struct `InvalidReturn` is never constructed
[INFO] [stderr]    --> src/link.rs:173:8
[INFO] [stderr]     |
[INFO] [stderr] 173 | struct InvalidReturn;
[INFO] [stderr]     |        ^^^^^^^^^^^^^
[INFO] [stderr]     |
[INFO] [stderr]     = note: `#[warn(dead_code)]` (part of `#[warn(unused)]`) on by default
[INFO] [stderr] 
[INFO] [stderr] warning: struct `CommandSerializeFailed` is never constructed
[INFO] [stderr]    --> src/operations.rs:309:8
[INFO] [stderr]     |
[INFO] [stderr] 309 | struct CommandSerializeFailed;
[INFO] [stderr]     |        ^^^^^^^^^^^^^^^^^^^^^^
[INFO] [stderr] 
[INFO] [stderr] warning: `wsdom-core` (lib) generated 2 warnings
[INFO] [stderr] warning: `wsdom-core` (lib test) generated 2 warnings (2 duplicates)
[INFO] [stderr]     Finished `release` profile [optimized] target(s) in 0.20s
[INFO] [stderr]      Running unittests src/lib.rs (/opt/rustwide/target/release/deps/wsdom_core-7c134db4bf8e5f4c)
[INFO] [stdout] 
[INFO] [stdout] running 0 tests
[INFO] [stdout] 
[INFO] [stdout] test result: ok. 0 passed; 0 failed; 0 ignored; 0 measured; 0 filtered out; finished in 0.00s
[INFO] [stdout] 
[INFO] [stderr]    Doc-tests wsdom_core
[INFO] [stdout] 
[INFO] [stdout] running 6 tests
[INFO] [stdout] test src/operations.rs - operations::JsObject::js_set_field (line 236) ... FAILED
[INFO] [stdout] test src/operations.rs - operations::JsObject::js_get_field (line 201) ... FAILED
[INFO] [stdout] test src/operations.rs - operations::Browser::call_constructor (line 43) ... ok
[INFO] [stdout] test src/operations.rs - operations::JsObject::js_call_method (line 264) ... FAILED
[INFO] [stdout] test src/interaction/callback.rs - interaction::callback (line 11) ... FAILED
[INFO] [stdout] test src/operations.rs - operations::Browser::call_function (line 15) ... ok
[INFO] [stderr] error: doctest failed, to rerun pass `--doc`
[INFO] [stdout] 
[INFO] [stdout] failures:
[INFO] [stdout] 
[INFO] [stdout] ---- src/operations.rs - operations::JsObject::js_set_field (line 236) stdout ----
[INFO] [stdout] error[E0433]: cannot find module or crate `wsdom` in this scope
[INFO] [stdout]    --> src/operations.rs:242:5
[INFO] [stdout]     |
[INFO] [stdout] 242 |     wsdom::dom::location(&browser).js_set_field(&"href", &"https://example.com/");
[INFO] [stdout]     |     ^^^^^ use of unresolved module or unlinked crate `wsdom`
[INFO] [stdout]     |
[INFO] [stdout]     = help: if you wanted to use a crate named `wsdom`, use `cargo add wsdom` to add it to your `Cargo.toml`
[INFO] [stdout] 
[INFO] [stdout] error[E0433]: cannot find module or crate `wsdom` in this scope
[INFO] [stdout]    --> src/operations.rs:245:5
[INFO] [stdout]     |
[INFO] [stdout] 245 |     wsdom::dom::location(&browser).set_href(&"https://example.com");
[INFO] [stdout]     |     ^^^^^ use of unresolved module or unlinked crate `wsdom`
[INFO] [stdout]     |
[INFO] [stdout]     = help: if you wanted to use a crate named `wsdom`, use `cargo add wsdom` to add it to your `Cargo.toml`
[INFO] [stdout] 
[INFO] [stdout] error: aborting due to 2 previous errors
[INFO] [stdout] 
[INFO] [stdout] For more information about this error, try `rustc --explain E0433`.
[INFO] [stdout] Couldn't compile the test.
[INFO] [stdout] ---- src/operations.rs - operations::JsObject::js_get_field (line 201) stdout ----
[INFO] [stdout] error[E0433]: cannot find module or crate `wsdom` in this scope
[INFO] [stdout]    --> src/operations.rs:207:25
[INFO] [stdout]     |
[INFO] [stdout] 207 |     let href: JsValue = wsdom::dom::location(&browser).js_get_field(&"href");
[INFO] [stdout]     |                         ^^^^^ use of unresolved module or unlinked crate `wsdom`
[INFO] [stdout]     |
[INFO] [stdout]     = help: if you wanted to use a crate named `wsdom`, use `cargo add wsdom` to add it to your `Cargo.toml`
[INFO] [stdout] 
[INFO] [stdout] error[E0433]: cannot find module or crate `wsdom` in this scope
[INFO] [stdout]    --> src/operations.rs:210:26
[INFO] [stdout]     |
[INFO] [stdout] 210 |     let href: JsString = wsdom::dom::location(&browser).get_href();
[INFO] [stdout]     |                          ^^^^^ use of unresolved module or unlinked crate `wsdom`
[INFO] [stdout]     |
[INFO] [stdout]     = help: if you wanted to use a crate named `wsdom`, use `cargo add wsdom` to add it to your `Cargo.toml`
[INFO] [stdout] 
[INFO] [stdout] error: aborting due to 2 previous errors
[INFO] [stdout] 
[INFO] [stdout] For more information about this error, try `rustc --explain E0433`.
[INFO] [stdout] Couldn't compile the test.
[INFO] [stdout] ---- src/operations.rs - operations::JsObject::js_call_method (line 264) stdout ----
[INFO] [stdout] error[E0433]: cannot find module or crate `wsdom` in this scope
[INFO] [stdout]    --> src/operations.rs:268:19
[INFO] [stdout]     |
[INFO] [stdout] 268 |     let console = wsdom::dom::console(browser);
[INFO] [stdout]     |                   ^^^^^ use of unresolved module or unlinked crate `wsdom`
[INFO] [stdout]     |
[INFO] [stdout]     = help: if you wanted to use a crate named `wsdom`, use `cargo add wsdom` to add it to your `Cargo.toml`
[INFO] [stdout] 
[INFO] [stdout] error[E0433]: cannot find module or crate `wsdom` in this scope
[INFO] [stdout]    --> src/operations.rs:273:5
[INFO] [stdout]     |
[INFO] [stdout] 273 |     wsdom::dom::console(&browser).log(&[&"Hello" as &_]);
[INFO] [stdout]     |     ^^^^^ use of unresolved module or unlinked crate `wsdom`
[INFO] [stdout]     |
[INFO] [stdout]     = help: if you wanted to use a crate named `wsdom`, use `cargo add wsdom` to add it to your `Cargo.toml`
[INFO] [stdout] 
[INFO] [stdout] error: aborting due to 2 previous errors
[INFO] [stdout] 
[INFO] [stdout] For more information about this error, try `rustc --explain E0433`.
[INFO] [stdout] Couldn't compile the test.
[INFO] [stdout] ---- src/interaction/callback.rs - interaction::callback (line 11) stdout ----
[INFO] [stdout] error[E0433]: cannot find module or crate `wsdom` in this scope
[INFO] [stdout]   --> src/interaction/callback.rs:14:45
[INFO] [stdout]    |
[INFO] [stdout] 14 | async fn example(browser: &Browser, button: wsdom::dom::HTMLButtonElement) {
[INFO] [stdout]    |                                             ^^^^^ use of unresolved module or unlinked crate `wsdom`
[INFO] [stdout]    |
[INFO] [stdout]    = help: if you wanted to use a crate named `wsdom`, use `cargo add wsdom` to add it to your `Cargo.toml`
[INFO] [stdout] 
[INFO] [stdout] error[E0433]: cannot find module or crate `wsdom` in this scope
[INFO] [stdout]   --> src/interaction/callback.rs:15:30
[INFO] [stdout]    |
[INFO] [stdout] 15 |     let (mut stream, func) = wsdom::callback::new_callback::<wsdom::dom::MouseEvent>(&browser);
[INFO] [stdout]    |                              ^^^^^ use of unresolved module or unlinked crate `wsdom`
[INFO] [stdout]    |
[INFO] [stdout]    = help: if you wanted to use a crate named `wsdom`, use `cargo add wsdom` to add it to your `Cargo.toml`
[INFO] [stdout] 
[INFO] [stdout] error[E0433]: cannot find module or crate `wsdom` in this scope
[INFO] [stdout]   --> src/interaction/callback.rs:15:62
[INFO] [stdout]    |
[INFO] [stdout] 15 |     let (mut stream, func) = wsdom::callback::new_callback::<wsdom::dom::MouseEvent>(&browser);
[INFO] [stdout]    |                                                              ^^^^^ use of unresolved module or unlinked crate `wsdom`
[INFO] [stdout]    |
[INFO] [stdout]    = help: if you wanted to use a crate named `wsdom`, use `cargo add wsdom` to add it to your `Cargo.toml`
[INFO] [stdout] 
[INFO] [stdout] error[E0433]: cannot find module or crate `wsdom` in this scope
[INFO] [stdout]   --> src/interaction/callback.rs:19:30
[INFO] [stdout]    |
[INFO] [stdout] 19 |     let _click_event: Option<wsdom::dom::MouseEvent> = stream.next().await;
[INFO] [stdout]    |                              ^^^^^ use of unresolved module or unlinked crate `wsdom`
[INFO] [stdout]    |
[INFO] [stdout]    = help: if you wanted to use a crate named `wsdom`, use `cargo add wsdom` to add it to your `Cargo.toml`
[INFO] [stdout] 
[INFO] [stdout] error[E0433]: cannot find module or crate `wsdom` in this scope
[INFO] [stdout]   --> src/interaction/callback.rs:16:49
[INFO] [stdout]    |
[INFO] [stdout] 16 |     button.add_event_listener(&"click", &func, &wsdom::undefined());
[INFO] [stdout]    |                                                 ^^^^^ use of unresolved module or unlinked crate `wsdom`
[INFO] [stdout]    |
[INFO] [stdout]    = help: if you wanted to use a crate named `wsdom`, use `cargo add wsdom` to add it to your `Cargo.toml`
[INFO] [stdout] 
[INFO] [stdout] error: aborting due to 5 previous errors
[INFO] [stdout] 
[INFO] [stdout] For more information about this error, try `rustc --explain E0433`.
[INFO] [stdout] Couldn't compile the test.
[INFO] [stdout] 
[INFO] [stdout] failures:
[INFO] [stdout]     src/interaction/callback.rs - interaction::callback (line 11)
[INFO] [stdout]     src/operations.rs - operations::JsObject::js_call_method (line 264)
[INFO] [stdout]     src/operations.rs - operations::JsObject::js_get_field (line 201)
[INFO] [stdout]     src/operations.rs - operations::JsObject::js_set_field (line 236)
[INFO] [stdout] 
[INFO] [stdout] test result: FAILED. 2 passed; 4 failed; 0 ignored; 0 measured; 0 filtered out; finished in 0.38s
[INFO] [stdout] 
[INFO] running `Command { std: "docker" "inspect" "6c87e2440a2bc3a50a6bebd3239913da7fdeb055c911a7ae157c47545da11cf6", kill_on_drop: false }`
[INFO] running `Command { std: "docker" "rm" "-f" "6c87e2440a2bc3a50a6bebd3239913da7fdeb055c911a7ae157c47545da11cf6", kill_on_drop: false }`
[INFO] [stdout] 6c87e2440a2bc3a50a6bebd3239913da7fdeb055c911a7ae157c47545da11cf6
