[INFO] fetching crate wsdg-xdg 1.3.0-beta-release2...
[INFO] testing wsdg-xdg-1.3.0-beta-release2 against 1.100.0-beta.1+cargoflags=--release for beta-release-1.100-2
[INFO] extracting crate wsdg-xdg 1.3.0-beta-release2 into /workspace/builds/worker-7-tc2/source
[INFO] started tweaking crates.io crate wsdg-xdg 1.3.0-beta-release2
[INFO] finished tweaking crates.io crate wsdg-xdg 1.3.0-beta-release2
[INFO] tweaked toml for crates.io crate wsdg-xdg 1.3.0-beta-release2 written to /workspace/builds/worker-7-tc2/source/Cargo.toml
[INFO] validating manifest of crates.io crate wsdg-xdg 1.3.0-beta-release2 on toolchain 1.100.0-beta.1
[INFO] running `Command { std: CARGO_HOME="/workspace/cargo-home" RUSTUP_HOME="/workspace/rustup-home" "/workspace/cargo-home/bin/cargo" "+1.100.0-beta.1" "metadata" "--manifest-path" "Cargo.toml" "--no-deps", kill_on_drop: false }`
[INFO] crate crates.io crate wsdg-xdg 1.3.0-beta-release2 already has a lockfile, it will not be regenerated
[INFO] running `Command { std: CARGO_HOME="/workspace/cargo-home" RUSTUP_HOME="/workspace/rustup-home" "/workspace/cargo-home/bin/cargo" "+1.100.0-beta.1" "fetch" "--manifest-path" "Cargo.toml", kill_on_drop: false }`
[INFO] running `Command { std: "docker" "create" "-v" "/var/lib/crater-agent-workspace/builds/worker-7-tc2/source:/opt/rustwide/workdir:ro,Z" "-v" "/var/lib/crater-agent-workspace/builds/worker-7-tc2/target:/opt/rustwide/target:rw,Z" "-v" "/var/lib/crater-agent-workspace/cargo-home:/opt/rustwide/cargo-home:ro,Z" "-v" "/var/lib/crater-agent-workspace/rustup-home:/opt/rustwide/rustup-home:ro,Z" "-m" "1610612736" "--network" "none" "ghcr.io/rust-lang/crates-build-env/linux@sha256:77db811e55d90add9212f6832c23229e3de5f1c1f9905e8cb07319ea15df73ac" "sleep" "infinity", kill_on_drop: false }`
[INFO] [stdout] c39a37dc70f01789f19c907a60b96c993f8487498d1efda958c57f33bffdc9d3
[INFO] running `Command { std: "docker" "start" "c39a37dc70f01789f19c907a60b96c993f8487498d1efda958c57f33bffdc9d3", kill_on_drop: false }`
[INFO] running `Command { std: "docker" "inspect" "c39a37dc70f01789f19c907a60b96c993f8487498d1efda958c57f33bffdc9d3", kill_on_drop: false }`
[INFO] running `Command { std: "docker" "exec" "-e" "SOURCE_DIR=/opt/rustwide/workdir" "-e" "CARGO_HOME=/opt/rustwide/cargo-home" "-e" "RUSTUP_HOME=/opt/rustwide/rustup-home" "-e" "CARGO_TARGET_DIR=/opt/rustwide/target" "-w" "/opt/rustwide/workdir" "--user" "0:0" "c39a37dc70f01789f19c907a60b96c993f8487498d1efda958c57f33bffdc9d3" "/opt/rustwide/cargo-home/bin/cargo" "+1.100.0-beta.1" "metadata" "--no-deps" "--format-version=1", kill_on_drop: false }`
[INFO] running `Command { std: "docker" "inspect" "c39a37dc70f01789f19c907a60b96c993f8487498d1efda958c57f33bffdc9d3", kill_on_drop: false }`
[INFO] running `Command { std: "docker" "exec" "-e" "SOURCE_DIR=/opt/rustwide/workdir" "-e" "CARGO_HOME=/opt/rustwide/cargo-home" "-e" "RUSTUP_HOME=/opt/rustwide/rustup-home" "-e" "CARGO_TARGET_DIR=/opt/rustwide/target" "-e" "CARGO_INCREMENTAL=0" "-e" "RUST_BACKTRACE=full" "-e" "RUSTFLAGS=--cap-lints=warn" "-e" "RUSTDOCFLAGS=--cap-lints=warn" "-w" "/opt/rustwide/workdir" "--user" "0:0" "c39a37dc70f01789f19c907a60b96c993f8487498d1efda958c57f33bffdc9d3" "/opt/rustwide/cargo-home/bin/cargo" "+1.100.0-beta.1" "build" "--frozen" "--message-format=json" "--release", kill_on_drop: false }`
[INFO] [stderr]    Compiling quote v1.0.44
[INFO] [stderr]    Compiling libc v0.2.182
[INFO] [stderr]    Compiling thiserror v1.0.69
[INFO] [stderr]    Compiling option-ext v0.2.0
[INFO] [stderr]    Compiling syn v2.0.117
[INFO] [stderr]    Compiling dirs-sys v0.4.1
[INFO] [stderr]    Compiling dirs v5.0.1
[INFO] [stderr]    Compiling thiserror-impl v1.0.69
[INFO] [stderr]    Compiling wsdg-xdg v1.3.0-beta-release2 (/opt/rustwide/workdir)
[INFO] [stderr]     Finished `release` profile [optimized] target(s) in 12.67s
[INFO] running `Command { std: "docker" "inspect" "c39a37dc70f01789f19c907a60b96c993f8487498d1efda958c57f33bffdc9d3", kill_on_drop: false }`
[INFO] running `Command { std: "docker" "exec" "-e" "SOURCE_DIR=/opt/rustwide/workdir" "-e" "CARGO_HOME=/opt/rustwide/cargo-home" "-e" "RUSTUP_HOME=/opt/rustwide/rustup-home" "-e" "CARGO_TARGET_DIR=/opt/rustwide/target" "-e" "CARGO_INCREMENTAL=0" "-e" "RUST_BACKTRACE=full" "-e" "RUSTFLAGS=--cap-lints=warn" "-e" "RUSTDOCFLAGS=--cap-lints=warn" "-w" "/opt/rustwide/workdir" "--user" "0:0" "c39a37dc70f01789f19c907a60b96c993f8487498d1efda958c57f33bffdc9d3" "/opt/rustwide/cargo-home/bin/cargo" "+1.100.0-beta.1" "test" "--frozen" "--no-run" "--message-format=json" "--release", kill_on_drop: false }`
[INFO] [stderr]    Compiling getrandom v0.4.1
[INFO] [stderr]    Compiling rustix v1.1.4
[INFO] [stderr]    Compiling bitflags v2.11.0
[INFO] [stderr]    Compiling linux-raw-sys v0.12.1
[INFO] [stderr]    Compiling once_cell v1.21.3
[INFO] [stderr]    Compiling diff v0.1.13
[INFO] [stderr]    Compiling yansi v1.0.1
[INFO] [stderr]    Compiling fastrand v2.3.0
[INFO] [stderr]    Compiling pretty_assertions v1.4.1
[INFO] [stderr]    Compiling tempfile v3.26.0
[INFO] [stderr]    Compiling wsdg-xdg v1.3.0-beta-release2 (/opt/rustwide/workdir)
[INFO] [stderr]     Finished `release` profile [optimized] target(s) in 11.34s
[INFO] running `Command { std: "docker" "inspect" "c39a37dc70f01789f19c907a60b96c993f8487498d1efda958c57f33bffdc9d3", kill_on_drop: false }`
[INFO] running `Command { std: "docker" "exec" "-e" "SOURCE_DIR=/opt/rustwide/workdir" "-e" "CARGO_HOME=/opt/rustwide/cargo-home" "-e" "RUSTUP_HOME=/opt/rustwide/rustup-home" "-e" "CARGO_TARGET_DIR=/opt/rustwide/target" "-e" "CARGO_INCREMENTAL=0" "-e" "RUST_BACKTRACE=full" "-e" "RUSTFLAGS=--cap-lints=warn" "-e" "RUSTDOCFLAGS=--cap-lints=warn" "-w" "/opt/rustwide/workdir" "--user" "0:0" "c39a37dc70f01789f19c907a60b96c993f8487498d1efda958c57f33bffdc9d3" "/opt/rustwide/cargo-home/bin/cargo" "+1.100.0-beta.1" "test" "--frozen" "--release", kill_on_drop: false }`
[INFO] [stderr]     Finished `release` profile [optimized] target(s) in 0.07s
[INFO] [stderr]      Running unittests src/lib.rs (/opt/rustwide/target/release/build/wsdg-xdg/a04c81fca14ac865/out/wsdg_xdg-a04c81fca14ac865)
[INFO] [stdout] 
[INFO] [stdout] running 38 tests
[INFO] [stdout] test wsdg_byico_icoctl::tests::test_app_name_cleaning ... ok
[INFO] [stdout] test tests::test_library_info ... ok
[INFO] [stdout] test tests::test_init_env ... ok
[INFO] [stdout] test wsdg_byico_icoctl::tests::test_icon_controller_creation ... ok
[INFO] [stdout] test wsdg_autocompile::tests::test_jit_compilation ... ok
[INFO] [stdout] test wsdg_autocompile::tests::test_aot_compilation ... ok
[INFO] [stdout] test tests::test_version ... ok
[INFO] [stdout] test wsdg_byico_icoctl::tests::test_icon_format_detection ... ok
[INFO] [stdout] test wsdg_env::tests::test_directory_resolution ... ok
[INFO] [stdout] test wsdg_autocompile::tests::test_shell_script_generation ... ok
[INFO] [stdout] test wsdg_byico_icoctl::tests::test_icon_size_conversion ... ok
[INFO] [stdout] test wsdg_env::tests::test_shell_export ... ok
[INFO] [stdout] test wsdg_autocompile::tests::test_autocompiler_creation ... ok
[INFO] [stdout] test wsdg_env::tests::test_fallback_directories ... ok
[INFO] [stdout] test wsdg_ghx_open::tests::test_mailto_uri ... ok
[INFO] [stdout] test wsdg_ghx_open::tests::test_uri_builder ... ok
[INFO] [stdout] test wsdg_mime_array::tests::test_category_detection ... ok
[INFO] [stdout] test wsdg_ghx_open::tests::test_uri_parsing ... FAILED
[INFO] [stdout] test wsdg_ghx_open::tests::test_uri_roundtrip ... ok
[INFO] [stdout] test wsdg_mime_array::tests::test_extension_detection ... ok
[INFO] [stdout] test wsdg_mime_array::tests::test_path_detection ... ok
[INFO] [stdout] test wsdg_open::tests::test_expand_wsdg_path ... ok
[INFO] [stdout] test wsdg_settings::tests::test_load_and_sync ... ok
[INFO] [stdout] test wsdg_mime_array::tests::test_magic_detection ... ok
[INFO] [stdout] test wsdg_settings::tests::test_settings_creation ... ok
[INFO] [stdout] test wsdg_open::tests::test_parse_exec_line ... ok
[INFO] [stdout] test wsdg_env::tests::test_wsdg_env_basic ... ok
[INFO] [stdout] test wsdg_ghx_open::tests::test_file_uri ... ok
[INFO] [stdout] test wsdg_settings::tests::test_custom_settings ... ok
[INFO] [stdout] test wsdg_settings::tests::test_settings_parsing ... ok
[INFO] [stdout] test wsdg_settings::tests::test_wasma_integration ... ok
[INFO] [stdout] test wsdg_starter::tests::test_starter_config_creation ... ok
[INFO] [stdout] test xdg_wsdg_translate::tests::test_parse_env_config ... ok
[INFO] [stdout] test xdg_wsdg_translate::tests::test_variable_expansion ... ok
[INFO] [stdout] test xdg_wsdg_translate::tests::test_xdg_translation ... ok
[INFO] [stderr] error: test failed, to rerun pass `--lib`
[INFO] [stdout] test wsdg_settings::tests::test_wasma_compatible_export ... ok
[INFO] [stdout] test wsdg_starter::tests::test_config_filename_generation ... ok
[INFO] [stdout] test xdg_wsdg_translate::tests::test_override_mechanism ... ok
[INFO] [stdout] 
[INFO] [stdout] failures:
[INFO] [stdout] 
[INFO] [stdout] ---- wsdg_ghx_open::tests::test_uri_parsing stdout ----
[INFO] [stdout] 
[INFO] [stdout] thread 'wsdg_ghx_open::tests::test_uri_parsing' (629) panicked at src/wsdg_ghx_open.rs:378:9:
[INFO] [stdout] assertion `left == right` failed
[INFO] [stdout]   left: None
[INFO] [stdout]  right: Some("example.com")
[INFO] [stdout] stack backtrace:
[INFO] [stdout]    0:     0x6317ac956b71 - <<std[617be2ca0a6fd877]::sys::backtrace::BacktraceLock>::print::DisplayBacktrace as core[a373ad73a504971]::fmt::Display>::fmt
[INFO] [stdout]    1:     0x6317ac96c1ea - core[a373ad73a504971]::fmt::write
[INFO] [stdout]    2:     0x6317ac95afac - <alloc[2e1b2a31b91974c5]::vec::Vec<u8> as core[a373ad73a504971]::io::write::Write>::write_fmt
[INFO] [stdout]    3:     0x6317ac932766 - std[617be2ca0a6fd877]::panicking::default_hook::{closure#0}
[INFO] [stdout]    4:     0x6317ac94edc9 - std[617be2ca0a6fd877]::panicking::default_hook
[INFO] [stdout]    5:     0x6317ac8eaa40 - test[aada8e7e76ba119b]::test_main_inner::{closure#0}
[INFO] [stdout]    6:     0x6317ac94ef82 - std[617be2ca0a6fd877]::panicking::panic_with_hook
[INFO] [stdout]    7:     0x6317ac932812 - std[617be2ca0a6fd877]::panicking::panic_handler::{closure#0}
[INFO] [stdout]    8:     0x6317ac92b2e9 - std[617be2ca0a6fd877]::sys::backtrace::__rust_end_short_backtrace::<std[617be2ca0a6fd877]::panicking::panic_handler::{closure#0}, !>
[INFO] [stdout]    9:     0x6317ac93341d - __rustc[ea4f61d10b84890b]::rust_begin_unwind
[INFO] [stdout]   10:     0x6317ac96c91c - core[a373ad73a504971]::panicking::panic_fmt
[INFO] [stdout]   11:     0x6317ac96c833 - core[a373ad73a504971]::panicking::assert_failed_inner
[INFO] [stdout]   12:     0x6317ac8d2875 - core[a373ad73a504971]::panicking::assert_failed::<core[a373ad73a504971]::option::Option<alloc[2e1b2a31b91974c5]::string::String>, core[a373ad73a504971]::option::Option<alloc[2e1b2a31b91974c5]::string::String>>
[INFO] [stdout]   13:     0x6317ac8ccaef - <wsdg_xdg[4881f9dcc20687da]::wsdg_ghx_open::tests::test_uri_parsing::{closure#0} as core[a373ad73a504971]::ops::function::FnOnce<()>>::call_once
[INFO] [stdout]   14:     0x6317ac8dde8b - test[aada8e7e76ba119b]::__rust_begin_short_backtrace::<core[a373ad73a504971]::result::Result<(), alloc[2e1b2a31b91974c5]::string::String>, fn() -> core[a373ad73a504971]::result::Result<(), alloc[2e1b2a31b91974c5]::string::String>>
[INFO] [stdout]   15:     0x6317ac8eb065 - test[aada8e7e76ba119b]::run_test::{closure#0}
[INFO] [stdout]   16:     0x6317ac8e4954 - std[617be2ca0a6fd877]::sys::backtrace::__rust_begin_short_backtrace::<test[aada8e7e76ba119b]::run_test::{closure#1}, ()>
[INFO] [stdout]   17:     0x6317ac8ee0f2 - <std[617be2ca0a6fd877]::thread::lifecycle::spawn_unchecked<test[aada8e7e76ba119b]::run_test::{closure#1}, ()>::{closure#1} as core[a373ad73a504971]::ops::function::FnOnce<()>>::call_once::{shim:vtable#0}
[INFO] [stdout]   18:     0x6317ac95606f - <std[617be2ca0a6fd877]::sys::thread::unix::Thread>::new::thread_start
[INFO] [stdout]   19:     0x7a37cf28ddfa - <unknown>
[INFO] [stdout]   20:     0x7a37cf3213d4 - clone
[INFO] [stdout]   21:                0x0 - <unknown>
[INFO] [stdout] 
[INFO] [stdout] 
[INFO] [stdout] failures:
[INFO] [stdout]     wsdg_ghx_open::tests::test_uri_parsing
[INFO] [stdout] 
[INFO] [stdout] test result: FAILED. 37 passed; 1 failed; 0 ignored; 0 measured; 0 filtered out; finished in 0.02s
[INFO] [stdout] 
[INFO] running `Command { std: "docker" "inspect" "c39a37dc70f01789f19c907a60b96c993f8487498d1efda958c57f33bffdc9d3", kill_on_drop: false }`
[INFO] running `Command { std: "docker" "rm" "-f" "c39a37dc70f01789f19c907a60b96c993f8487498d1efda958c57f33bffdc9d3", kill_on_drop: false }`
[INFO] [stdout] c39a37dc70f01789f19c907a60b96c993f8487498d1efda958c57f33bffdc9d3
