[INFO] fetching crate ws-segment-rs 0.1.4...
[INFO] testing ws-segment-rs-0.1.4 against 1.99.0-beta.8+cargoflags=--release for beta-release-1.100-2
[INFO] extracting crate ws-segment-rs 0.1.4 into /workspace/builds/worker-4-tc1/source
[INFO] started tweaking crates.io crate ws-segment-rs 0.1.4
[INFO] removed 0 missing examples
[INFO] removed 0 missing tests
[INFO] finished tweaking crates.io crate ws-segment-rs 0.1.4
[INFO] tweaked toml for crates.io crate ws-segment-rs 0.1.4 written to /workspace/builds/worker-4-tc1/source/Cargo.toml
[INFO] validating manifest of crates.io crate ws-segment-rs 0.1.4 on toolchain 1.99.0-beta.8
[INFO] running `Command { std: CARGO_HOME="/workspace/cargo-home" RUSTUP_HOME="/workspace/rustup-home" "/workspace/cargo-home/bin/cargo" "+1.99.0-beta.8" "metadata" "--manifest-path" "Cargo.toml" "--no-deps", kill_on_drop: false }`
[INFO] crate crates.io crate ws-segment-rs 0.1.4 already has a lockfile, it will not be regenerated
[INFO] running `Command { std: CARGO_HOME="/workspace/cargo-home" RUSTUP_HOME="/workspace/rustup-home" "/workspace/cargo-home/bin/cargo" "+1.99.0-beta.8" "fetch" "--manifest-path" "Cargo.toml", kill_on_drop: false }`
[INFO] [stderr]     Updating crates.io index
[INFO] [stderr]  Downloading crates ...
[INFO] [stderr]   Downloaded ws-segment-rs-dict v0.1.4
[INFO] running `Command { std: "docker" "create" "-v" "/var/lib/crater-agent-workspace/builds/worker-4-tc1/source:/opt/rustwide/workdir:ro,Z" "-v" "/var/lib/crater-agent-workspace/builds/worker-4-tc1/target:/opt/rustwide/target:rw,Z" "-v" "/var/lib/crater-agent-workspace/cargo-home:/opt/rustwide/cargo-home:ro,Z" "-v" "/var/lib/crater-agent-workspace/rustup-home:/opt/rustwide/rustup-home:ro,Z" "-m" "1610612736" "--network" "none" "ghcr.io/rust-lang/crates-build-env/linux@sha256:77db811e55d90add9212f6832c23229e3de5f1c1f9905e8cb07319ea15df73ac" "sleep" "infinity", kill_on_drop: false }`
[INFO] [stdout] ffba9b274f42bb8474155a42b269fd8b31a4ff57e26794bf779925253734f69e
[INFO] running `Command { std: "docker" "start" "ffba9b274f42bb8474155a42b269fd8b31a4ff57e26794bf779925253734f69e", kill_on_drop: false }`
[INFO] running `Command { std: "docker" "inspect" "ffba9b274f42bb8474155a42b269fd8b31a4ff57e26794bf779925253734f69e", kill_on_drop: false }`
[INFO] running `Command { std: "docker" "exec" "-e" "SOURCE_DIR=/opt/rustwide/workdir" "-e" "CARGO_HOME=/opt/rustwide/cargo-home" "-e" "RUSTUP_HOME=/opt/rustwide/rustup-home" "-e" "CARGO_TARGET_DIR=/opt/rustwide/target" "-w" "/opt/rustwide/workdir" "--user" "0:0" "ffba9b274f42bb8474155a42b269fd8b31a4ff57e26794bf779925253734f69e" "/opt/rustwide/cargo-home/bin/cargo" "+1.99.0-beta.8" "metadata" "--no-deps" "--format-version=1", kill_on_drop: false }`
[INFO] running `Command { std: "docker" "inspect" "ffba9b274f42bb8474155a42b269fd8b31a4ff57e26794bf779925253734f69e", kill_on_drop: false }`
[INFO] running `Command { std: "docker" "exec" "-e" "SOURCE_DIR=/opt/rustwide/workdir" "-e" "CARGO_HOME=/opt/rustwide/cargo-home" "-e" "RUSTUP_HOME=/opt/rustwide/rustup-home" "-e" "CARGO_TARGET_DIR=/opt/rustwide/target" "-e" "CARGO_INCREMENTAL=0" "-e" "RUST_BACKTRACE=full" "-e" "RUSTFLAGS=--cap-lints=warn" "-e" "RUSTDOCFLAGS=--cap-lints=warn" "-w" "/opt/rustwide/workdir" "--user" "0:0" "ffba9b274f42bb8474155a42b269fd8b31a4ff57e26794bf779925253734f69e" "/opt/rustwide/cargo-home/bin/cargo" "+1.99.0-beta.8" "build" "--frozen" "--message-format=json" "--release", kill_on_drop: false }`
[INFO] [stderr]    Compiling proc-macro2 v1.0.107
[INFO] [stderr]    Compiling aho-corasick v1.1.5
[INFO] [stderr]    Compiling serde_json v1.0.151
[INFO] [stderr]    Compiling quote v1.0.47
[INFO] [stderr]    Compiling syn v3.0.3
[INFO] [stderr]    Compiling ws-segment-rs-dict v0.1.4
[INFO] [stderr]    Compiling regex-automata v0.4.18
[INFO] [stderr]    Compiling serde_derive v1.0.229
[INFO] [stderr]    Compiling regex v1.13.1
[INFO] [stderr]    Compiling serde v1.0.229
[INFO] [stderr]    Compiling ws-segment-rs v0.1.4 (/opt/rustwide/workdir)
[INFO] [stderr]     Finished `release` profile [optimized] target(s) in 48.22s
[INFO] running `Command { std: "docker" "inspect" "ffba9b274f42bb8474155a42b269fd8b31a4ff57e26794bf779925253734f69e", kill_on_drop: false }`
[INFO] running `Command { std: "docker" "exec" "-e" "SOURCE_DIR=/opt/rustwide/workdir" "-e" "CARGO_HOME=/opt/rustwide/cargo-home" "-e" "RUSTUP_HOME=/opt/rustwide/rustup-home" "-e" "CARGO_TARGET_DIR=/opt/rustwide/target" "-e" "CARGO_INCREMENTAL=0" "-e" "RUST_BACKTRACE=full" "-e" "RUSTFLAGS=--cap-lints=warn" "-e" "RUSTDOCFLAGS=--cap-lints=warn" "-w" "/opt/rustwide/workdir" "--user" "0:0" "ffba9b274f42bb8474155a42b269fd8b31a4ff57e26794bf779925253734f69e" "/opt/rustwide/cargo-home/bin/cargo" "+1.99.0-beta.8" "test" "--frozen" "--no-run" "--message-format=json" "--release", kill_on_drop: false }`
[INFO] [stderr]    Compiling ws-segment-rs v0.1.4 (/opt/rustwide/workdir)
[INFO] [stderr]     Finished `release` profile [optimized] target(s) in 15.48s
[INFO] running `Command { std: "docker" "inspect" "ffba9b274f42bb8474155a42b269fd8b31a4ff57e26794bf779925253734f69e", kill_on_drop: false }`
[INFO] running `Command { std: "docker" "exec" "-e" "SOURCE_DIR=/opt/rustwide/workdir" "-e" "CARGO_HOME=/opt/rustwide/cargo-home" "-e" "RUSTUP_HOME=/opt/rustwide/rustup-home" "-e" "CARGO_TARGET_DIR=/opt/rustwide/target" "-e" "CARGO_INCREMENTAL=0" "-e" "RUST_BACKTRACE=full" "-e" "RUSTFLAGS=--cap-lints=warn" "-e" "RUSTDOCFLAGS=--cap-lints=warn" "-w" "/opt/rustwide/workdir" "--user" "0:0" "ffba9b274f42bb8474155a42b269fd8b31a4ff57e26794bf779925253734f69e" "/opt/rustwide/cargo-home/bin/cargo" "+1.99.0-beta.8" "test" "--frozen" "--release", kill_on_drop: false }`
[INFO] [stderr]     Finished `release` profile [optimized] target(s) in 0.05s
[INFO] [stderr]      Running unittests src/lib.rs (/opt/rustwide/target/release/deps/novel_segment-aed608a232a1b658)
[INFO] [stdout] 
[INFO] [stdout] running 21 tests
[INFO] [stdout] test dict::tests::synonym_skip_canonical_in_table2 ... ok
[INFO] [stdout] test dict_path::tests::beam_width_quality_vs_time ... FAILED
[INFO] [stdout] test dict_path::tests::long_span_with_non_bmp_still_segments ... FAILED
[INFO] [stdout] test dict_path::tests::long_unpunctuated_cjk_is_polynomial ... FAILED
[INFO] [stdout] test dict_path::tests::short_phrases_keep_expected_words ... FAILED
[INFO] [stdout] test service::tests::normalize_crlf ... ok
[INFO] [stdout] test text::tests::ascii_fast_path ... ok
[INFO] [stdout] test segment::tests::convert_compound_parts ... ok
[INFO] [stdout] test text::tests::bmp_slice_matches_utf16 ... ok
[INFO] [stdout] test text::tests::is_bmp_detects_non_bmp ... ok
[INFO] [stdout] test loader::tests::parse_hex_row ... ok
[INFO] [stdout] test loader::tests::parse_synonym ... ok
[INFO] [stdout] test service::tests::ordered_contains_any ... ok
[INFO] [stdout] test text::tests::non_bmp_slice_uses_utf16_units ... ok
[INFO] [stdout] test text::tests::repeat_run ... ok
[INFO] [stdout] test text::tests::split_keeps_newlines ... ok
[INFO] [stdout] test text::tests::split_multiline_single_space ... ok
[INFO] [stdout] test tokenizers::tests::split_jp_pure_scripts_and_non_jp ... ok
[INFO] [stdout] test text::tests::utf16_len_emoji ... ok
[INFO] [stdout] test tokenizers::tests::split_jp_mixed_kana_matches_js_lookahead_split ... ok
[INFO] [stdout] test tokenizers::tests::url_requires_remaining_longer_than_shortest_protocol ... ok
[INFO] [stdout] 
[INFO] [stdout] failures:
[INFO] [stdout] 
[INFO] [stdout] ---- dict_path::tests::beam_width_quality_vs_time stdout ----
[INFO] [stdout] 
[INFO] [stdout] thread 'dict_path::tests::beam_width_quality_vs_time' (511) panicked at src/dict_path.rs:578:39:
[INFO] [stdout] load dict: DictNotFound { name: "char" }
[INFO] [stdout] stack backtrace:
[INFO] [stdout]    0:     0x5f9b0c1c4301 - <<std[70759c8f55707aa4]::sys::backtrace::BacktraceLock>::print::DisplayBacktrace as core[df12db4294e9bfd3]::fmt::Display>::fmt
[INFO] [stdout]    1:     0x5f9b0c1db64a - core[df12db4294e9bfd3]::fmt::write
[INFO] [stdout]    2:     0x5f9b0c1c8a8c - <alloc[2182bb758b4b3781]::vec::Vec<u8> as core[df12db4294e9bfd3]::io::write::Write>::write_fmt
[INFO] [stdout]    3:     0x5f9b0c19f9b6 - std[70759c8f55707aa4]::panicking::default_hook::{closure#0}
[INFO] [stdout]    4:     0x5f9b0c1bc369 - std[70759c8f55707aa4]::panicking::default_hook
[INFO] [stdout]    5:     0x5f9b0c08cc40 - test[9d35eded1c95d3be]::test_main_inner::<test[9d35eded1c95d3be]::test_main_static::{closure#0}>::{closure#0}
[INFO] [stdout]    6:     0x5f9b0c1bc522 - std[70759c8f55707aa4]::panicking::panic_with_hook
[INFO] [stdout]    7:     0x5f9b0c19fa62 - std[70759c8f55707aa4]::panicking::panic_handler::{closure#0}
[INFO] [stdout]    8:     0x5f9b0c1985b9 - std[70759c8f55707aa4]::sys::backtrace::__rust_end_short_backtrace::<std[70759c8f55707aa4]::panicking::panic_handler::{closure#0}, !>
[INFO] [stdout]    9:     0x5f9b0c1a065d - __rustc[8fa7c3cbc660c2b3]::rust_begin_unwind
[INFO] [stdout]   10:     0x5f9b0c1dbe2c - core[df12db4294e9bfd3]::panicking::panic_fmt
[INFO] [stdout]   11:     0x5f9b0c1dbc02 - core[df12db4294e9bfd3]::result::unwrap_failed
[INFO] [stdout]   12:     0x5f9b0c051045 - novel_segment[bd4a4924f028ca40]::dict_path::tests::beam_width_quality_vs_time
[INFO] [stdout]   13:     0x5f9b0c05fb89 - <novel_segment[bd4a4924f028ca40]::dict_path::tests::beam_width_quality_vs_time::{closure#0} as core[df12db4294e9bfd3]::ops::function::FnOnce<()>>::call_once
[INFO] [stdout]   14:     0x5f9b0c07ff2b - test[9d35eded1c95d3be]::__rust_begin_short_backtrace::<core[df12db4294e9bfd3]::result::Result<(), alloc[2182bb758b4b3781]::string::String>, fn() -> core[df12db4294e9bfd3]::result::Result<(), alloc[2182bb758b4b3781]::string::String>>
[INFO] [stdout]   15:     0x5f9b0c08d595 - test[9d35eded1c95d3be]::run_test::{closure#0}
[INFO] [stdout]   16:     0x5f9b0c086e54 - std[70759c8f55707aa4]::sys::backtrace::__rust_begin_short_backtrace::<test[9d35eded1c95d3be]::run_test::{closure#1}, ()>
[INFO] [stdout]   17:     0x5f9b0c0906f2 - <std[70759c8f55707aa4]::thread::lifecycle::spawn_unchecked<test[9d35eded1c95d3be]::run_test::{closure#1}, ()>::{closure#1} as core[df12db4294e9bfd3]::ops::function::FnOnce<()>>::call_once::{shim:vtable#0}
[INFO] [stdout]   18:     0x5f9b0c1c3839 - <std[70759c8f55707aa4]::sys::thread::unix::Thread>::new::thread_start
[INFO] [stdout]   19:     0x7825f3d3ddfa - <unknown>
[INFO] [stdout]   20:     0x7825f3dd13d4 - clone
[INFO] [stdout]   21:                0x0 - <unknown>
[INFO] [stdout] 
[INFO] [stdout] ---- dict_path::tests::long_span_with_non_bmp_still_segments stdout ----
[INFO] [stdout] 
[INFO] [stdout] thread 'dict_path::tests::long_span_with_non_bmp_still_segments' (512) panicked at src/dict_path.rs:578:39:
[INFO] [stdout] load dict: DictNotFound { name: "char" }
[INFO] [stdout] stack backtrace:
[INFO] [stdout]    0:     0x5f9b0c1c4301 - <<std[70759c8f55707aa4]::sys::backtrace::BacktraceLock>::print::DisplayBacktrace as core[df12db4294e9bfd3]::fmt::Display>::fmt
[INFO] [stdout]    1:     0x5f9b0c1db64a - core[df12db4294e9bfd3]::fmt::write
[INFO] [stdout]    2:     0x5f9b0c1c8a8c - <alloc[2182bb758b4b3781]::vec::Vec<u8> as core[df12db4294e9bfd3]::io::write::Write>::write_fmt
[INFO] [stdout]    3:     0x5f9b0c19f9b6 - std[70759c8f55707aa4]::panicking::default_hook::{closure#0}
[INFO] [stdout]    4:     0x5f9b0c1bc369 - std[70759c8f55707aa4]::panicking::default_hook
[INFO] [stdout]    5:     0x5f9b0c08cc40 - test[9d35eded1c95d3be]::test_main_inner::<test[9d35eded1c95d3be]::test_main_static::{closure#0}>::{closure#0}
[INFO] [stdout]    6:     0x5f9b0c1bc522 - std[70759c8f55707aa4]::panicking::panic_with_hook
[INFO] [stdout]    7:     0x5f9b0c19fa62 - std[70759c8f55707aa4]::panicking::panic_handler::{closure#0}
[INFO] [stdout]    8:     0x5f9b0c1985b9 - std[70759c8f55707aa4]::sys::backtrace::__rust_end_short_backtrace::<std[70759c8f55707aa4]::panicking::panic_handler::{closure#0}, !>
[INFO] [stdout]    9:     0x5f9b0c1a065d - __rustc[8fa7c3cbc660c2b3]::rust_begin_unwind
[INFO] [stdout]   10:     0x5f9b0c1dbe2c - core[df12db4294e9bfd3]::panicking::panic_fmt
[INFO] [stdout]   11:     0x5f9b0c1dbc02 - core[df12db4294e9bfd3]::result::unwrap_failed
[INFO] [stdout]   12:     0x5f9b0c051f6c - novel_segment[bd4a4924f028ca40]::dict_path::tests::long_span_with_non_bmp_still_segments
[INFO] [stdout]   13:     0x5f9b0c05fbe9 - <novel_segment[bd4a4924f028ca40]::dict_path::tests::long_span_with_non_bmp_still_segments::{closure#0} as core[df12db4294e9bfd3]::ops::function::FnOnce<()>>::call_once
[INFO] [stdout]   14:     0x5f9b0c07ff2b - test[9d35eded1c95d3be]::__rust_begin_short_backtrace::<core[df12db4294e9bfd3]::result::Result<(), alloc[2182bb758b4b3781]::string::String>, fn() -> core[df12db4294e9bfd3]::result::Result<(), alloc[2182bb758b4b3781]::string::String>>
[INFO] [stdout]   15:     0x5f9b0c08d595 - test[9d35eded1c95d3be]::run_test::{closure#0}
[INFO] [stdout]   16:     0x5f9b0c086e54 - std[70759c8f55707aa4]::sys::backtrace::__rust_begin_short_backtrace::<test[9d35eded1c95d3be]::run_test::{closure#1}, ()>
[INFO] [stdout]   17:     0x5f9b0c0906f2 - <std[70759c8f55707aa4]::thread::lifecycle::spawn_unchecked<test[9d35eded1c95d3be]::run_test::{closure#1}, ()>::{closure#1} as core[df12db4294e9bfd3]::ops::function::FnOnce<()>>::call_once::{shim:vtable#0}
[INFO] [stdout]   18:     0x5f9b0c1c3839 - <std[70759c8f55707aa4]::sys::thread::unix::Thread>::new::thread_start
[INFO] [stdout]   19:     0x7825f3d3ddfa - <unknown>
[INFO] [stdout]   20:     0x7825f3dd13d4 - clone
[INFO] [stdout]   21:                0x0 - <unknown>
[INFO] [stdout] 
[INFO] [stdout] ---- dict_path::tests::long_unpunctuated_cjk_is_polynomial stdout ----
[INFO] [stdout] 
[INFO] [stdout] thread 'dict_path::tests::long_unpunctuated_cjk_is_polynomial' (513) panicked at src/dict_path.rs:578:39:
[INFO] [stdout] load dict: DictNotFound { name: "char" }
[INFO] [stdout] stack backtrace:
[INFO] [stdout]    0:     0x5f9b0c1c4301 - <<std[70759c8f55707aa4]::sys::backtrace::BacktraceLock>::print::DisplayBacktrace as core[df12db4294e9bfd3]::fmt::Display>::fmt
[INFO] [stdout]    1:     0x5f9b0c1db64a - core[df12db4294e9bfd3]::fmt::write
[INFO] [stdout]    2:     0x5f9b0c1c8a8c - <alloc[2182bb758b4b3781]::vec::Vec<u8> as core[df12db4294e9bfd3]::io::write::Write>::write_fmt
[INFO] [stdout]    3:     0x5f9b0c19f9b6 - std[70759c8f55707aa4]::panicking::default_hook::{closure#0}
[INFO] [stdout]    4:     0x5f9b0c1bc369 - std[70759c8f55707aa4]::panicking::default_hook
[INFO] [stdout]    5:     0x5f9b0c08cc40 - test[9d35eded1c95d3be]::test_main_inner::<test[9d35eded1c95d3be]::test_main_static::{closure#0}>::{closure#0}
[INFO] [stdout]    6:     0x5f9b0c1bc522 - std[70759c8f55707aa4]::panicking::panic_with_hook
[INFO] [stdout]    7:     0x5f9b0c19fa62 - std[70759c8f55707aa4]::panicking::panic_handler::{closure#0}
[INFO] [stdout]    8:     0x5f9b0c1985b9 - std[70759c8f55707aa4]::sys::backtrace::__rust_end_short_backtrace::<std[70759c8f55707aa4]::panicking::panic_handler::{closure#0}, !>
[INFO] [stdout]    9:     0x5f9b0c1a065d - __rustc[8fa7c3cbc660c2b3]::rust_begin_unwind
[INFO] [stdout]   10:     0x5f9b0c1dbe2c - core[df12db4294e9bfd3]::panicking::panic_fmt
[INFO] [stdout]   11:     0x5f9b0c1dbc02 - core[df12db4294e9bfd3]::result::unwrap_failed
[INFO] [stdout]   12:     0x5f9b0c051939 - novel_segment[bd4a4924f028ca40]::dict_path::tests::long_unpunctuated_cjk_is_polynomial
[INFO] [stdout]   13:     0x5f9b0c05fbc9 - <novel_segment[bd4a4924f028ca40]::dict_path::tests::long_unpunctuated_cjk_is_polynomial::{closure#0} as core[df12db4294e9bfd3]::ops::function::FnOnce<()>>::call_once
[INFO] [stdout]   14:     0x5f9b0c07ff2b - test[9d35eded1c95d3be]::__rust_begin_short_backtrace::<core[df12db4294e9bfd3]::result::Result<(), alloc[2182bb758b4b3781]::string::String>, fn() -> core[df12db4294e9bfd3]::result::Result<(), alloc[2182bb758b4b3781]::string::String>>
[INFO] [stdout]   15:     0x5f9b0c08d595 - test[9d35eded1c95d3be]::run_test::{closure#0}
[INFO] [stdout]   16:     0x5f9b0c086e54 - std[70759c8f55707aa4]::sys::backtrace::__rust_begin_short_backtrace::<test[9d35eded1c95d3be]::run_test::{closure#1}, ()>
[INFO] [stdout]   17:     0x5f9b0c0906f2 - <std[70759c8f55707aa4]::thread::lifecycle::spawn_unchecked<test[9d35eded1c95d3be]::run_test::{closure#1}, ()>::{closure#1} as core[df12db4294e9bfd3]::ops::function::FnOnce<()>>::call_once::{shim:vtable#0}
[INFO] [stdout]   18:     0x5f9b0c1c3839 - <std[70759c8f55707aa4]::sys::thread::unix::Thread>::new::thread_start
[INFO] [stdout]   19:     0x7825f3d3ddfa - <unknown>
[INFO] [stdout]   20:     0x7825f3dd13d4 - clone
[INFO] [stdout]   21:                0x0 - <unknown>
[INFO] [stdout] 
[INFO] [stdout] ---- dict_path::tests::short_phrases_keep_expected_words stdout ----
[INFO] [stdout] 
[INFO] [stdout] thread 'dict_path::tests::short_phrases_keep_expected_words' (514) panicked at src/dict_path.rs:578:39:
[INFO] [stdout] load dict: DictNotFound { name: "char" }
[INFO] [stdout] stack backtrace:
[INFO] [stdout]    0:     0x5f9b0c1c4301 - <<std[70759c8f55707aa4]::sys::backtrace::BacktraceLock>::print::DisplayBacktrace as core[df12db4294e9bfd3]::fmt::Display>::fmt
[INFO] [stdout]    1:     0x5f9b0c1db64a - core[df12db4294e9bfd3]::fmt::write
[INFO] [stdout]    2:     0x5f9b0c1c8a8c - <alloc[2182bb758b4b3781]::vec::Vec<u8> as core[df12db4294e9bfd3]::io::write::Write>::write_fmt
[INFO] [stdout]    3:     0x5f9b0c19f9b6 - std[70759c8f55707aa4]::panicking::default_hook::{closure#0}
[INFO] [stdout]    4:     0x5f9b0c1bc369 - std[70759c8f55707aa4]::panicking::default_hook
[INFO] [stdout]    5:     0x5f9b0c08cc40 - test[9d35eded1c95d3be]::test_main_inner::<test[9d35eded1c95d3be]::test_main_static::{closure#0}>::{closure#0}
[INFO] [stdout]    6:     0x5f9b0c1bc522 - std[70759c8f55707aa4]::panicking::panic_with_hook
[INFO] [stdout]    7:     0x5f9b0c19fa62 - std[70759c8f55707aa4]::panicking::panic_handler::{closure#0}
[INFO] [stdout]    8:     0x5f9b0c1985b9 - std[70759c8f55707aa4]::sys::backtrace::__rust_end_short_backtrace::<std[70759c8f55707aa4]::panicking::panic_handler::{closure#0}, !>
[INFO] [stdout]    9:     0x5f9b0c1a065d - __rustc[8fa7c3cbc660c2b3]::rust_begin_unwind
[INFO] [stdout]   10:     0x5f9b0c1dbe2c - core[df12db4294e9bfd3]::panicking::panic_fmt
[INFO] [stdout]   11:     0x5f9b0c1dbc02 - core[df12db4294e9bfd3]::result::unwrap_failed
[INFO] [stdout]   12:     0x5f9b0c051511 - novel_segment[bd4a4924f028ca40]::dict_path::tests::short_phrases_keep_expected_words
[INFO] [stdout]   13:     0x5f9b0c05fba9 - <novel_segment[bd4a4924f028ca40]::dict_path::tests::short_phrases_keep_expected_words::{closure#0} as core[df12db4294e9bfd3]::ops::function::FnOnce<()>>::call_once
[INFO] [stdout]   14:     0x5f9b0c07ff2b - test[9d35eded1c95d3be]::__rust_begin_short_backtrace::<core[df12db4294e9bfd3]::result::Result<(), alloc[2182bb758b4b3781]::string::String>, fn() -> core[df12db4294e9bfd3]::result::Result<(), alloc[2182bb758b4b3781]::string::String>>
[INFO] [stdout]   15:     0x5f9b0c08d595 - test[9d35eded1c95d3be]::run_test::{closure#0}
[INFO] [stdout]   16:     0x5f9b0c086e54 - std[70759c8f55707aa4]::sys::backtrace::__rust_begin_short_backtrace::<test[9d35eded1c95d3be]::run_test::{closure#1}, ()>
[INFO] [stdout]   17:     0x5f9b0c0906f2 - <std[70759c8f55707aa4]::thread::lifecycle::spawn_unchecked<test[9d35eded1c95d3be]::run_test::{closure#1}, ()>::{closure#1} as core[df12db4294e9bfd3]::ops::function::FnOnce<()>>::call_once::{shim:vtable#0}
[INFO] [stdout]   18:     0x5f9b0c1c3839 - <std[70759c8f55707aa4]::sys::thread::unix::Thread>::new::thread_start
[INFO] [stdout]   19:     0x7825f3d3ddfa - <unknown>
[INFO] [stdout]   20:     0x7825f3dd13d4 - clone
[INFO] [stdout]   21:                0x0 - <unknown>
[INFO] [stdout] 
[INFO] [stdout] 
[INFO] [stdout] failures:
[INFO] [stdout]     dict_path::tests::beam_width_quality_vs_time
[INFO] [stdout]     dict_path::tests::long_span_with_non_bmp_still_segments
[INFO] [stdout]     dict_path::tests::long_unpunctuated_cjk_is_polynomial
[INFO] [stdout]     dict_path::tests::short_phrases_keep_expected_words
[INFO] [stdout] 
[INFO] [stdout] test result: FAILED. 17 passed; 4 failed; 0 ignored; 0 measured; 0 filtered out; finished in 0.02s
[INFO] [stdout] 
[INFO] [stderr] error: test failed, to rerun pass `--lib`
[INFO] running `Command { std: "docker" "inspect" "ffba9b274f42bb8474155a42b269fd8b31a4ff57e26794bf779925253734f69e", kill_on_drop: false }`
[INFO] running `Command { std: "docker" "rm" "-f" "ffba9b274f42bb8474155a42b269fd8b31a4ff57e26794bf779925253734f69e", kill_on_drop: false }`
[INFO] [stdout] ffba9b274f42bb8474155a42b269fd8b31a4ff57e26794bf779925253734f69e
