[INFO] fetching crate wrapping_arithmetic 0.1.0...
[INFO] testing wrapping_arithmetic-0.1.0 against 1.100.0-beta.1+cargoflags=--release for beta-release-1.100-2
[INFO] extracting crate wrapping_arithmetic 0.1.0 into /workspace/builds/worker-2-tc2/source
[INFO] started tweaking crates.io crate wrapping_arithmetic 0.1.0
[INFO] finished tweaking crates.io crate wrapping_arithmetic 0.1.0
[INFO] tweaked toml for crates.io crate wrapping_arithmetic 0.1.0 written to /workspace/builds/worker-2-tc2/source/Cargo.toml
[INFO] validating manifest of crates.io crate wrapping_arithmetic 0.1.0 on toolchain 1.100.0-beta.1
[INFO] running `Command { std: CARGO_HOME="/workspace/cargo-home" RUSTUP_HOME="/workspace/rustup-home" "/workspace/cargo-home/bin/cargo" "+1.100.0-beta.1" "metadata" "--manifest-path" "Cargo.toml" "--no-deps", kill_on_drop: false }`
[INFO] running `Command { std: CARGO_HOME="/workspace/cargo-home" RUSTUP_HOME="/workspace/rustup-home" "/workspace/cargo-home/bin/cargo" "+1.100.0-beta.1" "generate-lockfile" "--manifest-path" "Cargo.toml", kill_on_drop: false }`
[INFO] [stderr]     Updating crates.io index
[INFO] [stderr]      Locking 4 packages to highest compatible versions
[INFO] [stderr]       Adding syn v1.0.109 (available: v3.0.9)
[INFO] running `Command { std: CARGO_HOME="/workspace/cargo-home" RUSTUP_HOME="/workspace/rustup-home" "/workspace/cargo-home/bin/cargo" "+1.100.0-beta.1" "fetch" "--manifest-path" "Cargo.toml", kill_on_drop: false }`
[INFO] running `Command { std: "docker" "create" "-v" "/var/lib/crater-agent-workspace/builds/worker-2-tc2/source:/opt/rustwide/workdir:ro,Z" "-v" "/var/lib/crater-agent-workspace/builds/worker-2-tc2/target:/opt/rustwide/target:rw,Z" "-v" "/var/lib/crater-agent-workspace/cargo-home:/opt/rustwide/cargo-home:ro,Z" "-v" "/var/lib/crater-agent-workspace/rustup-home:/opt/rustwide/rustup-home:ro,Z" "-m" "1610612736" "--network" "none" "ghcr.io/rust-lang/crates-build-env/linux@sha256:77db811e55d90add9212f6832c23229e3de5f1c1f9905e8cb07319ea15df73ac" "sleep" "infinity", kill_on_drop: false }`
[INFO] [stdout] 7a64566456caa1d4043dd55f41c3bcd1907f691ef571f01683439fc4a150706e
[INFO] running `Command { std: "docker" "start" "7a64566456caa1d4043dd55f41c3bcd1907f691ef571f01683439fc4a150706e", kill_on_drop: false }`
[INFO] running `Command { std: "docker" "inspect" "7a64566456caa1d4043dd55f41c3bcd1907f691ef571f01683439fc4a150706e", kill_on_drop: false }`
[INFO] running `Command { std: "docker" "exec" "-e" "SOURCE_DIR=/opt/rustwide/workdir" "-e" "CARGO_HOME=/opt/rustwide/cargo-home" "-e" "RUSTUP_HOME=/opt/rustwide/rustup-home" "-e" "CARGO_TARGET_DIR=/opt/rustwide/target" "-w" "/opt/rustwide/workdir" "--user" "0:0" "7a64566456caa1d4043dd55f41c3bcd1907f691ef571f01683439fc4a150706e" "/opt/rustwide/cargo-home/bin/cargo" "+1.100.0-beta.1" "metadata" "--no-deps" "--format-version=1", kill_on_drop: false }`
[INFO] running `Command { std: "docker" "inspect" "7a64566456caa1d4043dd55f41c3bcd1907f691ef571f01683439fc4a150706e", kill_on_drop: false }`
[INFO] running `Command { std: "docker" "exec" "-e" "SOURCE_DIR=/opt/rustwide/workdir" "-e" "CARGO_HOME=/opt/rustwide/cargo-home" "-e" "RUSTUP_HOME=/opt/rustwide/rustup-home" "-e" "CARGO_TARGET_DIR=/opt/rustwide/target" "-e" "CARGO_INCREMENTAL=0" "-e" "RUST_BACKTRACE=full" "-e" "RUSTFLAGS=--cap-lints=warn" "-e" "RUSTDOCFLAGS=--cap-lints=warn" "-w" "/opt/rustwide/workdir" "--user" "0:0" "7a64566456caa1d4043dd55f41c3bcd1907f691ef571f01683439fc4a150706e" "/opt/rustwide/cargo-home/bin/cargo" "+1.100.0-beta.1" "build" "--frozen" "--message-format=json" "--release", kill_on_drop: false }`
[INFO] [stderr]    Compiling quote v1.0.47
[INFO] [stderr]    Compiling syn v1.0.109
[INFO] [stderr]    Compiling wrapping_arithmetic v0.1.0 (/opt/rustwide/workdir)
[INFO] [stderr]     Finished `release` profile [optimized] target(s) in 15.43s
[INFO] running `Command { std: "docker" "inspect" "7a64566456caa1d4043dd55f41c3bcd1907f691ef571f01683439fc4a150706e", kill_on_drop: false }`
[INFO] running `Command { std: "docker" "exec" "-e" "SOURCE_DIR=/opt/rustwide/workdir" "-e" "CARGO_HOME=/opt/rustwide/cargo-home" "-e" "RUSTUP_HOME=/opt/rustwide/rustup-home" "-e" "CARGO_TARGET_DIR=/opt/rustwide/target" "-e" "CARGO_INCREMENTAL=0" "-e" "RUST_BACKTRACE=full" "-e" "RUSTFLAGS=--cap-lints=warn" "-e" "RUSTDOCFLAGS=--cap-lints=warn" "-w" "/opt/rustwide/workdir" "--user" "0:0" "7a64566456caa1d4043dd55f41c3bcd1907f691ef571f01683439fc4a150706e" "/opt/rustwide/cargo-home/bin/cargo" "+1.100.0-beta.1" "test" "--frozen" "--no-run" "--message-format=json" "--release", kill_on_drop: false }`
[INFO] [stderr]    Compiling proc-macro2 v1.0.107
[INFO] [stderr]    Compiling wrapping_arithmetic v0.1.0 (/opt/rustwide/workdir)
[INFO] [stderr]    Compiling syn v1.0.109
[INFO] [stderr]    Compiling quote v1.0.47
[INFO] [stdout] warning: use of deprecated constant `std::u32::MAX`: replaced by the `MAX` associated constant on this type
[INFO] [stdout]  --> tests/test_wrapping_arithmetic.rs:9:32
[INFO] [stdout]   |
[INFO] [stdout] 9 |         let a: u32 = std::u32::MAX;
[INFO] [stdout]   |                                ^^^
[INFO] [stdout]   |
[INFO] [stdout]   = note: `#[warn(deprecated)]` on by default
[INFO] [stdout] 
[INFO] [stdout] 
[INFO] [stdout] warning: use of deprecated constant `std::u32::MAX`: replaced by the `MAX` associated constant on this type
[INFO] [stdout]   --> tests/test_wrapping_arithmetic.rs:19:32
[INFO] [stdout]    |
[INFO] [stdout] 19 |         let a: u32 = std::u32::MAX;
[INFO] [stdout]    |                                ^^^
[INFO] [stdout] 
[INFO] [stdout] 
[INFO] [stdout] warning: use of deprecated constant `std::u32::MAX`: replaced by the `MAX` associated constant on this type
[INFO] [stdout]   --> tests/test_wrapping_arithmetic.rs:33:26
[INFO] [stdout]    |
[INFO] [stdout] 33 |     assert_eq!(std::u32::MAX, sub());
[INFO] [stdout]    |                          ^^^
[INFO] [stdout] 
[INFO] [stdout] 
[INFO] [stdout] warning: use of deprecated constant `std::u32::MAX`: replaced by the `MAX` associated constant on this type
[INFO] [stdout]   --> tests/test_wrapping_arithmetic.rs:40:36
[INFO] [stdout]    |
[INFO] [stdout] 40 |         let mut a: u32 = std::u32::MAX;
[INFO] [stdout]    |                                    ^^^
[INFO] [stdout] 
[INFO] [stdout] 
[INFO] [stdout] warning: use of deprecated constant `std::u32::MAX`: replaced by the `MAX` associated constant on this type
[INFO] [stdout]   --> tests/test_wrapping_arithmetic.rs:51:36
[INFO] [stdout]    |
[INFO] [stdout] 51 |         let mut a: u32 = std::u32::MAX;
[INFO] [stdout]    |                                    ^^^
[INFO] [stdout] 
[INFO] [stdout] 
[INFO] [stdout] warning: use of deprecated constant `std::u32::MAX`: replaced by the `MAX` associated constant on this type
[INFO] [stdout]   --> tests/test_wrapping_arithmetic.rs:66:26
[INFO] [stdout]    |
[INFO] [stdout] 66 |     assert_eq!(std::u32::MAX, sub());
[INFO] [stdout]    |                          ^^^
[INFO] [stdout] 
[INFO] [stdout] 
[INFO] [stdout] warning: use of deprecated constant `std::u32::MAX`: replaced by the `MAX` associated constant on this type
[INFO] [stdout]   --> tests/test_wrapping_arithmetic.rs:73:32
[INFO] [stdout]    |
[INFO] [stdout] 73 |         let a: u32 = std::u32::MAX;
[INFO] [stdout]    |                                ^^^
[INFO] [stdout] 
[INFO] [stdout] 
[INFO] [stdout] warning: use of deprecated constant `std::u32::MAX`: replaced by the `MAX` associated constant on this type
[INFO] [stdout]   --> tests/test_wrapping_arithmetic.rs:83:32
[INFO] [stdout]    |
[INFO] [stdout] 83 |         let a: u32 = std::u32::MAX;
[INFO] [stdout]    |                                ^^^
[INFO] [stdout] 
[INFO] [stdout] 
[INFO] [stdout] warning: use of deprecated constant `std::u32::MAX`: replaced by the `MAX` associated constant on this type
[INFO] [stdout]   --> tests/test_wrapping_arithmetic.rs:94:36
[INFO] [stdout]    |
[INFO] [stdout] 94 |         let mut a: u32 = std::u32::MAX;
[INFO] [stdout]    |                                    ^^^
[INFO] [stdout] 
[INFO] [stdout] 
[INFO] [stdout] warning: use of deprecated constant `std::u32::MAX`: replaced by the `MAX` associated constant on this type
[INFO] [stdout]    --> tests/test_wrapping_arithmetic.rs:105:36
[INFO] [stdout]     |
[INFO] [stdout] 105 |         let mut a: u32 = std::u32::MAX;
[INFO] [stdout]     |                                    ^^^
[INFO] [stdout] 
[INFO] [stdout] 
[INFO] [stdout] warning: this arithmetic operation will overflow
[INFO] [stdout]   --> tests/test_wrapping_arithmetic.rs:74:9
[INFO] [stdout]    |
[INFO] [stdout] 74 |         a * 2
[INFO] [stdout]    |         ^^^^^ attempt to compute `u32::MAX * 2_u32`, which would overflow
[INFO] [stdout]    |
[INFO] [stdout]    = note: `#[warn(arithmetic_overflow)]` on by default
[INFO] [stdout] 
[INFO] [stdout] 
[INFO] [stdout] warning: this arithmetic operation will overflow
[INFO] [stdout]   --> tests/test_wrapping_arithmetic.rs:84:9
[INFO] [stdout]    |
[INFO] [stdout] 84 |         a + 2
[INFO] [stdout]    |         ^^^^^ attempt to compute `u32::MAX + 2_u32`, which would overflow
[INFO] [stdout] 
[INFO] [stdout] 
[INFO] [stdout] warning: this arithmetic operation will overflow
[INFO] [stdout]   --> tests/test_wrapping_arithmetic.rs:95:9
[INFO] [stdout]    |
[INFO] [stdout] 95 |         a *= 2;
[INFO] [stdout]    |         ^^^^^^ attempt to compute `u32::MAX * 2_u32`, which would overflow
[INFO] [stdout] 
[INFO] [stdout] 
[INFO] [stdout] warning: this arithmetic operation will overflow
[INFO] [stdout]    --> tests/test_wrapping_arithmetic.rs:106:9
[INFO] [stdout]     |
[INFO] [stdout] 106 |         a += 2;
[INFO] [stdout]     |         ^^^^^^ attempt to compute `u32::MAX + 2_u32`, which would overflow
[INFO] [stdout] 
[INFO] [stdout] 
[INFO] [stderr]     Finished `release` profile [optimized] target(s) in 24.54s
[INFO] running `Command { std: "docker" "inspect" "7a64566456caa1d4043dd55f41c3bcd1907f691ef571f01683439fc4a150706e", kill_on_drop: false }`
[INFO] running `Command { std: "docker" "exec" "-e" "SOURCE_DIR=/opt/rustwide/workdir" "-e" "CARGO_HOME=/opt/rustwide/cargo-home" "-e" "RUSTUP_HOME=/opt/rustwide/rustup-home" "-e" "CARGO_TARGET_DIR=/opt/rustwide/target" "-e" "CARGO_INCREMENTAL=0" "-e" "RUST_BACKTRACE=full" "-e" "RUSTFLAGS=--cap-lints=warn" "-e" "RUSTDOCFLAGS=--cap-lints=warn" "-w" "/opt/rustwide/workdir" "--user" "0:0" "7a64566456caa1d4043dd55f41c3bcd1907f691ef571f01683439fc4a150706e" "/opt/rustwide/cargo-home/bin/cargo" "+1.100.0-beta.1" "test" "--frozen" "--release", kill_on_drop: false }`
[INFO] [stderr] warning: use of deprecated constant `std::u32::MAX`: replaced by the `MAX` associated constant on this type
[INFO] [stderr]  --> tests/test_wrapping_arithmetic.rs:9:32
[INFO] [stderr]   |
[INFO] [stderr] 9 |         let a: u32 = std::u32::MAX;
[INFO] [stderr]   |                                ^^^
[INFO] [stderr]   |
[INFO] [stderr]   = note: `#[warn(deprecated)]` on by default
[INFO] [stderr] 
[INFO] [stderr] warning: use of deprecated constant `std::u32::MAX`: replaced by the `MAX` associated constant on this type
[INFO] [stderr]   --> tests/test_wrapping_arithmetic.rs:19:32
[INFO] [stderr]    |
[INFO] [stderr] 19 |         let a: u32 = std::u32::MAX;
[INFO] [stderr]    |                                ^^^
[INFO] [stderr] 
[INFO] [stderr] warning: use of deprecated constant `std::u32::MAX`: replaced by the `MAX` associated constant on this type
[INFO] [stderr]   --> tests/test_wrapping_arithmetic.rs:33:26
[INFO] [stderr]    |
[INFO] [stderr] 33 |     assert_eq!(std::u32::MAX, sub());
[INFO] [stderr]    |                          ^^^
[INFO] [stderr] 
[INFO] [stderr] warning: use of deprecated constant `std::u32::MAX`: replaced by the `MAX` associated constant on this type
[INFO] [stderr]   --> tests/test_wrapping_arithmetic.rs:40:36
[INFO] [stderr]    |
[INFO] [stderr] 40 |         let mut a: u32 = std::u32::MAX;
[INFO] [stderr]    |                                    ^^^
[INFO] [stderr] 
[INFO] [stderr] warning: use of deprecated constant `std::u32::MAX`: replaced by the `MAX` associated constant on this type
[INFO] [stderr]   --> tests/test_wrapping_arithmetic.rs:51:36
[INFO] [stderr]    |
[INFO] [stderr] 51 |         let mut a: u32 = std::u32::MAX;
[INFO] [stderr]    |                                    ^^^
[INFO] [stderr] 
[INFO] [stderr] warning: use of deprecated constant `std::u32::MAX`: replaced by the `MAX` associated constant on this type
[INFO] [stderr]   --> tests/test_wrapping_arithmetic.rs:66:26
[INFO] [stderr]    |
[INFO] [stderr] 66 |     assert_eq!(std::u32::MAX, sub());
[INFO] [stderr]    |                          ^^^
[INFO] [stderr] 
[INFO] [stderr] warning: use of deprecated constant `std::u32::MAX`: replaced by the `MAX` associated constant on this type
[INFO] [stderr]   --> tests/test_wrapping_arithmetic.rs:73:32
[INFO] [stderr]    |
[INFO] [stderr] 73 |         let a: u32 = std::u32::MAX;
[INFO] [stderr]    |                                ^^^
[INFO] [stderr] 
[INFO] [stderr] warning: use of deprecated constant `std::u32::MAX`: replaced by the `MAX` associated constant on this type
[INFO] [stderr]   --> tests/test_wrapping_arithmetic.rs:83:32
[INFO] [stderr]    |
[INFO] [stderr] 83 |         let a: u32 = std::u32::MAX;
[INFO] [stderr]    |                                ^^^
[INFO] [stderr] 
[INFO] [stderr] warning: use of deprecated constant `std::u32::MAX`: replaced by the `MAX` associated constant on this type
[INFO] [stderr]   --> tests/test_wrapping_arithmetic.rs:94:36
[INFO] [stderr]    |
[INFO] [stderr] 94 |         let mut a: u32 = std::u32::MAX;
[INFO] [stderr]    |                                    ^^^
[INFO] [stderr] 
[INFO] [stderr] warning: use of deprecated constant `std::u32::MAX`: replaced by the `MAX` associated constant on this type
[INFO] [stderr]    --> tests/test_wrapping_arithmetic.rs:105:36
[INFO] [stderr]     |
[INFO] [stderr] 105 |         let mut a: u32 = std::u32::MAX;
[INFO] [stderr]     |                                    ^^^
[INFO] [stderr] 
[INFO] [stderr] warning: this arithmetic operation will overflow
[INFO] [stderr]   --> tests/test_wrapping_arithmetic.rs:74:9
[INFO] [stderr]    |
[INFO] [stderr] 74 |         a * 2
[INFO] [stderr]    |         ^^^^^ attempt to compute `u32::MAX * 2_u32`, which would overflow
[INFO] [stderr]    |
[INFO] [stderr]    = note: `#[warn(arithmetic_overflow)]` on by default
[INFO] [stderr] 
[INFO] [stderr] warning: this arithmetic operation will overflow
[INFO] [stderr]   --> tests/test_wrapping_arithmetic.rs:84:9
[INFO] [stderr]    |
[INFO] [stderr] 84 |         a + 2
[INFO] [stderr]    |         ^^^^^ attempt to compute `u32::MAX + 2_u32`, which would overflow
[INFO] [stderr] 
[INFO] [stderr] warning: this arithmetic operation will overflow
[INFO] [stderr]   --> tests/test_wrapping_arithmetic.rs:95:9
[INFO] [stderr]    |
[INFO] [stderr] 95 |         a *= 2;
[INFO] [stderr]    |         ^^^^^^ attempt to compute `u32::MAX * 2_u32`, which would overflow
[INFO] [stderr] 
[INFO] [stderr] warning: this arithmetic operation will overflow
[INFO] [stderr]    --> tests/test_wrapping_arithmetic.rs:106:9
[INFO] [stderr]     |
[INFO] [stderr] 106 |         a += 2;
[INFO] [stderr]     |         ^^^^^^ attempt to compute `u32::MAX + 2_u32`, which would overflow
[INFO] [stderr] 
[INFO] [stderr] warning: `wrapping_arithmetic` (test "test_wrapping_arithmetic") generated 14 warnings
[INFO] [stderr]     Finished `release` profile [optimized] target(s) in 0.02s
[INFO] [stderr]      Running unittests src/wrapping.rs (/opt/rustwide/target/release/build/wrapping_arithmetic/0b3d06d6e979f758/out/wrapping_arithmetic-0b3d06d6e979f758)
[INFO] [stdout] 
[INFO] [stdout] running 0 tests
[INFO] [stdout] 
[INFO] [stdout] test result: ok. 0 passed; 0 failed; 0 ignored; 0 measured; 0 filtered out; finished in 0.00s
[INFO] [stdout] 
[INFO] [stderr]      Running tests/test_wrapping_arithmetic.rs (/opt/rustwide/target/release/build/wrapping_arithmetic/59d5e6dfc18d74b4/out/test_wrapping_arithmetic-59d5e6dfc18d74b4)
[INFO] [stdout] 
[INFO] [stdout] running 10 tests
[INFO] [stdout] test test_mul_assign ... ok
[INFO] [stdout] test test_add_assign ... ok
[INFO] [stdout] test test_mul_assign_panic - should panic ... FAILED
[INFO] [stderr] error: test failed, to rerun pass `--test test_wrapping_arithmetic`
[INFO] [stdout] test test_mul ... ok
[INFO] [stdout] test test_sub ... ok
[INFO] [stdout] test test_sub_assign ... ok
[INFO] [stdout] test test_add_assign_panic - should panic ... FAILED
[INFO] [stdout] test test_mul_panic - should panic ... FAILED
[INFO] [stdout] test test_add_panic - should panic ... FAILED
[INFO] [stdout] test test_add ... ok
[INFO] [stdout] 
[INFO] [stdout] failures:
[INFO] [stdout] 
[INFO] [stdout] ---- test_mul_assign_panic stdout ----
[INFO] [stdout] note: test did not panic as expected at tests/test_wrapping_arithmetic.rs:92:4
[INFO] [stdout] ---- test_add_assign_panic stdout ----
[INFO] [stdout] note: test did not panic as expected at tests/test_wrapping_arithmetic.rs:103:4
[INFO] [stdout] ---- test_mul_panic stdout ----
[INFO] [stdout] note: test did not panic as expected at tests/test_wrapping_arithmetic.rs:71:4
[INFO] [stdout] ---- test_add_panic stdout ----
[INFO] [stdout] note: test did not panic as expected at tests/test_wrapping_arithmetic.rs:81:4
[INFO] [stdout] 
[INFO] [stdout] failures:
[INFO] [stdout]     test_add_assign_panic
[INFO] [stdout]     test_add_panic
[INFO] [stdout]     test_mul_assign_panic
[INFO] [stdout]     test_mul_panic
[INFO] [stdout] 
[INFO] [stdout] test result: FAILED. 6 passed; 4 failed; 0 ignored; 0 measured; 0 filtered out; finished in 0.02s
[INFO] [stdout] 
[INFO] running `Command { std: "docker" "inspect" "7a64566456caa1d4043dd55f41c3bcd1907f691ef571f01683439fc4a150706e", kill_on_drop: false }`
[INFO] running `Command { std: "docker" "rm" "-f" "7a64566456caa1d4043dd55f41c3bcd1907f691ef571f01683439fc4a150706e", kill_on_drop: false }`
[INFO] [stdout] 7a64566456caa1d4043dd55f41c3bcd1907f691ef571f01683439fc4a150706e
