[INFO] fetching crate wrap-match 1.0.7...
[INFO] testing wrap-match-1.0.7 against 1.99.0-beta.8+cargoflags=--release for beta-release-1.100-2
[INFO] extracting crate wrap-match 1.0.7 into /workspace/builds/worker-3-tc1/source
[INFO] started tweaking crates.io crate wrap-match 1.0.7
[INFO] finished tweaking crates.io crate wrap-match 1.0.7
[INFO] tweaked toml for crates.io crate wrap-match 1.0.7 written to /workspace/builds/worker-3-tc1/source/Cargo.toml
[INFO] validating manifest of crates.io crate wrap-match 1.0.7 on toolchain 1.99.0-beta.8
[INFO] running `Command { std: CARGO_HOME="/workspace/cargo-home" RUSTUP_HOME="/workspace/rustup-home" "/workspace/cargo-home/bin/cargo" "+1.99.0-beta.8" "metadata" "--manifest-path" "Cargo.toml" "--no-deps", kill_on_drop: false }`
[INFO] running `Command { std: CARGO_HOME="/workspace/cargo-home" RUSTUP_HOME="/workspace/rustup-home" "/workspace/cargo-home/bin/cargo" "+1.99.0-beta.8" "generate-lockfile" "--manifest-path" "Cargo.toml", kill_on_drop: false }`
[INFO] [stderr]     Updating crates.io index
[INFO] [stderr]      Locking 46 packages to highest compatible versions
[INFO] [stderr]       Adding pollster v0.3.0 (available: v1.0.1)
[INFO] running `Command { std: CARGO_HOME="/workspace/cargo-home" RUSTUP_HOME="/workspace/rustup-home" "/workspace/cargo-home/bin/cargo" "+1.99.0-beta.8" "fetch" "--manifest-path" "Cargo.toml", kill_on_drop: false }`
[INFO] [stderr]  Downloading crates ...
[INFO] [stderr]   Downloaded serde_spanned v1.1.2
[INFO] [stderr]   Downloaded wrap-match-impl v1.0.7
[INFO] [stderr]   Downloaded toml_writer v1.1.3+spec-1.1.0
[INFO] [stderr]   Downloaded trybuild v1.0.122
[INFO] [stderr]   Downloaded toml v1.1.8+spec-1.1.0
[INFO] [stderr]   Downloaded target-tuple v1.0.2
[INFO] running `Command { std: "docker" "create" "-v" "/var/lib/crater-agent-workspace/builds/worker-3-tc1/source:/opt/rustwide/workdir:ro,Z" "-v" "/var/lib/crater-agent-workspace/builds/worker-3-tc1/target:/opt/rustwide/target:rw,Z" "-v" "/var/lib/crater-agent-workspace/cargo-home:/opt/rustwide/cargo-home:ro,Z" "-v" "/var/lib/crater-agent-workspace/rustup-home:/opt/rustwide/rustup-home:ro,Z" "-m" "1610612736" "--network" "none" "ghcr.io/rust-lang/crates-build-env/linux@sha256:77db811e55d90add9212f6832c23229e3de5f1c1f9905e8cb07319ea15df73ac" "sleep" "infinity", kill_on_drop: false }`
[INFO] [stdout] 308dfae758c1f400854d6772a0765e753952d910df864305fc4ae6311031d373
[INFO] running `Command { std: "docker" "start" "308dfae758c1f400854d6772a0765e753952d910df864305fc4ae6311031d373", kill_on_drop: false }`
[INFO] running `Command { std: "docker" "inspect" "308dfae758c1f400854d6772a0765e753952d910df864305fc4ae6311031d373", kill_on_drop: false }`
[INFO] running `Command { std: "docker" "exec" "-e" "SOURCE_DIR=/opt/rustwide/workdir" "-e" "CARGO_HOME=/opt/rustwide/cargo-home" "-e" "RUSTUP_HOME=/opt/rustwide/rustup-home" "-e" "CARGO_TARGET_DIR=/opt/rustwide/target" "-w" "/opt/rustwide/workdir" "--user" "0:0" "308dfae758c1f400854d6772a0765e753952d910df864305fc4ae6311031d373" "/opt/rustwide/cargo-home/bin/cargo" "+1.99.0-beta.8" "metadata" "--no-deps" "--format-version=1", kill_on_drop: false }`
[INFO] running `Command { std: "docker" "inspect" "308dfae758c1f400854d6772a0765e753952d910df864305fc4ae6311031d373", kill_on_drop: false }`
[INFO] running `Command { std: "docker" "exec" "-e" "SOURCE_DIR=/opt/rustwide/workdir" "-e" "CARGO_HOME=/opt/rustwide/cargo-home" "-e" "RUSTUP_HOME=/opt/rustwide/rustup-home" "-e" "CARGO_TARGET_DIR=/opt/rustwide/target" "-e" "CARGO_INCREMENTAL=0" "-e" "RUST_BACKTRACE=full" "-e" "RUSTFLAGS=--cap-lints=warn" "-e" "RUSTDOCFLAGS=--cap-lints=warn" "-w" "/opt/rustwide/workdir" "--user" "0:0" "308dfae758c1f400854d6772a0765e753952d910df864305fc4ae6311031d373" "/opt/rustwide/cargo-home/bin/cargo" "+1.99.0-beta.8" "build" "--frozen" "--message-format=json" "--release", kill_on_drop: false }`
[INFO] [stderr]    Compiling prettyplease v0.2.37
[INFO] [stderr]    Compiling syn v2.0.119
[INFO] [stderr]    Compiling wrap-match-impl v1.0.7
[INFO] [stderr]    Compiling wrap-match v1.0.7 (/opt/rustwide/workdir)
[INFO] [stderr]     Finished `release` profile [optimized] target(s) in 6.15s
[INFO] running `Command { std: "docker" "inspect" "308dfae758c1f400854d6772a0765e753952d910df864305fc4ae6311031d373", kill_on_drop: false }`
[INFO] running `Command { std: "docker" "exec" "-e" "SOURCE_DIR=/opt/rustwide/workdir" "-e" "CARGO_HOME=/opt/rustwide/cargo-home" "-e" "RUSTUP_HOME=/opt/rustwide/rustup-home" "-e" "CARGO_TARGET_DIR=/opt/rustwide/target" "-e" "CARGO_INCREMENTAL=0" "-e" "RUST_BACKTRACE=full" "-e" "RUSTFLAGS=--cap-lints=warn" "-e" "RUSTDOCFLAGS=--cap-lints=warn" "-w" "/opt/rustwide/workdir" "--user" "0:0" "308dfae758c1f400854d6772a0765e753952d910df864305fc4ae6311031d373" "/opt/rustwide/cargo-home/bin/cargo" "+1.99.0-beta.8" "test" "--frozen" "--no-run" "--message-format=json" "--release", kill_on_drop: false }`
[INFO] [stderr]    Compiling syn v2.0.119
[INFO] [stderr]    Compiling target-tuple v1.0.2
[INFO] [stderr]    Compiling winnow v1.0.4
[INFO] [stderr]    Compiling toml_datetime v1.1.2+spec-1.1.0
[INFO] [stderr]    Compiling serde_spanned v1.1.2
[INFO] [stderr]    Compiling syn v3.0.9
[INFO] [stderr]    Compiling toml_writer v1.1.3+spec-1.1.0
[INFO] [stderr]    Compiling log v0.4.34
[INFO] [stderr]    Compiling memchr v2.8.3
[INFO] [stderr]    Compiling thread_local v1.1.10
[INFO] [stderr]    Compiling tracing-log v0.2.0
[INFO] [stderr]    Compiling sharded-slab v0.1.7
[INFO] [stderr]    Compiling toml_parser v1.1.5+spec-1.1.0
[INFO] [stderr]    Compiling serde v1.0.229
[INFO] [stderr]    Compiling glob v0.3.4
[INFO] [stderr]    Compiling termcolor v1.4.1
[INFO] [stderr]    Compiling toml v1.1.8+spec-1.1.0
[INFO] [stderr]    Compiling serde_json v1.0.154
[INFO] [stderr]    Compiling smallvec v1.16.3
[INFO] [stderr]    Compiling pollster v0.3.0
[INFO] [stderr]    Compiling tracing-subscriber v0.3.23
[INFO] [stderr]    Compiling serde_derive v1.0.229
[INFO] [stderr]    Compiling trybuild v1.0.122
[INFO] [stderr]    Compiling prettyplease v0.2.37
[INFO] [stderr]    Compiling tracing-attributes v0.1.31
[INFO] [stderr]    Compiling wrap-match-impl v1.0.7
[INFO] [stderr]    Compiling wrap-match v1.0.7 (/opt/rustwide/workdir)
[INFO] [stderr]    Compiling tracing v0.1.44
[INFO] [stderr]     Finished `release` profile [optimized] target(s) in 50.17s
[INFO] running `Command { std: "docker" "inspect" "308dfae758c1f400854d6772a0765e753952d910df864305fc4ae6311031d373", kill_on_drop: false }`
[INFO] running `Command { std: "docker" "exec" "-e" "SOURCE_DIR=/opt/rustwide/workdir" "-e" "CARGO_HOME=/opt/rustwide/cargo-home" "-e" "RUSTUP_HOME=/opt/rustwide/rustup-home" "-e" "CARGO_TARGET_DIR=/opt/rustwide/target" "-e" "CARGO_INCREMENTAL=0" "-e" "RUST_BACKTRACE=full" "-e" "RUSTFLAGS=--cap-lints=warn" "-e" "RUSTDOCFLAGS=--cap-lints=warn" "-w" "/opt/rustwide/workdir" "--user" "0:0" "308dfae758c1f400854d6772a0765e753952d910df864305fc4ae6311031d373" "/opt/rustwide/cargo-home/bin/cargo" "+1.99.0-beta.8" "test" "--frozen" "--release", kill_on_drop: false }`
[INFO] [stderr]     Finished `release` profile [optimized] target(s) in 0.07s
[INFO] [stderr]      Running unittests src/lib.rs (/opt/rustwide/target/release/deps/wrap_match-c03191859ec587b2)
[INFO] [stdout] 
[INFO] [stdout] running 0 tests
[INFO] [stdout] 
[INFO] [stdout] test result: ok. 0 passed; 0 failed; 0 ignored; 0 measured; 0 filtered out; finished in 0.00s
[INFO] [stdout] 
[INFO] [stderr]      Running tests/basic.rs (/opt/rustwide/target/release/deps/basic-7d4ca0900aaa56ec)
[INFO] [stdout] 
[INFO] [stdout] running 1 test
[INFO] [stdout] [2m2026-10-18T20:13:41.115750Z[0m [32m INFO[0m [1mok[0m[1m{[0m[3m_a[0m[2m=[0m1[1m}[0m[2m:[0m [2mbasic[0m[2m:[0m hello from tracing!
[INFO] [stdout] [2m2026-10-18T20:13:41.115760Z[0m [32m INFO[0m [1mok[0m[1m{[0m[3m_a[0m[2m=[0m1[1m}[0m[2m:[0m [2mbasic[0m[2m:[0m success 1
[INFO] [stdout] [2m2026-10-18T20:13:41.115767Z[0m [31mERROR[0m [2mbasic[0m[2m:[0m An error occurred when running err (caused by `Err(CustomError::Error)` on line 47): Error
[INFO] [stdout] [2m2026-10-18T20:13:41.115771Z[0m [31mERROR[0m [2mbasic[0m[2m:[0m An error occurred when running err (caused by `Err(CustomError::Error)` on line 47): Error
[INFO] [stdout] [2m2026-10-18T20:13:41.115775Z[0m [31mERROR[0m [2mbasic[0m[2m:[0m An error occurred when running dyn_error (caused by `err()` on line 53): Error
[INFO] [stdout] [2m2026-10-18T20:13:41.115779Z[0m [31mERROR[0m [2mbasic::generic[0m[2m:[0m oh no an error occurred
[INFO] [stdout] [2m2026-10-18T20:13:41.115782Z[0m [31mERROR[0m [2mbasic[0m[2m:[0m test err_into Error generic::err_into_generic(false, _arg2)
[INFO] [stdout] [2m2026-10-18T20:13:41.115785Z[0m [31mERROR[0m [2mbasic[0m[2m:[0m oh no an error occurred: Error
[INFO] [stdout] [2m2026-10-18T20:13:41.115788Z[0m [31mERROR[0m [2mbasic::generic[0m[2m:[0m oh no an error occurred
[INFO] [stdout] [2m2026-10-18T20:13:41.115791Z[0m [31mERROR[0m [2mbasic[0m[2m:[0m An error occurred when running err (caused by `Err(CustomError::Error)` on line 84): Error
[INFO] [stdout] [2m2026-10-18T20:13:41.115794Z[0m [31mERROR[0m [2mbasic[0m[2m:[0m An error occurred when running err_self (caused by `Err(CustomError::Error)` on line 90): Error
[INFO] [stdout] [2m2026-10-18T20:13:41.115798Z[0m [32m INFO[0m [2mbasic[0m[2m:[0m Successfully ran err_ref_mut_arg
[INFO] [stdout] [2m2026-10-18T20:13:41.115801Z[0m [31mERROR[0m [2mbasic[0m[2m:[0m An error occurred when running err_mut_arg (caused by `Err(CustomError::Error)` on line 99): Error
[INFO] [stdout] [2m2026-10-18T20:13:41.115804Z[0m [31mERROR[0m [2mbasic[0m[2m:[0m An error occurred when running err_disregard_result (caused by `Err(CustomError::Error)` on line 110): Error
[INFO] [stdout] [2m2026-10-18T20:13:41.115808Z[0m [31mERROR[0m [2mbasic[0m[2m:[0m An error occurred when running err_lifetime (caused by `Err(CustomError::Error)` on line 116): Error
[INFO] [stdout] [2m2026-10-18T20:13:41.115812Z[0m [31mERROR[0m [2mbasic[0m[2m:[0m An error occurred when running err_lifetime_generics (caused by `Err(CustomError::Error)` on line 122): Error
[INFO] [stdout] test basic_wrapper ... ok
[INFO] [stdout] 
[INFO] [stdout] test result: ok. 1 passed; 0 failed; 0 ignored; 0 measured; 0 filtered out; finished in 0.00s
[INFO] [stdout] 
[INFO] [stderr]      Running tests/ui.rs (/opt/rustwide/target/release/deps/ui-d8290c391bf7584c)
[INFO] [stdout] 
[INFO] [stdout] running 1 test
[INFO] [stderr]    Compiling proc-macro2 v1.0.107
[INFO] [stderr]    Compiling unicode-ident v1.0.27
[INFO] [stderr]    Compiling quote v1.0.47
[INFO] [stderr]    Compiling prettyplease v0.2.37
[INFO] [stderr]     Checking once_cell v1.21.4
[INFO] [stderr]     Checking log v0.4.34
[INFO] [stderr]     Checking lazy_static v1.5.1
[INFO] [stderr]     Checking cfg-if v1.0.5
[INFO] [stderr]     Checking sharded-slab v0.1.7
[INFO] [stderr]     Checking thread_local v1.1.10
[INFO] [stderr]     Checking pin-project-lite v0.2.17
[INFO] [stderr]     Checking smallvec v1.16.3
[INFO] [stderr]     Checking nu-ansi-term v0.50.3
[INFO] [stderr]     Checking pollster v0.3.0
[INFO] [stderr]     Checking tracing-core v0.1.36
[INFO] [stderr]     Checking tracing-log v0.2.0
[INFO] [stderr]     Checking tracing-subscriber v0.3.23
[INFO] [stderr]    Compiling syn v2.0.119
[INFO] [stderr]    Compiling tracing-attributes v0.1.31
[INFO] [stderr]    Compiling wrap-match-impl v1.0.7
[INFO] [stderr]     Checking tracing v0.1.44
[INFO] [stderr]     Checking wrap-match v1.0.7 (/opt/rustwide/workdir)
[INFO] [stderr]     Checking wrap-match-tests v0.0.0 (/opt/rustwide/target/tests/trybuild/wrap-match)
[INFO] [stderr]     Finished `dev` profile [unoptimized + debuginfo] target(s) in 15.42s
[INFO] [stderr] 
[INFO] [stderr] 
[INFO] [stderr] test tests/ui/const-function.rs ... ok
[INFO] [stderr] test tests/ui/inner-deprecated.rs ... ok
[INFO] [stderr] test tests/ui/invalid-option-name.rs ... ok
[INFO] [stderr] test tests/ui/invalid-option-type.rs ... ok
[INFO] [stderr] test tests/ui/invalid-return-type.rs ... ok
[INFO] [stderr] test tests/ui/no-debug-display.rs ... mismatch
[INFO] [stderr] 
[INFO] [stderr] EXPECTED:
[INFO] [stderr] ┈┈┈┈┈┈┈┈┈┈┈┈┈┈┈┈┈┈┈┈┈┈┈┈┈┈┈┈┈┈┈┈┈┈┈┈┈┈┈┈┈┈┈┈┈┈┈┈┈┈┈┈┈┈┈┈┈┈┈┈
[INFO] [stderr] error[E0277]: `Error` doesn't implement `std::fmt::Debug`
[INFO] [stderr]  --> tests/ui/no-debug-display.rs:5:1
[INFO] [stderr]   |
[INFO] [stderr] 5 | #[wrap_match::wrap_match(error_message = "{error:?}")]
[INFO] [stderr]   | ^^^^^^^^^^^^^^^^^^^^^^^^^^^^^^^^^^^^^^^^^^^^^^^^^^^^^^ `Error` cannot be formatted using `{:?}`
[INFO] [stderr]   |
[INFO] [stderr]   = help: the trait `std::fmt::Debug` is not implemented for `Error`
[INFO] [stderr]   = note: add `#[derive(Debug)]` to `Error` or manually `impl std::fmt::Debug for Error`
[INFO] [stderr]   = note: this error originates in the macro `format_args` which comes from the expansion of the attribute macro `wrap_match::wrap_match` (in Nightly builds, run with -Z macro-backtrace for more info)
[INFO] [stderr] help: consider annotating `Error` with `#[derive(Debug)]`
[INFO] [stderr]   |
[INFO] [stderr] 3 | #[derive(Debug)]
[INFO] [stderr]   |
[INFO] [stderr] 
[INFO] [stderr] error[E0277]: `Error` doesn't implement `std::fmt::Display`
[INFO] [stderr]   --> tests/ui/no-debug-display.rs:11:1
[INFO] [stderr]    |
[INFO] [stderr] 11 | #[wrap_match::wrap_match(error_message = "{error}", error_message_without_info = "")]
[INFO] [stderr]    | ^^^^^^^^^^^^^^^^^^^^^^^^^^^^^^^^^^^^^^^^^^^^^^^^^^^^^^^^^^^^^^^^^^^^^^^^^^^^^^^^^^^^^ `Error` cannot be formatted with the default formatter
[INFO] [stderr]    |
[INFO] [stderr]    = help: the trait `std::fmt::Display` is not implemented for `Error`
[INFO] [stderr]    = note: in format strings you may be able to use `{:?}` (or {:#?} for pretty-print) instead
[INFO] [stderr]    = note: this error originates in the macro `format_args` which comes from the expansion of the attribute macro `wrap_match::wrap_match` (in Nightly builds, run with -Z macro-backtrace for more info)
[INFO] [stderr] ┈┈┈┈┈┈┈┈┈┈┈┈┈┈┈┈┈┈┈┈┈┈┈┈┈┈┈┈┈┈┈┈┈┈┈┈┈┈┈┈┈┈┈┈┈┈┈┈┈┈┈┈┈┈┈┈┈┈┈┈
[INFO] [stderr] 
[INFO] [stderr] ACTUAL OUTPUT:
[INFO] [stderr] ┈┈┈┈┈┈┈┈┈┈┈┈┈┈┈┈┈┈┈┈┈┈┈┈┈┈┈┈┈┈┈┈┈┈┈┈┈┈┈┈┈┈┈┈┈┈┈┈┈┈┈┈┈┈┈┈┈┈┈┈
[INFO] [stderr] error[E0277]: `Error` doesn't implement `std::fmt::Debug`
[INFO] [stderr]  --> tests/ui/no-debug-display.rs:5:1
[INFO] [stderr]   |
[INFO] [stderr] 5 | #[wrap_match::wrap_match(error_message = "{error:?}")]
[INFO] [stderr]   | ^^^^^^^^^^^^^^^^^^^^^^^^^^^^^^^^^^^^^^^^^^^^^^^^^^^^^^ `Error` cannot be formatted using `{:?}` because it doesn't implement `std::fmt::Debug`
[INFO] [stderr]   |
[INFO] [stderr]   = help: the trait `std::fmt::Debug` is not implemented for `Error`
[INFO] [stderr]   = note: this error originates in the macro `$crate::__private_api::format_args` which comes from the expansion of the attribute macro `wrap_match::wrap_match` (in Nightly builds, run with -Z macro-backtrace for more info)
[INFO] [stderr] help: consider annotating `Error` with `#[derive(Debug)]`
[INFO] [stderr]   |
[INFO] [stderr] 3 + #[derive(Debug)]
[INFO] [stderr] 4 | struct Error;
[INFO] [stderr]   |
[INFO] [stderr] 
[INFO] [stderr] error[E0277]: `Error` doesn't implement `std::fmt::Display`
[INFO] [stderr]   --> tests/ui/no-debug-display.rs:11:1
[INFO] [stderr]    |
[INFO] [stderr] 11 | #[wrap_match::wrap_match(error_message = "{error}", error_message_without_info = "")]
[INFO] [stderr]    | ^^^^^^^^^^^^^^^^^^^^^^^^^^^^^^^^^^^^^^^^^^^^^^^^^^^^^^^^^^^^^^^^^^^^^^^^^^^^^^^^^^^^^ `Error` cannot be formatted with the default formatter
[INFO] [stderr]    |
[INFO] [stderr] help: the trait `std::fmt::Display` is not implemented for `Error`
[INFO] [stderr]   --> tests/ui/no-debug-display.rs:3:1
[INFO] [stderr]    |
[INFO] [stderr]  3 | struct Error;
[INFO] [stderr]    | ^^^^^^^^^^^^
[INFO] [stderr]    = note: in format strings you may be able to use `{:?}` (or `{:#?}` for pretty-print) instead
[INFO] [stderr]    = note: this error originates in the macro `$crate::__private_api::format_args` which comes from the expansion of the attribute macro `wrap_match::wrap_match` (in Nightly builds, run with -Z macro-backtrace for more info)
[INFO] [stderr] ┈┈┈┈┈┈┈┈┈┈┈┈┈┈┈┈┈┈┈┈┈┈┈┈┈┈┈┈┈┈┈┈┈┈┈┈┈┈┈┈┈┈┈┈┈┈┈┈┈┈┈┈┈┈┈┈┈┈┈┈
[INFO] [stderr] note: If the actual output is the correct output you can bless it by rerunning
[INFO] [stderr]       your test with the environment variable TRYBUILD=overwrite
[INFO] [stderr] 
[INFO] [stdout] test ui ... FAILED
[INFO] [stderr] test tests/ui/not-a-function.rs ... ok
[INFO] [stdout] 
[INFO] [stderr] 
[INFO] [stdout] failures:
[INFO] [stderr] 
[INFO] [stdout] 
[INFO] [stderr] error: test failed, to rerun pass `--test ui`
[INFO] [stdout] ---- ui stdout ----
[INFO] [stdout] 
[INFO] [stdout] thread 'ui' (725) panicked at /opt/rustwide/cargo-home/registry/src/index.crates.io-1949cf8c6b5b557f/trybuild-1.0.122/src/run.rs:103:13:
[INFO] [stdout] 1 of 7 tests failed
[INFO] [stdout] stack backtrace:
[INFO] [stdout]    0:     0x6234d8eccbe1 - <<std[70759c8f55707aa4]::sys::backtrace::BacktraceLock>::print::DisplayBacktrace as core[df12db4294e9bfd3]::fmt::Display>::fmt
[INFO] [stdout]    1:     0x6234d8ee326a - core[df12db4294e9bfd3]::fmt::write
[INFO] [stdout]    2:     0x6234d8ed16ac - <alloc[2182bb758b4b3781]::vec::Vec<u8> as core[df12db4294e9bfd3]::io::write::Write>::write_fmt
[INFO] [stdout]    3:     0x6234d8ea60c6 - std[70759c8f55707aa4]::panicking::default_hook::{closure#0}
[INFO] [stdout]    4:     0x6234d8ec4259 - std[70759c8f55707aa4]::panicking::default_hook
[INFO] [stdout]    5:     0x6234d8e5d530 - test[9d35eded1c95d3be]::test_main_inner::<test[9d35eded1c95d3be]::test_main_static::{closure#0}>::{closure#0}
[INFO] [stdout]    6:     0x6234d8ec4412 - std[70759c8f55707aa4]::panicking::panic_with_hook
[INFO] [stdout]    7:     0x6234d8ea6172 - std[70759c8f55707aa4]::panicking::panic_handler::{closure#0}
[INFO] [stdout]    8:     0x6234d8e9ea39 - std[70759c8f55707aa4]::sys::backtrace::__rust_end_short_backtrace::<std[70759c8f55707aa4]::panicking::panic_handler::{closure#0}, !>
[INFO] [stdout]    9:     0x6234d8ea6d6d - __rustc[8fa7c3cbc660c2b3]::rust_begin_unwind
[INFO] [stdout]   10:     0x6234d8ee39dc - core[df12db4294e9bfd3]::panicking::panic_fmt
[INFO] [stdout]   11:     0x6234d8db0c5b - <trybuild[6c188aa1e2891758]::Runner>::run
[INFO] [stdout]   12:     0x6234d8db4050 - <trybuild[6c188aa1e2891758]::TestCases as core[df12db4294e9bfd3]::ops::drop::Drop>::drop
[INFO] [stdout]   13:     0x6234d8daabb8 - ui[fc1beb2bd83eaecf]::ui
[INFO] [stdout]   14:     0x6234d8daadb9 - <ui[fc1beb2bd83eaecf]::ui::{closure#0} as core[df12db4294e9bfd3]::ops::function::FnOnce<()>>::call_once
[INFO] [stdout]   15:     0x6234d8e5081b - test[9d35eded1c95d3be]::__rust_begin_short_backtrace::<core[df12db4294e9bfd3]::result::Result<(), alloc[2182bb758b4b3781]::string::String>, fn() -> core[df12db4294e9bfd3]::result::Result<(), alloc[2182bb758b4b3781]::string::String>>
[INFO] [stdout]   16:     0x6234d8e5de85 - test[9d35eded1c95d3be]::run_test::{closure#0}
[INFO] [stdout]   17:     0x6234d8e57744 - std[70759c8f55707aa4]::sys::backtrace::__rust_begin_short_backtrace::<test[9d35eded1c95d3be]::run_test::{closure#1}, ()>
[INFO] [stdout]   18:     0x6234d8e60fe2 - <std[70759c8f55707aa4]::thread::lifecycle::spawn_unchecked<test[9d35eded1c95d3be]::run_test::{closure#1}, ()>::{closure#1} as core[df12db4294e9bfd3]::ops::function::FnOnce<()>>::call_once::{shim:vtable#0}
[INFO] [stdout]   19:     0x6234d8ecbe99 - <std[70759c8f55707aa4]::sys::thread::unix::Thread>::new::thread_start
[INFO] [stdout]   20:     0x773bd6fbfdfa - <unknown>
[INFO] [stdout]   21:     0x773bd70533d4 - clone
[INFO] [stdout]   22:                0x0 - <unknown>
[INFO] [stdout] 
[INFO] [stdout] 
[INFO] [stdout] failures:
[INFO] [stdout]     ui
[INFO] [stdout] 
[INFO] [stdout] test result: FAILED. 0 passed; 1 failed; 0 ignored; 0 measured; 0 filtered out; finished in 18.62s
[INFO] [stdout] 
[INFO] running `Command { std: "docker" "inspect" "308dfae758c1f400854d6772a0765e753952d910df864305fc4ae6311031d373", kill_on_drop: false }`
[INFO] running `Command { std: "docker" "rm" "-f" "308dfae758c1f400854d6772a0765e753952d910df864305fc4ae6311031d373", kill_on_drop: false }`
[INFO] [stdout] 308dfae758c1f400854d6772a0765e753952d910df864305fc4ae6311031d373
