[INFO] fetching crate wovyr-runtime 0.4.1...
[INFO] testing wovyr-runtime-0.4.1 against 1.99.0-beta.8+cargoflags=--release for beta-release-1.100-2
[INFO] extracting crate wovyr-runtime 0.4.1 into /workspace/builds/worker-0-tc1/source
[INFO] started tweaking crates.io crate wovyr-runtime 0.4.1
[INFO] finished tweaking crates.io crate wovyr-runtime 0.4.1
[INFO] tweaked toml for crates.io crate wovyr-runtime 0.4.1 written to /workspace/builds/worker-0-tc1/source/Cargo.toml
[INFO] validating manifest of crates.io crate wovyr-runtime 0.4.1 on toolchain 1.99.0-beta.8
[INFO] running `Command { std: CARGO_HOME="/workspace/cargo-home" RUSTUP_HOME="/workspace/rustup-home" "/workspace/cargo-home/bin/cargo" "+1.99.0-beta.8" "metadata" "--manifest-path" "Cargo.toml" "--no-deps", kill_on_drop: false }`
[INFO] crate crates.io crate wovyr-runtime 0.4.1 already has a lockfile, it will not be regenerated
[INFO] running `Command { std: CARGO_HOME="/workspace/cargo-home" RUSTUP_HOME="/workspace/rustup-home" "/workspace/cargo-home/bin/cargo" "+1.99.0-beta.8" "fetch" "--manifest-path" "Cargo.toml", kill_on_drop: false }`
[INFO] [stderr]     Updating crates.io index
[INFO] [stderr]  Downloading crates ...
[INFO] [stderr]   Downloaded wovyr-ui v0.4.1
[INFO] [stderr]   Downloaded wovyr-common v0.4.1
[INFO] [stderr]   Downloaded wovyr-provider v0.4.1
[INFO] [stderr]   Downloaded wovyr-tool-macros v0.4.1
[INFO] [stderr]   Downloaded wovyr-secrets v0.4.1
[INFO] [stderr]   Downloaded wovyr-kms v0.4.1
[INFO] [stderr]   Downloaded wovyr-ui-guard v0.4.1
[INFO] [stderr]   Downloaded wovyr-tools v0.4.1
[INFO] [stderr]   Downloaded wovyr-agent v0.4.1
[INFO] [stderr]   Downloaded wovyr-workflow v0.4.1
[INFO] running `Command { std: "docker" "create" "-v" "/var/lib/crater-agent-workspace/builds/worker-0-tc1/source:/opt/rustwide/workdir:ro,Z" "-v" "/var/lib/crater-agent-workspace/builds/worker-0-tc1/target:/opt/rustwide/target:rw,Z" "-v" "/var/lib/crater-agent-workspace/cargo-home:/opt/rustwide/cargo-home:ro,Z" "-v" "/var/lib/crater-agent-workspace/rustup-home:/opt/rustwide/rustup-home:ro,Z" "-m" "1610612736" "--network" "none" "ghcr.io/rust-lang/crates-build-env/linux@sha256:77db811e55d90add9212f6832c23229e3de5f1c1f9905e8cb07319ea15df73ac" "sleep" "infinity", kill_on_drop: false }`
[INFO] [stdout] d2057f505a806d298c833ec6d6c71c2e7cc86b7880fb70530073213f08ddbc5b
[INFO] running `Command { std: "docker" "start" "d2057f505a806d298c833ec6d6c71c2e7cc86b7880fb70530073213f08ddbc5b", kill_on_drop: false }`
[INFO] running `Command { std: "docker" "inspect" "d2057f505a806d298c833ec6d6c71c2e7cc86b7880fb70530073213f08ddbc5b", kill_on_drop: false }`
[INFO] running `Command { std: "docker" "exec" "-e" "SOURCE_DIR=/opt/rustwide/workdir" "-e" "CARGO_HOME=/opt/rustwide/cargo-home" "-e" "RUSTUP_HOME=/opt/rustwide/rustup-home" "-e" "CARGO_TARGET_DIR=/opt/rustwide/target" "-w" "/opt/rustwide/workdir" "--user" "0:0" "d2057f505a806d298c833ec6d6c71c2e7cc86b7880fb70530073213f08ddbc5b" "/opt/rustwide/cargo-home/bin/cargo" "+1.99.0-beta.8" "metadata" "--no-deps" "--format-version=1", kill_on_drop: false }`
[INFO] running `Command { std: "docker" "inspect" "d2057f505a806d298c833ec6d6c71c2e7cc86b7880fb70530073213f08ddbc5b", kill_on_drop: false }`
[INFO] running `Command { std: "docker" "exec" "-e" "SOURCE_DIR=/opt/rustwide/workdir" "-e" "CARGO_HOME=/opt/rustwide/cargo-home" "-e" "RUSTUP_HOME=/opt/rustwide/rustup-home" "-e" "CARGO_TARGET_DIR=/opt/rustwide/target" "-e" "CARGO_INCREMENTAL=0" "-e" "RUST_BACKTRACE=full" "-e" "RUSTFLAGS=--cap-lints=warn" "-e" "RUSTDOCFLAGS=--cap-lints=warn" "-w" "/opt/rustwide/workdir" "--user" "0:0" "d2057f505a806d298c833ec6d6c71c2e7cc86b7880fb70530073213f08ddbc5b" "/opt/rustwide/cargo-home/bin/cargo" "+1.99.0-beta.8" "build" "--frozen" "--message-format=json" "--release", kill_on_drop: false }`
[INFO] [stderr]    Compiling syn v2.0.118
[INFO] [stderr]    Compiling bytes v1.12.0
[INFO] [stderr]    Compiling cc v1.2.65
[INFO] [stderr]    Compiling serde_json v1.0.150
[INFO] [stderr]    Compiling litemap v0.7.3
[INFO] [stderr]    Compiling icu_locid_transform_data v1.5.0
[INFO] [stderr]    Compiling rustls-pki-types v1.14.1
[INFO] [stderr]    Compiling fs2 v0.4.3
[INFO] [stderr]    Compiling icu_properties_data v1.5.0
[INFO] [stderr]    Compiling icu_normalizer_data v1.5.0
[INFO] [stderr]    Compiling rustls v0.23.41
[INFO] [stderr]    Compiling bitflags v2.13.0
[INFO] [stderr]    Compiling rand_chacha v0.3.1
[INFO] [stderr]    Compiling sha2 v0.10.9
[INFO] [stderr]    Compiling rand v0.8.6
[INFO] [stderr]    Compiling webpki-roots v1.0.7
[INFO] [stderr]    Compiling webpki-roots v0.26.11
[INFO] [stderr]    Compiling http v1.4.2
[INFO] [stderr]    Compiling ring v0.17.14
[INFO] [stderr]    Compiling http-body v1.0.1
[INFO] [stderr]    Compiling http-body-util v0.1.3
[INFO] [stderr]    Compiling synstructure v0.13.2
[INFO] [stderr]    Compiling serde_derive_internals v0.29.1
[INFO] [stderr]    Compiling serde_derive v1.0.228
[INFO] [stderr]    Compiling zerovec-derive v0.10.3
[INFO] [stderr]    Compiling displaydoc v0.2.6
[INFO] [stderr]    Compiling tokio-macros v2.7.0
[INFO] [stderr]    Compiling futures-macro v0.3.32
[INFO] [stderr]    Compiling icu_provider_macros v1.5.0
[INFO] [stderr]    Compiling thiserror-impl v2.0.18
[INFO] [stderr]    Compiling tracing-attributes v0.1.31
[INFO] [stderr]    Compiling ref-cast-impl v1.0.25
[INFO] [stderr]    Compiling async-trait v0.1.89
[INFO] [stderr]    Compiling async-stream-impl v0.3.6
[INFO] [stderr]    Compiling wovyr-tool-macros v0.4.1
[INFO] [stderr]    Compiling zerofrom-derive v0.1.7
[INFO] [stderr]    Compiling yoke-derive v0.7.4
[INFO] [stderr]    Compiling ref-cast v1.0.25
[INFO] [stderr]    Compiling async-stream v0.3.6
[INFO] [stderr]    Compiling schemars_derive v1.2.1
[INFO] [stderr]    Compiling tokio v1.52.3
[INFO] [stderr]    Compiling futures-util v0.3.32
[INFO] [stderr]    Compiling tracing v0.1.44
[INFO] [stderr]    Compiling thiserror v2.0.18
[INFO] [stderr]    Compiling zerofrom v0.1.8
[INFO] [stderr]    Compiling yoke v0.7.4
[INFO] [stderr]    Compiling zerovec v0.10.4
[INFO] [stderr]    Compiling serde v1.0.228
[INFO] [stderr]    Compiling tinystr v0.7.6
[INFO] [stderr]    Compiling icu_collections v1.5.0
[INFO] [stderr]    Compiling icu_locid v1.5.0
[INFO] [stderr]    Compiling wovyr-common v0.4.1
[INFO] [stderr]    Compiling serde_urlencoded v0.7.1
[INFO] [stderr]    Compiling serde_yaml v0.9.34+deprecated
[INFO] [stderr]    Compiling hex v0.4.3
[INFO] [stderr]    Compiling schemars v1.2.1
[INFO] [stderr]    Compiling icu_provider v1.5.0
[INFO] [stderr]    Compiling futures-executor v0.3.32
[INFO] [stderr]    Compiling icu_locid_transform v1.5.0
[INFO] [stderr]    Compiling futures v0.3.32
[INFO] [stderr]    Compiling wovyr-ui v0.4.1
[INFO] [stderr]    Compiling icu_properties v1.5.1
[INFO] [stderr]    Compiling wovyr-ui-guard v0.4.1
[INFO] [stderr]    Compiling hyper v1.10.1
[INFO] [stderr]    Compiling tower v0.5.3
[INFO] [stderr]    Compiling tokio-util v0.7.18
[INFO] [stderr]    Compiling wovyr-workflow v0.4.1
[INFO] [stderr]    Compiling tower-http v0.6.8
[INFO] [stderr]    Compiling hyper-util v0.1.20
[INFO] [stderr]    Compiling icu_normalizer v1.5.0
[INFO] [stderr]    Compiling idna_adapter v1.2.0
[INFO] [stderr]    Compiling idna v1.1.0
[INFO] [stderr]    Compiling rustls-webpki v0.103.13
[INFO] [stderr]    Compiling wovyr-kms v0.4.1
[INFO] [stderr]    Compiling url v2.5.8
[INFO] [stderr]    Compiling wovyr-secrets v0.4.1
[INFO] [stderr]    Compiling tokio-rustls v0.26.4
[INFO] [stderr]    Compiling hyper-rustls v0.27.2
[INFO] [stderr]    Compiling reqwest v0.12.28
[INFO] [stderr]    Compiling wovyr-provider v0.4.1
[INFO] [stderr]    Compiling wovyr-tools v0.4.1
[INFO] [stderr]    Compiling wovyr-agent v0.4.1
[INFO] [stderr]    Compiling wovyr-runtime v0.4.1 (/opt/rustwide/workdir)
[INFO] [stderr]     Finished `release` profile [optimized] target(s) in 2m 36s
[INFO] running `Command { std: "docker" "inspect" "d2057f505a806d298c833ec6d6c71c2e7cc86b7880fb70530073213f08ddbc5b", kill_on_drop: false }`
[INFO] running `Command { std: "docker" "exec" "-e" "SOURCE_DIR=/opt/rustwide/workdir" "-e" "CARGO_HOME=/opt/rustwide/cargo-home" "-e" "RUSTUP_HOME=/opt/rustwide/rustup-home" "-e" "CARGO_TARGET_DIR=/opt/rustwide/target" "-e" "CARGO_INCREMENTAL=0" "-e" "RUST_BACKTRACE=full" "-e" "RUSTFLAGS=--cap-lints=warn" "-e" "RUSTDOCFLAGS=--cap-lints=warn" "-w" "/opt/rustwide/workdir" "--user" "0:0" "d2057f505a806d298c833ec6d6c71c2e7cc86b7880fb70530073213f08ddbc5b" "/opt/rustwide/cargo-home/bin/cargo" "+1.99.0-beta.8" "test" "--frozen" "--no-run" "--message-format=json" "--release", kill_on_drop: false }`
[INFO] [stderr]    Compiling wovyr-runtime v0.4.1 (/opt/rustwide/workdir)
[INFO] [stderr]     Finished `release` profile [optimized] target(s) in 6.92s
[INFO] running `Command { std: "docker" "inspect" "d2057f505a806d298c833ec6d6c71c2e7cc86b7880fb70530073213f08ddbc5b", kill_on_drop: false }`
[INFO] running `Command { std: "docker" "exec" "-e" "SOURCE_DIR=/opt/rustwide/workdir" "-e" "CARGO_HOME=/opt/rustwide/cargo-home" "-e" "RUSTUP_HOME=/opt/rustwide/rustup-home" "-e" "CARGO_TARGET_DIR=/opt/rustwide/target" "-e" "CARGO_INCREMENTAL=0" "-e" "RUST_BACKTRACE=full" "-e" "RUSTFLAGS=--cap-lints=warn" "-e" "RUSTDOCFLAGS=--cap-lints=warn" "-w" "/opt/rustwide/workdir" "--user" "0:0" "d2057f505a806d298c833ec6d6c71c2e7cc86b7880fb70530073213f08ddbc5b" "/opt/rustwide/cargo-home/bin/cargo" "+1.99.0-beta.8" "test" "--frozen" "--release", kill_on_drop: false }`
[INFO] [stderr]     Finished `release` profile [optimized] target(s) in 0.23s
[INFO] [stderr]      Running unittests src/lib.rs (/opt/rustwide/target/release/deps/wovyr_runtime-fe7100723aa13088)
[INFO] [stdout] 
[INFO] [stdout] running 15 tests
[INFO] [stdout] test tests::ai_activity_malformed_response_format_is_permanent ... ok
[INFO] [stdout] test tests::ai_activity_honors_pinned_model_params_and_response_format ... ok
[INFO] [stdout] test tests::every_shipped_example_workflow_names_a_tool_for_its_function_and_tool_activities ... FAILED
[INFO] [stdout] test tests::agent_activity_without_mcp_servers_never_calls_the_resolver ... ok
[INFO] [stdout] test tests::agent_activity_resolves_mcp_servers_into_a_per_run_registry ... ok
[INFO] [stdout] test tests::human_activity_checks_both_bare_and_event_prefixed_decision_keys ... ok
[INFO] [stdout] test tests::unknown_agent_is_a_permanent_failure ... ok
[INFO] [stdout] test tests::unsupported_activity_type_is_permanent ... ok
[INFO] [stdout] test tests::agent_activity_uses_the_resolver_and_reports_admission_failures_as_retryable ... ok
[INFO] [stdout] test tests::agent_activity_records_a_non_zero_run_cost ... ok
[INFO] [stdout] test tests::ai_activity_without_params_keeps_the_resolved_default_model ... ok
[INFO] [stdout] test tests::a_permission_denied_tool_error_is_permanent_not_retryable ... ok
[INFO] [stdout] test tests::function_and_tool_activity_types_dispatch_identically ... ok
[INFO] [stdout] test tests::ai_activity_validation_error_is_permanent_not_retried ... ok
[INFO] [stdout] test tests::ai_activity_transient_provider_error_stays_retryable ... ok
[INFO] [stderr] error: test failed, to rerun pass `--lib`
[INFO] [stdout] 
[INFO] [stdout] failures:
[INFO] [stdout] 
[INFO] [stdout] ---- tests::every_shipped_example_workflow_names_a_tool_for_its_function_and_tool_activities stdout ----
[INFO] [stdout] 
[INFO] [stdout] thread 'tests::every_shipped_example_workflow_names_a_tool_for_its_function_and_tool_activities' (1999) panicked at src/lib.rs:1037:46:
[INFO] [stdout] examples/workflows must exist: Os { code: 2, kind: NotFound, message: "No such file or directory" }
[INFO] [stdout] stack backtrace:
[INFO] [stdout]    0:     0x61a11f466ea1 - <<std[70759c8f55707aa4]::sys::backtrace::BacktraceLock>::print::DisplayBacktrace as core[df12db4294e9bfd3]::fmt::Display>::fmt
[INFO] [stdout]    1:     0x61a11f47e7ea - core[df12db4294e9bfd3]::fmt::write
[INFO] [stdout]    2:     0x61a11f46bc9c - <alloc[2182bb758b4b3781]::vec::Vec<u8> as core[df12db4294e9bfd3]::io::write::Write>::write_fmt
[INFO] [stdout]    3:     0x61a11f4415b6 - std[70759c8f55707aa4]::panicking::default_hook::{closure#0}
[INFO] [stdout]    4:     0x61a11f45e7a9 - std[70759c8f55707aa4]::panicking::default_hook
[INFO] [stdout]    5:     0x61a11f163d50 - test[9d35eded1c95d3be]::test_main_inner::<test[9d35eded1c95d3be]::test_main_static::{closure#0}>::{closure#0}
[INFO] [stdout]    6:     0x61a11f45ead2 - std[70759c8f55707aa4]::panicking::panic_with_hook
[INFO] [stdout]    7:     0x61a11f441662 - std[70759c8f55707aa4]::panicking::panic_handler::{closure#0}
[INFO] [stdout]    8:     0x61a11f43a0d9 - std[70759c8f55707aa4]::sys::backtrace::__rust_end_short_backtrace::<std[70759c8f55707aa4]::panicking::panic_handler::{closure#0}, !>
[INFO] [stdout]    9:     0x61a11f44244d - __rustc[8fa7c3cbc660c2b3]::rust_begin_unwind
[INFO] [stdout]   10:     0x61a11f47ef4c - core[df12db4294e9bfd3]::panicking::panic_fmt
[INFO] [stdout]   11:     0x61a11f47ed22 - core[df12db4294e9bfd3]::result::unwrap_failed
[INFO] [stdout]   12:     0x61a11f136718 - wovyr_runtime[9f0430d6e275225b]::tests::every_shipped_example_workflow_names_a_tool_for_its_function_and_tool_activities
[INFO] [stdout]   13:     0x61a11f129e79 - <wovyr_runtime[9f0430d6e275225b]::tests::every_shipped_example_workflow_names_a_tool_for_its_function_and_tool_activities::{closure#0} as core[df12db4294e9bfd3]::ops::function::FnOnce<()>>::call_once
[INFO] [stdout]   14:     0x61a11f15703b - test[9d35eded1c95d3be]::__rust_begin_short_backtrace::<core[df12db4294e9bfd3]::result::Result<(), alloc[2182bb758b4b3781]::string::String>, fn() -> core[df12db4294e9bfd3]::result::Result<(), alloc[2182bb758b4b3781]::string::String>>
[INFO] [stdout]   15:     0x61a11f1646a5 - test[9d35eded1c95d3be]::run_test::{closure#0}
[INFO] [stdout]   16:     0x61a11f15df64 - std[70759c8f55707aa4]::sys::backtrace::__rust_begin_short_backtrace::<test[9d35eded1c95d3be]::run_test::{closure#1}, ()>
[INFO] [stdout]   17:     0x61a11f167802 - <std[70759c8f55707aa4]::thread::lifecycle::spawn_unchecked<test[9d35eded1c95d3be]::run_test::{closure#1}, ()>::{closure#1} as core[df12db4294e9bfd3]::ops::function::FnOnce<()>>::call_once::{shim:vtable#0}
[INFO] [stdout]   18:     0x61a11f466059 - <std[70759c8f55707aa4]::sys::thread::unix::Thread>::new::thread_start
[INFO] [stdout]   19:     0x7663b8e80dfa - <unknown>
[INFO] [stdout]   20:     0x7663b8f143d4 - clone
[INFO] [stdout]   21:                0x0 - <unknown>
[INFO] [stdout] 
[INFO] [stdout] 
[INFO] [stdout] failures:
[INFO] [stdout]     tests::every_shipped_example_workflow_names_a_tool_for_its_function_and_tool_activities
[INFO] [stdout] 
[INFO] [stdout] test result: FAILED. 14 passed; 1 failed; 0 ignored; 0 measured; 0 filtered out; finished in 0.22s
[INFO] [stdout] 
[INFO] running `Command { std: "docker" "inspect" "d2057f505a806d298c833ec6d6c71c2e7cc86b7880fb70530073213f08ddbc5b", kill_on_drop: false }`
[INFO] running `Command { std: "docker" "rm" "-f" "d2057f505a806d298c833ec6d6c71c2e7cc86b7880fb70530073213f08ddbc5b", kill_on_drop: false }`
[INFO] [stdout] d2057f505a806d298c833ec6d6c71c2e7cc86b7880fb70530073213f08ddbc5b
