[INFO] fetching crate wot-serve 0.5.0...
[INFO] testing wot-serve-0.5.0 against 1.100.0-beta.1+cargoflags=--release for beta-release-1.100-2
[INFO] extracting crate wot-serve 0.5.0 into /workspace/builds/worker-2-tc2/source
[INFO] started tweaking crates.io crate wot-serve 0.5.0
[INFO] removed 0 missing examples
[INFO] finished tweaking crates.io crate wot-serve 0.5.0
[INFO] tweaked toml for crates.io crate wot-serve 0.5.0 written to /workspace/builds/worker-2-tc2/source/Cargo.toml
[INFO] validating manifest of crates.io crate wot-serve 0.5.0 on toolchain 1.100.0-beta.1
[INFO] running `Command { std: CARGO_HOME="/workspace/cargo-home" RUSTUP_HOME="/workspace/rustup-home" "/workspace/cargo-home/bin/cargo" "+1.100.0-beta.1" "metadata" "--manifest-path" "Cargo.toml" "--no-deps", kill_on_drop: false }`
[INFO] crate crates.io crate wot-serve 0.5.0 already has a lockfile, it will not be regenerated
[INFO] running `Command { std: CARGO_HOME="/workspace/cargo-home" RUSTUP_HOME="/workspace/rustup-home" "/workspace/cargo-home/bin/cargo" "+1.100.0-beta.1" "fetch" "--manifest-path" "Cargo.toml", kill_on_drop: false }`
[INFO] running `Command { std: "docker" "create" "-v" "/var/lib/crater-agent-workspace/builds/worker-2-tc2/source:/opt/rustwide/workdir:ro,Z" "-v" "/var/lib/crater-agent-workspace/builds/worker-2-tc2/target:/opt/rustwide/target:rw,Z" "-v" "/var/lib/crater-agent-workspace/cargo-home:/opt/rustwide/cargo-home:ro,Z" "-v" "/var/lib/crater-agent-workspace/rustup-home:/opt/rustwide/rustup-home:ro,Z" "-m" "1610612736" "--network" "none" "ghcr.io/rust-lang/crates-build-env/linux@sha256:77db811e55d90add9212f6832c23229e3de5f1c1f9905e8cb07319ea15df73ac" "sleep" "infinity", kill_on_drop: false }`
[INFO] [stdout] 84359e1aa17a52a64d04cbfda98758ce5ea0091470a7c15f070786d1b69b59d9
[INFO] running `Command { std: "docker" "start" "84359e1aa17a52a64d04cbfda98758ce5ea0091470a7c15f070786d1b69b59d9", kill_on_drop: false }`
[INFO] running `Command { std: "docker" "inspect" "84359e1aa17a52a64d04cbfda98758ce5ea0091470a7c15f070786d1b69b59d9", kill_on_drop: false }`
[INFO] running `Command { std: "docker" "exec" "-e" "SOURCE_DIR=/opt/rustwide/workdir" "-e" "CARGO_HOME=/opt/rustwide/cargo-home" "-e" "RUSTUP_HOME=/opt/rustwide/rustup-home" "-e" "CARGO_TARGET_DIR=/opt/rustwide/target" "-w" "/opt/rustwide/workdir" "--user" "0:0" "84359e1aa17a52a64d04cbfda98758ce5ea0091470a7c15f070786d1b69b59d9" "/opt/rustwide/cargo-home/bin/cargo" "+1.100.0-beta.1" "metadata" "--no-deps" "--format-version=1", kill_on_drop: false }`
[INFO] running `Command { std: "docker" "inspect" "84359e1aa17a52a64d04cbfda98758ce5ea0091470a7c15f070786d1b69b59d9", kill_on_drop: false }`
[INFO] running `Command { std: "docker" "exec" "-e" "SOURCE_DIR=/opt/rustwide/workdir" "-e" "CARGO_HOME=/opt/rustwide/cargo-home" "-e" "RUSTUP_HOME=/opt/rustwide/rustup-home" "-e" "CARGO_TARGET_DIR=/opt/rustwide/target" "-e" "CARGO_INCREMENTAL=0" "-e" "RUST_BACKTRACE=full" "-e" "RUSTFLAGS=--cap-lints=warn" "-e" "RUSTDOCFLAGS=--cap-lints=warn" "-w" "/opt/rustwide/workdir" "--user" "0:0" "84359e1aa17a52a64d04cbfda98758ce5ea0091470a7c15f070786d1b69b59d9" "/opt/rustwide/cargo-home/bin/cargo" "+1.100.0-beta.1" "build" "--frozen" "--message-format=json" "--release", kill_on_drop: false }`
[INFO] [stderr]    Compiling quote v1.0.38
[INFO] [stderr]    Compiling libc v0.2.169
[INFO] [stderr]    Compiling serde v1.0.216
[INFO] [stderr]    Compiling futures-task v0.3.31
[INFO] [stderr]    Compiling serde_json v1.0.134
[INFO] [stderr]    Compiling aho-corasick v1.1.3
[INFO] [stderr]    Compiling thiserror v2.0.9
[INFO] [stderr]    Compiling tracing v0.1.41
[INFO] [stderr]    Compiling regex-syntax v0.8.5
[INFO] [stderr]    Compiling num-conv v0.1.0
[INFO] [stderr]    Compiling spin v0.9.8
[INFO] [stderr]    Compiling foldhash v0.1.4
[INFO] [stderr]    Compiling futures-sink v0.3.31
[INFO] [stderr]    Compiling time-core v0.1.2
[INFO] [stderr]    Compiling matchit v0.7.3
[INFO] [stderr]    Compiling tower-http v0.6.2
[INFO] [stderr]    Compiling syn v2.0.91
[INFO] [stderr]    Compiling flume v0.11.1
[INFO] [stderr]    Compiling futures-util v0.3.31
[INFO] [stderr]    Compiling mio v1.0.3
[INFO] [stderr]    Compiling socket2 v0.5.8
[INFO] [stderr]    Compiling if-addrs v0.13.3
[INFO] [stderr]    Compiling getrandom v0.2.15
[INFO] [stderr]    Compiling hostname v0.4.0
[INFO] [stderr]    Compiling uuid v1.11.0
[INFO] [stderr]    Compiling mdns-sd v0.13.1
[INFO] [stderr]    Compiling http-body-util v0.1.2
[INFO] [stderr]    Compiling regex-automata v0.4.9
[INFO] [stderr]    Compiling darling_core v0.20.10
[INFO] [stderr]    Compiling serde_derive v1.0.216
[INFO] [stderr]    Compiling tokio-macros v2.4.0
[INFO] [stderr]    Compiling thiserror-impl v2.0.9
[INFO] [stderr]    Compiling async-trait v0.1.83
[INFO] [stderr]    Compiling serde_repr v0.1.19
[INFO] [stderr]    Compiling tokio v1.42.0
[INFO] [stderr]    Compiling axum-core v0.4.5
[INFO] [stderr]    Compiling darling_macro v0.20.10
[INFO] [stderr]    Compiling darling v0.20.10
[INFO] [stderr]    Compiling serde_with_macros v3.12.0
[INFO] [stderr]    Compiling regex v1.11.1
[INFO] [stderr]    Compiling datta v0.1.1
[INFO] [stderr]    Compiling hyper v1.5.2
[INFO] [stderr]    Compiling tower v0.5.2
[INFO] [stderr]    Compiling deranged v0.3.11
[INFO] [stderr]    Compiling serde_with v3.12.0
[INFO] [stderr]    Compiling serde_urlencoded v0.7.1
[INFO] [stderr]    Compiling hashbrown v0.15.2
[INFO] [stderr]    Compiling serde_path_to_error v0.1.16
[INFO] [stderr]    Compiling oxilangtag v0.1.5
[INFO] [stderr]    Compiling hyper-util v0.1.10
[INFO] [stderr]    Compiling time v0.3.37
[INFO] [stderr]    Compiling axum v0.7.9
[INFO] [stderr]    Compiling wot-td v0.6.2
[INFO] [stderr]    Compiling wot-serve v0.5.0 (/opt/rustwide/workdir)
[INFO] [stdout] warning: hiding a lifetime that's elided elsewhere is confusing
[INFO] [stdout]    --> src/advertise.rs:212:24
[INFO] [stdout]     |
[INFO] [stdout] 212 |     pub fn add_service(&self, name: impl Into<String>) -> ServiceBuilder {
[INFO] [stdout]     |                        ^^^^^ the lifetime is elided here  ^^^^^^^^^^^^^^ the same lifetime is hidden here
[INFO] [stdout]     |
[INFO] [stdout]     = help: the same lifetime is referred to in inconsistent ways, making the signature confusing
[INFO] [stdout]     = note: `#[warn(mismatched_lifetime_syntaxes)]` on by default
[INFO] [stdout] help: use `'_` for type paths
[INFO] [stdout]     |
[INFO] [stdout] 212 |     pub fn add_service(&self, name: impl Into<String>) -> ServiceBuilder<'_> {
[INFO] [stdout]     |                                                                         ++++
[INFO] [stdout] 
[INFO] [stdout] 
[INFO] [stderr]     Finished `release` profile [optimized] target(s) in 54.82s
[INFO] running `Command { std: "docker" "inspect" "84359e1aa17a52a64d04cbfda98758ce5ea0091470a7c15f070786d1b69b59d9", kill_on_drop: false }`
[INFO] running `Command { std: "docker" "exec" "-e" "SOURCE_DIR=/opt/rustwide/workdir" "-e" "CARGO_HOME=/opt/rustwide/cargo-home" "-e" "RUSTUP_HOME=/opt/rustwide/rustup-home" "-e" "CARGO_TARGET_DIR=/opt/rustwide/target" "-e" "CARGO_INCREMENTAL=0" "-e" "RUST_BACKTRACE=full" "-e" "RUSTFLAGS=--cap-lints=warn" "-e" "RUSTDOCFLAGS=--cap-lints=warn" "-w" "/opt/rustwide/workdir" "--user" "0:0" "84359e1aa17a52a64d04cbfda98758ce5ea0091470a7c15f070786d1b69b59d9" "/opt/rustwide/cargo-home/bin/cargo" "+1.100.0-beta.1" "test" "--frozen" "--no-run" "--message-format=json" "--release", kill_on_drop: false }`
[INFO] [stderr]    Compiling tokio v1.42.0
[INFO] [stderr]    Compiling hyper v1.5.2
[INFO] [stderr]    Compiling tower v0.5.2
[INFO] [stderr]    Compiling hyper-util v0.1.10
[INFO] [stderr]    Compiling axum v0.7.9
[INFO] [stderr]    Compiling wot-serve v0.5.0 (/opt/rustwide/workdir)
[INFO] [stdout] warning: hiding a lifetime that's elided elsewhere is confusing
[INFO] [stdout]    --> src/advertise.rs:212:24
[INFO] [stdout]     |
[INFO] [stdout] 212 |     pub fn add_service(&self, name: impl Into<String>) -> ServiceBuilder {
[INFO] [stdout]     |                        ^^^^^ the lifetime is elided here  ^^^^^^^^^^^^^^ the same lifetime is hidden here
[INFO] [stdout]     |
[INFO] [stdout]     = help: the same lifetime is referred to in inconsistent ways, making the signature confusing
[INFO] [stdout]     = note: `#[warn(mismatched_lifetime_syntaxes)]` on by default
[INFO] [stdout] help: use `'_` for type paths
[INFO] [stdout]     |
[INFO] [stdout] 212 |     pub fn add_service(&self, name: impl Into<String>) -> ServiceBuilder<'_> {
[INFO] [stdout]     |                                                                         ++++
[INFO] [stdout] 
[INFO] [stdout] 
[INFO] [stdout] warning: hiding a lifetime that's elided elsewhere is confusing
[INFO] [stdout]    --> src/advertise.rs:212:24
[INFO] [stdout]     |
[INFO] [stdout] 212 |     pub fn add_service(&self, name: impl Into<String>) -> ServiceBuilder {
[INFO] [stdout]     |                        ^^^^^ the lifetime is elided here  ^^^^^^^^^^^^^^ the same lifetime is hidden here
[INFO] [stdout]     |
[INFO] [stdout]     = help: the same lifetime is referred to in inconsistent ways, making the signature confusing
[INFO] [stdout]     = note: `#[warn(mismatched_lifetime_syntaxes)]` on by default
[INFO] [stdout] help: use `'_` for type paths
[INFO] [stdout]     |
[INFO] [stdout] 212 |     pub fn add_service(&self, name: impl Into<String>) -> ServiceBuilder<'_> {
[INFO] [stdout]     |                                                                         ++++
[INFO] [stdout] 
[INFO] [stdout] 
[INFO] [stderr]     Finished `release` profile [optimized] target(s) in 29.71s
[INFO] running `Command { std: "docker" "inspect" "84359e1aa17a52a64d04cbfda98758ce5ea0091470a7c15f070786d1b69b59d9", kill_on_drop: false }`
[INFO] running `Command { std: "docker" "exec" "-e" "SOURCE_DIR=/opt/rustwide/workdir" "-e" "CARGO_HOME=/opt/rustwide/cargo-home" "-e" "RUSTUP_HOME=/opt/rustwide/rustup-home" "-e" "CARGO_TARGET_DIR=/opt/rustwide/target" "-e" "CARGO_INCREMENTAL=0" "-e" "RUST_BACKTRACE=full" "-e" "RUSTFLAGS=--cap-lints=warn" "-e" "RUSTDOCFLAGS=--cap-lints=warn" "-w" "/opt/rustwide/workdir" "--user" "0:0" "84359e1aa17a52a64d04cbfda98758ce5ea0091470a7c15f070786d1b69b59d9" "/opt/rustwide/cargo-home/bin/cargo" "+1.100.0-beta.1" "test" "--frozen" "--release", kill_on_drop: false }`
[INFO] [stderr] warning: hiding a lifetime that's elided elsewhere is confusing
[INFO] [stderr]    --> src/advertise.rs:212:24
[INFO] [stderr]     |
[INFO] [stderr] 212 |     pub fn add_service(&self, name: impl Into<String>) -> ServiceBuilder {
[INFO] [stderr]     |                        ^^^^^ the lifetime is elided here  ^^^^^^^^^^^^^^ the same lifetime is hidden here
[INFO] [stderr]     |
[INFO] [stderr]     = help: the same lifetime is referred to in inconsistent ways, making the signature confusing
[INFO] [stderr]     = note: `#[warn(mismatched_lifetime_syntaxes)]` on by default
[INFO] [stderr] help: use `'_` for type paths
[INFO] [stderr]     |
[INFO] [stderr] 212 |     pub fn add_service(&self, name: impl Into<String>) -> ServiceBuilder<'_> {
[INFO] [stderr]     |                                                                         ++++
[INFO] [stderr] 
[INFO] [stderr] warning: `wot-serve` (lib) generated 1 warning (run `cargo fix --lib -p wot-serve` to apply 1 suggestion)
[INFO] [stderr] warning: `wot-serve` (lib test) generated 1 warning (1 duplicate)
[INFO] [stderr]     Finished `release` profile [optimized] target(s) in 0.13s
[INFO] [stderr]      Running unittests src/lib.rs (/opt/rustwide/target/release/build/wot-serve/115e8bcad606c3d7/out/wot_serve-115e8bcad606c3d7)
[INFO] [stdout] 
[INFO] [stdout] running 11 tests
[INFO] [stdout] test servient::builder::test::templated_uri ... ok
[INFO] [stdout] test servient::builder::test::query_uri ... ok
[INFO] [stdout] test servient::builder::test::hierarchical_uri ... ok
[INFO] [stdout] test servient::test::build_servient_action ... ok
[INFO] [stdout] test servient::builder::test::plain_uri ... ok
[INFO] [stdout] test servient::test::servient_setup ... ok
[INFO] [stdout] test servient::test::build_servient_property ... ok
[INFO] [stdout] test servient::test::build_servient ... ok
[INFO] [stdout] test advertise::test::set_type ... FAILED
[INFO] [stdout] test advertise::test::set_hostname ... FAILED
[INFO] [stdout] test advertise::test::set_path ... FAILED
[INFO] [stdout] 
[INFO] [stdout] failures:
[INFO] [stdout] 
[INFO] [stdout] ---- advertise::test::set_type stdout ----
[INFO] [stdout] 
[INFO] [stdout] thread 'advertise::test::set_type' (1438) panicked at src/advertise.rs:287:9:
[INFO] [stdout] Thing not found
[INFO] [stdout] stack backtrace:
[INFO] [stdout]    0:     0x563d38638c51 - <<std[617be2ca0a6fd877]::sys::backtrace::BacktraceLock>::print::DisplayBacktrace as core[a373ad73a504971]::fmt::Display>::fmt
[INFO] [stdout]    1:     0x563d3864f1aa - core[a373ad73a504971]::fmt::write
[INFO] [stdout]    2:     0x563d3863d01c - <alloc[2e1b2a31b91974c5]::vec::Vec<u8> as core[a373ad73a504971]::io::write::Write>::write_fmt
[INFO] [stdout]    3:     0x563d386147b6 - std[617be2ca0a6fd877]::panicking::default_hook::{closure#0}
[INFO] [stdout]    4:     0x563d38630e79 - std[617be2ca0a6fd877]::panicking::default_hook
[INFO] [stdout]    5:     0x563d385522d0 - test[aada8e7e76ba119b]::test_main_inner::{closure#0}
[INFO] [stdout]    6:     0x563d38631032 - std[617be2ca0a6fd877]::panicking::panic_with_hook
[INFO] [stdout]    7:     0x563d38614894 - std[617be2ca0a6fd877]::panicking::panic_handler::{closure#0}
[INFO] [stdout]    8:     0x563d3860d549 - std[617be2ca0a6fd877]::sys::backtrace::__rust_end_short_backtrace::<std[617be2ca0a6fd877]::panicking::panic_handler::{closure#0}, !>
[INFO] [stdout]    9:     0x563d3861546d - __rustc[ea4f61d10b84890b]::rust_begin_unwind
[INFO] [stdout]   10:     0x563d3864f8dc - core[a373ad73a504971]::panicking::panic_fmt
[INFO] [stdout]   11:     0x563d3854531a - <wot_serve[8bcbebdc4c9c49e6]::advertise::test::set_type::{closure#0} as core[a373ad73a504971]::ops::function::FnOnce<()>>::call_once
[INFO] [stdout]   12:     0x563d3854571b - test[aada8e7e76ba119b]::__rust_begin_short_backtrace::<core[a373ad73a504971]::result::Result<(), alloc[2e1b2a31b91974c5]::string::String>, fn() -> core[a373ad73a504971]::result::Result<(), alloc[2e1b2a31b91974c5]::string::String>>
[INFO] [stdout]   13:     0x563d385528f5 - test[aada8e7e76ba119b]::run_test::{closure#0}
[INFO] [stdout]   14:     0x563d3854c1e4 - std[617be2ca0a6fd877]::sys::backtrace::__rust_begin_short_backtrace::<test[aada8e7e76ba119b]::run_test::{closure#1}, ()>
[INFO] [stdout]   15:     0x563d38555982 - <std[617be2ca0a6fd877]::thread::lifecycle::spawn_unchecked<test[aada8e7e76ba119b]::run_test::{closure#1}, ()>::{closure#1} as core[a373ad73a504971]::ops::function::FnOnce<()>>::call_once::{shim:vtable#0}
[INFO] [stdout]   16:     0x563d3863830f - <std[617be2ca0a6fd877]::sys::thread::unix::Thread>::new::thread_start
[INFO] [stdout]   17:     0x755e21847dfa - <unknown>
[INFO] [stdout]   18:     0x755e218db3d4 - clone
[INFO] [stdout]   19:                0x0 - <unknown>
[INFO] [stdout] 
[INFO] [stdout] ---- advertise::test::set_hostname stdout ----
[INFO] [stdout] 
[INFO] [stdout] thread 'advertise::test::set_hostname' (1436) panicked at src/advertise.rs:287:9:
[INFO] [stdout] Thing not found
[INFO] [stdout] stack backtrace:
[INFO] [stdout]    0:     0x563d38638c51 - <<std[617be2ca0a6fd877]::sys::backtrace::BacktraceLock>::print::DisplayBacktrace as core[a373ad73a504971]::fmt::Display>::fmt
[INFO] [stdout]    1:     0x563d3864f1aa - core[a373ad73a504971]::fmt::write
[INFO] [stdout]    2:     0x563d3863d01c - <alloc[2e1b2a31b91974c5]::vec::Vec<u8> as core[a373ad73a504971]::io::write::Write>::write_fmt
[INFO] [stdout]    3:     0x563d386147b6 - std[617be2ca0a6fd877]::panicking::default_hook::{closure#0}
[INFO] [stdout]    4:     0x563d38630e79 - std[617be2ca0a6fd877]::panicking::default_hook
[INFO] [stdout]    5:     0x563d385522d0 - test[aada8e7e76ba119b]::test_main_inner::{closure#0}
[INFO] [stdout]    6:     0x563d38631032 - std[617be2ca0a6fd877]::panicking::panic_with_hook
[INFO] [stdout]    7:     0x563d38614894 - std[617be2ca0a6fd877]::panicking::panic_handler::{closure#0}
[INFO] [stdout]    8:     0x563d3860d549 - std[617be2ca0a6fd877]::sys::backtrace::__rust_end_short_backtrace::<std[617be2ca0a6fd877]::panicking::panic_handler::{closure#0}, !>
[INFO] [stdout]    9:     0x563d3861546d - __rustc[ea4f61d10b84890b]::rust_begin_unwind
[INFO] [stdout]   10:     0x563d3864f8dc - core[a373ad73a504971]::panicking::panic_fmt
[INFO] [stdout]   11:     0x563d385445bd - <wot_serve[8bcbebdc4c9c49e6]::advertise::test::set_hostname::{closure#0} as core[a373ad73a504971]::ops::function::FnOnce<()>>::call_once
[INFO] [stdout]   12:     0x563d3854571b - test[aada8e7e76ba119b]::__rust_begin_short_backtrace::<core[a373ad73a504971]::result::Result<(), alloc[2e1b2a31b91974c5]::string::String>, fn() -> core[a373ad73a504971]::result::Result<(), alloc[2e1b2a31b91974c5]::string::String>>
[INFO] [stdout]   13:     0x563d385528f5 - test[aada8e7e76ba119b]::run_test::{closure#0}
[INFO] [stdout]   14:     0x563d3854c1e4 - std[617be2ca0a6fd877]::sys::backtrace::__rust_begin_short_backtrace::<test[aada8e7e76ba119b]::run_test::{closure#1}, ()>
[INFO] [stdout]   15:     0x563d38555982 - <std[617be2ca0a6fd877]::thread::lifecycle::spawn_unchecked<test[aada8e7e76ba119b]::run_test::{closure#1}, ()>::{closure#1} as core[a373ad73a504971]::ops::function::FnOnce<()>>::call_once::{shim:vtable#0}
[INFO] [stdout]   16:     0x563d3863830f - <std[617be2ca0a6fd877]::sys::thread::unix::Thread>::new::thread_start
[INFO] [stdout]   17:     0x755e21847dfa - <unknown>
[INFO] [stdout]   18:     0x755e218db3d4 - clone
[INFO] [stdout]   19:                0x0 - <unknown>
[INFO] [stdout] 
[INFO] [stdout] ---- advertise::test::set_path stdout ----
[INFO] [stdout] 
[INFO] [stdout] thread 'advertise::test::set_path' (1437) panicked at src/advertise.rs:287:9:
[INFO] [stdout] Thing not found
[INFO] [stdout] stack backtrace:
[INFO] [stdout]    0:     0x563d38638c51 - <<std[617be2ca0a6fd877]::sys::backtrace::BacktraceLock>::print::DisplayBacktrace as core[a373ad73a504971]::fmt::Display>::fmt
[INFO] [stdout]    1:     0x563d3864f1aa - core[a373ad73a504971]::fmt::write
[INFO] [stdout]    2:     0x563d3863d01c - <alloc[2e1b2a31b91974c5]::vec::Vec<u8> as core[a373ad73a504971]::io::write::Write>::write_fmt
[INFO] [stdout]    3:     0x563d386147b6 - std[617be2ca0a6fd877]::panicking::default_hook::{closure#0}
[INFO] [stdout]    4:     0x563d38630e79 - std[617be2ca0a6fd877]::panicking::default_hook
[INFO] [stdout]    5:     0x563d385522d0 - test[aada8e7e76ba119b]::test_main_inner::{closure#0}
[INFO] [stdout]    6:     0x563d38631032 - std[617be2ca0a6fd877]::panicking::panic_with_hook
[INFO] [stdout]    7:     0x563d38614894 - std[617be2ca0a6fd877]::panicking::panic_handler::{closure#0}
[INFO] [stdout]    8:     0x563d3860d549 - std[617be2ca0a6fd877]::sys::backtrace::__rust_end_short_backtrace::<std[617be2ca0a6fd877]::panicking::panic_handler::{closure#0}, !>
[INFO] [stdout]    9:     0x563d3861546d - __rustc[ea4f61d10b84890b]::rust_begin_unwind
[INFO] [stdout]   10:     0x563d3864f8dc - core[a373ad73a504971]::panicking::panic_fmt
[INFO] [stdout]   11:     0x563d38544cd3 - <wot_serve[8bcbebdc4c9c49e6]::advertise::test::set_path::{closure#0} as core[a373ad73a504971]::ops::function::FnOnce<()>>::call_once
[INFO] [stdout]   12:     0x563d3854571b - test[aada8e7e76ba119b]::__rust_begin_short_backtrace::<core[a373ad73a504971]::result::Result<(), alloc[2e1b2a31b91974c5]::string::String>, fn() -> core[a373ad73a504971]::result::Result<(), alloc[2e1b2a31b91974c5]::string::String>>
[INFO] [stdout]   13:     0x563d385528f5 - test[aada8e7e76ba119b]::run_test::{closure#0}
[INFO] [stdout]   14:     0x563d3854c1e4 - std[617be2ca0a6fd877]::sys::backtrace::__rust_begin_short_backtrace::<test[aada8e7e76ba119b]::run_test::{closure#1}, ()>
[INFO] [stdout]   15:     0x563d38555982 - <std[617be2ca0a6fd877]::thread::lifecycle::spawn_unchecked<test[aada8e7e76ba119b]::run_test::{closure#1}, ()>::{closure#1} as core[a373ad73a504971]::ops::function::FnOnce<()>>::call_once::{shim:vtable#0}
[INFO] [stdout]   16:     0x563d3863830f - <std[617be2ca0a6fd877]::sys::thread::unix::Thread>::new::thread_start
[INFO] [stdout]   17:     0x755e21847dfa - <unknown>
[INFO] [stdout]   18:     0x755e218db3d4 - clone
[INFO] [stdout]   19:                0x0 - <unknown>
[INFO] [stdout] 
[INFO] [stdout] 
[INFO] [stdout] failures:
[INFO] [stdout]     advertise::test::set_hostname
[INFO] [stdout]     advertise::test::set_path
[INFO] [stdout]     advertise::test::set_type
[INFO] [stdout] 
[INFO] [stdout] test result: FAILED. 8 passed; 3 failed; 0 ignored; 0 measured; 0 filtered out; finished in 2.25s
[INFO] [stdout] 
[INFO] [stderr] error: test failed, to rerun pass `--lib`
[INFO] running `Command { std: "docker" "inspect" "84359e1aa17a52a64d04cbfda98758ce5ea0091470a7c15f070786d1b69b59d9", kill_on_drop: false }`
[INFO] running `Command { std: "docker" "rm" "-f" "84359e1aa17a52a64d04cbfda98758ce5ea0091470a7c15f070786d1b69b59d9", kill_on_drop: false }`
[INFO] [stdout] 84359e1aa17a52a64d04cbfda98758ce5ea0091470a7c15f070786d1b69b59d9
