[INFO] fetching crate worxide 0.0.8...
[INFO] testing worxide-0.0.8 against 1.100.0-beta.1+cargoflags=--release for beta-release-1.100-2
[INFO] extracting crate worxide 0.0.8 into /workspace/builds/worker-7-tc2/source
[INFO] removed /workspace/builds/worker-7-tc2/source/.cargo/config.toml
[INFO] removed /workspace/builds/worker-7-tc2/source/rust-toolchain.toml
[INFO] started tweaking crates.io crate worxide 0.0.8
[INFO] finished tweaking crates.io crate worxide 0.0.8
[INFO] tweaked toml for crates.io crate worxide 0.0.8 written to /workspace/builds/worker-7-tc2/source/Cargo.toml
[INFO] validating manifest of crates.io crate worxide 0.0.8 on toolchain 1.100.0-beta.1
[INFO] running `Command { std: CARGO_HOME="/workspace/cargo-home" RUSTUP_HOME="/workspace/rustup-home" "/workspace/cargo-home/bin/cargo" "+1.100.0-beta.1" "metadata" "--manifest-path" "Cargo.toml" "--no-deps", kill_on_drop: false }`
[INFO] crate crates.io crate worxide 0.0.8 already has a lockfile, it will not be regenerated
[INFO] running `Command { std: CARGO_HOME="/workspace/cargo-home" RUSTUP_HOME="/workspace/rustup-home" "/workspace/cargo-home/bin/cargo" "+1.100.0-beta.1" "fetch" "--manifest-path" "Cargo.toml", kill_on_drop: false }`
[INFO] running `Command { std: "docker" "create" "-v" "/var/lib/crater-agent-workspace/builds/worker-7-tc2/source:/opt/rustwide/workdir:ro,Z" "-v" "/var/lib/crater-agent-workspace/builds/worker-7-tc2/target:/opt/rustwide/target:rw,Z" "-v" "/var/lib/crater-agent-workspace/cargo-home:/opt/rustwide/cargo-home:ro,Z" "-v" "/var/lib/crater-agent-workspace/rustup-home:/opt/rustwide/rustup-home:ro,Z" "-m" "1610612736" "--network" "none" "ghcr.io/rust-lang/crates-build-env/linux@sha256:77db811e55d90add9212f6832c23229e3de5f1c1f9905e8cb07319ea15df73ac" "sleep" "infinity", kill_on_drop: false }`
[INFO] [stdout] 05fab78a2c5fa752acab90335e5c2d3858e3ed7e00f57f0b668ec372d7f8454d
[INFO] running `Command { std: "docker" "start" "05fab78a2c5fa752acab90335e5c2d3858e3ed7e00f57f0b668ec372d7f8454d", kill_on_drop: false }`
[INFO] running `Command { std: "docker" "inspect" "05fab78a2c5fa752acab90335e5c2d3858e3ed7e00f57f0b668ec372d7f8454d", kill_on_drop: false }`
[INFO] running `Command { std: "docker" "exec" "-e" "SOURCE_DIR=/opt/rustwide/workdir" "-e" "CARGO_HOME=/opt/rustwide/cargo-home" "-e" "RUSTUP_HOME=/opt/rustwide/rustup-home" "-e" "CARGO_TARGET_DIR=/opt/rustwide/target" "-w" "/opt/rustwide/workdir" "--user" "0:0" "05fab78a2c5fa752acab90335e5c2d3858e3ed7e00f57f0b668ec372d7f8454d" "/opt/rustwide/cargo-home/bin/cargo" "+1.100.0-beta.1" "metadata" "--no-deps" "--format-version=1", kill_on_drop: false }`
[INFO] running `Command { std: "docker" "inspect" "05fab78a2c5fa752acab90335e5c2d3858e3ed7e00f57f0b668ec372d7f8454d", kill_on_drop: false }`
[INFO] running `Command { std: "docker" "exec" "-e" "SOURCE_DIR=/opt/rustwide/workdir" "-e" "CARGO_HOME=/opt/rustwide/cargo-home" "-e" "RUSTUP_HOME=/opt/rustwide/rustup-home" "-e" "CARGO_TARGET_DIR=/opt/rustwide/target" "-e" "CARGO_INCREMENTAL=0" "-e" "RUST_BACKTRACE=full" "-e" "RUSTFLAGS=--cap-lints=warn" "-e" "RUSTDOCFLAGS=--cap-lints=warn" "-w" "/opt/rustwide/workdir" "--user" "0:0" "05fab78a2c5fa752acab90335e5c2d3858e3ed7e00f57f0b668ec372d7f8454d" "/opt/rustwide/cargo-home/bin/cargo" "+1.100.0-beta.1" "build" "--frozen" "--message-format=json" "--release", kill_on_drop: false }`
[INFO] [stderr]    Compiling wasm-bindgen-shared v0.2.127
[INFO] [stderr]    Compiling proc-macro2 v1.0.107
[INFO] [stderr]    Compiling unicode-ident v1.0.24
[INFO] [stderr]    Compiling quote v1.0.47
[INFO] [stderr]    Compiling rustversion v1.0.23
[INFO] [stderr]    Compiling bumpalo v3.20.3
[INFO] [stderr]    Compiling slab v0.4.12
[INFO] [stderr]    Compiling cfg-if v1.0.4
[INFO] [stderr]    Compiling once_cell v1.21.4
[INFO] [stderr]    Compiling futures-task v0.3.34
[INFO] [stderr]    Compiling pin-project-lite v0.2.17
[INFO] [stderr]    Compiling futures-core v0.3.34
[INFO] [stderr]    Compiling anyhow v1.0.104
[INFO] [stderr]    Compiling futures-util v0.3.34
[INFO] [stderr]    Compiling wasm-bindgen v0.2.127
[INFO] [stderr]    Compiling syn v2.0.119
[INFO] [stderr]    Compiling wasm-bindgen-macro-support v0.2.127
[INFO] [stderr]    Compiling wasm-bindgen-macro v0.2.127
[INFO] [stderr]    Compiling js-sys v0.3.104
[INFO] [stderr]    Compiling wasm-bindgen-futures v0.4.77
[INFO] [stderr]    Compiling web-sys v0.3.104
[INFO] [stderr]    Compiling worxide v0.0.8 (/opt/rustwide/workdir)
[INFO] [stderr]     Finished `release` profile [optimized] target(s) in 24.10s
[INFO] running `Command { std: "docker" "inspect" "05fab78a2c5fa752acab90335e5c2d3858e3ed7e00f57f0b668ec372d7f8454d", kill_on_drop: false }`
[INFO] running `Command { std: "docker" "exec" "-e" "SOURCE_DIR=/opt/rustwide/workdir" "-e" "CARGO_HOME=/opt/rustwide/cargo-home" "-e" "RUSTUP_HOME=/opt/rustwide/rustup-home" "-e" "CARGO_TARGET_DIR=/opt/rustwide/target" "-e" "CARGO_INCREMENTAL=0" "-e" "RUST_BACKTRACE=full" "-e" "RUSTFLAGS=--cap-lints=warn" "-e" "RUSTDOCFLAGS=--cap-lints=warn" "-w" "/opt/rustwide/workdir" "--user" "0:0" "05fab78a2c5fa752acab90335e5c2d3858e3ed7e00f57f0b668ec372d7f8454d" "/opt/rustwide/cargo-home/bin/cargo" "+1.100.0-beta.1" "test" "--frozen" "--no-run" "--message-format=json" "--release", kill_on_drop: false }`
[INFO] [stderr]    Compiling worxide v0.0.8 (/opt/rustwide/workdir)
[INFO] [stderr]     Finished `release` profile [optimized] target(s) in 9.78s
[INFO] running `Command { std: "docker" "inspect" "05fab78a2c5fa752acab90335e5c2d3858e3ed7e00f57f0b668ec372d7f8454d", kill_on_drop: false }`
[INFO] running `Command { std: "docker" "exec" "-e" "SOURCE_DIR=/opt/rustwide/workdir" "-e" "CARGO_HOME=/opt/rustwide/cargo-home" "-e" "RUSTUP_HOME=/opt/rustwide/rustup-home" "-e" "CARGO_TARGET_DIR=/opt/rustwide/target" "-e" "CARGO_INCREMENTAL=0" "-e" "RUST_BACKTRACE=full" "-e" "RUSTFLAGS=--cap-lints=warn" "-e" "RUSTDOCFLAGS=--cap-lints=warn" "-w" "/opt/rustwide/workdir" "--user" "0:0" "05fab78a2c5fa752acab90335e5c2d3858e3ed7e00f57f0b668ec372d7f8454d" "/opt/rustwide/cargo-home/bin/cargo" "+1.100.0-beta.1" "test" "--frozen" "--release", kill_on_drop: false }`
[INFO] [stderr]     Finished `release` profile [optimized] target(s) in 0.11s
[INFO] [stderr]      Running unittests src/lib.rs (/opt/rustwide/target/release/build/worxide/6587936d10863f52/out/worxide-6587936d10863f52)
[INFO] [stderr]    Doc-tests worxide
[INFO] [stdout] 
[INFO] [stdout] running 0 tests
[INFO] [stdout] 
[INFO] [stdout] test result: ok. 0 passed; 0 failed; 0 ignored; 0 measured; 0 filtered out; finished in 0.00s
[INFO] [stdout] 
[INFO] [stdout] 
[INFO] [stdout] running 7 tests
[INFO] [stdout] test src/lib.rs - is_worker (line 15) ... ignored
[INFO] [stdout] test src/lib.rs - spawn (line 64) ... ignored
[INFO] [stdout] test src/lib.rs - spawn_blocking (line 40) ... ignored
[INFO] [stdout] test src/lib.rs - (line 103) ... FAILED
[INFO] [stdout] test src/lib.rs - (line 185) ... FAILED
[INFO] [stdout] test src/lib.rs - (line 144) ... FAILED
[INFO] [stdout] test src/lib.rs - (line 211) ... ok
[INFO] [stdout] 
[INFO] [stdout] failures:
[INFO] [stdout] 
[INFO] [stdout] ---- src/lib.rs - (line 103) stdout ----
[INFO] [stdout] error: expected one of `!` or `::`, found `-`
[INFO] [stdout]    --> src/lib.rs:104:6
[INFO] [stdout]     |
[INFO] [stdout] 104 | Cross-Origin-Opener-Policy: same-origin
[INFO] [stdout]     |      ^ expected one of `!` or `::`
[INFO] [stdout] 
[INFO] [stdout] error: aborting due to 1 previous error
[INFO] [stdout] 
[INFO] [stdout] Couldn't compile the test.
[INFO] [stdout] ---- src/lib.rs - (line 185) stdout ----
[INFO] [stdout] error: unexpected token: `...`
[INFO] [stdout]    --> src/lib.rs:189:5
[INFO] [stdout]     |
[INFO] [stdout] 189 |     ...
[INFO] [stdout]     |     ^^^
[INFO] [stdout]     |
[INFO] [stdout] help: use `..` for an exclusive range
[INFO] [stdout]     |
[INFO] [stdout] 189 -     ...
[INFO] [stdout] 189 +     ..
[INFO] [stdout]     |
[INFO] [stdout] help: or `..=` for an inclusive range
[INFO] [stdout]     |
[INFO] [stdout] 189 -     ...
[INFO] [stdout] 189 +     ..=
[INFO] [stdout]     |
[INFO] [stdout] 
[INFO] [stdout] error[E0586]: inclusive range with no end
[INFO] [stdout]    --> src/lib.rs:189:5
[INFO] [stdout]     |
[INFO] [stdout] 189 |     ...
[INFO] [stdout]     |     ^^^
[INFO] [stdout]     |
[INFO] [stdout]     = note: inclusive ranges must be bounded at the end (`..=b` or `a..=b`)
[INFO] [stdout] help: use `..` instead
[INFO] [stdout]     |
[INFO] [stdout] 189 -     ...
[INFO] [stdout] 189 +     ..
[INFO] [stdout]     |
[INFO] [stdout] 
[INFO] [stdout] error: unexpected token: `...`
[INFO] [stdout]    --> src/lib.rs:192:5
[INFO] [stdout]     |
[INFO] [stdout] 192 |     ...
[INFO] [stdout]     |     ^^^
[INFO] [stdout]     |
[INFO] [stdout] help: use `..` for an exclusive range
[INFO] [stdout]     |
[INFO] [stdout] 192 -     ...
[INFO] [stdout] 192 +     ..
[INFO] [stdout]     |
[INFO] [stdout] help: or `..=` for an inclusive range
[INFO] [stdout]     |
[INFO] [stdout] 192 -     ...
[INFO] [stdout] 192 +     ..=
[INFO] [stdout]     |
[INFO] [stdout] 
[INFO] [stdout] error[E0586]: inclusive range with no end
[INFO] [stdout]    --> src/lib.rs:192:5
[INFO] [stdout]     |
[INFO] [stdout] 192 |     ...
[INFO] [stdout]     |     ^^^
[INFO] [stdout]     |
[INFO] [stdout]     = note: inclusive ranges must be bounded at the end (`..=b` or `a..=b`)
[INFO] [stdout] help: use `..` instead
[INFO] [stdout]     |
[INFO] [stdout] 192 -     ...
[INFO] [stdout] 192 +     ..
[INFO] [stdout]     |
[INFO] [stdout] 
[INFO] [stdout] error: aborting due to 4 previous errors
[INFO] [stdout] 
[INFO] [stdout] For more information about this error, try `rustc --explain E0586`.
[INFO] [stdout] Couldn't compile the test.
[INFO] [stdout] ---- src/lib.rs - (line 144) stdout ----
[INFO] [stdout] error: unexpected token: `...`
[INFO] [stdout]    --> src/lib.rs:153:3
[INFO] [stdout]     |
[INFO] [stdout] 153 |   ...
[INFO] [stdout]     |   ^^^
[INFO] [stdout]     |
[INFO] [stdout] help: use `..` for an exclusive range
[INFO] [stdout]     |
[INFO] [stdout] 153 -   ...
[INFO] [stdout] 153 +   ..
[INFO] [stdout]     |
[INFO] [stdout] help: or `..=` for an inclusive range
[INFO] [stdout]     |
[INFO] [stdout] 153 -   ...
[INFO] [stdout] 153 +   ..=
[INFO] [stdout]     |
[INFO] [stdout] 
[INFO] [stdout] error[E0586]: inclusive range with no end
[INFO] [stdout]    --> src/lib.rs:153:3
[INFO] [stdout]     |
[INFO] [stdout] 153 |   ...
[INFO] [stdout]     |   ^^^
[INFO] [stdout]     |
[INFO] [stdout]     = note: inclusive ranges must be bounded at the end (`..=b` or `a..=b`)
[INFO] [stdout] help: use `..` instead
[INFO] [stdout]     |
[INFO] [stdout] 153 -   ...
[INFO] [stdout] 153 +   ..
[INFO] [stdout]     |
[INFO] [stdout] 
[INFO] [stdout] error: expected `=>`
[INFO] [stdout]    --> src/lib.rs:170:9
[INFO] [stdout]     |
[INFO] [stdout] 170 |         }
[INFO] [stdout]     |         ^
[INFO] [stdout] 
[INFO] [stdout] error[E0425]: cannot find type `MyData` in this scope
[INFO] [stdout]    --> src/lib.rs:152:37
[INFO] [stdout]     |
[INFO] [stdout] 152 | async fn request_data(url: &str) -> MyData {
[INFO] [stdout]     |                                     ^^^^^^ not found in this scope
[INFO] [stdout] 
[INFO] [stdout] error: `match` arm with no body
[INFO] [stdout]    --> src/lib.rs:169:11
[INFO] [stdout]     |
[INFO] [stdout] 169 |           ..
[INFO] [stdout]     |           ^^
[INFO] [stdout]     |
[INFO] [stdout] help: add a body after the pattern
[INFO] [stdout]     |
[INFO] [stdout] 169 |           .. => { todo!() }
[INFO] [stdout]     |              ++++++++++++++
[INFO] [stdout] 
[INFO] [stdout] error: aborting due to 5 previous errors
[INFO] [stdout] 
[INFO] [stdout] Some errors have detailed explanations: E0425, E0586.
[INFO] [stdout] For more information about an error, try `rustc --explain E0425`.
[INFO] [stdout] Couldn't compile the test.
[INFO] [stdout] 
[INFO] [stdout] failures:
[INFO] [stdout]     src/lib.rs - (line 103)
[INFO] [stdout]     src/lib.rs - (line 144)
[INFO] [stdout]     src/lib.rs - (line 185)
[INFO] [stdout] 
[INFO] [stdout] test result: FAILED. 1 passed; 3 failed; 3 ignored; 0 measured; 0 filtered out; finished in 2.52s
[INFO] [stdout] 
[INFO] [stderr] error: doctest failed, to rerun pass `--doc`
[INFO] [stdout] all doctests ran in 2.61s; merged doctests compilation took 0.08s
[INFO] running `Command { std: "docker" "inspect" "05fab78a2c5fa752acab90335e5c2d3858e3ed7e00f57f0b668ec372d7f8454d", kill_on_drop: false }`
[INFO] running `Command { std: "docker" "rm" "-f" "05fab78a2c5fa752acab90335e5c2d3858e3ed7e00f57f0b668ec372d7f8454d", kill_on_drop: false }`
[INFO] [stdout] 05fab78a2c5fa752acab90335e5c2d3858e3ed7e00f57f0b668ec372d7f8454d
