[INFO] fetching crate wormhole-fs 0.1.0...
[INFO] testing wormhole-fs-0.1.0 against 1.99.0-beta.8+cargoflags=--release for beta-release-1.100-2
[INFO] extracting crate wormhole-fs 0.1.0 into /workspace/builds/worker-3-tc1/source
[INFO] started tweaking crates.io crate wormhole-fs 0.1.0
[INFO] removed 0 missing tests
[INFO] finished tweaking crates.io crate wormhole-fs 0.1.0
[INFO] tweaked toml for crates.io crate wormhole-fs 0.1.0 written to /workspace/builds/worker-3-tc1/source/Cargo.toml
[INFO] validating manifest of crates.io crate wormhole-fs 0.1.0 on toolchain 1.99.0-beta.8
[INFO] running `Command { std: CARGO_HOME="/workspace/cargo-home" RUSTUP_HOME="/workspace/rustup-home" "/workspace/cargo-home/bin/cargo" "+1.99.0-beta.8" "metadata" "--manifest-path" "Cargo.toml" "--no-deps", kill_on_drop: false }`
[INFO] crate crates.io crate wormhole-fs 0.1.0 already has a lockfile, it will not be regenerated
[INFO] running `Command { std: CARGO_HOME="/workspace/cargo-home" RUSTUP_HOME="/workspace/rustup-home" "/workspace/cargo-home/bin/cargo" "+1.99.0-beta.8" "fetch" "--manifest-path" "Cargo.toml", kill_on_drop: false }`
[INFO] [stderr]     Updating crates.io index
[INFO] [stderr]  Downloading crates ...
[INFO] [stderr]   Downloaded utfx v0.1.0
[INFO] [stderr]   Downloaded registry v1.3.0
[INFO] [stderr]   Downloaded bitflags v2.9.4
[INFO] [stderr]   Downloaded signal-hook-registry v1.4.6
[INFO] [stderr]   Downloaded winapi-util v0.1.10
[INFO] [stderr]   Downloaded home v0.5.11
[INFO] [stderr]   Downloaded bindgen v0.68.1
[INFO] [stderr]   Downloaded tokio-tungstenite v0.23.1
[INFO] [stderr]   Downloaded libloading v0.8.8
[INFO] [stderr]   Downloaded windows-permissions v0.2.4
[INFO] [stderr]   Downloaded lazycell v1.3.0
[INFO] [stderr]   Downloaded winfsp v0.11.3+winfsp-2.0
[INFO] [stderr]   Downloaded tungstenite v0.23.0
[INFO] [stderr]   Downloaded windows-interface v0.57.0
[INFO] [stderr]   Downloaded windows-implement v0.57.0
[INFO] [stderr]   Downloaded bytemuck v1.23.2
[INFO] [stderr]   Downloaded parking_lot v0.12.4
[INFO] [stderr]   Downloaded widestring v1.2.0
[INFO] [stderr]   Downloaded sdd v3.0.10
[INFO] [stderr]   Downloaded redox_syscall v0.5.17
[INFO] [stderr]   Downloaded serial_test v3.2.0
[INFO] [stderr]   Downloaded io-uring v0.7.10
[INFO] [stderr]   Downloaded windows-core v0.57.0
[INFO] [stderr]   Downloaded serial_test_derive v3.2.0
[INFO] [stderr]   Downloaded indexmap v2.11.0
[INFO] [stderr]   Downloaded time-macros v0.2.23
[INFO] [stderr]   Downloaded parking_lot_core v0.9.11
[INFO] [stderr]   Downloaded deranged v0.5.3
[INFO] [stderr]   Downloaded serde_with_macros v3.14.0
[INFO] [stderr]   Downloaded schemars v1.0.4
[INFO] [stderr]   Downloaded regex v1.11.2
[INFO] [stderr]   Downloaded winnow v0.7.13
[INFO] [stderr]   Downloaded time v0.3.42
[INFO] [stderr]   Downloaded sysinfo v0.34.2
[INFO] [stderr]   Downloaded scc v2.4.0
[INFO] [stderr]   Downloaded serde_with v3.14.0
[INFO] [stderr]   Downloaded predicates v3.1.3
[INFO] [stderr]   Downloaded openat v0.1.21
[INFO] [stderr]   Downloaded winfsp-sys v0.2.2+winfsp-2.0
[INFO] [stderr]   Downloaded regex-syntax v0.8.6
[INFO] [stderr]   Downloaded float-cmp v0.10.0
[INFO] [stderr]   Downloaded filetime v0.2.26
[INFO] [stderr]   Downloaded serde_json v1.0.143
[INFO] [stderr]   Downloaded cc v1.2.35
[INFO] [stderr]   Downloaded nt-time v0.10.6
[INFO] [stderr]   Downloaded regex-automata v0.4.10
[INFO] [stderr]   Downloaded tokio v1.47.1
[INFO] [stderr]   Downloaded anstyle-wincon v3.0.10
[INFO] [stderr]   Downloaded anstream v0.6.20
[INFO] [stderr]   Downloaded dir-diff v0.3.3
[INFO] [stderr]   Downloaded time-core v0.1.5
[INFO] [stderr]   Downloaded find-msvc-tools v0.1.0
[INFO] [stderr]   Downloaded kqueue v1.1.1
[INFO] [stderr]   Downloaded custom_error v1.9.2
[INFO] [stderr]   Downloaded anstyle-query v1.1.4
[INFO] [stderr]   Downloaded wit-bindgen v0.45.0
[INFO] [stderr]   Downloaded doc-comment v0.3.3
[INFO] [stderr]   Downloaded libredox v0.1.9
[INFO] [stderr]   Downloaded ignore v0.4.23
[INFO] [stderr]   Downloaded tempfile v3.21.0
[INFO] [stderr]   Downloaded assert_fs v1.1.3
[INFO] [stderr]   Downloaded clap v4.5.46
[INFO] [stderr]   Downloaded globset v0.4.16
[INFO] [stderr]   Downloaded clap_derive v4.5.45
[INFO] [stderr]   Downloaded fuser v0.15.1
[INFO] [stderr]   Downloaded wasi v0.14.3+wasi-0.2.4
[INFO] [stderr]   Downloaded clap_builder v4.5.46
[INFO] [stderr]   Downloaded bstr v1.12.0
[INFO] [stderr]   Downloaded windows v0.57.0
[INFO] [stderr]   Downloaded windows v0.52.0
[INFO] running `Command { std: "docker" "create" "-v" "/var/lib/crater-agent-workspace/builds/worker-3-tc1/source:/opt/rustwide/workdir:ro,Z" "-v" "/var/lib/crater-agent-workspace/builds/worker-3-tc1/target:/opt/rustwide/target:rw,Z" "-v" "/var/lib/crater-agent-workspace/cargo-home:/opt/rustwide/cargo-home:ro,Z" "-v" "/var/lib/crater-agent-workspace/rustup-home:/opt/rustwide/rustup-home:ro,Z" "-m" "1610612736" "--network" "none" "ghcr.io/rust-lang/crates-build-env/linux@sha256:77db811e55d90add9212f6832c23229e3de5f1c1f9905e8cb07319ea15df73ac" "sleep" "infinity", kill_on_drop: false }`
[INFO] [stdout] 0459a4fa87e74e7aef67e8246128a08550315a5f1c5f7bf2d71d489775d1496d
[INFO] running `Command { std: "docker" "start" "0459a4fa87e74e7aef67e8246128a08550315a5f1c5f7bf2d71d489775d1496d", kill_on_drop: false }`
[INFO] running `Command { std: "docker" "inspect" "0459a4fa87e74e7aef67e8246128a08550315a5f1c5f7bf2d71d489775d1496d", kill_on_drop: false }`
[INFO] running `Command { std: "docker" "exec" "-e" "SOURCE_DIR=/opt/rustwide/workdir" "-e" "CARGO_HOME=/opt/rustwide/cargo-home" "-e" "RUSTUP_HOME=/opt/rustwide/rustup-home" "-e" "CARGO_TARGET_DIR=/opt/rustwide/target" "-w" "/opt/rustwide/workdir" "--user" "0:0" "0459a4fa87e74e7aef67e8246128a08550315a5f1c5f7bf2d71d489775d1496d" "/opt/rustwide/cargo-home/bin/cargo" "+1.99.0-beta.8" "metadata" "--no-deps" "--format-version=1", kill_on_drop: false }`
[INFO] running `Command { std: "docker" "inspect" "0459a4fa87e74e7aef67e8246128a08550315a5f1c5f7bf2d71d489775d1496d", kill_on_drop: false }`
[INFO] running `Command { std: "docker" "exec" "-e" "SOURCE_DIR=/opt/rustwide/workdir" "-e" "CARGO_HOME=/opt/rustwide/cargo-home" "-e" "RUSTUP_HOME=/opt/rustwide/rustup-home" "-e" "CARGO_TARGET_DIR=/opt/rustwide/target" "-e" "CARGO_INCREMENTAL=0" "-e" "RUST_BACKTRACE=full" "-e" "RUSTFLAGS=--cap-lints=warn" "-e" "RUSTDOCFLAGS=--cap-lints=warn" "-w" "/opt/rustwide/workdir" "--user" "0:0" "0459a4fa87e74e7aef67e8246128a08550315a5f1c5f7bf2d71d489775d1496d" "/opt/rustwide/cargo-home/bin/cargo" "+1.99.0-beta.8" "build" "--frozen" "--message-format=json" "--release", kill_on_drop: false }`
[INFO] [stderr]    Compiling proc-macro2 v1.0.101
[INFO] [stderr]    Compiling libc v0.2.175
[INFO] [stderr]    Compiling cfg-if v1.0.3
[INFO] [stderr]    Compiling memchr v2.7.5
[INFO] [stderr]    Compiling serde v1.0.219
[INFO] [stderr]    Compiling zerocopy v0.8.26
[INFO] [stderr]    Compiling log v0.4.27
[INFO] [stderr]    Compiling bytes v1.10.1
[INFO] [stderr]    Compiling regex-syntax v0.8.6
[INFO] [stderr]    Compiling futures-sink v0.3.31
[INFO] [stderr]    Compiling utf8parse v0.2.2
[INFO] [stderr]    Compiling fnv v1.0.7
[INFO] [stderr]    Compiling num-traits v0.2.19
[INFO] [stderr]    Compiling is_terminal_polyfill v1.70.1
[INFO] [stderr]    Compiling block-buffer v0.10.4
[INFO] [stderr]    Compiling crypto-common v0.1.6
[INFO] [stderr]    Compiling futures-channel v0.3.31
[INFO] [stderr]    Compiling anstyle-query v1.1.4
[INFO] [stderr]    Compiling futures-io v0.3.31
[INFO] [stderr]    Compiling anstyle-parse v0.2.7
[INFO] [stderr]    Compiling colorchoice v1.0.4
[INFO] [stderr]    Compiling crossbeam-utils v0.8.21
[INFO] [stderr]    Compiling digest v0.10.7
[INFO] [stderr]    Compiling thiserror v1.0.69
[INFO] [stderr]    Compiling nix v0.29.0
[INFO] [stderr]    Compiling lock_api v0.4.13
[INFO] [stderr]    Compiling hashbrown v0.15.5
[INFO] [stderr]    Compiling parking_lot_core v0.9.11
[INFO] [stderr]    Compiling fuser v0.15.1
[INFO] [stderr]    Compiling strsim v0.11.1
[INFO] [stderr]    Compiling bitflags v2.9.4
[INFO] [stderr]    Compiling winnow v0.7.13
[INFO] [stderr]    Compiling sha1 v0.10.6
[INFO] [stderr]    Compiling data-encoding v2.9.0
[INFO] [stderr]    Compiling anstream v0.6.20
[INFO] [stderr]    Compiling wormhole-fs v0.1.0 (/opt/rustwide/workdir)
[INFO] [stderr]    Compiling predicates-core v1.0.9
[INFO] [stderr]    Compiling normalize-line-endings v0.3.0
[INFO] [stderr]    Compiling clap_builder v4.5.46
[INFO] [stderr]    Compiling jiff v0.2.15
[INFO] [stderr]    Compiling difflib v0.4.0
[INFO] [stderr]    Compiling pkg-config v0.3.32
[INFO] [stderr]    Compiling custom_error v1.9.2
[INFO] [stderr]    Compiling quote v1.0.40
[INFO] [stderr]    Compiling syn v2.0.106
[INFO] [stderr]    Compiling aho-corasick v1.1.3
[INFO] [stderr]    Compiling indexmap v2.11.0
[INFO] [stderr]    Compiling http v1.3.1
[INFO] [stderr]    Compiling crossbeam-channel v0.5.15
[INFO] [stderr]    Compiling float-cmp v0.10.0
[INFO] [stderr]    Compiling getrandom v0.2.16
[INFO] [stderr]    Compiling signal-hook-registry v1.4.6
[INFO] [stderr]    Compiling mio v1.0.4
[INFO] [stderr]    Compiling socket2 v0.6.0
[INFO] [stderr]    Compiling inotify-sys v0.1.5
[INFO] [stderr]    Compiling inotify v0.9.6
[INFO] [stderr]    Compiling mio v0.8.11
[INFO] [stderr]    Compiling rand_core v0.6.4
[INFO] [stderr]    Compiling filetime v0.2.26
[INFO] [stderr]    Compiling page_size v0.6.0
[INFO] [stderr]    Compiling parking_lot v0.12.4
[INFO] [stderr]    Compiling signal-hook v0.3.18
[INFO] [stderr]    Compiling openat v0.1.21
[INFO] [stderr]    Compiling sysinfo v0.34.2
[INFO] [stderr]    Compiling notify v6.1.1
[INFO] [stderr]    Compiling regex-automata v0.4.10
[INFO] [stderr]    Compiling darling_core v0.20.11
[INFO] [stderr]    Compiling zerocopy-derive v0.8.26
[INFO] [stderr]    Compiling serde_derive v1.0.219
[INFO] [stderr]    Compiling futures-macro v0.3.31
[INFO] [stderr]    Compiling tokio-macros v2.5.0
[INFO] [stderr]    Compiling regex v1.11.2
[INFO] [stderr]    Compiling thiserror-impl v1.0.69
[INFO] [stderr]    Compiling clap_derive v4.5.45
[INFO] [stderr]    Compiling darling_macro v0.20.11
[INFO] [stderr]    Compiling darling v0.20.11
[INFO] [stderr]    Compiling serde_with_macros v3.14.0
[INFO] [stderr]    Compiling tokio v1.47.1
[INFO] [stderr]    Compiling futures-util v0.3.31
[INFO] [stderr]    Compiling env_filter v0.1.3
[INFO] [stderr]    Compiling env_logger v0.11.8
[INFO] [stderr]    Compiling predicates v3.1.3
[INFO] [stderr]    Compiling clap v4.5.46
[INFO] [stderr]    Compiling ppv-lite86 v0.2.21
[INFO] [stderr]    Compiling rand_chacha v0.3.1
[INFO] [stderr]    Compiling futures-executor v0.3.31
[INFO] [stderr]    Compiling futures v0.3.31
[INFO] [stderr]    Compiling rand v0.8.5
[INFO] [stderr]    Compiling tungstenite v0.23.0
[INFO] [stderr]    Compiling tokio-tungstenite v0.23.1
[INFO] [stderr]    Compiling tokio-stream v0.1.17
[INFO] [stderr]    Compiling toml_datetime v0.6.11
[INFO] [stderr]    Compiling serde_spanned v0.6.9
[INFO] [stderr]    Compiling bincode v1.3.3
[INFO] [stderr]    Compiling serde_with v3.14.0
[INFO] [stderr]    Compiling toml_edit v0.22.27
[INFO] [stderr]    Compiling toml v0.8.23
[INFO] [stdout] warning: unused import: `default_local_config`
[INFO] [stdout]   --> src/commands/cli/new.rs:13:9
[INFO] [stdout]    |
[INFO] [stdout] 13 |         default_local_config,
[INFO] [stdout]    |         ^^^^^^^^^^^^^^^^^^^^
[INFO] [stdout]    |
[INFO] [stdout]    = note: `#[warn(unused_imports)]` (part of `#[warn(unused)]`) on by default
[INFO] [stdout] 
[INFO] [stdout] 
[INFO] [stdout] warning: unused import: `GetHostsArgs`
[INFO] [stdout]  --> src/commands/cli/status.rs:8:35
[INFO] [stdout]   |
[INFO] [stdout] 8 |     commands::cli_commands::{Cli, GetHostsArgs},
[INFO] [stdout]   |                                   ^^^^^^^^^^^^
[INFO] [stdout] 
[INFO] [stdout] 
[INFO] [stdout] warning: unused imports: `error` and `future::Future`
[INFO] [stdout]   --> src/pods/network/redundancy.rs:11:11
[INFO] [stdout]    |
[INFO] [stdout] 11 | use std::{error, future::Future, sync::Arc};
[INFO] [stdout]    |           ^^^^^  ^^^^^^^^^^^^^^
[INFO] [stdout] 
[INFO] [stdout] 
[INFO] [stdout] warning: unused import: `futures`
[INFO] [stdout]   --> src/pods/network/redundancy.rs:14:9
[INFO] [stdout]    |
[INFO] [stdout] 14 |         futures,
[INFO] [stdout]    |         ^^^^^^^
[INFO] [stdout] 
[INFO] [stdout] 
[INFO] [stdout] warning: variable does not need to be mutable
[INFO] [stdout]   --> src/commands/cli/message.rs:14:9
[INFO] [stdout]    |
[INFO] [stdout] 14 |     let mut has_error = false;
[INFO] [stdout]    |         ----^^^^^^^^^
[INFO] [stdout]    |         |
[INFO] [stdout]    |         help: remove this `mut`
[INFO] [stdout]    |
[INFO] [stdout]    = note: `#[warn(unused_mut)]` (part of `#[warn(unused)]`) on by default
[INFO] [stdout] 
[INFO] [stdout] 
[INFO] [stdout] warning: variable does not need to be mutable
[INFO] [stdout]   --> src/commands/cli/message.rs:15:9
[INFO] [stdout]    |
[INFO] [stdout] 15 |     let mut output = String::new();
[INFO] [stdout]    |         ----^^^^^^
[INFO] [stdout]    |         |
[INFO] [stdout]    |         help: remove this `mut`
[INFO] [stdout] 
[INFO] [stdout] 
[INFO] [stdout] warning: use of deprecated method `pods::arbo::Arbo::add_children`
[INFO] [stdout]    --> src/pods/arbo.rs:450:14
[INFO] [stdout]     |
[INFO] [stdout] 450 |         self.add_children(new_parent, item_id)
[INFO] [stdout]     |              ^^^^^^^^^^^^
[INFO] [stdout]     |
[INFO] [stdout]     = note: `#[warn(deprecated)]` on by default
[INFO] [stdout] 
[INFO] [stdout] 
[INFO] [stdout] warning: unused variable: `e`
[INFO] [stdout]   --> src/network/server.rs:22:61
[INFO] [stdout]    |
[INFO] [stdout] 22 |         let socket_addr: SocketAddr = addr.parse().map_err(|e| CliError::Server {
[INFO] [stdout]    |                                                             ^ help: if this is intentional, prefix it with an underscore: `_e`
[INFO] [stdout]    |
[INFO] [stdout]    = note: `#[warn(unused_variables)]` (part of `#[warn(unused)]`) on by default
[INFO] [stdout] 
[INFO] [stdout] 
[INFO] [stdout] warning: function `is_new_wh_file_config` is never used
[INFO] [stdout]   --> src/commands/cli/new.rs:44:4
[INFO] [stdout]    |
[INFO] [stdout] 44 | fn is_new_wh_file_config(path: &WhPath) -> CliResult<()> {
[INFO] [stdout]    |    ^^^^^^^^^^^^^^^^^^^^^
[INFO] [stdout]    |
[INFO] [stdout]    = note: `#[warn(dead_code)]` (part of `#[warn(unused)]`) on by default
[INFO] [stdout] 
[INFO] [stdout] 
[INFO] [stdout] warning: field `mount_point` is never read
[INFO] [stdout]   --> src/pods/disk_managers/unix_disk_manager.rs:28:5
[INFO] [stdout]    |
[INFO] [stdout] 26 | pub struct UnixDiskManager {
[INFO] [stdout]    |            --------------- field in this struct
[INFO] [stdout] 27 |     handle: Dir,
[INFO] [stdout] 28 |     mount_point: WhPath, // mountpoint on linux and mirror mountpoint on windows
[INFO] [stdout]    |     ^^^^^^^^^^^
[INFO] [stdout]    |
[INFO] [stdout]    = note: `UnixDiskManager` has a derived impl for the trait `Debug`, but this is intentionally ignored during dead code analysis
[INFO] [stdout] 
[INFO] [stdout] 
[INFO] [stdout] warning: function `get_config_path` is never used
[INFO] [stdout]   --> src/bin/cli.rs:12:4
[INFO] [stdout]    |
[INFO] [stdout] 12 | fn get_config_path() -> PathBuf {
[INFO] [stdout]    |    ^^^^^^^^^^^^^^^
[INFO] [stdout]    |
[INFO] [stdout]    = note: `#[warn(dead_code)]` (part of `#[warn(unused)]`) on by default
[INFO] [stdout] 
[INFO] [stdout] 
[INFO] [stderr]     Finished `release` profile [optimized] target(s) in 1m 37s
[INFO] running `Command { std: "docker" "inspect" "0459a4fa87e74e7aef67e8246128a08550315a5f1c5f7bf2d71d489775d1496d", kill_on_drop: false }`
[INFO] running `Command { std: "docker" "exec" "-e" "SOURCE_DIR=/opt/rustwide/workdir" "-e" "CARGO_HOME=/opt/rustwide/cargo-home" "-e" "RUSTUP_HOME=/opt/rustwide/rustup-home" "-e" "CARGO_TARGET_DIR=/opt/rustwide/target" "-e" "CARGO_INCREMENTAL=0" "-e" "RUST_BACKTRACE=full" "-e" "RUSTFLAGS=--cap-lints=warn" "-e" "RUSTDOCFLAGS=--cap-lints=warn" "-w" "/opt/rustwide/workdir" "--user" "0:0" "0459a4fa87e74e7aef67e8246128a08550315a5f1c5f7bf2d71d489775d1496d" "/opt/rustwide/cargo-home/bin/cargo" "+1.99.0-beta.8" "test" "--frozen" "--no-run" "--message-format=json" "--release", kill_on_drop: false }`
[INFO] [stderr]    Compiling aho-corasick v1.1.3
[INFO] [stderr]    Compiling bitflags v2.9.4
[INFO] [stderr]    Compiling tokio v1.47.1
[INFO] [stderr]    Compiling crossbeam-epoch v0.9.18
[INFO] [stderr]    Compiling bstr v1.12.0
[INFO] [stderr]    Compiling getrandom v0.3.3
[INFO] [stderr]    Compiling rustix v1.0.8
[INFO] [stderr]    Compiling doc-comment v0.3.3
[INFO] [stderr]    Compiling once_cell v1.21.3
[INFO] [stderr]    Compiling linux-raw-sys v0.9.4
[INFO] [stderr]    Compiling sdd v3.0.10
[INFO] [stderr]    Compiling fastrand v2.3.0
[INFO] [stderr]    Compiling termtree v0.5.1
[INFO] [stderr]    Compiling serial_test_derive v3.2.0
[INFO] [stderr]    Compiling dir-diff v0.3.3
[INFO] [stderr]    Compiling lazy_static v1.5.0
[INFO] [stderr]    Compiling nix v0.29.0
[INFO] [stderr]    Compiling predicates-tree v1.0.12
[INFO] [stderr]    Compiling scc v2.4.0
[INFO] [stderr]    Compiling crossbeam-deque v0.8.6
[INFO] [stderr]    Compiling fuser v0.15.1
[INFO] [stderr]    Compiling regex-automata v0.4.10
[INFO] [stderr]    Compiling serial_test v3.2.0
[INFO] [stderr]    Compiling tempfile v3.21.0
[INFO] [stderr]    Compiling regex v1.11.2
[INFO] [stderr]    Compiling globset v0.4.16
[INFO] [stderr]    Compiling predicates v3.1.3
[INFO] [stderr]    Compiling env_filter v0.1.3
[INFO] [stderr]    Compiling ignore v0.4.23
[INFO] [stderr]    Compiling tokio-tungstenite v0.23.1
[INFO] [stderr]    Compiling tokio-stream v0.1.17
[INFO] [stderr]    Compiling env_logger v0.11.8
[INFO] [stderr]    Compiling wormhole-fs v0.1.0 (/opt/rustwide/workdir)
[INFO] [stdout] warning: unused import: `default_local_config`
[INFO] [stdout]   --> src/commands/cli/new.rs:13:9
[INFO] [stdout]    |
[INFO] [stdout] 13 |         default_local_config,
[INFO] [stdout]    |         ^^^^^^^^^^^^^^^^^^^^
[INFO] [stdout]    |
[INFO] [stdout]    = note: `#[warn(unused_imports)]` (part of `#[warn(unused)]`) on by default
[INFO] [stdout] 
[INFO] [stdout] 
[INFO] [stdout] warning: unused import: `GetHostsArgs`
[INFO] [stdout]  --> src/commands/cli/status.rs:8:35
[INFO] [stdout]   |
[INFO] [stdout] 8 |     commands::cli_commands::{Cli, GetHostsArgs},
[INFO] [stdout]   |                                   ^^^^^^^^^^^^
[INFO] [stdout] 
[INFO] [stdout] 
[INFO] [stdout] warning: unused imports: `error` and `future::Future`
[INFO] [stdout]   --> src/pods/network/redundancy.rs:11:11
[INFO] [stdout]    |
[INFO] [stdout] 11 | use std::{error, future::Future, sync::Arc};
[INFO] [stdout]    |           ^^^^^  ^^^^^^^^^^^^^^
[INFO] [stdout] 
[INFO] [stdout] 
[INFO] [stdout] warning: unused import: `futures`
[INFO] [stdout]   --> src/pods/network/redundancy.rs:14:9
[INFO] [stdout]    |
[INFO] [stdout] 14 |         futures,
[INFO] [stdout]    |         ^^^^^^^
[INFO] [stdout] 
[INFO] [stdout] 
[INFO] [stdout] warning: variable does not need to be mutable
[INFO] [stdout]   --> src/commands/cli/message.rs:14:9
[INFO] [stdout]    |
[INFO] [stdout] 14 |     let mut has_error = false;
[INFO] [stdout]    |         ----^^^^^^^^^
[INFO] [stdout]    |         |
[INFO] [stdout]    |         help: remove this `mut`
[INFO] [stdout]    |
[INFO] [stdout]    = note: `#[warn(unused_mut)]` (part of `#[warn(unused)]`) on by default
[INFO] [stdout] 
[INFO] [stdout] 
[INFO] [stdout] warning: variable does not need to be mutable
[INFO] [stdout]   --> src/commands/cli/message.rs:15:9
[INFO] [stdout]    |
[INFO] [stdout] 15 |     let mut output = String::new();
[INFO] [stdout]    |         ----^^^^^^
[INFO] [stdout]    |         |
[INFO] [stdout]    |         help: remove this `mut`
[INFO] [stdout] 
[INFO] [stdout] 
[INFO] [stderr]    Compiling globwalk v0.9.1
[INFO] [stdout] warning: use of deprecated method `pods::arbo::Arbo::add_children`
[INFO] [stdout]    --> src/pods/arbo.rs:450:14
[INFO] [stdout]     |
[INFO] [stdout] 450 |         self.add_children(new_parent, item_id)
[INFO] [stdout]     |              ^^^^^^^^^^^^
[INFO] [stdout]     |
[INFO] [stdout]     = note: `#[warn(deprecated)]` on by default
[INFO] [stdout] 
[INFO] [stdout] 
[INFO] [stderr]    Compiling assert_fs v1.1.3
[INFO] [stdout] warning: unused variable: `e`
[INFO] [stdout]   --> src/network/server.rs:22:61
[INFO] [stdout]    |
[INFO] [stdout] 22 |         let socket_addr: SocketAddr = addr.parse().map_err(|e| CliError::Server {
[INFO] [stdout]    |                                                             ^ help: if this is intentional, prefix it with an underscore: `_e`
[INFO] [stdout]    |
[INFO] [stdout]    = note: `#[warn(unused_variables)]` (part of `#[warn(unused)]`) on by default
[INFO] [stdout] 
[INFO] [stdout] 
[INFO] [stdout] warning: function `is_new_wh_file_config` is never used
[INFO] [stdout]   --> src/commands/cli/new.rs:44:4
[INFO] [stdout]    |
[INFO] [stdout] 44 | fn is_new_wh_file_config(path: &WhPath) -> CliResult<()> {
[INFO] [stdout]    |    ^^^^^^^^^^^^^^^^^^^^^
[INFO] [stdout]    |
[INFO] [stdout]    = note: `#[warn(dead_code)]` (part of `#[warn(unused)]`) on by default
[INFO] [stdout] 
[INFO] [stdout] 
[INFO] [stdout] warning: field `mount_point` is never read
[INFO] [stdout]   --> src/pods/disk_managers/unix_disk_manager.rs:28:5
[INFO] [stdout]    |
[INFO] [stdout] 26 | pub struct UnixDiskManager {
[INFO] [stdout]    |            --------------- field in this struct
[INFO] [stdout] 27 |     handle: Dir,
[INFO] [stdout] 28 |     mount_point: WhPath, // mountpoint on linux and mirror mountpoint on windows
[INFO] [stdout]    |     ^^^^^^^^^^^
[INFO] [stdout]    |
[INFO] [stdout]    = note: `UnixDiskManager` has a derived impl for the trait `Debug`, but this is intentionally ignored during dead code analysis
[INFO] [stdout] 
[INFO] [stdout] 
[INFO] [stdout] warning: unused import: `default_local_config`
[INFO] [stdout]   --> src/commands/cli/new.rs:13:9
[INFO] [stdout]    |
[INFO] [stdout] 13 |         default_local_config,
[INFO] [stdout]    |         ^^^^^^^^^^^^^^^^^^^^
[INFO] [stdout]    |
[INFO] [stdout]    = note: `#[warn(unused_imports)]` (part of `#[warn(unused)]`) on by default
[INFO] [stdout] 
[INFO] [stdout] 
[INFO] [stdout] warning: unused import: `GetHostsArgs`
[INFO] [stdout]  --> src/commands/cli/status.rs:8:35
[INFO] [stdout]   |
[INFO] [stdout] 8 |     commands::cli_commands::{Cli, GetHostsArgs},
[INFO] [stdout]   |                                   ^^^^^^^^^^^^
[INFO] [stdout] 
[INFO] [stdout] 
[INFO] [stdout] warning: unused imports: `error` and `future::Future`
[INFO] [stdout]   --> src/pods/network/redundancy.rs:11:11
[INFO] [stdout]    |
[INFO] [stdout] 11 | use std::{error, future::Future, sync::Arc};
[INFO] [stdout]    |           ^^^^^  ^^^^^^^^^^^^^^
[INFO] [stdout] 
[INFO] [stdout] 
[INFO] [stdout] warning: unused import: `futures`
[INFO] [stdout]   --> src/pods/network/redundancy.rs:14:9
[INFO] [stdout]    |
[INFO] [stdout] 14 |         futures,
[INFO] [stdout]    |         ^^^^^^^
[INFO] [stdout] 
[INFO] [stdout] 
[INFO] [stdout] warning: variable does not need to be mutable
[INFO] [stdout]   --> src/commands/cli/message.rs:14:9
[INFO] [stdout]    |
[INFO] [stdout] 14 |     let mut has_error = false;
[INFO] [stdout]    |         ----^^^^^^^^^
[INFO] [stdout]    |         |
[INFO] [stdout]    |         help: remove this `mut`
[INFO] [stdout]    |
[INFO] [stdout]    = note: `#[warn(unused_mut)]` (part of `#[warn(unused)]`) on by default
[INFO] [stdout] 
[INFO] [stdout] 
[INFO] [stdout] warning: variable does not need to be mutable
[INFO] [stdout]   --> src/commands/cli/message.rs:15:9
[INFO] [stdout]    |
[INFO] [stdout] 15 |     let mut output = String::new();
[INFO] [stdout]    |         ----^^^^^^
[INFO] [stdout]    |         |
[INFO] [stdout]    |         help: remove this `mut`
[INFO] [stdout] 
[INFO] [stdout] 
[INFO] [stdout] warning: use of deprecated method `pods::arbo::Arbo::add_children`
[INFO] [stdout]    --> src/pods/arbo.rs:450:14
[INFO] [stdout]     |
[INFO] [stdout] 450 |         self.add_children(new_parent, item_id)
[INFO] [stdout]     |              ^^^^^^^^^^^^
[INFO] [stdout]     |
[INFO] [stdout]     = note: `#[warn(deprecated)]` on by default
[INFO] [stdout] 
[INFO] [stdout] 
[INFO] [stdout] warning: unused variable: `e`
[INFO] [stdout]   --> src/network/server.rs:22:61
[INFO] [stdout]    |
[INFO] [stdout] 22 |         let socket_addr: SocketAddr = addr.parse().map_err(|e| CliError::Server {
[INFO] [stdout]    |                                                             ^ help: if this is intentional, prefix it with an underscore: `_e`
[INFO] [stdout]    |
[INFO] [stdout]    = note: `#[warn(unused_variables)]` (part of `#[warn(unused)]`) on by default
[INFO] [stdout] 
[INFO] [stdout] 
[INFO] [stdout] warning: function `is_new_wh_file_config` is never used
[INFO] [stdout]   --> src/commands/cli/new.rs:44:4
[INFO] [stdout]    |
[INFO] [stdout] 44 | fn is_new_wh_file_config(path: &WhPath) -> CliResult<()> {
[INFO] [stdout]    |    ^^^^^^^^^^^^^^^^^^^^^
[INFO] [stdout]    |
[INFO] [stdout]    = note: `#[warn(dead_code)]` (part of `#[warn(unused)]`) on by default
[INFO] [stdout] 
[INFO] [stdout] 
[INFO] [stdout] warning: field `mount_point` is never read
[INFO] [stdout]   --> src/pods/disk_managers/unix_disk_manager.rs:28:5
[INFO] [stdout]    |
[INFO] [stdout] 26 | pub struct UnixDiskManager {
[INFO] [stdout]    |            --------------- field in this struct
[INFO] [stdout] 27 |     handle: Dir,
[INFO] [stdout] 28 |     mount_point: WhPath, // mountpoint on linux and mirror mountpoint on windows
[INFO] [stdout]    |     ^^^^^^^^^^^
[INFO] [stdout]    |
[INFO] [stdout]    = note: `UnixDiskManager` has a derived impl for the trait `Debug`, but this is intentionally ignored during dead code analysis
[INFO] [stdout] 
[INFO] [stdout] 
[INFO] [stdout] warning: unused import: `PathBuf`
[INFO] [stdout]  --> tests/functionnal/environment_manager/utilities.rs:2:18
[INFO] [stdout]   |
[INFO] [stdout] 2 |     path::{Path, PathBuf},
[INFO] [stdout]   |                  ^^^^^^^
[INFO] [stdout]   |
[INFO] [stdout]   = note: `#[warn(unused_imports)]` (part of `#[warn(unused)]`) on by default
[INFO] [stdout] 
[INFO] [stdout] 
[INFO] [stdout] warning: unused import: `append_to_path`
[INFO] [stdout]  --> tests/functionnal/test_base_files.rs:3:9
[INFO] [stdout]   |
[INFO] [stdout] 3 |         append_to_path,
[INFO] [stdout]   |         ^^^^^^^^^^^^^^
[INFO] [stdout] 
[INFO] [stdout] 
[INFO] [stdout] warning: function `get_config_path` is never used
[INFO] [stdout]   --> src/bin/cli.rs:12:4
[INFO] [stdout]    |
[INFO] [stdout] 12 | fn get_config_path() -> PathBuf {
[INFO] [stdout]    |    ^^^^^^^^^^^^^^^
[INFO] [stdout]    |
[INFO] [stdout]    = note: `#[warn(dead_code)]` (part of `#[warn(unused)]`) on by default
[INFO] [stdout] 
[INFO] [stdout] 
[INFO] [stdout] warning: function `get_config_path` is never used
[INFO] [stdout]   --> src/bin/cli.rs:12:4
[INFO] [stdout]    |
[INFO] [stdout] 12 | fn get_config_path() -> PathBuf {
[INFO] [stdout]    |    ^^^^^^^^^^^^^^^
[INFO] [stdout]    |
[INFO] [stdout]    = note: `#[warn(dead_code)]` (part of `#[warn(unused)]`) on by default
[INFO] [stdout] 
[INFO] [stdout] 
[INFO] [stderr]     Finished `release` profile [optimized] target(s) in 1m 17s
[INFO] running `Command { std: "docker" "inspect" "0459a4fa87e74e7aef67e8246128a08550315a5f1c5f7bf2d71d489775d1496d", kill_on_drop: false }`
[INFO] running `Command { std: "docker" "exec" "-e" "SOURCE_DIR=/opt/rustwide/workdir" "-e" "CARGO_HOME=/opt/rustwide/cargo-home" "-e" "RUSTUP_HOME=/opt/rustwide/rustup-home" "-e" "CARGO_TARGET_DIR=/opt/rustwide/target" "-e" "CARGO_INCREMENTAL=0" "-e" "RUST_BACKTRACE=full" "-e" "RUSTFLAGS=--cap-lints=warn" "-e" "RUSTDOCFLAGS=--cap-lints=warn" "-w" "/opt/rustwide/workdir" "--user" "0:0" "0459a4fa87e74e7aef67e8246128a08550315a5f1c5f7bf2d71d489775d1496d" "/opt/rustwide/cargo-home/bin/cargo" "+1.99.0-beta.8" "test" "--frozen" "--release", kill_on_drop: false }`
[INFO] [stderr] warning: unused import: `default_local_config`
[INFO] [stderr]   --> src/commands/cli/new.rs:13:9
[INFO] [stderr]    |
[INFO] [stderr] 13 |         default_local_config,
[INFO] [stderr]    |         ^^^^^^^^^^^^^^^^^^^^
[INFO] [stderr]    |
[INFO] [stderr]    = note: `#[warn(unused_imports)]` (part of `#[warn(unused)]`) on by default
[INFO] [stderr] 
[INFO] [stderr] warning: unused import: `GetHostsArgs`
[INFO] [stderr]  --> src/commands/cli/status.rs:8:35
[INFO] [stderr]   |
[INFO] [stderr] 8 |     commands::cli_commands::{Cli, GetHostsArgs},
[INFO] [stderr]   |                                   ^^^^^^^^^^^^
[INFO] [stderr] 
[INFO] [stderr] warning: unused imports: `error` and `future::Future`
[INFO] [stderr]   --> src/pods/network/redundancy.rs:11:11
[INFO] [stderr]    |
[INFO] [stderr] 11 | use std::{error, future::Future, sync::Arc};
[INFO] [stderr]    |           ^^^^^  ^^^^^^^^^^^^^^
[INFO] [stderr] 
[INFO] [stderr] warning: unused import: `futures`
[INFO] [stderr]   --> src/pods/network/redundancy.rs:14:9
[INFO] [stderr]    |
[INFO] [stderr] 14 |         futures,
[INFO] [stderr]    |         ^^^^^^^
[INFO] [stderr] 
[INFO] [stderr] warning: variable does not need to be mutable
[INFO] [stderr]   --> src/commands/cli/message.rs:14:9
[INFO] [stderr]    |
[INFO] [stderr] 14 |     let mut has_error = false;
[INFO] [stderr]    |         ----^^^^^^^^^
[INFO] [stderr]    |         |
[INFO] [stderr]    |         help: remove this `mut`
[INFO] [stderr]    |
[INFO] [stderr]    = note: `#[warn(unused_mut)]` (part of `#[warn(unused)]`) on by default
[INFO] [stderr] 
[INFO] [stderr] warning: variable does not need to be mutable
[INFO] [stderr]   --> src/commands/cli/message.rs:15:9
[INFO] [stderr]    |
[INFO] [stderr] 15 |     let mut output = String::new();
[INFO] [stderr]    |         ----^^^^^^
[INFO] [stderr]    |         |
[INFO] [stderr]    |         help: remove this `mut`
[INFO] [stderr] 
[INFO] [stderr] warning: use of deprecated method `pods::arbo::Arbo::add_children`
[INFO] [stderr]    --> src/pods/arbo.rs:450:14
[INFO] [stderr]     |
[INFO] [stderr] 450 |         self.add_children(new_parent, item_id)
[INFO] [stderr]     |              ^^^^^^^^^^^^
[INFO] [stderr]     |
[INFO] [stderr]     = note: `#[warn(deprecated)]` on by default
[INFO] [stderr] 
[INFO] [stderr] warning: unused variable: `e`
[INFO] [stderr]   --> src/network/server.rs:22:61
[INFO] [stderr]    |
[INFO] [stderr] 22 |         let socket_addr: SocketAddr = addr.parse().map_err(|e| CliError::Server {
[INFO] [stderr]    |                                                             ^ help: if this is intentional, prefix it with an underscore: `_e`
[INFO] [stderr]    |
[INFO] [stderr]    = note: `#[warn(unused_variables)]` (part of `#[warn(unused)]`) on by default
[INFO] [stderr] 
[INFO] [stderr] warning: function `is_new_wh_file_config` is never used
[INFO] [stderr]   --> src/commands/cli/new.rs:44:4
[INFO] [stderr]    |
[INFO] [stderr] 44 | fn is_new_wh_file_config(path: &WhPath) -> CliResult<()> {
[INFO] [stderr]    |    ^^^^^^^^^^^^^^^^^^^^^
[INFO] [stderr]    |
[INFO] [stderr]    = note: `#[warn(dead_code)]` (part of `#[warn(unused)]`) on by default
[INFO] [stderr] 
[INFO] [stderr] warning: field `mount_point` is never read
[INFO] [stderr]   --> src/pods/disk_managers/unix_disk_manager.rs:28:5
[INFO] [stderr]    |
[INFO] [stderr] 26 | pub struct UnixDiskManager {
[INFO] [stderr]    |            --------------- field in this struct
[INFO] [stderr] 27 |     handle: Dir,
[INFO] [stderr] 28 |     mount_point: WhPath, // mountpoint on linux and mirror mountpoint on windows
[INFO] [stderr]    |     ^^^^^^^^^^^
[INFO] [stderr]    |
[INFO] [stderr]    = note: `UnixDiskManager` has a derived impl for the trait `Debug`, but this is intentionally ignored during dead code analysis
[INFO] [stderr] 
[INFO] [stderr] warning: `wormhole-fs` (lib) generated 10 warnings (run `cargo fix --lib -p wormhole-fs` to apply 7 suggestions)
[INFO] [stderr] warning: function `get_config_path` is never used
[INFO] [stderr]   --> src/bin/cli.rs:12:4
[INFO] [stderr]    |
[INFO] [stderr] 12 | fn get_config_path() -> PathBuf {
[INFO] [stderr]    |    ^^^^^^^^^^^^^^^
[INFO] [stderr]    |
[INFO] [stderr]    = note: `#[warn(dead_code)]` (part of `#[warn(unused)]`) on by default
[INFO] [stderr] 
[INFO] [stderr] warning: `wormhole-fs` (bin "wormhole") generated 1 warning
[INFO] [stderr] warning: unused import: `PathBuf`
[INFO] [stderr]  --> tests/functionnal/environment_manager/utilities.rs:2:18
[INFO] [stderr]   |
[INFO] [stderr] 2 |     path::{Path, PathBuf},
[INFO] [stderr]   |                  ^^^^^^^
[INFO] [stderr]   |
[INFO] [stderr]   = note: `#[warn(unused_imports)]` (part of `#[warn(unused)]`) on by default
[INFO] [stderr] 
[INFO] [stderr] warning: unused import: `append_to_path`
[INFO] [stderr]  --> tests/functionnal/test_base_files.rs:3:9
[INFO] [stderr]   |
[INFO] [stderr] 3 |         append_to_path,
[INFO] [stderr]   |         ^^^^^^^^^^^^^^
[INFO] [stderr] 
[INFO] [stderr] warning: `wormhole-fs` (bin "wormhole" test) generated 1 warning (1 duplicate)
[INFO] [stderr] warning: `wormhole-fs` (test "tests") generated 2 warnings (run `cargo fix --test "tests" -p wormhole-fs` to apply 2 suggestions)
[INFO] [stderr] warning: `wormhole-fs` (lib test) generated 10 warnings (10 duplicates)
[INFO] [stderr]     Finished `release` profile [optimized] target(s) in 0.25s
[INFO] [stderr]      Running unittests src/lib.rs (/opt/rustwide/target/release/deps/wormhole-b6aadd824114636c)
[INFO] [stdout] 
[INFO] [stdout] running 6 tests
[INFO] [stdout] test pods::whpath::tests::test_whpath_delete_double_slash ... ok
[INFO] [stdout] test pods::whpath::tests::test_whpath_remove_leading_slash ... ok
[INFO] [stdout] test pods::whpath::tests::test_whpath_remove_last_slash ... ok
[INFO] [stdout] test pods::whpath::tests::test_whpath_convert_path ... ok
[INFO] [stdout] test pods::whpath::tests::test_whpath_add_last_slash ... ok
[INFO] [stdout] test pods::whpath::tests::test_whpath_to_vector ... ok
[INFO] [stdout] 
[INFO] [stdout] test result: ok. 6 passed; 0 failed; 0 ignored; 0 measured; 0 filtered out; finished in 0.06s
[INFO] [stdout] 
[INFO] [stderr]      Running unittests src/bin/cli.rs (/opt/rustwide/target/release/deps/wormhole-b1c62b07673931ef)
[INFO] [stdout] 
[INFO] [stdout] running 0 tests
[INFO] [stdout] 
[INFO] [stdout] test result: ok. 0 passed; 0 failed; 0 ignored; 0 measured; 0 filtered out; finished in 0.00s
[INFO] [stdout] 
[INFO] [stderr]      Running unittests src/bin/service.rs (/opt/rustwide/target/release/deps/wormholed-eaa00489ac1585b9)
[INFO] [stdout] 
[INFO] [stderr]      Running tests/tests.rs (/opt/rustwide/target/release/deps/tests-dccbffc95a74a293)
[INFO] [stdout] running 0 tests
[INFO] [stdout] 
[INFO] [stdout] test result: ok. 0 passed; 0 failed; 0 ignored; 0 measured; 0 filtered out; finished in 0.00s
[INFO] [stdout] 
[INFO] [stdout] 
[INFO] [stdout] running 24 tests
[INFO] [stdout] test test_data::check_test_data ... ok
[INFO] [stdout] test unit::whpath_test::test_whpath_is_absolute ... ok
[INFO] [stdout] test unit::whpath_test::test_whpath_join_with_str ... ok
[INFO] [stdout] test unit::whpath_test::test_whpath_is_relative ... ok
[INFO] [stdout] test unit::whpath_test::test_whpath_get_end ... ok
[INFO] [stdout] test unit::testing_utilities_tests::copy_dir_recursive ... ok
[INFO] [stdout] test unit::arbo_tests::test_inserting_and_retreiving_files ... ok
[INFO] [stdout] test unit::whpath_test::test_whpath_set_absolute ... ok
[INFO] [stdout] test unit::whpath_test::test_whpath_set_end ... ok
[INFO] [stdout] test unit::whpath_test::test_whpath_kind ... ok
[INFO] [stdout] test unit::whpath_test::test_whpath_set_relative ... ok
[INFO] [stdout] test unit::whpath_test::test_whpath_has_no_prefix ... ok
[INFO] [stdout] test unit::whpath_test::test_whpath_is_empty ... ok
[INFO] [stdout] test unit::whpath_test::test_whpath_remove ... ok
[INFO] [stdout] test unit::testing_utilities_tests::equal_dirs ... ok
[INFO] [stdout] test unit::whpath_test::test_whpath_remove_prefix ... ok
[INFO] [stdout] test unit::whpath_test::test_whpath_pop ... ok
[INFO] [stdout] test unit::testing_utilities_tests::copy_dir_simple ... ok
[INFO] [stdout] test unit::testing_utilities_tests::non_equal_dirs - should panic ... ok
[INFO] [stdout] test functionnal::test_sync::sync_start_state ... FAILED
[INFO] [stdout] test unit::whpath_test::test_whpath_is_in ... ok
[INFO] [stdout] test unit::whpath_test::test_whpath_rename ... ok
[INFO] [stdout] test unit::whpath_test::test_whpath_new ... ok
[INFO] [stdout] test functionnal::test_base_files::base_files_before_mount ... FAILED
[INFO] [stdout] 
[INFO] [stdout] failures:
[INFO] [stdout] 
[INFO] [stdout] ---- functionnal::test_sync::sync_start_state stdout ----
[INFO] [stdout] 
[INFO] [stdout] thread 'functionnal::test_sync::sync_start_state' (3036) panicked at tests/functionnal/environment_manager/utilities.rs:43:10:
[INFO] [stdout] can't launch cli command: Os { code: 2, kind: NotFound, message: "No such file or directory" }
[INFO] [stdout] stack backtrace:
[INFO] [stdout]    0:     0x607b11365be1 - <<std[70759c8f55707aa4]::sys::backtrace::BacktraceLock>::print::DisplayBacktrace as core[df12db4294e9bfd3]::fmt::Display>::fmt
[INFO] [stdout]    1:     0x607b1137dcca - core[df12db4294e9bfd3]::fmt::write
[INFO] [stdout]    2:     0x607b1136bd2c - <alloc[2182bb758b4b3781]::vec::Vec<u8> as core[df12db4294e9bfd3]::io::write::Write>::write_fmt
[INFO] [stdout]    3:     0x607b1133ea06 - std[70759c8f55707aa4]::panicking::default_hook::{closure#0}
[INFO] [stdout]    4:     0x607b1135c139 - std[70759c8f55707aa4]::panicking::default_hook
[INFO] [stdout]    5:     0x607b11219820 - test[9d35eded1c95d3be]::test_main_inner::<test[9d35eded1c95d3be]::test_main_static::{closure#0}>::{closure#0}
[INFO] [stdout]    6:     0x607b1135c462 - std[70759c8f55707aa4]::panicking::panic_with_hook
[INFO] [stdout]    7:     0x607b1133eab2 - std[70759c8f55707aa4]::panicking::panic_handler::{closure#0}
[INFO] [stdout]    8:     0x607b113374e9 - std[70759c8f55707aa4]::sys::backtrace::__rust_end_short_backtrace::<std[70759c8f55707aa4]::panicking::panic_handler::{closure#0}, !>
[INFO] [stdout]    9:     0x607b1133f6ad - __rustc[8fa7c3cbc660c2b3]::rust_begin_unwind
[INFO] [stdout]   10:     0x607b1137e4ac - core[df12db4294e9bfd3]::panicking::panic_fmt
[INFO] [stdout]   11:     0x607b1137e282 - core[df12db4294e9bfd3]::result::unwrap_failed
[INFO] [stdout]   12:     0x607b111e4e20 - tests[c0d29c95707f99f0]::functionnal::environment_manager::utilities::cli_command::<&[&str; 2usize], &&str>
[INFO] [stdout]   13:     0x607b111eaa3c - <tests[c0d29c95707f99f0]::functionnal::environment_manager::manager::EnvironmentManager>::add_service
[INFO] [stdout]   14:     0x607b111f9058 - <tests[c0d29c95707f99f0]::functionnal::test_sync::sync_start_state::{closure#0} as core[df12db4294e9bfd3]::ops::function::FnOnce<()>>::call_once
[INFO] [stdout]   15:     0x607b1125ca33 - serial_test[8e27ace91c4e76cf]::serial_code_lock::local_serial_core
[INFO] [stdout]   16:     0x607b111fd11d - <tests[c0d29c95707f99f0]::functionnal::test_sync::sync_start_state::{closure#0} as core[df12db4294e9bfd3]::ops::function::FnOnce<()>>::call_once
[INFO] [stdout]   17:     0x607b1120cb0b - test[9d35eded1c95d3be]::__rust_begin_short_backtrace::<core[df12db4294e9bfd3]::result::Result<(), alloc[2182bb758b4b3781]::string::String>, fn() -> core[df12db4294e9bfd3]::result::Result<(), alloc[2182bb758b4b3781]::string::String>>
[INFO] [stdout]   18:     0x607b1121a175 - test[9d35eded1c95d3be]::run_test::{closure#0}
[INFO] [stdout]   19:     0x607b11213a34 - std[70759c8f55707aa4]::sys::backtrace::__rust_begin_short_backtrace::<test[9d35eded1c95d3be]::run_test::{closure#1}, ()>
[INFO] [stderr] error: test failed, to rerun pass `--test tests`
[INFO] [stdout]   20:     0x607b1121d2d2 - <std[70759c8f55707aa4]::thread::lifecycle::spawn_unchecked<test[9d35eded1c95d3be]::run_test::{closure#1}, ()>::{closure#1} as core[df12db4294e9bfd3]::ops::function::FnOnce<()>>::call_once::{shim:vtable#0}
[INFO] [stdout]   21:     0x607b11364b39 - <std[70759c8f55707aa4]::sys::thread::unix::Thread>::new::thread_start
[INFO] [stdout]   22:     0x744b406e3dfa - <unknown>
[INFO] [stdout]   23:     0x744b407773d4 - clone
[INFO] [stdout]   24:                0x0 - <unknown>
[INFO] [stdout] 
[INFO] [stdout] ---- functionnal::test_base_files::base_files_before_mount stdout ----
[INFO] [stdout] 
[INFO] [stdout] thread 'functionnal::test_base_files::base_files_before_mount' (3035) panicked at tests/functionnal/environment_manager/utilities.rs:43:10:
[INFO] [stdout] can't launch cli command: Os { code: 2, kind: NotFound, message: "No such file or directory" }
[INFO] [stdout] stack backtrace:
[INFO] [stdout]    0:     0x607b11365be1 - <<std[70759c8f55707aa4]::sys::backtrace::BacktraceLock>::print::DisplayBacktrace as core[df12db4294e9bfd3]::fmt::Display>::fmt
[INFO] [stdout]    1:     0x607b1137dcca - core[df12db4294e9bfd3]::fmt::write
[INFO] [stdout]    2:     0x607b1136bd2c - <alloc[2182bb758b4b3781]::vec::Vec<u8> as core[df12db4294e9bfd3]::io::write::Write>::write_fmt
[INFO] [stdout]    3:     0x607b1133ea06 - std[70759c8f55707aa4]::panicking::default_hook::{closure#0}
[INFO] [stdout]    4:     0x607b1135c139 - std[70759c8f55707aa4]::panicking::default_hook
[INFO] [stdout]    5:     0x607b11219820 - test[9d35eded1c95d3be]::test_main_inner::<test[9d35eded1c95d3be]::test_main_static::{closure#0}>::{closure#0}
[INFO] [stdout]    6:     0x607b1135c462 - std[70759c8f55707aa4]::panicking::panic_with_hook
[INFO] [stdout]    7:     0x607b1133eab2 - std[70759c8f55707aa4]::panicking::panic_handler::{closure#0}
[INFO] [stdout]    8:     0x607b113374e9 - std[70759c8f55707aa4]::sys::backtrace::__rust_end_short_backtrace::<std[70759c8f55707aa4]::panicking::panic_handler::{closure#0}, !>
[INFO] [stdout]    9:     0x607b1133f6ad - __rustc[8fa7c3cbc660c2b3]::rust_begin_unwind
[INFO] [stdout]   10:     0x607b1137e4ac - core[df12db4294e9bfd3]::panicking::panic_fmt
[INFO] [stdout]   11:     0x607b1137e282 - core[df12db4294e9bfd3]::result::unwrap_failed
[INFO] [stdout]   12:     0x607b111e4e20 - tests[c0d29c95707f99f0]::functionnal::environment_manager::utilities::cli_command::<&[&str; 2usize], &&str>
[INFO] [stdout]   13:     0x607b111eaa3c - <tests[c0d29c95707f99f0]::functionnal::environment_manager::manager::EnvironmentManager>::add_service
[INFO] [stdout]   14:     0x607b111fc173 - <tests[c0d29c95707f99f0]::functionnal::test_base_files::base_files_before_mount::{closure#0} as core[df12db4294e9bfd3]::ops::function::FnOnce<()>>::call_once
[INFO] [stdout]   15:     0x607b1125ca33 - serial_test[8e27ace91c4e76cf]::serial_code_lock::local_serial_core
[INFO] [stdout]   16:     0x607b111fc04d - <tests[c0d29c95707f99f0]::functionnal::test_base_files::base_files_before_mount::{closure#0} as core[df12db4294e9bfd3]::ops::function::FnOnce<()>>::call_once
[INFO] [stdout]   17:     0x607b1120cb0b - test[9d35eded1c95d3be]::__rust_begin_short_backtrace::<core[df12db4294e9bfd3]::result::Result<(), alloc[2182bb758b4b3781]::string::String>, fn() -> core[df12db4294e9bfd3]::result::Result<(), alloc[2182bb758b4b3781]::string::String>>
[INFO] [stdout]   18:     0x607b1121a175 - test[9d35eded1c95d3be]::run_test::{closure#0}
[INFO] [stdout]   19:     0x607b11213a34 - std[70759c8f55707aa4]::sys::backtrace::__rust_begin_short_backtrace::<test[9d35eded1c95d3be]::run_test::{closure#1}, ()>
[INFO] [stdout]   20:     0x607b1121d2d2 - <std[70759c8f55707aa4]::thread::lifecycle::spawn_unchecked<test[9d35eded1c95d3be]::run_test::{closure#1}, ()>::{closure#1} as core[df12db4294e9bfd3]::ops::function::FnOnce<()>>::call_once::{shim:vtable#0}
[INFO] [stdout]   21:     0x607b11364b39 - <std[70759c8f55707aa4]::sys::thread::unix::Thread>::new::thread_start
[INFO] [stdout]   22:     0x744b406e3dfa - <unknown>
[INFO] [stdout]   23:     0x744b407773d4 - clone
[INFO] [stdout]   24:                0x0 - <unknown>
[INFO] [stdout] 
[INFO] [stdout] 
[INFO] [stdout] failures:
[INFO] [stdout]     functionnal::test_base_files::base_files_before_mount
[INFO] [stdout]     functionnal::test_sync::sync_start_state
[INFO] [stdout] 
[INFO] [stdout] test result: FAILED. 22 passed; 2 failed; 0 ignored; 0 measured; 0 filtered out; finished in 0.02s
[INFO] [stdout] 
[INFO] running `Command { std: "docker" "inspect" "0459a4fa87e74e7aef67e8246128a08550315a5f1c5f7bf2d71d489775d1496d", kill_on_drop: false }`
[INFO] running `Command { std: "docker" "rm" "-f" "0459a4fa87e74e7aef67e8246128a08550315a5f1c5f7bf2d71d489775d1496d", kill_on_drop: false }`
[INFO] [stdout] 0459a4fa87e74e7aef67e8246128a08550315a5f1c5f7bf2d71d489775d1496d
