[INFO] fetching crate worm_hole 4.2.0...
[INFO] testing worm_hole-4.2.0 against 1.100.0-beta.1+cargoflags=--release for beta-release-1.100-2
[INFO] extracting crate worm_hole 4.2.0 into /workspace/builds/worker-1-tc2/source
[INFO] started tweaking crates.io crate worm_hole 4.2.0
[INFO] finished tweaking crates.io crate worm_hole 4.2.0
[INFO] tweaked toml for crates.io crate worm_hole 4.2.0 written to /workspace/builds/worker-1-tc2/source/Cargo.toml
[INFO] validating manifest of crates.io crate worm_hole 4.2.0 on toolchain 1.100.0-beta.1
[INFO] running `Command { std: CARGO_HOME="/workspace/cargo-home" RUSTUP_HOME="/workspace/rustup-home" "/workspace/cargo-home/bin/cargo" "+1.100.0-beta.1" "metadata" "--manifest-path" "Cargo.toml" "--no-deps", kill_on_drop: false }`
[INFO] crate crates.io crate worm_hole 4.2.0 already has a lockfile, it will not be regenerated
[INFO] running `Command { std: CARGO_HOME="/workspace/cargo-home" RUSTUP_HOME="/workspace/rustup-home" "/workspace/cargo-home/bin/cargo" "+1.100.0-beta.1" "fetch" "--manifest-path" "Cargo.toml", kill_on_drop: false }`
[INFO] running `Command { std: "docker" "create" "-v" "/var/lib/crater-agent-workspace/builds/worker-1-tc2/source:/opt/rustwide/workdir:ro,Z" "-v" "/var/lib/crater-agent-workspace/builds/worker-1-tc2/target:/opt/rustwide/target:rw,Z" "-v" "/var/lib/crater-agent-workspace/cargo-home:/opt/rustwide/cargo-home:ro,Z" "-v" "/var/lib/crater-agent-workspace/rustup-home:/opt/rustwide/rustup-home:ro,Z" "-m" "1610612736" "--network" "none" "ghcr.io/rust-lang/crates-build-env/linux@sha256:77db811e55d90add9212f6832c23229e3de5f1c1f9905e8cb07319ea15df73ac" "sleep" "infinity", kill_on_drop: false }`
[INFO] [stdout] b5e0d59635f6708fef90bd5125205034b749772e2dbcd004076f0ea30447e620
[INFO] running `Command { std: "docker" "start" "b5e0d59635f6708fef90bd5125205034b749772e2dbcd004076f0ea30447e620", kill_on_drop: false }`
[INFO] running `Command { std: "docker" "inspect" "b5e0d59635f6708fef90bd5125205034b749772e2dbcd004076f0ea30447e620", kill_on_drop: false }`
[INFO] running `Command { std: "docker" "exec" "-e" "SOURCE_DIR=/opt/rustwide/workdir" "-e" "CARGO_HOME=/opt/rustwide/cargo-home" "-e" "RUSTUP_HOME=/opt/rustwide/rustup-home" "-e" "CARGO_TARGET_DIR=/opt/rustwide/target" "-w" "/opt/rustwide/workdir" "--user" "0:0" "b5e0d59635f6708fef90bd5125205034b749772e2dbcd004076f0ea30447e620" "/opt/rustwide/cargo-home/bin/cargo" "+1.100.0-beta.1" "metadata" "--no-deps" "--format-version=1", kill_on_drop: false }`
[INFO] running `Command { std: "docker" "inspect" "b5e0d59635f6708fef90bd5125205034b749772e2dbcd004076f0ea30447e620", kill_on_drop: false }`
[INFO] running `Command { std: "docker" "exec" "-e" "SOURCE_DIR=/opt/rustwide/workdir" "-e" "CARGO_HOME=/opt/rustwide/cargo-home" "-e" "RUSTUP_HOME=/opt/rustwide/rustup-home" "-e" "CARGO_TARGET_DIR=/opt/rustwide/target" "-e" "CARGO_INCREMENTAL=0" "-e" "RUST_BACKTRACE=full" "-e" "RUSTFLAGS=--cap-lints=warn" "-e" "RUSTDOCFLAGS=--cap-lints=warn" "-w" "/opt/rustwide/workdir" "--user" "0:0" "b5e0d59635f6708fef90bd5125205034b749772e2dbcd004076f0ea30447e620" "/opt/rustwide/cargo-home/bin/cargo" "+1.100.0-beta.1" "build" "--frozen" "--message-format=json" "--release", kill_on_drop: false }`
[INFO] [stderr]    Compiling cc v1.2.63
[INFO] [stderr]    Compiling xdg v2.5.2
[INFO] [stderr]    Compiling syn v2.0.117
[INFO] [stderr]    Compiling clap_builder v4.6.0
[INFO] [stderr]    Compiling sysinfo v0.27.8
[INFO] [stderr]    Compiling sqlite3-src v0.7.0
[INFO] [stderr]    Compiling sqlite3-sys v0.18.0
[INFO] [stderr]    Compiling sqlite v0.37.0
[INFO] [stderr]    Compiling clap_derive v4.6.1
[INFO] [stderr]    Compiling thiserror-impl v1.0.69
[INFO] [stderr]    Compiling thiserror v1.0.69
[INFO] [stderr]    Compiling query-shell v0.3.0
[INFO] [stderr]    Compiling clap v4.6.1
[INFO] [stderr]    Compiling clap_complete v4.6.5
[INFO] [stderr]    Compiling clap_autocomplete v0.4.2
[INFO] [stderr]    Compiling worm_hole v4.2.0 (/opt/rustwide/workdir)
[INFO] [stderr]     Finished `release` profile [optimized] target(s) in 19.33s
[INFO] running `Command { std: "docker" "inspect" "b5e0d59635f6708fef90bd5125205034b749772e2dbcd004076f0ea30447e620", kill_on_drop: false }`
[INFO] running `Command { std: "docker" "exec" "-e" "SOURCE_DIR=/opt/rustwide/workdir" "-e" "CARGO_HOME=/opt/rustwide/cargo-home" "-e" "RUSTUP_HOME=/opt/rustwide/rustup-home" "-e" "CARGO_TARGET_DIR=/opt/rustwide/target" "-e" "CARGO_INCREMENTAL=0" "-e" "RUST_BACKTRACE=full" "-e" "RUSTFLAGS=--cap-lints=warn" "-e" "RUSTDOCFLAGS=--cap-lints=warn" "-w" "/opt/rustwide/workdir" "--user" "0:0" "b5e0d59635f6708fef90bd5125205034b749772e2dbcd004076f0ea30447e620" "/opt/rustwide/cargo-home/bin/cargo" "+1.100.0-beta.1" "test" "--frozen" "--no-run" "--message-format=json" "--release", kill_on_drop: false }`
[INFO] [stderr]    Compiling konst_macro_rules v0.2.19
[INFO] [stderr]    Compiling const_format_proc_macros v0.2.34
[INFO] [stderr]    Compiling konst v0.2.20
[INFO] [stderr]    Compiling const_format v0.2.36
[INFO] [stderr]    Compiling worm_hole v4.2.0 (/opt/rustwide/workdir)
[INFO] [stderr]     Finished `release` profile [optimized] target(s) in 2.46s
[INFO] running `Command { std: "docker" "inspect" "b5e0d59635f6708fef90bd5125205034b749772e2dbcd004076f0ea30447e620", kill_on_drop: false }`
[INFO] running `Command { std: "docker" "exec" "-e" "SOURCE_DIR=/opt/rustwide/workdir" "-e" "CARGO_HOME=/opt/rustwide/cargo-home" "-e" "RUSTUP_HOME=/opt/rustwide/rustup-home" "-e" "CARGO_TARGET_DIR=/opt/rustwide/target" "-e" "CARGO_INCREMENTAL=0" "-e" "RUST_BACKTRACE=full" "-e" "RUSTFLAGS=--cap-lints=warn" "-e" "RUSTDOCFLAGS=--cap-lints=warn" "-w" "/opt/rustwide/workdir" "--user" "0:0" "b5e0d59635f6708fef90bd5125205034b749772e2dbcd004076f0ea30447e620" "/opt/rustwide/cargo-home/bin/cargo" "+1.100.0-beta.1" "test" "--frozen" "--release", kill_on_drop: false }`
[INFO] [stderr]     Finished `release` profile [optimized] target(s) in 0.07s
[INFO] [stderr]      Running unittests src/main.rs (/opt/rustwide/target/release/build/worm_hole/d22eb72e0911214f/out/worm_hole-d22eb72e0911214f)
[INFO] [stdout] 
[INFO] [stdout] running 21 tests
[INFO] [stdout] test alias::test::create_alias ... ok
[INFO] [stdout] test alias::test::display_alias_list ... ok
[INFO] [stdout] test error::test::get_exit_code_success ... ok
[INFO] [stdout] test error::test::format_error ... ok
[INFO] [stdout] test error::test::path_of_alias_not_exist_uses_env::with_no_env ... ok
[INFO] [stdout] test error::test::path_of_alias_not_exist_uses_env::with_custom_env ... ok
[INFO] [stdout] test alias::test::alias_len ... ok
[INFO] [stdout] test path::test::dir_path::path_is_not_dir ... ok
[INFO] [stdout] test path::test::file_path::path_is_file ... ok
[INFO] [stdout] test db::tests::test_database ... FAILED
[INFO] [stdout] test path::test::dir_path::path_is_dir ... ok
[INFO] [stdout] test error::test::path_of_alias_not_exist_uses_env::with_default_env ... ok
[INFO] [stdout] test path::test::dir_path::path_not_exist ... ok
[INFO] [stdout] test error::test::get_exit_code_error ... ok
[INFO] [stdout] test path::test::file_path::path_not_exist ... ok
[INFO] [stdout] test path::test::file_path::path_is_not_file ... ok
[INFO] [stdout] test alias::test::add_alias ... ok
[INFO] [stdout] test alias::test::create_alias_list ... ok
[INFO] [stdout] test tests::exit_code_general_error ... FAILED
[INFO] [stdout] test tests::exit_code_success ... FAILED
[INFO] [stdout] test tests::exit_code_db_issue ... ok
[INFO] [stderr] error: test failed, to rerun pass `--bin worm_hole`
[INFO] [stdout] 
[INFO] [stdout] failures:
[INFO] [stdout] 
[INFO] [stdout] ---- db::tests::test_database stdout ----
[INFO] [stdout] 
[INFO] [stdout] thread 'db::tests::test_database' (577) panicked at src/db.rs:161:44:
[INFO] [stdout] called `Result::unwrap()` on an `Err` value: DatabaseError(".db_test.db")
[INFO] [stdout] stack backtrace:
[INFO] [stdout]    0:     0x603b511e8e21 - <<std[617be2ca0a6fd877]::sys::backtrace::BacktraceLock>::print::DisplayBacktrace as core[a373ad73a504971]::fmt::Display>::fmt
[INFO] [stdout]    1:     0x603b511fd48a - core[a373ad73a504971]::fmt::write
[INFO] [stdout]    2:     0x603b511ed31c - <alloc[2e1b2a31b91974c5]::vec::Vec<u8> as core[a373ad73a504971]::io::write::Write>::write_fmt
[INFO] [stdout]    3:     0x603b511c3be6 - std[617be2ca0a6fd877]::panicking::default_hook::{closure#0}
[INFO] [stdout]    4:     0x603b511e0aa9 - std[617be2ca0a6fd877]::panicking::default_hook
[INFO] [stdout]    5:     0x603b5117bbc0 - test[aada8e7e76ba119b]::test_main_inner::{closure#0}
[INFO] [stdout]    6:     0x603b511e0c62 - std[617be2ca0a6fd877]::panicking::panic_with_hook
[INFO] [stdout]    7:     0x603b511c3c92 - std[617be2ca0a6fd877]::panicking::panic_handler::{closure#0}
[INFO] [stdout]    8:     0x603b511bc6f9 - std[617be2ca0a6fd877]::sys::backtrace::__rust_end_short_backtrace::<std[617be2ca0a6fd877]::panicking::panic_handler::{closure#0}, !>
[INFO] [stdout]    9:     0x603b511c4abd - __rustc[ea4f61d10b84890b]::rust_begin_unwind
[INFO] [stdout]   10:     0x603b511fdbbc - core[a373ad73a504971]::panicking::panic_fmt
[INFO] [stdout]   11:     0x603b511fd992 - core[a373ad73a504971]::result::unwrap_failed
[INFO] [stdout]   12:     0x603b5116e68a - <worm_hole[c6297e1f5ca49daa]::db::tests::test_database::{closure#0} as core[a373ad73a504971]::ops::function::FnOnce<()>>::call_once
[INFO] [stdout]   13:     0x603b5116f00b - test[aada8e7e76ba119b]::__rust_begin_short_backtrace::<core[a373ad73a504971]::result::Result<(), alloc[2e1b2a31b91974c5]::string::String>, fn() -> core[a373ad73a504971]::result::Result<(), alloc[2e1b2a31b91974c5]::string::String>>
[INFO] [stdout]   14:     0x603b5117c1e5 - test[aada8e7e76ba119b]::run_test::{closure#0}
[INFO] [stdout]   15:     0x603b51175ad4 - std[617be2ca0a6fd877]::sys::backtrace::__rust_begin_short_backtrace::<test[aada8e7e76ba119b]::run_test::{closure#1}, ()>
[INFO] [stdout]   16:     0x603b5117f272 - <std[617be2ca0a6fd877]::thread::lifecycle::spawn_unchecked<test[aada8e7e76ba119b]::run_test::{closure#1}, ()>::{closure#1} as core[a373ad73a504971]::ops::function::FnOnce<()>>::call_once::{shim:vtable#0}
[INFO] [stdout]   17:     0x603b511e867f - <std[617be2ca0a6fd877]::sys::thread::unix::Thread>::new::thread_start
[INFO] [stdout]   18:     0x7f3679db7dfa - <unknown>
[INFO] [stdout]   19:     0x7f3679e4b3d4 - clone
[INFO] [stdout]   20:                0x0 - <unknown>
[INFO] [stdout] 
[INFO] [stdout] ---- tests::exit_code_general_error stdout ----
[INFO] [stdout] stderr:    Compiling proc-macro2 v1.0.106
[INFO] [stdout]    Compiling unicode-ident v1.0.24
[INFO] [stdout]    Compiling quote v1.0.45
[INFO] [stdout]    Compiling find-msvc-tools v0.1.9
[INFO] [stdout]    Compiling utf8parse v0.2.2
[INFO] [stdout]    Compiling shlex v2.0.1
[INFO] [stdout]    Compiling libc v0.2.186
[INFO] [stdout]    Compiling anstyle v1.0.14
[INFO] [stdout]    Compiling pkg-config v0.3.33
[INFO] [stdout]    Compiling anstyle-query v1.1.5
[INFO] [stdout]    Compiling colorchoice v1.0.5
[INFO] [stdout]    Compiling is_terminal_polyfill v1.70.2
[INFO] [stdout]    Compiling thiserror v1.0.69
[INFO] [stdout]    Compiling clap_lex v1.1.0
[INFO] [stdout]    Compiling strsim v0.11.1
[INFO] [stdout]    Compiling heck v0.5.0
[INFO] [stdout]    Compiling once_cell v1.21.4
[INFO] [stdout]    Compiling anstyle-parse v1.0.0
[INFO] [stdout]    Compiling cfg-if v1.0.4
[INFO] [stdout]    Compiling xdg v2.5.2
[INFO] [stdout]    Compiling cc v1.2.63
[INFO] [stdout]    Compiling anstream v1.0.0
[INFO] [stdout]    Compiling clap_builder v4.6.0
[INFO] [stdout]    Compiling syn v2.0.117
[INFO] [stdout]    Compiling sysinfo v0.27.8
[INFO] [stdout]    Compiling sqlite3-src v0.7.0
[INFO] [stdout]    Compiling sqlite3-sys v0.18.0
[INFO] [stdout]    Compiling sqlite v0.37.0
[INFO] [stdout]    Compiling thiserror-impl v1.0.69
[INFO] [stdout]    Compiling clap_derive v4.6.1
[INFO] [stdout]    Compiling query-shell v0.3.0
[INFO] [stdout]    Compiling clap v4.6.1
[INFO] [stdout]    Compiling clap_complete v4.6.5
[INFO] [stdout]    Compiling clap_autocomplete v0.4.2
[INFO] [stdout]    Compiling worm_hole v4.2.0 (/opt/rustwide/workdir)
[INFO] [stdout]     Finished `dev` profile [unoptimized + debuginfo] target(s) in 13.24s
[INFO] [stdout]      Running `/opt/rustwide/target/debug/worm_hole --db-path=.db_test.db query non_existent_alias`
[INFO] [stdout] Error interracting with the database at .db_test.db
[INFO] [stdout] 
[INFO] [stdout] 
[INFO] [stdout] thread 'tests::exit_code_general_error' (591) panicked at src/main.rs:87:9:
[INFO] [stdout] assertion `left == right` failed
[INFO] [stdout]   left: 2
[INFO] [stdout]  right: 1
[INFO] [stdout] stack backtrace:
[INFO] [stdout]    0:     0x603b511e8e21 - <<std[617be2ca0a6fd877]::sys::backtrace::BacktraceLock>::print::DisplayBacktrace as core[a373ad73a504971]::fmt::Display>::fmt
[INFO] [stdout]    1:     0x603b511fd48a - core[a373ad73a504971]::fmt::write
[INFO] [stdout]    2:     0x603b511ed31c - <alloc[2e1b2a31b91974c5]::vec::Vec<u8> as core[a373ad73a504971]::io::write::Write>::write_fmt
[INFO] [stdout]    3:     0x603b511c3be6 - std[617be2ca0a6fd877]::panicking::default_hook::{closure#0}
[INFO] [stdout]    4:     0x603b511e0aa9 - std[617be2ca0a6fd877]::panicking::default_hook
[INFO] [stdout]    5:     0x603b5117bbc0 - test[aada8e7e76ba119b]::test_main_inner::{closure#0}
[INFO] [stdout]    6:     0x603b511e0c62 - std[617be2ca0a6fd877]::panicking::panic_with_hook
[INFO] [stdout]    7:     0x603b511c3c92 - std[617be2ca0a6fd877]::panicking::panic_handler::{closure#0}
[INFO] [stdout]    8:     0x603b511bc6f9 - std[617be2ca0a6fd877]::sys::backtrace::__rust_end_short_backtrace::<std[617be2ca0a6fd877]::panicking::panic_handler::{closure#0}, !>
[INFO] [stdout]    9:     0x603b511c4abd - __rustc[ea4f61d10b84890b]::rust_begin_unwind
[INFO] [stdout]   10:     0x603b511fdbbc - core[a373ad73a504971]::panicking::panic_fmt
[INFO] [stdout]   11:     0x603b511fdad3 - core[a373ad73a504971]::panicking::assert_failed_inner
[INFO] [stdout]   12:     0x603b511bc295 - core[a373ad73a504971]::panicking::assert_failed::<i32, i32>
[INFO] [stdout]   13:     0x603b5116c2f3 - <worm_hole[c6297e1f5ca49daa]::tests::exit_code_general_error::{closure#0} as core[a373ad73a504971]::ops::function::FnOnce<()>>::call_once
[INFO] [stdout]   14:     0x603b5116f00b - test[aada8e7e76ba119b]::__rust_begin_short_backtrace::<core[a373ad73a504971]::result::Result<(), alloc[2e1b2a31b91974c5]::string::String>, fn() -> core[a373ad73a504971]::result::Result<(), alloc[2e1b2a31b91974c5]::string::String>>
[INFO] [stdout]   15:     0x603b5117c1e5 - test[aada8e7e76ba119b]::run_test::{closure#0}
[INFO] [stdout]   16:     0x603b51175ad4 - std[617be2ca0a6fd877]::sys::backtrace::__rust_begin_short_backtrace::<test[aada8e7e76ba119b]::run_test::{closure#1}, ()>
[INFO] [stdout]   17:     0x603b5117f272 - <std[617be2ca0a6fd877]::thread::lifecycle::spawn_unchecked<test[aada8e7e76ba119b]::run_test::{closure#1}, ()>::{closure#1} as core[a373ad73a504971]::ops::function::FnOnce<()>>::call_once::{shim:vtable#0}
[INFO] [stdout]   18:     0x603b511e867f - <std[617be2ca0a6fd877]::sys::thread::unix::Thread>::new::thread_start
[INFO] [stdout]   19:     0x7f3679db7dfa - <unknown>
[INFO] [stdout]   20:     0x7f3679e4b3d4 - clone
[INFO] [stdout]   21:                0x0 - <unknown>
[INFO] [stdout] 
[INFO] [stdout] ---- tests::exit_code_success stdout ----
[INFO] [stdout] stderr:     Blocking waiting for file lock on build directory
[INFO] [stdout]     Finished `dev` profile [unoptimized + debuginfo] target(s) in 13.24s
[INFO] [stdout]      Running `/opt/rustwide/target/debug/worm_hole --db-path=.db_test.db init nu`
[INFO] [stdout] Error interracting with the database at .db_test.db
[INFO] [stdout] 
[INFO] [stdout] 
[INFO] [stdout] thread 'tests::exit_code_success' (592) panicked at src/main.rs:97:9:
[INFO] [stdout] assertion `left == right` failed
[INFO] [stdout]   left: 2
[INFO] [stdout]  right: 0
[INFO] [stdout] stack backtrace:
[INFO] [stdout]    0:     0x603b511e8e21 - <<std[617be2ca0a6fd877]::sys::backtrace::BacktraceLock>::print::DisplayBacktrace as core[a373ad73a504971]::fmt::Display>::fmt
[INFO] [stdout]    1:     0x603b511fd48a - core[a373ad73a504971]::fmt::write
[INFO] [stdout]    2:     0x603b511ed31c - <alloc[2e1b2a31b91974c5]::vec::Vec<u8> as core[a373ad73a504971]::io::write::Write>::write_fmt
[INFO] [stdout]    3:     0x603b511c3be6 - std[617be2ca0a6fd877]::panicking::default_hook::{closure#0}
[INFO] [stdout]    4:     0x603b511e0aa9 - std[617be2ca0a6fd877]::panicking::default_hook
[INFO] [stdout]    5:     0x603b5117bbc0 - test[aada8e7e76ba119b]::test_main_inner::{closure#0}
[INFO] [stdout]    6:     0x603b511e0c62 - std[617be2ca0a6fd877]::panicking::panic_with_hook
[INFO] [stdout]    7:     0x603b511c3c92 - std[617be2ca0a6fd877]::panicking::panic_handler::{closure#0}
[INFO] [stdout]    8:     0x603b511bc6f9 - std[617be2ca0a6fd877]::sys::backtrace::__rust_end_short_backtrace::<std[617be2ca0a6fd877]::panicking::panic_handler::{closure#0}, !>
[INFO] [stdout]    9:     0x603b511c4abd - __rustc[ea4f61d10b84890b]::rust_begin_unwind
[INFO] [stdout]   10:     0x603b511fdbbc - core[a373ad73a504971]::panicking::panic_fmt
[INFO] [stdout]   11:     0x603b511fdad3 - core[a373ad73a504971]::panicking::assert_failed_inner
[INFO] [stdout]   12:     0x603b511bc295 - core[a373ad73a504971]::panicking::assert_failed::<i32, i32>
[INFO] [stdout]   13:     0x603b5116bc4b - <worm_hole[c6297e1f5ca49daa]::tests::exit_code_success::{closure#0} as core[a373ad73a504971]::ops::function::FnOnce<()>>::call_once
[INFO] [stdout]   14:     0x603b5116f00b - test[aada8e7e76ba119b]::__rust_begin_short_backtrace::<core[a373ad73a504971]::result::Result<(), alloc[2e1b2a31b91974c5]::string::String>, fn() -> core[a373ad73a504971]::result::Result<(), alloc[2e1b2a31b91974c5]::string::String>>
[INFO] [stdout]   15:     0x603b5117c1e5 - test[aada8e7e76ba119b]::run_test::{closure#0}
[INFO] [stdout]   16:     0x603b51175ad4 - std[617be2ca0a6fd877]::sys::backtrace::__rust_begin_short_backtrace::<test[aada8e7e76ba119b]::run_test::{closure#1}, ()>
[INFO] [stdout]   17:     0x603b5117f272 - <std[617be2ca0a6fd877]::thread::lifecycle::spawn_unchecked<test[aada8e7e76ba119b]::run_test::{closure#1}, ()>::{closure#1} as core[a373ad73a504971]::ops::function::FnOnce<()>>::call_once::{shim:vtable#0}
[INFO] [stdout]   18:     0x603b511e867f - <std[617be2ca0a6fd877]::sys::thread::unix::Thread>::new::thread_start
[INFO] [stdout]   19:     0x7f3679db7dfa - <unknown>
[INFO] [stdout]   20:     0x7f3679e4b3d4 - clone
[INFO] [stdout]   21:                0x0 - <unknown>
[INFO] [stdout] 
[INFO] [stdout] 
[INFO] [stdout] failures:
[INFO] [stdout]     db::tests::test_database
[INFO] [stdout]     tests::exit_code_general_error
[INFO] [stdout]     tests::exit_code_success
[INFO] [stdout] 
[INFO] [stdout] test result: FAILED. 18 passed; 3 failed; 0 ignored; 0 measured; 0 filtered out; finished in 13.29s
[INFO] [stdout] 
[INFO] running `Command { std: "docker" "inspect" "b5e0d59635f6708fef90bd5125205034b749772e2dbcd004076f0ea30447e620", kill_on_drop: false }`
[INFO] running `Command { std: "docker" "rm" "-f" "b5e0d59635f6708fef90bd5125205034b749772e2dbcd004076f0ea30447e620", kill_on_drop: false }`
[INFO] [stdout] b5e0d59635f6708fef90bd5125205034b749772e2dbcd004076f0ea30447e620
