[INFO] fetching crate worldinterface-coordinator 0.1.2...
[INFO] testing worldinterface-coordinator-0.1.2 against 1.99.0-beta.8+cargoflags=--release for beta-release-1.100-2
[INFO] extracting crate worldinterface-coordinator 0.1.2 into /workspace/builds/worker-5-tc1/source
[INFO] started tweaking crates.io crate worldinterface-coordinator 0.1.2
[INFO] removed 0 missing tests
[INFO] finished tweaking crates.io crate worldinterface-coordinator 0.1.2
[INFO] tweaked toml for crates.io crate worldinterface-coordinator 0.1.2 written to /workspace/builds/worker-5-tc1/source/Cargo.toml
[INFO] validating manifest of crates.io crate worldinterface-coordinator 0.1.2 on toolchain 1.99.0-beta.8
[INFO] running `Command { std: CARGO_HOME="/workspace/cargo-home" RUSTUP_HOME="/workspace/rustup-home" "/workspace/cargo-home/bin/cargo" "+1.99.0-beta.8" "metadata" "--manifest-path" "Cargo.toml" "--no-deps", kill_on_drop: false }`
[INFO] crate crates.io crate worldinterface-coordinator 0.1.2 already has a lockfile, it will not be regenerated
[INFO] running `Command { std: CARGO_HOME="/workspace/cargo-home" RUSTUP_HOME="/workspace/rustup-home" "/workspace/cargo-home/bin/cargo" "+1.99.0-beta.8" "fetch" "--manifest-path" "Cargo.toml", kill_on_drop: false }`
[INFO] [stderr]     Updating crates.io index
[INFO] [stderr]  Downloading crates ...
[INFO] [stderr]   Downloaded worldinterface-flowspec v0.1.2
[INFO] [stderr]   Downloaded worldinterface-core v0.1.2
[INFO] [stderr]   Downloaded serde_derive v1.0.223
[INFO] [stderr]   Downloaded actionqueue-workflow v0.1.0
[INFO] [stderr]   Downloaded worldinterface-contextstore v0.1.2
[INFO] [stderr]   Downloaded worldinterface-connector v0.1.2
[INFO] [stderr]   Downloaded actionqueue-core v0.1.0
[INFO] [stderr]   Downloaded actionqueue-executor-local v0.1.1
[INFO] [stderr]   Downloaded zerocopy-derive v0.8.40
[INFO] [stderr]   Downloaded serde_core v1.0.223
[INFO] [stderr]   Downloaded actionqueue-storage v0.1.0
[INFO] [stderr]   Downloaded zerocopy v0.8.40
[INFO] [stderr]   Downloaded rusqlite v0.32.1
[INFO] [stderr]   Downloaded actionqueue-runtime v0.1.1
[INFO] [stderr]   Downloaded actionqueue-engine v0.1.0
[INFO] [stderr]   Downloaded actionqueue-budget v0.1.0
[INFO] [stderr]   Downloaded serde v1.0.223
[INFO] running `Command { std: "docker" "create" "-v" "/var/lib/crater-agent-workspace/builds/worker-5-tc1/source:/opt/rustwide/workdir:ro,Z" "-v" "/var/lib/crater-agent-workspace/builds/worker-5-tc1/target:/opt/rustwide/target:rw,Z" "-v" "/var/lib/crater-agent-workspace/cargo-home:/opt/rustwide/cargo-home:ro,Z" "-v" "/var/lib/crater-agent-workspace/rustup-home:/opt/rustwide/rustup-home:ro,Z" "-m" "1610612736" "--network" "none" "ghcr.io/rust-lang/crates-build-env/linux@sha256:77db811e55d90add9212f6832c23229e3de5f1c1f9905e8cb07319ea15df73ac" "sleep" "infinity", kill_on_drop: false }`
[INFO] [stdout] a4fc79b49528c31cd223e08c486d2612a58204db0f6150e25c71795d6a6f1b78
[INFO] running `Command { std: "docker" "start" "a4fc79b49528c31cd223e08c486d2612a58204db0f6150e25c71795d6a6f1b78", kill_on_drop: false }`
[INFO] running `Command { std: "docker" "inspect" "a4fc79b49528c31cd223e08c486d2612a58204db0f6150e25c71795d6a6f1b78", kill_on_drop: false }`
[INFO] running `Command { std: "docker" "exec" "-e" "SOURCE_DIR=/opt/rustwide/workdir" "-e" "CARGO_HOME=/opt/rustwide/cargo-home" "-e" "RUSTUP_HOME=/opt/rustwide/rustup-home" "-e" "CARGO_TARGET_DIR=/opt/rustwide/target" "-w" "/opt/rustwide/workdir" "--user" "0:0" "a4fc79b49528c31cd223e08c486d2612a58204db0f6150e25c71795d6a6f1b78" "/opt/rustwide/cargo-home/bin/cargo" "+1.99.0-beta.8" "metadata" "--no-deps" "--format-version=1", kill_on_drop: false }`
[INFO] running `Command { std: "docker" "inspect" "a4fc79b49528c31cd223e08c486d2612a58204db0f6150e25c71795d6a6f1b78", kill_on_drop: false }`
[INFO] running `Command { std: "docker" "exec" "-e" "SOURCE_DIR=/opt/rustwide/workdir" "-e" "CARGO_HOME=/opt/rustwide/cargo-home" "-e" "RUSTUP_HOME=/opt/rustwide/rustup-home" "-e" "CARGO_TARGET_DIR=/opt/rustwide/target" "-e" "CARGO_INCREMENTAL=0" "-e" "RUST_BACKTRACE=full" "-e" "RUSTFLAGS=--cap-lints=warn" "-e" "RUSTDOCFLAGS=--cap-lints=warn" "-w" "/opt/rustwide/workdir" "--user" "0:0" "a4fc79b49528c31cd223e08c486d2612a58204db0f6150e25c71795d6a6f1b78" "/opt/rustwide/cargo-home/bin/cargo" "+1.99.0-beta.8" "build" "--frozen" "--message-format=json" "--release", kill_on_drop: false }`
[INFO] [stderr]    Compiling syn v2.0.117
[INFO] [stderr]    Compiling libc v0.2.182
[INFO] [stderr]    Compiling serde_core v1.0.223
[INFO] [stderr]    Compiling serde v1.0.223
[INFO] [stderr]    Compiling cc v1.2.56
[INFO] [stderr]    Compiling typenum v1.19.0
[INFO] [stderr]    Compiling http v1.4.0
[INFO] [stderr]    Compiling sha1_smol v1.0.1
[INFO] [stderr]    Compiling writeable v0.6.2
[INFO] [stderr]    Compiling litemap v0.8.1
[INFO] [stderr]    Compiling icu_properties_data v2.1.2
[INFO] [stderr]    Compiling semver v1.0.27
[INFO] [stderr]    Compiling icu_normalizer_data v2.1.1
[INFO] [stderr]    Compiling openssl v0.10.75
[INFO] [stderr]    Compiling zerocopy v0.8.40
[INFO] [stderr]    Compiling futures-util v0.3.32
[INFO] [stderr]    Compiling indexmap v2.13.0
[INFO] [stderr]    Compiling hash32 v0.2.1
[INFO] [stderr]    Compiling spin v0.9.8
[INFO] [stderr]    Compiling iri-string v0.7.10
[INFO] [stderr]    Compiling rustls-pki-types v1.14.0
[INFO] [stderr]    Compiling rustc_version v0.4.1
[INFO] [stderr]    Compiling heapless v0.7.17
[INFO] [stderr]    Compiling http-body v1.0.1
[INFO] [stderr]    Compiling generic-array v0.14.7
[INFO] [stderr]    Compiling http-body-util v0.1.3
[INFO] [stderr]    Compiling openssl-sys v0.9.111
[INFO] [stderr]    Compiling libsqlite3-sys v0.30.1
[INFO] [stderr]    Compiling block-buffer v0.10.4
[INFO] [stderr]    Compiling crypto-common v0.1.7
[INFO] [stderr]    Compiling digest v0.10.7
[INFO] [stderr]    Compiling native-tls v0.2.18
[INFO] [stderr]    Compiling errno v0.3.14
[INFO] [stderr]    Compiling mio v1.1.1
[INFO] [stderr]    Compiling socket2 v0.6.2
[INFO] [stderr]    Compiling getrandom v0.4.2
[INFO] [stderr]    Compiling sha2 v0.10.9
[INFO] [stderr]    Compiling signal-hook-registry v1.4.8
[INFO] [stderr]    Compiling uuid v1.22.0
[INFO] [stderr]    Compiling serde_json v1.0.149
[INFO] [stderr]    Compiling synstructure v0.13.2
[INFO] [stderr]    Compiling zerofrom-derive v0.1.6
[INFO] [stderr]    Compiling yoke-derive v0.8.1
[INFO] [stderr]    Compiling serde_derive v1.0.223
[INFO] [stderr]    Compiling tracing-attributes v0.1.31
[INFO] [stderr]    Compiling zerovec-derive v0.11.2
[INFO] [stderr]    Compiling tokio-macros v2.6.1
[INFO] [stderr]    Compiling displaydoc v0.2.5
[INFO] [stderr]    Compiling thiserror-impl v2.0.18
[INFO] [stderr]    Compiling openssl-macros v0.1.1
[INFO] [stderr]    Compiling ahash v0.8.12
[INFO] [stderr]    Compiling hashbrown v0.14.5
[INFO] [stderr]    Compiling tokio v1.50.0
[INFO] [stderr]    Compiling zerofrom v0.1.6
[INFO] [stderr]    Compiling tracing v0.1.44
[INFO] [stderr]    Compiling yoke v0.8.1
[INFO] [stderr]    Compiling hashlink v0.9.1
[INFO] [stderr]    Compiling zerovec v0.11.5
[INFO] [stderr]    Compiling zerotrie v0.2.3
[INFO] [stderr]    Compiling thiserror v2.0.18
[INFO] [stderr]    Compiling cobs v0.3.0
[INFO] [stderr]    Compiling tinystr v0.8.2
[INFO] [stderr]    Compiling potential_utf v0.1.4
[INFO] [stderr]    Compiling icu_collections v2.1.1
[INFO] [stderr]    Compiling icu_locale_core v2.1.1
[INFO] [stderr]    Compiling icu_provider v2.1.1
[INFO] [stderr]    Compiling icu_normalizer v2.1.1
[INFO] [stderr]    Compiling icu_properties v2.1.2
[INFO] [stderr]    Compiling actionqueue-core v0.1.0
[INFO] [stderr]    Compiling chrono v0.4.44
[INFO] [stderr]    Compiling serde_urlencoded v0.7.1
[INFO] [stderr]    Compiling idna_adapter v1.2.1
[INFO] [stderr]    Compiling idna v1.1.0
[INFO] [stderr]    Compiling postcard v1.1.3
[INFO] [stderr]    Compiling url v2.5.8
[INFO] [stderr]    Compiling worldinterface-core v0.1.2
[INFO] [stderr]    Compiling actionqueue-executor-local v0.1.1
[INFO] [stderr]    Compiling actionqueue-storage v0.1.0
[INFO] [stderr]    Compiling tokio-util v0.7.18
[INFO] [stderr]    Compiling tokio-native-tls v0.3.1
[INFO] [stderr]    Compiling tower v0.5.3
[INFO] [stderr]    Compiling tower-http v0.6.8
[INFO] [stderr]    Compiling h2 v0.4.13
[INFO] [stderr]    Compiling actionqueue-workflow v0.1.0
[INFO] [stderr]    Compiling worldinterface-flowspec v0.1.2
[INFO] [stderr]    Compiling hyper v1.8.1
[INFO] [stderr]    Compiling hyper-util v0.1.20
[INFO] [stderr]    Compiling hyper-tls v0.6.0
[INFO] [stderr]    Compiling reqwest v0.12.28
[INFO] [stderr]    Compiling worldinterface-connector v0.1.2
[INFO] [stderr]    Compiling rusqlite v0.32.1
[INFO] [stderr]    Compiling worldinterface-contextstore v0.1.2
[INFO] [stderr]    Compiling worldinterface-coordinator v0.1.2 (/opt/rustwide/workdir)
[INFO] [stderr]     Finished `release` profile [optimized] target(s) in 2m 14s
[INFO] running `Command { std: "docker" "inspect" "a4fc79b49528c31cd223e08c486d2612a58204db0f6150e25c71795d6a6f1b78", kill_on_drop: false }`
[INFO] running `Command { std: "docker" "exec" "-e" "SOURCE_DIR=/opt/rustwide/workdir" "-e" "CARGO_HOME=/opt/rustwide/cargo-home" "-e" "RUSTUP_HOME=/opt/rustwide/rustup-home" "-e" "CARGO_TARGET_DIR=/opt/rustwide/target" "-e" "CARGO_INCREMENTAL=0" "-e" "RUST_BACKTRACE=full" "-e" "RUSTFLAGS=--cap-lints=warn" "-e" "RUSTDOCFLAGS=--cap-lints=warn" "-w" "/opt/rustwide/workdir" "--user" "0:0" "a4fc79b49528c31cd223e08c486d2612a58204db0f6150e25c71795d6a6f1b78" "/opt/rustwide/cargo-home/bin/cargo" "+1.99.0-beta.8" "test" "--frozen" "--no-run" "--message-format=json" "--release", kill_on_drop: false }`
[INFO] [stderr]    Compiling tracing-core v0.1.36
[INFO] [stderr]    Compiling bitflags v2.11.0
[INFO] [stderr]    Compiling log v0.4.29
[INFO] [stderr]    Compiling regex-syntax v0.8.10
[INFO] [stderr]    Compiling openssl v0.10.75
[INFO] [stderr]    Compiling tower-http v0.6.8
[INFO] [stderr]    Compiling rusqlite v0.32.1
[INFO] [stderr]    Compiling rustix v1.1.4
[INFO] [stderr]    Compiling tracing v0.1.44
[INFO] [stderr]    Compiling tracing-log v0.2.0
[INFO] [stderr]    Compiling actionqueue-core v0.1.0
[INFO] [stderr]    Compiling h2 v0.4.13
[INFO] [stderr]    Compiling regex-automata v0.4.14
[INFO] [stderr]    Compiling worldinterface-contextstore v0.1.2
[INFO] [stderr]    Compiling actionqueue-executor-local v0.1.1
[INFO] [stderr]    Compiling actionqueue-storage v0.1.0
[INFO] [stderr]    Compiling actionqueue-budget v0.1.0
[INFO] [stderr]    Compiling actionqueue-engine v0.1.0
[INFO] [stderr]    Compiling tempfile v3.26.0
[INFO] [stderr]    Compiling hyper v1.8.1
[INFO] [stderr]    Compiling matchers v0.2.0
[INFO] [stderr]    Compiling tracing-subscriber v0.3.22
[INFO] [stderr]    Compiling native-tls v0.2.18
[INFO] [stderr]    Compiling tokio-native-tls v0.3.1
[INFO] [stderr]    Compiling actionqueue-workflow v0.1.0
[INFO] [stderr]    Compiling worldinterface-flowspec v0.1.2
[INFO] [stderr]    Compiling hyper-util v0.1.20
[INFO] [stderr]    Compiling actionqueue-runtime v0.1.1
[INFO] [stderr]    Compiling hyper-tls v0.6.0
[INFO] [stderr]    Compiling reqwest v0.12.28
[INFO] [stderr]    Compiling worldinterface-connector v0.1.2
[INFO] [stderr]    Compiling worldinterface-coordinator v0.1.2 (/opt/rustwide/workdir)
[INFO] [stderr]     Finished `release` profile [optimized] target(s) in 1m 12s
[INFO] running `Command { std: "docker" "inspect" "a4fc79b49528c31cd223e08c486d2612a58204db0f6150e25c71795d6a6f1b78", kill_on_drop: false }`
[INFO] running `Command { std: "docker" "exec" "-e" "SOURCE_DIR=/opt/rustwide/workdir" "-e" "CARGO_HOME=/opt/rustwide/cargo-home" "-e" "RUSTUP_HOME=/opt/rustwide/rustup-home" "-e" "CARGO_TARGET_DIR=/opt/rustwide/target" "-e" "CARGO_INCREMENTAL=0" "-e" "RUST_BACKTRACE=full" "-e" "RUSTFLAGS=--cap-lints=warn" "-e" "RUSTDOCFLAGS=--cap-lints=warn" "-w" "/opt/rustwide/workdir" "--user" "0:0" "a4fc79b49528c31cd223e08c486d2612a58204db0f6150e25c71795d6a6f1b78" "/opt/rustwide/cargo-home/bin/cargo" "+1.99.0-beta.8" "test" "--frozen" "--release", kill_on_drop: false }`
[INFO] [stderr]     Finished `release` profile [optimized] target(s) in 0.23s
[INFO] [stderr]      Running unittests src/lib.rs (/opt/rustwide/target/release/deps/worldinterface_coordinator-cd8945e5f1448187)
[INFO] [stdout] 
[INFO] [stdout] running 59 tests
[INFO] [stdout] test branch_eval::tests::equals_false_when_values_differ ... ok
[INFO] [stdout] test branch_eval::tests::exists_false_when_value_null ... ok
[INFO] [stdout] test branch_eval::tests::exists_true_when_value_present ... ok
[INFO] [stdout] test branch_eval::tests::equals_with_node_output ... ok
[INFO] [stdout] test branch_eval::tests::exists_false_when_value_missing ... ok
[INFO] [stdout] test branch_eval::tests::exists_true_for_false_value ... ok
[INFO] [stdout] test branch_eval::tests::equals_true_when_values_match ... ok
[INFO] [stdout] test branch_eval::tests::expression_not_implemented ... ok
[INFO] [stdout] test branch_eval::tests::exists_true_for_zero ... ok
[INFO] [stdout] test resolve::tests::resolve_array_with_templates ... ok
[INFO] [stdout] test resolve::tests::resolve_flow_param ... ok
[INFO] [stdout] test resolve::tests::resolve_nested_object ... ok
[INFO] [stdout] test resolve::tests::resolve_no_templates ... ok
[INFO] [stdout] test resolve::tests::resolve_missing_node_output ... ok
[INFO] [stdout] test resolve::tests::resolve_missing_path_in_output ... ok
[INFO] [stdout] test resolve::tests::resolve_no_flow_params_provided ... ok
[INFO] [stdout] test resolve::tests::resolve_trigger_full_body ... ok
[INFO] [stdout] test resolve::tests::resolve_trigger_body_field ... ok
[INFO] [stdout] test resolve::tests::resolve_simple_node_ref ... ok
[INFO] [stdout] test branch_eval::tests::exists_true_for_empty_string ... ok
[INFO] [stdout] test resolve::tests::resolve_missing_flow_param ... ok
[INFO] [stdout] test resolve::tests::resolve_string_interpolation ... ok
[INFO] [stdout] test resolve::tests::resolve_full_replacement_preserves_type ... ok
[INFO] [stdout] test resolve::tests::resolve_with_output_prefix ... ok
[INFO] [stdout] test resolve::tests::resolve_nested_path ... ok
[INFO] [stdout] test branch_eval::tests::exists_with_node_output ... ok
[INFO] [stdout] test step::tests::cancellation_token_bridges_correctly ... ok
[INFO] [stdout] test resolve::tests::resolve_trigger_missing_returns_error ... ok
[INFO] [stdout] test step::tests::context_has_correct_ids ... ok
[INFO] [stdout] test resolve::tests::resolve_trigger_headers ... ok
[INFO] [stdout] test resolve::tests::resolve_trigger_nested_path ... ok
[INFO] [stdout] test step::tests::branch_step_does_not_produce_receipt ... ok
[INFO] [stdout] test step::tests::step_evaluates_equals_true ... ok
[INFO] [stdout] test step::tests::connector_step_stores_receipt_on_success ... ok
[INFO] [stdout] test handler::tests::rejects_unknown_task_type ... ok
[INFO] [stdout] test handler::tests::routes_coordinator_payload ... ok
[INFO] [stdout] test step::tests::step_connector_not_found ... ok
[INFO] [stdout] test step::tests::step_connector_invalid_params ... ok
[INFO] [stdout] test step::tests::step_evaluates_exists_false ... ok
[INFO] [stdout] test step::tests::connector_step_produces_receipt ... ok
[INFO] [stdout] test step::tests::connector_step_stores_receipt_on_failure ... ok
[INFO] [stdout] test step::tests::step_connector_terminal_error ... ok
[INFO] [stdout] test step::tests::connector_step_produces_receipt_on_failure ... ok
[INFO] [stdout] test handler::tests::rejects_corrupt_payload ... ok
[INFO] [stdout] test step::tests::receipt_has_nonzero_duration ... ok
[INFO] [stdout] test handler::tests::routes_step_payload ... ok
[INFO] [stdout] test step::tests::receipt_has_correct_flow_run_id ... ok
[INFO] [stdout] test step::tests::step_run_span_has_step_type ... ok
[INFO] [stdout] test step::tests::step_executes_identity_transform ... ok
[INFO] [stdout] test step::tests::step_transform_error_is_terminal ... ok
[INFO] [stdout] test step::tests::step_evaluates_exists_true ... ok
[INFO] [stdout] test step::tests::step_run_span_has_flow_run_id_and_node_id ... ok
[INFO] [stdout] test step::tests::transform_step_does_not_store_receipt ... ok
[INFO] [stdout] test step::tests::step_skips_invocation_if_output_exists ... ok
[INFO] [stdout] test step::tests::step_invokes_fs_write_connector ... ok
[INFO] [stdout] test step::tests::step_invokes_delay_connector ... ok
[INFO] [stdout] test step::tests::step_expression_not_implemented ... ok
[INFO] [stdout] test step::tests::step_executes_field_mapping ... ok
[INFO] [stdout] test step::tests::transform_step_does_not_produce_receipt ... ok
[INFO] [stdout] 
[INFO] [stdout] test result: ok. 59 passed; 0 failed; 0 ignored; 0 measured; 0 filtered out; finished in 0.36s
[INFO] [stdout] 
[INFO] [stderr]      Running tests/integration.rs (/opt/rustwide/target/release/deps/integration-de6808e0969b5745)
[INFO] [stdout] 
[INFO] [stdout] running 12 tests
[INFO] [stdout] test branch_then_path_taken ... FAILED
[INFO] [stdout] test linear_flow_with_param_passing ... FAILED
[INFO] [stdout] test coordinator_suspends_multiple_times_for_branch_flow ... FAILED
[INFO] [stdout] test linear_single_node_flow ... FAILED
[INFO] [stderr] error: test failed, to rerun pass `--test integration`
[INFO] [stdout] test linear_flow_step_failure_propagates ... FAILED
[INFO] [stdout] test coordinator_resumes_and_completes ... FAILED
[INFO] [stdout] test branch_then_only_not_taken ... FAILED
[INFO] [stdout] test coordinator_suspends_on_first_dispatch ... FAILED
[INFO] [stdout] test branch_then_only_taken ... FAILED
[INFO] [stdout] test branch_with_downstream_merge ... FAILED
[INFO] [stdout] test branch_else_path_taken ... FAILED
[INFO] [stdout] test linear_three_node_flow ... FAILED
[INFO] [stdout] 
[INFO] [stdout] failures:
[INFO] [stdout] 
[INFO] [stdout] ---- branch_then_path_taken stdout ----
[INFO] [stdout] 
[INFO] [stdout] thread 'branch_then_path_taken' (2736) panicked at tests/integration.rs:50:35:
[INFO] [stdout] create data dir: Os { code: 30, kind: ReadOnlyFilesystem, message: "Read-only file system" }
[INFO] [stdout] stack backtrace:
[INFO] [stdout]    0:     0x5fe9e9233221 - <<std[70759c8f55707aa4]::sys::backtrace::BacktraceLock>::print::DisplayBacktrace as core[df12db4294e9bfd3]::fmt::Display>::fmt
[INFO] [stdout]    1:     0x5fe9e9249d8a - core[df12db4294e9bfd3]::fmt::write
[INFO] [stdout]    2:     0x5fe9e92381bc - <alloc[2182bb758b4b3781]::vec::Vec<u8> as core[df12db4294e9bfd3]::io::write::Write>::write_fmt
[INFO] [stdout]    3:     0x5fe9e920bf96 - std[70759c8f55707aa4]::panicking::default_hook::{closure#0}
[INFO] [stdout]    4:     0x5fe9e922a249 - std[70759c8f55707aa4]::panicking::default_hook
[INFO] [stdout]    5:     0x5fe9e8e01f40 - test[9d35eded1c95d3be]::test_main_inner::<test[9d35eded1c95d3be]::test_main_static::{closure#0}>::{closure#0}
[INFO] [stdout]    6:     0x5fe9e922a572 - std[70759c8f55707aa4]::panicking::panic_with_hook
[INFO] [stdout]    7:     0x5fe9e920c042 - std[70759c8f55707aa4]::panicking::panic_handler::{closure#0}
[INFO] [stdout]    8:     0x5fe9e92049d9 - std[70759c8f55707aa4]::sys::backtrace::__rust_end_short_backtrace::<std[70759c8f55707aa4]::panicking::panic_handler::{closure#0}, !>
[INFO] [stdout]    9:     0x5fe9e920cf1d - __rustc[8fa7c3cbc660c2b3]::rust_begin_unwind
[INFO] [stdout]   10:     0x5fe9e924a4ec - core[df12db4294e9bfd3]::panicking::panic_fmt
[INFO] [stdout]   11:     0x5fe9e924a2c2 - core[df12db4294e9bfd3]::result::unwrap_failed
[INFO] [stdout]   12:     0x5fe9e8db16f3 - integration[6cee073ede87e31f]::unique_data_dir
[INFO] [stdout]   13:     0x5fe9e8da0e6f - integration[6cee073ede87e31f]::branch_then_path_taken::{closure#0}
[INFO] [stdout]   14:     0x5fe9e8dec693 - <tokio[8c501aef45f9fc07]::runtime::scheduler::current_thread::Context>::enter::<core[df12db4294e9bfd3]::task::poll::Poll<()>, <tokio[8c501aef45f9fc07]::runtime::scheduler::current_thread::CoreGuard>::block_on<core[df12db4294e9bfd3]::pin::Pin<&mut core[df12db4294e9bfd3]::pin::Pin<&mut dyn core[df12db4294e9bfd3]::future::future::Future<Output = ()>>>>::{closure#0}::{closure#0}>
[INFO] [stdout]   15:     0x5fe9e8df03bc - <tokio[8c501aef45f9fc07]::runtime::context::scoped::Scoped<tokio[8c501aef45f9fc07]::runtime::scheduler::Context>>::set::<<tokio[8c501aef45f9fc07]::runtime::scheduler::current_thread::CoreGuard>::enter<<tokio[8c501aef45f9fc07]::runtime::scheduler::current_thread::CoreGuard>::block_on<core[df12db4294e9bfd3]::pin::Pin<&mut core[df12db4294e9bfd3]::pin::Pin<&mut dyn core[df12db4294e9bfd3]::future::future::Future<Output = ()>>>>::{closure#0}, core[df12db4294e9bfd3]::option::Option<()>>::{closure#0}, (alloc[2182bb758b4b3781]::boxed::Box<tokio[8c501aef45f9fc07]::runtime::scheduler::current_thread::Core>, core[df12db4294e9bfd3]::option::Option<()>)>
[INFO] [stdout]   16:     0x5fe9e8dec9e7 - <tokio[8c501aef45f9fc07]::runtime::scheduler::current_thread::CoreGuard>::block_on::<core[df12db4294e9bfd3]::pin::Pin<&mut core[df12db4294e9bfd3]::pin::Pin<&mut dyn core[df12db4294e9bfd3]::future::future::Future<Output = ()>>>>
[INFO] [stdout]   17:     0x5fe9e8dd4c17 - tokio[8c501aef45f9fc07]::runtime::context::runtime::enter_runtime::<<tokio[8c501aef45f9fc07]::runtime::scheduler::current_thread::CurrentThread>::block_on<core[df12db4294e9bfd3]::pin::Pin<&mut dyn core[df12db4294e9bfd3]::future::future::Future<Output = ()>>>::{closure#0}, ()>
[INFO] [stdout]   18:     0x5fe9e8dc28e5 - <tokio[8c501aef45f9fc07]::runtime::runtime::Runtime>::block_on::<core[df12db4294e9bfd3]::pin::Pin<&mut dyn core[df12db4294e9bfd3]::future::future::Future<Output = ()>>>
[INFO] [stdout]   19:     0x5fe9e8db227e - <integration[6cee073ede87e31f]::branch_then_path_taken::{closure#0} as core[df12db4294e9bfd3]::ops::function::FnOnce<()>>::call_once
[INFO] [stdout]   20:     0x5fe9e8df522b - test[9d35eded1c95d3be]::__rust_begin_short_backtrace::<core[df12db4294e9bfd3]::result::Result<(), alloc[2182bb758b4b3781]::string::String>, fn() -> core[df12db4294e9bfd3]::result::Result<(), alloc[2182bb758b4b3781]::string::String>>
[INFO] [stdout]   21:     0x5fe9e8e02895 - test[9d35eded1c95d3be]::run_test::{closure#0}
[INFO] [stdout]   22:     0x5fe9e8dfc154 - std[70759c8f55707aa4]::sys::backtrace::__rust_begin_short_backtrace::<test[9d35eded1c95d3be]::run_test::{closure#1}, ()>
[INFO] [stdout]   23:     0x5fe9e8e059f2 - <std[70759c8f55707aa4]::thread::lifecycle::spawn_unchecked<test[9d35eded1c95d3be]::run_test::{closure#1}, ()>::{closure#1} as core[df12db4294e9bfd3]::ops::function::FnOnce<()>>::call_once::{shim:vtable#0}
[INFO] [stdout]   24:     0x5fe9e9232239 - <std[70759c8f55707aa4]::sys::thread::unix::Thread>::new::thread_start
[INFO] [stdout]   25:     0x7972dcc53dfa - <unknown>
[INFO] [stdout]   26:     0x7972dcce73d4 - clone
[INFO] [stdout]   27:                0x0 - <unknown>
[INFO] [stdout] 
[INFO] [stdout] ---- linear_flow_with_param_passing stdout ----
[INFO] [stdout] 
[INFO] [stdout] thread 'linear_flow_with_param_passing' (2742) panicked at tests/integration.rs:50:35:
[INFO] [stdout] create data dir: Os { code: 30, kind: ReadOnlyFilesystem, message: "Read-only file system" }
[INFO] [stdout] stack backtrace:
[INFO] [stdout]    0:     0x5fe9e9233221 - <<std[70759c8f55707aa4]::sys::backtrace::BacktraceLock>::print::DisplayBacktrace as core[df12db4294e9bfd3]::fmt::Display>::fmt
[INFO] [stdout]    1:     0x5fe9e9249d8a - core[df12db4294e9bfd3]::fmt::write
[INFO] [stdout]    2:     0x5fe9e92381bc - <alloc[2182bb758b4b3781]::vec::Vec<u8> as core[df12db4294e9bfd3]::io::write::Write>::write_fmt
[INFO] [stdout]    3:     0x5fe9e920bf96 - std[70759c8f55707aa4]::panicking::default_hook::{closure#0}
[INFO] [stdout]    4:     0x5fe9e922a249 - std[70759c8f55707aa4]::panicking::default_hook
[INFO] [stdout]    5:     0x5fe9e8e01f40 - test[9d35eded1c95d3be]::test_main_inner::<test[9d35eded1c95d3be]::test_main_static::{closure#0}>::{closure#0}
[INFO] [stdout]    6:     0x5fe9e922a572 - std[70759c8f55707aa4]::panicking::panic_with_hook
[INFO] [stdout]    7:     0x5fe9e920c042 - std[70759c8f55707aa4]::panicking::panic_handler::{closure#0}
[INFO] [stdout]    8:     0x5fe9e92049d9 - std[70759c8f55707aa4]::sys::backtrace::__rust_end_short_backtrace::<std[70759c8f55707aa4]::panicking::panic_handler::{closure#0}, !>
[INFO] [stdout]    9:     0x5fe9e920cf1d - __rustc[8fa7c3cbc660c2b3]::rust_begin_unwind
[INFO] [stdout]   10:     0x5fe9e924a4ec - core[df12db4294e9bfd3]::panicking::panic_fmt
[INFO] [stdout]   11:     0x5fe9e924a2c2 - core[df12db4294e9bfd3]::result::unwrap_failed
[INFO] [stdout]   12:     0x5fe9e8db16f3 - integration[6cee073ede87e31f]::unique_data_dir
[INFO] [stdout]   13:     0x5fe9e8da7c6f - integration[6cee073ede87e31f]::linear_flow_with_param_passing::{closure#0}
[INFO] [stdout]   14:     0x5fe9e8dec693 - <tokio[8c501aef45f9fc07]::runtime::scheduler::current_thread::Context>::enter::<core[df12db4294e9bfd3]::task::poll::Poll<()>, <tokio[8c501aef45f9fc07]::runtime::scheduler::current_thread::CoreGuard>::block_on<core[df12db4294e9bfd3]::pin::Pin<&mut core[df12db4294e9bfd3]::pin::Pin<&mut dyn core[df12db4294e9bfd3]::future::future::Future<Output = ()>>>>::{closure#0}::{closure#0}>
[INFO] [stdout]   15:     0x5fe9e8df03bc - <tokio[8c501aef45f9fc07]::runtime::context::scoped::Scoped<tokio[8c501aef45f9fc07]::runtime::scheduler::Context>>::set::<<tokio[8c501aef45f9fc07]::runtime::scheduler::current_thread::CoreGuard>::enter<<tokio[8c501aef45f9fc07]::runtime::scheduler::current_thread::CoreGuard>::block_on<core[df12db4294e9bfd3]::pin::Pin<&mut core[df12db4294e9bfd3]::pin::Pin<&mut dyn core[df12db4294e9bfd3]::future::future::Future<Output = ()>>>>::{closure#0}, core[df12db4294e9bfd3]::option::Option<()>>::{closure#0}, (alloc[2182bb758b4b3781]::boxed::Box<tokio[8c501aef45f9fc07]::runtime::scheduler::current_thread::Core>, core[df12db4294e9bfd3]::option::Option<()>)>
[INFO] [stdout]   16:     0x5fe9e8dec9e7 - <tokio[8c501aef45f9fc07]::runtime::scheduler::current_thread::CoreGuard>::block_on::<core[df12db4294e9bfd3]::pin::Pin<&mut core[df12db4294e9bfd3]::pin::Pin<&mut dyn core[df12db4294e9bfd3]::future::future::Future<Output = ()>>>>
[INFO] [stdout]   17:     0x5fe9e8dd4c17 - tokio[8c501aef45f9fc07]::runtime::context::runtime::enter_runtime::<<tokio[8c501aef45f9fc07]::runtime::scheduler::current_thread::CurrentThread>::block_on<core[df12db4294e9bfd3]::pin::Pin<&mut dyn core[df12db4294e9bfd3]::future::future::Future<Output = ()>>>::{closure#0}, ()>
[INFO] [stdout]   18:     0x5fe9e8dc28e5 - <tokio[8c501aef45f9fc07]::runtime::runtime::Runtime>::block_on::<core[df12db4294e9bfd3]::pin::Pin<&mut dyn core[df12db4294e9bfd3]::future::future::Future<Output = ()>>>
[INFO] [stdout]   19:     0x5fe9e8db295e - <integration[6cee073ede87e31f]::linear_flow_with_param_passing::{closure#0} as core[df12db4294e9bfd3]::ops::function::FnOnce<()>>::call_once
[INFO] [stdout]   20:     0x5fe9e8df522b - test[9d35eded1c95d3be]::__rust_begin_short_backtrace::<core[df12db4294e9bfd3]::result::Result<(), alloc[2182bb758b4b3781]::string::String>, fn() -> core[df12db4294e9bfd3]::result::Result<(), alloc[2182bb758b4b3781]::string::String>>
[INFO] [stdout]   21:     0x5fe9e8e02895 - test[9d35eded1c95d3be]::run_test::{closure#0}
[INFO] [stdout]   22:     0x5fe9e8dfc154 - std[70759c8f55707aa4]::sys::backtrace::__rust_begin_short_backtrace::<test[9d35eded1c95d3be]::run_test::{closure#1}, ()>
[INFO] [stdout]   23:     0x5fe9e8e059f2 - <std[70759c8f55707aa4]::thread::lifecycle::spawn_unchecked<test[9d35eded1c95d3be]::run_test::{closure#1}, ()>::{closure#1} as core[df12db4294e9bfd3]::ops::function::FnOnce<()>>::call_once::{shim:vtable#0}
[INFO] [stdout]   24:     0x5fe9e9232239 - <std[70759c8f55707aa4]::sys::thread::unix::Thread>::new::thread_start
[INFO] [stdout]   25:     0x7972dcc53dfa - <unknown>
[INFO] [stdout]   26:     0x7972dcce73d4 - clone
[INFO] [stdout]   27:                0x0 - <unknown>
[INFO] [stdout] 
[INFO] [stdout] ---- coordinator_suspends_multiple_times_for_branch_flow stdout ----
[INFO] [stdout] 
[INFO] [stdout] thread 'coordinator_suspends_multiple_times_for_branch_flow' (2739) panicked at tests/integration.rs:50:35:
[INFO] [stdout] create data dir: Os { code: 30, kind: ReadOnlyFilesystem, message: "Read-only file system" }
[INFO] [stdout] stack backtrace:
[INFO] [stdout]    0:     0x5fe9e9233221 - <<std[70759c8f55707aa4]::sys::backtrace::BacktraceLock>::print::DisplayBacktrace as core[df12db4294e9bfd3]::fmt::Display>::fmt
[INFO] [stdout]    1:     0x5fe9e9249d8a - core[df12db4294e9bfd3]::fmt::write
[INFO] [stdout]    2:     0x5fe9e92381bc - <alloc[2182bb758b4b3781]::vec::Vec<u8> as core[df12db4294e9bfd3]::io::write::Write>::write_fmt
[INFO] [stdout]    3:     0x5fe9e920bf96 - std[70759c8f55707aa4]::panicking::default_hook::{closure#0}
[INFO] [stdout]    4:     0x5fe9e922a249 - std[70759c8f55707aa4]::panicking::default_hook
[INFO] [stdout]    5:     0x5fe9e8e01f40 - test[9d35eded1c95d3be]::test_main_inner::<test[9d35eded1c95d3be]::test_main_static::{closure#0}>::{closure#0}
[INFO] [stdout]    6:     0x5fe9e922a572 - std[70759c8f55707aa4]::panicking::panic_with_hook
[INFO] [stdout]    7:     0x5fe9e920c042 - std[70759c8f55707aa4]::panicking::panic_handler::{closure#0}
[INFO] [stdout]    8:     0x5fe9e92049d9 - std[70759c8f55707aa4]::sys::backtrace::__rust_end_short_backtrace::<std[70759c8f55707aa4]::panicking::panic_handler::{closure#0}, !>
[INFO] [stdout]    9:     0x5fe9e920cf1d - __rustc[8fa7c3cbc660c2b3]::rust_begin_unwind
[INFO] [stdout]   10:     0x5fe9e924a4ec - core[df12db4294e9bfd3]::panicking::panic_fmt
[INFO] [stdout]   11:     0x5fe9e924a2c2 - core[df12db4294e9bfd3]::result::unwrap_failed
[INFO] [stdout]   12:     0x5fe9e8db16f3 - integration[6cee073ede87e31f]::unique_data_dir
[INFO] [stdout]   13:     0x5fe9e8dac09f - integration[6cee073ede87e31f]::coordinator_suspends_multiple_times_for_branch_flow::{closure#0}
[INFO] [stdout]   14:     0x5fe9e8dec693 - <tokio[8c501aef45f9fc07]::runtime::scheduler::current_thread::Context>::enter::<core[df12db4294e9bfd3]::task::poll::Poll<()>, <tokio[8c501aef45f9fc07]::runtime::scheduler::current_thread::CoreGuard>::block_on<core[df12db4294e9bfd3]::pin::Pin<&mut core[df12db4294e9bfd3]::pin::Pin<&mut dyn core[df12db4294e9bfd3]::future::future::Future<Output = ()>>>>::{closure#0}::{closure#0}>
[INFO] [stdout]   15:     0x5fe9e8df03bc - <tokio[8c501aef45f9fc07]::runtime::context::scoped::Scoped<tokio[8c501aef45f9fc07]::runtime::scheduler::Context>>::set::<<tokio[8c501aef45f9fc07]::runtime::scheduler::current_thread::CoreGuard>::enter<<tokio[8c501aef45f9fc07]::runtime::scheduler::current_thread::CoreGuard>::block_on<core[df12db4294e9bfd3]::pin::Pin<&mut core[df12db4294e9bfd3]::pin::Pin<&mut dyn core[df12db4294e9bfd3]::future::future::Future<Output = ()>>>>::{closure#0}, core[df12db4294e9bfd3]::option::Option<()>>::{closure#0}, (alloc[2182bb758b4b3781]::boxed::Box<tokio[8c501aef45f9fc07]::runtime::scheduler::current_thread::Core>, core[df12db4294e9bfd3]::option::Option<()>)>
[INFO] [stdout]   16:     0x5fe9e8dec9e7 - <tokio[8c501aef45f9fc07]::runtime::scheduler::current_thread::CoreGuard>::block_on::<core[df12db4294e9bfd3]::pin::Pin<&mut core[df12db4294e9bfd3]::pin::Pin<&mut dyn core[df12db4294e9bfd3]::future::future::Future<Output = ()>>>>
[INFO] [stdout]   17:     0x5fe9e8dd4c17 - tokio[8c501aef45f9fc07]::runtime::context::runtime::enter_runtime::<<tokio[8c501aef45f9fc07]::runtime::scheduler::current_thread::CurrentThread>::block_on<core[df12db4294e9bfd3]::pin::Pin<&mut dyn core[df12db4294e9bfd3]::future::future::Future<Output = ()>>>::{closure#0}, ()>
[INFO] [stdout]   18:     0x5fe9e8dc28e5 - <tokio[8c501aef45f9fc07]::runtime::runtime::Runtime>::block_on::<core[df12db4294e9bfd3]::pin::Pin<&mut dyn core[df12db4294e9bfd3]::future::future::Future<Output = ()>>>
[INFO] [stdout]   19:     0x5fe9e8db2ede - <integration[6cee073ede87e31f]::coordinator_suspends_multiple_times_for_branch_flow::{closure#0} as core[df12db4294e9bfd3]::ops::function::FnOnce<()>>::call_once
[INFO] [stdout]   20:     0x5fe9e8df522b - test[9d35eded1c95d3be]::__rust_begin_short_backtrace::<core[df12db4294e9bfd3]::result::Result<(), alloc[2182bb758b4b3781]::string::String>, fn() -> core[df12db4294e9bfd3]::result::Result<(), alloc[2182bb758b4b3781]::string::String>>
[INFO] [stdout]   21:     0x5fe9e8e02895 - test[9d35eded1c95d3be]::run_test::{closure#0}
[INFO] [stdout]   22:     0x5fe9e8dfc154 - std[70759c8f55707aa4]::sys::backtrace::__rust_begin_short_backtrace::<test[9d35eded1c95d3be]::run_test::{closure#1}, ()>
[INFO] [stdout]   23:     0x5fe9e8e059f2 - <std[70759c8f55707aa4]::thread::lifecycle::spawn_unchecked<test[9d35eded1c95d3be]::run_test::{closure#1}, ()>::{closure#1} as core[df12db4294e9bfd3]::ops::function::FnOnce<()>>::call_once::{shim:vtable#0}
[INFO] [stdout]   24:     0x5fe9e9232239 - <std[70759c8f55707aa4]::sys::thread::unix::Thread>::new::thread_start
[INFO] [stdout]   25:     0x7972dcc53dfa - <unknown>
[INFO] [stdout]   26:     0x7972dcce73d4 - clone
[INFO] [stdout]   27:                0x0 - <unknown>
[INFO] [stdout] 
[INFO] [stdout] ---- linear_single_node_flow stdout ----
[INFO] [stdout] 
[INFO] [stdout] thread 'linear_single_node_flow' (2743) panicked at tests/integration.rs:50:35:
[INFO] [stdout] create data dir: Os { code: 30, kind: ReadOnlyFilesystem, message: "Read-only file system" }
[INFO] [stdout] stack backtrace:
[INFO] [stdout]    0:     0x5fe9e9233221 - <<std[70759c8f55707aa4]::sys::backtrace::BacktraceLock>::print::DisplayBacktrace as core[df12db4294e9bfd3]::fmt::Display>::fmt
[INFO] [stdout]    1:     0x5fe9e9249d8a - core[df12db4294e9bfd3]::fmt::write
[INFO] [stdout]    2:     0x5fe9e92381bc - <alloc[2182bb758b4b3781]::vec::Vec<u8> as core[df12db4294e9bfd3]::io::write::Write>::write_fmt
[INFO] [stdout]    3:     0x5fe9e920bf96 - std[70759c8f55707aa4]::panicking::default_hook::{closure#0}
[INFO] [stdout]    4:     0x5fe9e922a249 - std[70759c8f55707aa4]::panicking::default_hook
[INFO] [stdout]    5:     0x5fe9e8e01f40 - test[9d35eded1c95d3be]::test_main_inner::<test[9d35eded1c95d3be]::test_main_static::{closure#0}>::{closure#0}
[INFO] [stdout]    6:     0x5fe9e922a572 - std[70759c8f55707aa4]::panicking::panic_with_hook
[INFO] [stdout]    7:     0x5fe9e920c042 - std[70759c8f55707aa4]::panicking::panic_handler::{closure#0}
[INFO] [stdout]    8:     0x5fe9e92049d9 - std[70759c8f55707aa4]::sys::backtrace::__rust_end_short_backtrace::<std[70759c8f55707aa4]::panicking::panic_handler::{closure#0}, !>
[INFO] [stdout]    9:     0x5fe9e920cf1d - __rustc[8fa7c3cbc660c2b3]::rust_begin_unwind
[INFO] [stdout]   10:     0x5fe9e924a4ec - core[df12db4294e9bfd3]::panicking::panic_fmt
[INFO] [stdout]   11:     0x5fe9e924a2c2 - core[df12db4294e9bfd3]::result::unwrap_failed
[INFO] [stdout]   12:     0x5fe9e8db16f3 - integration[6cee073ede87e31f]::unique_data_dir
[INFO] [stdout]   13:     0x5fe9e8da3c7f - integration[6cee073ede87e31f]::linear_single_node_flow::{closure#0}
[INFO] [stdout]   14:     0x5fe9e8dec693 - <tokio[8c501aef45f9fc07]::runtime::scheduler::current_thread::Context>::enter::<core[df12db4294e9bfd3]::task::poll::Poll<()>, <tokio[8c501aef45f9fc07]::runtime::scheduler::current_thread::CoreGuard>::block_on<core[df12db4294e9bfd3]::pin::Pin<&mut core[df12db4294e9bfd3]::pin::Pin<&mut dyn core[df12db4294e9bfd3]::future::future::Future<Output = ()>>>>::{closure#0}::{closure#0}>
[INFO] [stdout]   15:     0x5fe9e8df03bc - <tokio[8c501aef45f9fc07]::runtime::context::scoped::Scoped<tokio[8c501aef45f9fc07]::runtime::scheduler::Context>>::set::<<tokio[8c501aef45f9fc07]::runtime::scheduler::current_thread::CoreGuard>::enter<<tokio[8c501aef45f9fc07]::runtime::scheduler::current_thread::CoreGuard>::block_on<core[df12db4294e9bfd3]::pin::Pin<&mut core[df12db4294e9bfd3]::pin::Pin<&mut dyn core[df12db4294e9bfd3]::future::future::Future<Output = ()>>>>::{closure#0}, core[df12db4294e9bfd3]::option::Option<()>>::{closure#0}, (alloc[2182bb758b4b3781]::boxed::Box<tokio[8c501aef45f9fc07]::runtime::scheduler::current_thread::Core>, core[df12db4294e9bfd3]::option::Option<()>)>
[INFO] [stdout]   16:     0x5fe9e8dec9e7 - <tokio[8c501aef45f9fc07]::runtime::scheduler::current_thread::CoreGuard>::block_on::<core[df12db4294e9bfd3]::pin::Pin<&mut core[df12db4294e9bfd3]::pin::Pin<&mut dyn core[df12db4294e9bfd3]::future::future::Future<Output = ()>>>>
[INFO] [stdout]   17:     0x5fe9e8dd4c17 - tokio[8c501aef45f9fc07]::runtime::context::runtime::enter_runtime::<<tokio[8c501aef45f9fc07]::runtime::scheduler::current_thread::CurrentThread>::block_on<core[df12db4294e9bfd3]::pin::Pin<&mut dyn core[df12db4294e9bfd3]::future::future::Future<Output = ()>>>::{closure#0}, ()>
[INFO] [stdout]   18:     0x5fe9e8dc28e5 - <tokio[8c501aef45f9fc07]::runtime::runtime::Runtime>::block_on::<core[df12db4294e9bfd3]::pin::Pin<&mut dyn core[df12db4294e9bfd3]::future::future::Future<Output = ()>>>
[INFO] [stdout]   19:     0x5fe9e8db253e - <integration[6cee073ede87e31f]::linear_single_node_flow::{closure#0} as core[df12db4294e9bfd3]::ops::function::FnOnce<()>>::call_once
[INFO] [stdout]   20:     0x5fe9e8df522b - test[9d35eded1c95d3be]::__rust_begin_short_backtrace::<core[df12db4294e9bfd3]::result::Result<(), alloc[2182bb758b4b3781]::string::String>, fn() -> core[df12db4294e9bfd3]::result::Result<(), alloc[2182bb758b4b3781]::string::String>>
[INFO] [stdout]   21:     0x5fe9e8e02895 - test[9d35eded1c95d3be]::run_test::{closure#0}
[INFO] [stdout]   22:     0x5fe9e8dfc154 - std[70759c8f55707aa4]::sys::backtrace::__rust_begin_short_backtrace::<test[9d35eded1c95d3be]::run_test::{closure#1}, ()>
[INFO] [stdout]   23:     0x5fe9e8e059f2 - <std[70759c8f55707aa4]::thread::lifecycle::spawn_unchecked<test[9d35eded1c95d3be]::run_test::{closure#1}, ()>::{closure#1} as core[df12db4294e9bfd3]::ops::function::FnOnce<()>>::call_once::{shim:vtable#0}
[INFO] [stdout]   24:     0x5fe9e9232239 - <std[70759c8f55707aa4]::sys::thread::unix::Thread>::new::thread_start
[INFO] [stdout]   25:     0x7972dcc53dfa - <unknown>
[INFO] [stdout]   26:     0x7972dcce73d4 - clone
[INFO] [stdout]   27:                0x0 - <unknown>
[INFO] [stdout] 
[INFO] [stdout] ---- linear_flow_step_failure_propagates stdout ----
[INFO] [stdout] 
[INFO] [stdout] thread 'linear_flow_step_failure_propagates' (2741) panicked at tests/integration.rs:50:35:
[INFO] [stdout] create data dir: Os { code: 30, kind: ReadOnlyFilesystem, message: "Read-only file system" }
[INFO] [stdout] stack backtrace:
[INFO] [stdout]    0:     0x5fe9e9233221 - <<std[70759c8f55707aa4]::sys::backtrace::BacktraceLock>::print::DisplayBacktrace as core[df12db4294e9bfd3]::fmt::Display>::fmt
[INFO] [stdout]    1:     0x5fe9e9249d8a - core[df12db4294e9bfd3]::fmt::write
[INFO] [stdout]    2:     0x5fe9e92381bc - <alloc[2182bb758b4b3781]::vec::Vec<u8> as core[df12db4294e9bfd3]::io::write::Write>::write_fmt
[INFO] [stdout]    3:     0x5fe9e920bf96 - std[70759c8f55707aa4]::panicking::default_hook::{closure#0}
[INFO] [stdout]    4:     0x5fe9e922a249 - std[70759c8f55707aa4]::panicking::default_hook
[INFO] [stdout]    5:     0x5fe9e8e01f40 - test[9d35eded1c95d3be]::test_main_inner::<test[9d35eded1c95d3be]::test_main_static::{closure#0}>::{closure#0}
[INFO] [stdout]    6:     0x5fe9e922a572 - std[70759c8f55707aa4]::panicking::panic_with_hook
[INFO] [stdout]    7:     0x5fe9e920c042 - std[70759c8f55707aa4]::panicking::panic_handler::{closure#0}
[INFO] [stdout]    8:     0x5fe9e92049d9 - std[70759c8f55707aa4]::sys::backtrace::__rust_end_short_backtrace::<std[70759c8f55707aa4]::panicking::panic_handler::{closure#0}, !>
[INFO] [stdout]    9:     0x5fe9e920cf1d - __rustc[8fa7c3cbc660c2b3]::rust_begin_unwind
[INFO] [stdout]   10:     0x5fe9e924a4ec - core[df12db4294e9bfd3]::panicking::panic_fmt
[INFO] [stdout]   11:     0x5fe9e924a2c2 - core[df12db4294e9bfd3]::result::unwrap_failed
[INFO] [stdout]   12:     0x5fe9e8db16f3 - integration[6cee073ede87e31f]::unique_data_dir
[INFO] [stdout]   13:     0x5fe9e8daa34f - integration[6cee073ede87e31f]::linear_flow_step_failure_propagates::{closure#0}
[INFO] [stdout]   14:     0x5fe9e8dec693 - <tokio[8c501aef45f9fc07]::runtime::scheduler::current_thread::Context>::enter::<core[df12db4294e9bfd3]::task::poll::Poll<()>, <tokio[8c501aef45f9fc07]::runtime::scheduler::current_thread::CoreGuard>::block_on<core[df12db4294e9bfd3]::pin::Pin<&mut core[df12db4294e9bfd3]::pin::Pin<&mut dyn core[df12db4294e9bfd3]::future::future::Future<Output = ()>>>>::{closure#0}::{closure#0}>
[INFO] [stdout]   15:     0x5fe9e8df03bc - <tokio[8c501aef45f9fc07]::runtime::context::scoped::Scoped<tokio[8c501aef45f9fc07]::runtime::scheduler::Context>>::set::<<tokio[8c501aef45f9fc07]::runtime::scheduler::current_thread::CoreGuard>::enter<<tokio[8c501aef45f9fc07]::runtime::scheduler::current_thread::CoreGuard>::block_on<core[df12db4294e9bfd3]::pin::Pin<&mut core[df12db4294e9bfd3]::pin::Pin<&mut dyn core[df12db4294e9bfd3]::future::future::Future<Output = ()>>>>::{closure#0}, core[df12db4294e9bfd3]::option::Option<()>>::{closure#0}, (alloc[2182bb758b4b3781]::boxed::Box<tokio[8c501aef45f9fc07]::runtime::scheduler::current_thread::Core>, core[df12db4294e9bfd3]::option::Option<()>)>
[INFO] [stdout]   16:     0x5fe9e8dec9e7 - <tokio[8c501aef45f9fc07]::runtime::scheduler::current_thread::CoreGuard>::block_on::<core[df12db4294e9bfd3]::pin::Pin<&mut core[df12db4294e9bfd3]::pin::Pin<&mut dyn core[df12db4294e9bfd3]::future::future::Future<Output = ()>>>>
[INFO] [stdout]   17:     0x5fe9e8dd4c17 - tokio[8c501aef45f9fc07]::runtime::context::runtime::enter_runtime::<<tokio[8c501aef45f9fc07]::runtime::scheduler::current_thread::CurrentThread>::block_on<core[df12db4294e9bfd3]::pin::Pin<&mut dyn core[df12db4294e9bfd3]::future::future::Future<Output = ()>>>::{closure#0}, ()>
[INFO] [stdout]   18:     0x5fe9e8dc28e5 - <tokio[8c501aef45f9fc07]::runtime::runtime::Runtime>::block_on::<core[df12db4294e9bfd3]::pin::Pin<&mut dyn core[df12db4294e9bfd3]::future::future::Future<Output = ()>>>
[INFO] [stdout]   19:     0x5fe9e8db2c1e - <integration[6cee073ede87e31f]::linear_flow_step_failure_propagates::{closure#0} as core[df12db4294e9bfd3]::ops::function::FnOnce<()>>::call_once
[INFO] [stdout]   20:     0x5fe9e8df522b - test[9d35eded1c95d3be]::__rust_begin_short_backtrace::<core[df12db4294e9bfd3]::result::Result<(), alloc[2182bb758b4b3781]::string::String>, fn() -> core[df12db4294e9bfd3]::result::Result<(), alloc[2182bb758b4b3781]::string::String>>
[INFO] [stdout]   21:     0x5fe9e8e02895 - test[9d35eded1c95d3be]::run_test::{closure#0}
[INFO] [stdout]   22:     0x5fe9e8dfc154 - std[70759c8f55707aa4]::sys::backtrace::__rust_begin_short_backtrace::<test[9d35eded1c95d3be]::run_test::{closure#1}, ()>
[INFO] [stdout]   23:     0x5fe9e8e059f2 - <std[70759c8f55707aa4]::thread::lifecycle::spawn_unchecked<test[9d35eded1c95d3be]::run_test::{closure#1}, ()>::{closure#1} as core[df12db4294e9bfd3]::ops::function::FnOnce<()>>::call_once::{shim:vtable#0}
[INFO] [stdout]   24:     0x5fe9e9232239 - <std[70759c8f55707aa4]::sys::thread::unix::Thread>::new::thread_start
[INFO] [stdout]   25:     0x7972dcc53dfa - <unknown>
[INFO] [stdout]   26:     0x7972dcce73d4 - clone
[INFO] [stdout]   27:                0x0 - <unknown>
[INFO] [stdout] 
[INFO] [stdout] ---- coordinator_resumes_and_completes stdout ----
[INFO] [stdout] 
[INFO] [stdout] thread 'coordinator_resumes_and_completes' (2738) panicked at tests/integration.rs:50:35:
[INFO] [stdout] create data dir: Os { code: 30, kind: ReadOnlyFilesystem, message: "Read-only file system" }
[INFO] [stdout] stack backtrace:
[INFO] [stdout]    0:     0x5fe9e9233221 - <<std[70759c8f55707aa4]::sys::backtrace::BacktraceLock>::print::DisplayBacktrace as core[df12db4294e9bfd3]::fmt::Display>::fmt
[INFO] [stdout]    1:     0x5fe9e9249d8a - core[df12db4294e9bfd3]::fmt::write
[INFO] [stdout]    2:     0x5fe9e92381bc - <alloc[2182bb758b4b3781]::vec::Vec<u8> as core[df12db4294e9bfd3]::io::write::Write>::write_fmt
[INFO] [stdout]    3:     0x5fe9e920bf96 - std[70759c8f55707aa4]::panicking::default_hook::{closure#0}
[INFO] [stdout]    4:     0x5fe9e922a249 - std[70759c8f55707aa4]::panicking::default_hook
[INFO] [stdout]    5:     0x5fe9e8e01f40 - test[9d35eded1c95d3be]::test_main_inner::<test[9d35eded1c95d3be]::test_main_static::{closure#0}>::{closure#0}
[INFO] [stdout]    6:     0x5fe9e922a572 - std[70759c8f55707aa4]::panicking::panic_with_hook
[INFO] [stdout]    7:     0x5fe9e920c042 - std[70759c8f55707aa4]::panicking::panic_handler::{closure#0}
[INFO] [stdout]    8:     0x5fe9e92049d9 - std[70759c8f55707aa4]::sys::backtrace::__rust_end_short_backtrace::<std[70759c8f55707aa4]::panicking::panic_handler::{closure#0}, !>
[INFO] [stdout]    9:     0x5fe9e920cf1d - __rustc[8fa7c3cbc660c2b3]::rust_begin_unwind
[INFO] [stdout]   10:     0x5fe9e924a4ec - core[df12db4294e9bfd3]::panicking::panic_fmt
[INFO] [stdout]   11:     0x5fe9e924a2c2 - core[df12db4294e9bfd3]::result::unwrap_failed
[INFO] [stdout]   12:     0x5fe9e8db16f3 - integration[6cee073ede87e31f]::unique_data_dir
[INFO] [stdout]   13:     0x5fe9e8da923f - integration[6cee073ede87e31f]::coordinator_resumes_and_completes::{closure#0}
[INFO] [stdout]   14:     0x5fe9e8dec693 - <tokio[8c501aef45f9fc07]::runtime::scheduler::current_thread::Context>::enter::<core[df12db4294e9bfd3]::task::poll::Poll<()>, <tokio[8c501aef45f9fc07]::runtime::scheduler::current_thread::CoreGuard>::block_on<core[df12db4294e9bfd3]::pin::Pin<&mut core[df12db4294e9bfd3]::pin::Pin<&mut dyn core[df12db4294e9bfd3]::future::future::Future<Output = ()>>>>::{closure#0}::{closure#0}>
[INFO] [stdout]   15:     0x5fe9e8df03bc - <tokio[8c501aef45f9fc07]::runtime::context::scoped::Scoped<tokio[8c501aef45f9fc07]::runtime::scheduler::Context>>::set::<<tokio[8c501aef45f9fc07]::runtime::scheduler::current_thread::CoreGuard>::enter<<tokio[8c501aef45f9fc07]::runtime::scheduler::current_thread::CoreGuard>::block_on<core[df12db4294e9bfd3]::pin::Pin<&mut core[df12db4294e9bfd3]::pin::Pin<&mut dyn core[df12db4294e9bfd3]::future::future::Future<Output = ()>>>>::{closure#0}, core[df12db4294e9bfd3]::option::Option<()>>::{closure#0}, (alloc[2182bb758b4b3781]::boxed::Box<tokio[8c501aef45f9fc07]::runtime::scheduler::current_thread::Core>, core[df12db4294e9bfd3]::option::Option<()>)>
[INFO] [stdout]   16:     0x5fe9e8dec9e7 - <tokio[8c501aef45f9fc07]::runtime::scheduler::current_thread::CoreGuard>::block_on::<core[df12db4294e9bfd3]::pin::Pin<&mut core[df12db4294e9bfd3]::pin::Pin<&mut dyn core[df12db4294e9bfd3]::future::future::Future<Output = ()>>>>
[INFO] [stdout]   17:     0x5fe9e8dd4c17 - tokio[8c501aef45f9fc07]::runtime::context::runtime::enter_runtime::<<tokio[8c501aef45f9fc07]::runtime::scheduler::current_thread::CurrentThread>::block_on<core[df12db4294e9bfd3]::pin::Pin<&mut dyn core[df12db4294e9bfd3]::future::future::Future<Output = ()>>>::{closure#0}, ()>
[INFO] [stdout]   18:     0x5fe9e8dc28e5 - <tokio[8c501aef45f9fc07]::runtime::runtime::Runtime>::block_on::<core[df12db4294e9bfd3]::pin::Pin<&mut dyn core[df12db4294e9bfd3]::future::future::Future<Output = ()>>>
[INFO] [stdout]   19:     0x5fe9e8db2abe - <integration[6cee073ede87e31f]::coordinator_resumes_and_completes::{closure#0} as core[df12db4294e9bfd3]::ops::function::FnOnce<()>>::call_once
[INFO] [stdout]   20:     0x5fe9e8df522b - test[9d35eded1c95d3be]::__rust_begin_short_backtrace::<core[df12db4294e9bfd3]::result::Result<(), alloc[2182bb758b4b3781]::string::String>, fn() -> core[df12db4294e9bfd3]::result::Result<(), alloc[2182bb758b4b3781]::string::String>>
[INFO] [stdout]   21:     0x5fe9e8e02895 - test[9d35eded1c95d3be]::run_test::{closure#0}
[INFO] [stdout]   22:     0x5fe9e8dfc154 - std[70759c8f55707aa4]::sys::backtrace::__rust_begin_short_backtrace::<test[9d35eded1c95d3be]::run_test::{closure#1}, ()>
[INFO] [stdout]   23:     0x5fe9e8e059f2 - <std[70759c8f55707aa4]::thread::lifecycle::spawn_unchecked<test[9d35eded1c95d3be]::run_test::{closure#1}, ()>::{closure#1} as core[df12db4294e9bfd3]::ops::function::FnOnce<()>>::call_once::{shim:vtable#0}
[INFO] [stdout]   24:     0x5fe9e9232239 - <std[70759c8f55707aa4]::sys::thread::unix::Thread>::new::thread_start
[INFO] [stdout]   25:     0x7972dcc53dfa - <unknown>
[INFO] [stdout]   26:     0x7972dcce73d4 - clone
[INFO] [stdout]   27:                0x0 - <unknown>
[INFO] [stdout] 
[INFO] [stdout] ---- branch_then_only_not_taken stdout ----
[INFO] [stdout] 
[INFO] [stdout] thread 'branch_then_only_not_taken' (2734) panicked at tests/integration.rs:50:35:
[INFO] [stdout] create data dir: Os { code: 30, kind: ReadOnlyFilesystem, message: "Read-only file system" }
[INFO] [stdout] stack backtrace:
[INFO] [stdout]    0:     0x5fe9e9233221 - <<std[70759c8f55707aa4]::sys::backtrace::BacktraceLock>::print::DisplayBacktrace as core[df12db4294e9bfd3]::fmt::Display>::fmt
[INFO] [stdout]    1:     0x5fe9e9249d8a - core[df12db4294e9bfd3]::fmt::write
[INFO] [stdout]    2:     0x5fe9e92381bc - <alloc[2182bb758b4b3781]::vec::Vec<u8> as core[df12db4294e9bfd3]::io::write::Write>::write_fmt
[INFO] [stdout]    3:     0x5fe9e920bf96 - std[70759c8f55707aa4]::panicking::default_hook::{closure#0}
[INFO] [stdout]    4:     0x5fe9e922a249 - std[70759c8f55707aa4]::panicking::default_hook
[INFO] [stdout]    5:     0x5fe9e8e01f40 - test[9d35eded1c95d3be]::test_main_inner::<test[9d35eded1c95d3be]::test_main_static::{closure#0}>::{closure#0}
[INFO] [stdout]    6:     0x5fe9e922a572 - std[70759c8f55707aa4]::panicking::panic_with_hook
[INFO] [stdout]    7:     0x5fe9e920c042 - std[70759c8f55707aa4]::panicking::panic_handler::{closure#0}
[INFO] [stdout]    8:     0x5fe9e92049d9 - std[70759c8f55707aa4]::sys::backtrace::__rust_end_short_backtrace::<std[70759c8f55707aa4]::panicking::panic_handler::{closure#0}, !>
[INFO] [stdout]    9:     0x5fe9e920cf1d - __rustc[8fa7c3cbc660c2b3]::rust_begin_unwind
[INFO] [stdout]   10:     0x5fe9e924a4ec - core[df12db4294e9bfd3]::panicking::panic_fmt
[INFO] [stdout]   11:     0x5fe9e924a2c2 - core[df12db4294e9bfd3]::result::unwrap_failed
[INFO] [stdout]   12:     0x5fe9e8db16f3 - integration[6cee073ede87e31f]::unique_data_dir
[INFO] [stdout]   13:     0x5fe9e8da4b8f - integration[6cee073ede87e31f]::branch_then_only_not_taken::{closure#0}
[INFO] [stdout]   14:     0x5fe9e8dec693 - <tokio[8c501aef45f9fc07]::runtime::scheduler::current_thread::Context>::enter::<core[df12db4294e9bfd3]::task::poll::Poll<()>, <tokio[8c501aef45f9fc07]::runtime::scheduler::current_thread::CoreGuard>::block_on<core[df12db4294e9bfd3]::pin::Pin<&mut core[df12db4294e9bfd3]::pin::Pin<&mut dyn core[df12db4294e9bfd3]::future::future::Future<Output = ()>>>>::{closure#0}::{closure#0}>
[INFO] [stdout]   15:     0x5fe9e8df03bc - <tokio[8c501aef45f9fc07]::runtime::context::scoped::Scoped<tokio[8c501aef45f9fc07]::runtime::scheduler::Context>>::set::<<tokio[8c501aef45f9fc07]::runtime::scheduler::current_thread::CoreGuard>::enter<<tokio[8c501aef45f9fc07]::runtime::scheduler::current_thread::CoreGuard>::block_on<core[df12db4294e9bfd3]::pin::Pin<&mut core[df12db4294e9bfd3]::pin::Pin<&mut dyn core[df12db4294e9bfd3]::future::future::Future<Output = ()>>>>::{closure#0}, core[df12db4294e9bfd3]::option::Option<()>>::{closure#0}, (alloc[2182bb758b4b3781]::boxed::Box<tokio[8c501aef45f9fc07]::runtime::scheduler::current_thread::Core>, core[df12db4294e9bfd3]::option::Option<()>)>
[INFO] [stdout]   16:     0x5fe9e8dec9e7 - <tokio[8c501aef45f9fc07]::runtime::scheduler::current_thread::CoreGuard>::block_on::<core[df12db4294e9bfd3]::pin::Pin<&mut core[df12db4294e9bfd3]::pin::Pin<&mut dyn core[df12db4294e9bfd3]::future::future::Future<Output = ()>>>>
[INFO] [stdout]   17:     0x5fe9e8dd4c17 - tokio[8c501aef45f9fc07]::runtime::context::runtime::enter_runtime::<<tokio[8c501aef45f9fc07]::runtime::scheduler::current_thread::CurrentThread>::block_on<core[df12db4294e9bfd3]::pin::Pin<&mut dyn core[df12db4294e9bfd3]::future::future::Future<Output = ()>>>::{closure#0}, ()>
[INFO] [stdout]   18:     0x5fe9e8dc28e5 - <tokio[8c501aef45f9fc07]::runtime::runtime::Runtime>::block_on::<core[df12db4294e9bfd3]::pin::Pin<&mut dyn core[df12db4294e9bfd3]::future::future::Future<Output = ()>>>
[INFO] [stdout]   19:     0x5fe9e8db269e - <integration[6cee073ede87e31f]::branch_then_only_not_taken::{closure#0} as core[df12db4294e9bfd3]::ops::function::FnOnce<()>>::call_once
[INFO] [stdout]   20:     0x5fe9e8df522b - test[9d35eded1c95d3be]::__rust_begin_short_backtrace::<core[df12db4294e9bfd3]::result::Result<(), alloc[2182bb758b4b3781]::string::String>, fn() -> core[df12db4294e9bfd3]::result::Result<(), alloc[2182bb758b4b3781]::string::String>>
[INFO] [stdout]   21:     0x5fe9e8e02895 - test[9d35eded1c95d3be]::run_test::{closure#0}
[INFO] [stdout]   22:     0x5fe9e8dfc154 - std[70759c8f55707aa4]::sys::backtrace::__rust_begin_short_backtrace::<test[9d35eded1c95d3be]::run_test::{closure#1}, ()>
[INFO] [stdout]   23:     0x5fe9e8e059f2 - <std[70759c8f55707aa4]::thread::lifecycle::spawn_unchecked<test[9d35eded1c95d3be]::run_test::{closure#1}, ()>::{closure#1} as core[df12db4294e9bfd3]::ops::function::FnOnce<()>>::call_once::{shim:vtable#0}
[INFO] [stdout]   24:     0x5fe9e9232239 - <std[70759c8f55707aa4]::sys::thread::unix::Thread>::new::thread_start
[INFO] [stdout]   25:     0x7972dcc53dfa - <unknown>
[INFO] [stdout]   26:     0x7972dcce73d4 - clone
[INFO] [stdout]   27:                0x0 - <unknown>
[INFO] [stdout] 
[INFO] [stdout] ---- coordinator_suspends_on_first_dispatch stdout ----
[INFO] [stdout] 
[INFO] [stdout] thread 'coordinator_suspends_on_first_dispatch' (2740) panicked at tests/integration.rs:50:35:
[INFO] [stdout] create data dir: Os { code: 30, kind: ReadOnlyFilesystem, message: "Read-only file system" }
[INFO] [stdout] stack backtrace:
[INFO] [stdout]    0:     0x5fe9e9233221 - <<std[70759c8f55707aa4]::sys::backtrace::BacktraceLock>::print::DisplayBacktrace as core[df12db4294e9bfd3]::fmt::Display>::fmt
[INFO] [stdout]    1:     0x5fe9e9249d8a - core[df12db4294e9bfd3]::fmt::write
[INFO] [stdout]    2:     0x5fe9e92381bc - <alloc[2182bb758b4b3781]::vec::Vec<u8> as core[df12db4294e9bfd3]::io::write::Write>::write_fmt
[INFO] [stdout]    3:     0x5fe9e920bf96 - std[70759c8f55707aa4]::panicking::default_hook::{closure#0}
[INFO] [stdout]    4:     0x5fe9e922a249 - std[70759c8f55707aa4]::panicking::default_hook
[INFO] [stdout]    5:     0x5fe9e8e01f40 - test[9d35eded1c95d3be]::test_main_inner::<test[9d35eded1c95d3be]::test_main_static::{closure#0}>::{closure#0}
[INFO] [stdout]    6:     0x5fe9e922a572 - std[70759c8f55707aa4]::panicking::panic_with_hook
[INFO] [stdout]    7:     0x5fe9e920c042 - std[70759c8f55707aa4]::panicking::panic_handler::{closure#0}
[INFO] [stdout]    8:     0x5fe9e92049d9 - std[70759c8f55707aa4]::sys::backtrace::__rust_end_short_backtrace::<std[70759c8f55707aa4]::panicking::panic_handler::{closure#0}, !>
[INFO] [stdout]    9:     0x5fe9e920cf1d - __rustc[8fa7c3cbc660c2b3]::rust_begin_unwind
[INFO] [stdout]   10:     0x5fe9e924a4ec - core[df12db4294e9bfd3]::panicking::panic_fmt
[INFO] [stdout]   11:     0x5fe9e924a2c2 - core[df12db4294e9bfd3]::result::unwrap_failed
[INFO] [stdout]   12:     0x5fe9e8db16f3 - integration[6cee073ede87e31f]::unique_data_dir
[INFO] [stdout]   13:     0x5fe9e8dab1af - integration[6cee073ede87e31f]::coordinator_suspends_on_first_dispatch::{closure#0}
[INFO] [stdout]   14:     0x5fe9e8dec693 - <tokio[8c501aef45f9fc07]::runtime::scheduler::current_thread::Context>::enter::<core[df12db4294e9bfd3]::task::poll::Poll<()>, <tokio[8c501aef45f9fc07]::runtime::scheduler::current_thread::CoreGuard>::block_on<core[df12db4294e9bfd3]::pin::Pin<&mut core[df12db4294e9bfd3]::pin::Pin<&mut dyn core[df12db4294e9bfd3]::future::future::Future<Output = ()>>>>::{closure#0}::{closure#0}>
[INFO] [stdout]   15:     0x5fe9e8df03bc - <tokio[8c501aef45f9fc07]::runtime::context::scoped::Scoped<tokio[8c501aef45f9fc07]::runtime::scheduler::Context>>::set::<<tokio[8c501aef45f9fc07]::runtime::scheduler::current_thread::CoreGuard>::enter<<tokio[8c501aef45f9fc07]::runtime::scheduler::current_thread::CoreGuard>::block_on<core[df12db4294e9bfd3]::pin::Pin<&mut core[df12db4294e9bfd3]::pin::Pin<&mut dyn core[df12db4294e9bfd3]::future::future::Future<Output = ()>>>>::{closure#0}, core[df12db4294e9bfd3]::option::Option<()>>::{closure#0}, (alloc[2182bb758b4b3781]::boxed::Box<tokio[8c501aef45f9fc07]::runtime::scheduler::current_thread::Core>, core[df12db4294e9bfd3]::option::Option<()>)>
[INFO] [stdout]   16:     0x5fe9e8dec9e7 - <tokio[8c501aef45f9fc07]::runtime::scheduler::current_thread::CoreGuard>::block_on::<core[df12db4294e9bfd3]::pin::Pin<&mut core[df12db4294e9bfd3]::pin::Pin<&mut dyn core[df12db4294e9bfd3]::future::future::Future<Output = ()>>>>
[INFO] [stdout]   17:     0x5fe9e8dd4c17 - tokio[8c501aef45f9fc07]::runtime::context::runtime::enter_runtime::<<tokio[8c501aef45f9fc07]::runtime::scheduler::current_thread::CurrentThread>::block_on<core[df12db4294e9bfd3]::pin::Pin<&mut dyn core[df12db4294e9bfd3]::future::future::Future<Output = ()>>>::{closure#0}, ()>
[INFO] [stdout]   18:     0x5fe9e8dc28e5 - <tokio[8c501aef45f9fc07]::runtime::runtime::Runtime>::block_on::<core[df12db4294e9bfd3]::pin::Pin<&mut dyn core[df12db4294e9bfd3]::future::future::Future<Output = ()>>>
[INFO] [stdout]   19:     0x5fe9e8db2d7e - <integration[6cee073ede87e31f]::coordinator_suspends_on_first_dispatch::{closure#0} as core[df12db4294e9bfd3]::ops::function::FnOnce<()>>::call_once
[INFO] [stdout]   20:     0x5fe9e8df522b - test[9d35eded1c95d3be]::__rust_begin_short_backtrace::<core[df12db4294e9bfd3]::result::Result<(), alloc[2182bb758b4b3781]::string::String>, fn() -> core[df12db4294e9bfd3]::result::Result<(), alloc[2182bb758b4b3781]::string::String>>
[INFO] [stdout]   21:     0x5fe9e8e02895 - test[9d35eded1c95d3be]::run_test::{closure#0}
[INFO] [stdout]   22:     0x5fe9e8dfc154 - std[70759c8f55707aa4]::sys::backtrace::__rust_begin_short_backtrace::<test[9d35eded1c95d3be]::run_test::{closure#1}, ()>
[INFO] [stdout]   23:     0x5fe9e8e059f2 - <std[70759c8f55707aa4]::thread::lifecycle::spawn_unchecked<test[9d35eded1c95d3be]::run_test::{closure#1}, ()>::{closure#1} as core[df12db4294e9bfd3]::ops::function::FnOnce<()>>::call_once::{shim:vtable#0}
[INFO] [stdout]   24:     0x5fe9e9232239 - <std[70759c8f55707aa4]::sys::thread::unix::Thread>::new::thread_start
[INFO] [stdout]   25:     0x7972dcc53dfa - <unknown>
[INFO] [stdout]   26:     0x7972dcce73d4 - clone
[INFO] [stdout]   27:                0x0 - <unknown>
[INFO] [stdout] 
[INFO] [stdout] ---- branch_then_only_taken stdout ----
[INFO] [stdout] 
[INFO] [stdout] thread 'branch_then_only_taken' (2735) panicked at tests/integration.rs:50:35:
[INFO] [stdout] create data dir: Os { code: 30, kind: ReadOnlyFilesystem, message: "Read-only file system" }
[INFO] [stdout] stack backtrace:
[INFO] [stdout]    0:     0x5fe9e9233221 - <<std[70759c8f55707aa4]::sys::backtrace::BacktraceLock>::print::DisplayBacktrace as core[df12db4294e9bfd3]::fmt::Display>::fmt
[INFO] [stdout]    1:     0x5fe9e9249d8a - core[df12db4294e9bfd3]::fmt::write
[INFO] [stdout]    2:     0x5fe9e92381bc - <alloc[2182bb758b4b3781]::vec::Vec<u8> as core[df12db4294e9bfd3]::io::write::Write>::write_fmt
[INFO] [stdout]    3:     0x5fe9e920bf96 - std[70759c8f55707aa4]::panicking::default_hook::{closure#0}
[INFO] [stdout]    4:     0x5fe9e922a249 - std[70759c8f55707aa4]::panicking::default_hook
[INFO] [stdout]    5:     0x5fe9e8e01f40 - test[9d35eded1c95d3be]::test_main_inner::<test[9d35eded1c95d3be]::test_main_static::{closure#0}>::{closure#0}
[INFO] [stdout]    6:     0x5fe9e922a572 - std[70759c8f55707aa4]::panicking::panic_with_hook
[INFO] [stdout]    7:     0x5fe9e920c042 - std[70759c8f55707aa4]::panicking::panic_handler::{closure#0}
[INFO] [stdout]    8:     0x5fe9e92049d9 - std[70759c8f55707aa4]::sys::backtrace::__rust_end_short_backtrace::<std[70759c8f55707aa4]::panicking::panic_handler::{closure#0}, !>
[INFO] [stdout]    9:     0x5fe9e920cf1d - __rustc[8fa7c3cbc660c2b3]::rust_begin_unwind
[INFO] [stdout]   10:     0x5fe9e924a4ec - core[df12db4294e9bfd3]::panicking::panic_fmt
[INFO] [stdout]   11:     0x5fe9e924a2c2 - core[df12db4294e9bfd3]::result::unwrap_failed
[INFO] [stdout]   12:     0x5fe9e8db16f3 - integration[6cee073ede87e31f]::unique_data_dir
[INFO] [stdout]   13:     0x5fe9e8d9f94f - integration[6cee073ede87e31f]::branch_then_only_taken::{closure#0}
[INFO] [stdout]   14:     0x5fe9e8dec693 - <tokio[8c501aef45f9fc07]::runtime::scheduler::current_thread::Context>::enter::<core[df12db4294e9bfd3]::task::poll::Poll<()>, <tokio[8c501aef45f9fc07]::runtime::scheduler::current_thread::CoreGuard>::block_on<core[df12db4294e9bfd3]::pin::Pin<&mut core[df12db4294e9bfd3]::pin::Pin<&mut dyn core[df12db4294e9bfd3]::future::future::Future<Output = ()>>>>::{closure#0}::{closure#0}>
[INFO] [stdout]   15:     0x5fe9e8df03bc - <tokio[8c501aef45f9fc07]::runtime::context::scoped::Scoped<tokio[8c501aef45f9fc07]::runtime::scheduler::Context>>::set::<<tokio[8c501aef45f9fc07]::runtime::scheduler::current_thread::CoreGuard>::enter<<tokio[8c501aef45f9fc07]::runtime::scheduler::current_thread::CoreGuard>::block_on<core[df12db4294e9bfd3]::pin::Pin<&mut core[df12db4294e9bfd3]::pin::Pin<&mut dyn core[df12db4294e9bfd3]::future::future::Future<Output = ()>>>>::{closure#0}, core[df12db4294e9bfd3]::option::Option<()>>::{closure#0}, (alloc[2182bb758b4b3781]::boxed::Box<tokio[8c501aef45f9fc07]::runtime::scheduler::current_thread::Core>, core[df12db4294e9bfd3]::option::Option<()>)>
[INFO] [stdout]   16:     0x5fe9e8dec9e7 - <tokio[8c501aef45f9fc07]::runtime::scheduler::current_thread::CoreGuard>::block_on::<core[df12db4294e9bfd3]::pin::Pin<&mut core[df12db4294e9bfd3]::pin::Pin<&mut dyn core[df12db4294e9bfd3]::future::future::Future<Output = ()>>>>
[INFO] [stdout]   17:     0x5fe9e8dd4c17 - tokio[8c501aef45f9fc07]::runtime::context::runtime::enter_runtime::<<tokio[8c501aef45f9fc07]::runtime::scheduler::current_thread::CurrentThread>::block_on<core[df12db4294e9bfd3]::pin::Pin<&mut dyn core[df12db4294e9bfd3]::future::future::Future<Output = ()>>>::{closure#0}, ()>
[INFO] [stdout]   18:     0x5fe9e8dc28e5 - <tokio[8c501aef45f9fc07]::runtime::runtime::Runtime>::block_on::<core[df12db4294e9bfd3]::pin::Pin<&mut dyn core[df12db4294e9bfd3]::future::future::Future<Output = ()>>>
[INFO] [stdout]   19:     0x5fe9e8db211e - <integration[6cee073ede87e31f]::branch_then_only_taken::{closure#0} as core[df12db4294e9bfd3]::ops::function::FnOnce<()>>::call_once
[INFO] [stdout]   20:     0x5fe9e8df522b - test[9d35eded1c95d3be]::__rust_begin_short_backtrace::<core[df12db4294e9bfd3]::result::Result<(), alloc[2182bb758b4b3781]::string::String>, fn() -> core[df12db4294e9bfd3]::result::Result<(), alloc[2182bb758b4b3781]::string::String>>
[INFO] [stdout]   21:     0x5fe9e8e02895 - test[9d35eded1c95d3be]::run_test::{closure#0}
[INFO] [stdout]   22:     0x5fe9e8dfc154 - std[70759c8f55707aa4]::sys::backtrace::__rust_begin_short_backtrace::<test[9d35eded1c95d3be]::run_test::{closure#1}, ()>
[INFO] [stdout]   23:     0x5fe9e8e059f2 - <std[70759c8f55707aa4]::thread::lifecycle::spawn_unchecked<test[9d35eded1c95d3be]::run_test::{closure#1}, ()>::{closure#1} as core[df12db4294e9bfd3]::ops::function::FnOnce<()>>::call_once::{shim:vtable#0}
[INFO] [stdout]   24:     0x5fe9e9232239 - <std[70759c8f55707aa4]::sys::thread::unix::Thread>::new::thread_start
[INFO] [stdout]   25:     0x7972dcc53dfa - <unknown>
[INFO] [stdout]   26:     0x7972dcce73d4 - clone
[INFO] [stdout]   27:                0x0 - <unknown>
[INFO] [stdout] 
[INFO] [stdout] ---- branch_with_downstream_merge stdout ----
[INFO] [stdout] 
[INFO] [stdout] thread 'branch_with_downstream_merge' (2737) panicked at tests/integration.rs:50:35:
[INFO] [stdout] create data dir: Os { code: 30, kind: ReadOnlyFilesystem, message: "Read-only file system" }
[INFO] [stdout] stack backtrace:
[INFO] [stdout]    0:     0x5fe9e9233221 - <<std[70759c8f55707aa4]::sys::backtrace::BacktraceLock>::print::DisplayBacktrace as core[df12db4294e9bfd3]::fmt::Display>::fmt
[INFO] [stdout]    1:     0x5fe9e9249d8a - core[df12db4294e9bfd3]::fmt::write
[INFO] [stdout]    2:     0x5fe9e92381bc - <alloc[2182bb758b4b3781]::vec::Vec<u8> as core[df12db4294e9bfd3]::io::write::Write>::write_fmt
[INFO] [stdout]    3:     0x5fe9e920bf96 - std[70759c8f55707aa4]::panicking::default_hook::{closure#0}
[INFO] [stdout]    4:     0x5fe9e922a249 - std[70759c8f55707aa4]::panicking::default_hook
[INFO] [stdout]    5:     0x5fe9e8e01f40 - test[9d35eded1c95d3be]::test_main_inner::<test[9d35eded1c95d3be]::test_main_static::{closure#0}>::{closure#0}
[INFO] [stdout]    6:     0x5fe9e922a572 - std[70759c8f55707aa4]::panicking::panic_with_hook
[INFO] [stdout]    7:     0x5fe9e920c042 - std[70759c8f55707aa4]::panicking::panic_handler::{closure#0}
[INFO] [stdout]    8:     0x5fe9e92049d9 - std[70759c8f55707aa4]::sys::backtrace::__rust_end_short_backtrace::<std[70759c8f55707aa4]::panicking::panic_handler::{closure#0}, !>
[INFO] [stdout]    9:     0x5fe9e920cf1d - __rustc[8fa7c3cbc660c2b3]::rust_begin_unwind
[INFO] [stdout]   10:     0x5fe9e924a4ec - core[df12db4294e9bfd3]::panicking::panic_fmt
[INFO] [stdout]   11:     0x5fe9e924a2c2 - core[df12db4294e9bfd3]::result::unwrap_failed
[INFO] [stdout]   12:     0x5fe9e8db16f3 - integration[6cee073ede87e31f]::unique_data_dir
[INFO] [stdout]   13:     0x5fe9e8da602f - integration[6cee073ede87e31f]::branch_with_downstream_merge::{closure#0}
[INFO] [stdout]   14:     0x5fe9e8dec693 - <tokio[8c501aef45f9fc07]::runtime::scheduler::current_thread::Context>::enter::<core[df12db4294e9bfd3]::task::poll::Poll<()>, <tokio[8c501aef45f9fc07]::runtime::scheduler::current_thread::CoreGuard>::block_on<core[df12db4294e9bfd3]::pin::Pin<&mut core[df12db4294e9bfd3]::pin::Pin<&mut dyn core[df12db4294e9bfd3]::future::future::Future<Output = ()>>>>::{closure#0}::{closure#0}>
[INFO] [stdout]   15:     0x5fe9e8df03bc - <tokio[8c501aef45f9fc07]::runtime::context::scoped::Scoped<tokio[8c501aef45f9fc07]::runtime::scheduler::Context>>::set::<<tokio[8c501aef45f9fc07]::runtime::scheduler::current_thread::CoreGuard>::enter<<tokio[8c501aef45f9fc07]::runtime::scheduler::current_thread::CoreGuard>::block_on<core[df12db4294e9bfd3]::pin::Pin<&mut core[df12db4294e9bfd3]::pin::Pin<&mut dyn core[df12db4294e9bfd3]::future::future::Future<Output = ()>>>>::{closure#0}, core[df12db4294e9bfd3]::option::Option<()>>::{closure#0}, (alloc[2182bb758b4b3781]::boxed::Box<tokio[8c501aef45f9fc07]::runtime::scheduler::current_thread::Core>, core[df12db4294e9bfd3]::option::Option<()>)>
[INFO] [stdout]   16:     0x5fe9e8dec9e7 - <tokio[8c501aef45f9fc07]::runtime::scheduler::current_thread::CoreGuard>::block_on::<core[df12db4294e9bfd3]::pin::Pin<&mut core[df12db4294e9bfd3]::pin::Pin<&mut dyn core[df12db4294e9bfd3]::future::future::Future<Output = ()>>>>
[INFO] [stdout]   17:     0x5fe9e8dd4c17 - tokio[8c501aef45f9fc07]::runtime::context::runtime::enter_runtime::<<tokio[8c501aef45f9fc07]::runtime::scheduler::current_thread::CurrentThread>::block_on<core[df12db4294e9bfd3]::pin::Pin<&mut dyn core[df12db4294e9bfd3]::future::future::Future<Output = ()>>>::{closure#0}, ()>
[INFO] [stdout]   18:     0x5fe9e8dc28e5 - <tokio[8c501aef45f9fc07]::runtime::runtime::Runtime>::block_on::<core[df12db4294e9bfd3]::pin::Pin<&mut dyn core[df12db4294e9bfd3]::future::future::Future<Output = ()>>>
[INFO] [stdout]   19:     0x5fe9e8db27fe - <integration[6cee073ede87e31f]::branch_with_downstream_merge::{closure#0} as core[df12db4294e9bfd3]::ops::function::FnOnce<()>>::call_once
[INFO] [stdout]   20:     0x5fe9e8df522b - test[9d35eded1c95d3be]::__rust_begin_short_backtrace::<core[df12db4294e9bfd3]::result::Result<(), alloc[2182bb758b4b3781]::string::String>, fn() -> core[df12db4294e9bfd3]::result::Result<(), alloc[2182bb758b4b3781]::string::String>>
[INFO] [stdout]   21:     0x5fe9e8e02895 - test[9d35eded1c95d3be]::run_test::{closure#0}
[INFO] [stdout]   22:     0x5fe9e8dfc154 - std[70759c8f55707aa4]::sys::backtrace::__rust_begin_short_backtrace::<test[9d35eded1c95d3be]::run_test::{closure#1}, ()>
[INFO] [stdout]   23:     0x5fe9e8e059f2 - <std[70759c8f55707aa4]::thread::lifecycle::spawn_unchecked<test[9d35eded1c95d3be]::run_test::{closure#1}, ()>::{closure#1} as core[df12db4294e9bfd3]::ops::function::FnOnce<()>>::call_once::{shim:vtable#0}
[INFO] [stdout]   24:     0x5fe9e9232239 - <std[70759c8f55707aa4]::sys::thread::unix::Thread>::new::thread_start
[INFO] [stdout]   25:     0x7972dcc53dfa - <unknown>
[INFO] [stdout]   26:     0x7972dcce73d4 - clone
[INFO] [stdout]   27:                0x0 - <unknown>
[INFO] [stdout] 
[INFO] [stdout] ---- branch_else_path_taken stdout ----
[INFO] [stdout] 
[INFO] [stdout] thread 'branch_else_path_taken' (2733) panicked at tests/integration.rs:50:35:
[INFO] [stdout] create data dir: Os { code: 30, kind: ReadOnlyFilesystem, message: "Read-only file system" }
[INFO] [stdout] stack backtrace:
[INFO] [stdout]    0:     0x5fe9e9233221 - <<std[70759c8f55707aa4]::sys::backtrace::BacktraceLock>::print::DisplayBacktrace as core[df12db4294e9bfd3]::fmt::Display>::fmt
[INFO] [stdout]    1:     0x5fe9e9249d8a - core[df12db4294e9bfd3]::fmt::write
[INFO] [stdout]    2:     0x5fe9e92381bc - <alloc[2182bb758b4b3781]::vec::Vec<u8> as core[df12db4294e9bfd3]::io::write::Write>::write_fmt
[INFO] [stdout]    3:     0x5fe9e920bf96 - std[70759c8f55707aa4]::panicking::default_hook::{closure#0}
[INFO] [stdout]    4:     0x5fe9e922a249 - std[70759c8f55707aa4]::panicking::default_hook
[INFO] [stdout]    5:     0x5fe9e8e01f40 - test[9d35eded1c95d3be]::test_main_inner::<test[9d35eded1c95d3be]::test_main_static::{closure#0}>::{closure#0}
[INFO] [stdout]    6:     0x5fe9e922a572 - std[70759c8f55707aa4]::panicking::panic_with_hook
[INFO] [stdout]    7:     0x5fe9e920c042 - std[70759c8f55707aa4]::panicking::panic_handler::{closure#0}
[INFO] [stdout]    8:     0x5fe9e92049d9 - std[70759c8f55707aa4]::sys::backtrace::__rust_end_short_backtrace::<std[70759c8f55707aa4]::panicking::panic_handler::{closure#0}, !>
[INFO] [stdout]    9:     0x5fe9e920cf1d - __rustc[8fa7c3cbc660c2b3]::rust_begin_unwind
[INFO] [stdout]   10:     0x5fe9e924a4ec - core[df12db4294e9bfd3]::panicking::panic_fmt
[INFO] [stdout]   11:     0x5fe9e924a2c2 - core[df12db4294e9bfd3]::result::unwrap_failed
[INFO] [stdout]   12:     0x5fe9e8db16f3 - integration[6cee073ede87e31f]::unique_data_dir
[INFO] [stdout]   13:     0x5fe9e8d9e1df - integration[6cee073ede87e31f]::branch_else_path_taken::{closure#0}
[INFO] [stdout]   14:     0x5fe9e8dec693 - <tokio[8c501aef45f9fc07]::runtime::scheduler::current_thread::Context>::enter::<core[df12db4294e9bfd3]::task::poll::Poll<()>, <tokio[8c501aef45f9fc07]::runtime::scheduler::current_thread::CoreGuard>::block_on<core[df12db4294e9bfd3]::pin::Pin<&mut core[df12db4294e9bfd3]::pin::Pin<&mut dyn core[df12db4294e9bfd3]::future::future::Future<Output = ()>>>>::{closure#0}::{closure#0}>
[INFO] [stdout]   15:     0x5fe9e8df03bc - <tokio[8c501aef45f9fc07]::runtime::context::scoped::Scoped<tokio[8c501aef45f9fc07]::runtime::scheduler::Context>>::set::<<tokio[8c501aef45f9fc07]::runtime::scheduler::current_thread::CoreGuard>::enter<<tokio[8c501aef45f9fc07]::runtime::scheduler::current_thread::CoreGuard>::block_on<core[df12db4294e9bfd3]::pin::Pin<&mut core[df12db4294e9bfd3]::pin::Pin<&mut dyn core[df12db4294e9bfd3]::future::future::Future<Output = ()>>>>::{closure#0}, core[df12db4294e9bfd3]::option::Option<()>>::{closure#0}, (alloc[2182bb758b4b3781]::boxed::Box<tokio[8c501aef45f9fc07]::runtime::scheduler::current_thread::Core>, core[df12db4294e9bfd3]::option::Option<()>)>
[INFO] [stdout]   16:     0x5fe9e8dec9e7 - <tokio[8c501aef45f9fc07]::runtime::scheduler::current_thread::CoreGuard>::block_on::<core[df12db4294e9bfd3]::pin::Pin<&mut core[df12db4294e9bfd3]::pin::Pin<&mut dyn core[df12db4294e9bfd3]::future::future::Future<Output = ()>>>>
[INFO] [stdout]   17:     0x5fe9e8dd4c17 - tokio[8c501aef45f9fc07]::runtime::context::runtime::enter_runtime::<<tokio[8c501aef45f9fc07]::runtime::scheduler::current_thread::CurrentThread>::block_on<core[df12db4294e9bfd3]::pin::Pin<&mut dyn core[df12db4294e9bfd3]::future::future::Future<Output = ()>>>::{closure#0}, ()>
[INFO] [stdout]   18:     0x5fe9e8dc28e5 - <tokio[8c501aef45f9fc07]::runtime::runtime::Runtime>::block_on::<core[df12db4294e9bfd3]::pin::Pin<&mut dyn core[df12db4294e9bfd3]::future::future::Future<Output = ()>>>
[INFO] [stdout]   19:     0x5fe9e8db1fbe - <integration[6cee073ede87e31f]::branch_else_path_taken::{closure#0} as core[df12db4294e9bfd3]::ops::function::FnOnce<()>>::call_once
[INFO] [stdout]   20:     0x5fe9e8df522b - test[9d35eded1c95d3be]::__rust_begin_short_backtrace::<core[df12db4294e9bfd3]::result::Result<(), alloc[2182bb758b4b3781]::string::String>, fn() -> core[df12db4294e9bfd3]::result::Result<(), alloc[2182bb758b4b3781]::string::String>>
[INFO] [stdout]   21:     0x5fe9e8e02895 - test[9d35eded1c95d3be]::run_test::{closure#0}
[INFO] [stdout]   22:     0x5fe9e8dfc154 - std[70759c8f55707aa4]::sys::backtrace::__rust_begin_short_backtrace::<test[9d35eded1c95d3be]::run_test::{closure#1}, ()>
[INFO] [stdout]   23:     0x5fe9e8e059f2 - <std[70759c8f55707aa4]::thread::lifecycle::spawn_unchecked<test[9d35eded1c95d3be]::run_test::{closure#1}, ()>::{closure#1} as core[df12db4294e9bfd3]::ops::function::FnOnce<()>>::call_once::{shim:vtable#0}
[INFO] [stdout]   24:     0x5fe9e9232239 - <std[70759c8f55707aa4]::sys::thread::unix::Thread>::new::thread_start
[INFO] [stdout]   25:     0x7972dcc53dfa - <unknown>
[INFO] [stdout]   26:     0x7972dcce73d4 - clone
[INFO] [stdout]   27:                0x0 - <unknown>
[INFO] [stdout] 
[INFO] [stdout] ---- linear_three_node_flow stdout ----
[INFO] [stdout] 
[INFO] [stdout] thread 'linear_three_node_flow' (2744) panicked at tests/integration.rs:50:35:
[INFO] [stdout] create data dir: Os { code: 30, kind: ReadOnlyFilesystem, message: "Read-only file system" }
[INFO] [stdout] stack backtrace:
[INFO] [stdout]    0:     0x5fe9e9233221 - <<std[70759c8f55707aa4]::sys::backtrace::BacktraceLock>::print::DisplayBacktrace as core[df12db4294e9bfd3]::fmt::Display>::fmt
[INFO] [stdout]    1:     0x5fe9e9249d8a - core[df12db4294e9bfd3]::fmt::write
[INFO] [stdout]    2:     0x5fe9e92381bc - <alloc[2182bb758b4b3781]::vec::Vec<u8> as core[df12db4294e9bfd3]::io::write::Write>::write_fmt
[INFO] [stdout]    3:     0x5fe9e920bf96 - std[70759c8f55707aa4]::panicking::default_hook::{closure#0}
[INFO] [stdout]    4:     0x5fe9e922a249 - std[70759c8f55707aa4]::panicking::default_hook
[INFO] [stdout]    5:     0x5fe9e8e01f40 - test[9d35eded1c95d3be]::test_main_inner::<test[9d35eded1c95d3be]::test_main_static::{closure#0}>::{closure#0}
[INFO] [stdout]    6:     0x5fe9e922a572 - std[70759c8f55707aa4]::panicking::panic_with_hook
[INFO] [stdout]    7:     0x5fe9e920c042 - std[70759c8f55707aa4]::panicking::panic_handler::{closure#0}
[INFO] [stdout]    8:     0x5fe9e92049d9 - std[70759c8f55707aa4]::sys::backtrace::__rust_end_short_backtrace::<std[70759c8f55707aa4]::panicking::panic_handler::{closure#0}, !>
[INFO] [stdout]    9:     0x5fe9e920cf1d - __rustc[8fa7c3cbc660c2b3]::rust_begin_unwind
[INFO] [stdout]   10:     0x5fe9e924a4ec - core[df12db4294e9bfd3]::panicking::panic_fmt
[INFO] [stdout]   11:     0x5fe9e924a2c2 - core[df12db4294e9bfd3]::result::unwrap_failed
[INFO] [stdout]   12:     0x5fe9e8db16f3 - integration[6cee073ede87e31f]::unique_data_dir
[INFO] [stdout]   13:     0x5fe9e8da26b6 - integration[6cee073ede87e31f]::linear_three_node_flow::{closure#0}
[INFO] [stdout]   14:     0x5fe9e8dec693 - <tokio[8c501aef45f9fc07]::runtime::scheduler::current_thread::Context>::enter::<core[df12db4294e9bfd3]::task::poll::Poll<()>, <tokio[8c501aef45f9fc07]::runtime::scheduler::current_thread::CoreGuard>::block_on<core[df12db4294e9bfd3]::pin::Pin<&mut core[df12db4294e9bfd3]::pin::Pin<&mut dyn core[df12db4294e9bfd3]::future::future::Future<Output = ()>>>>::{closure#0}::{closure#0}>
[INFO] [stdout]   15:     0x5fe9e8df03bc - <tokio[8c501aef45f9fc07]::runtime::context::scoped::Scoped<tokio[8c501aef45f9fc07]::runtime::scheduler::Context>>::set::<<tokio[8c501aef45f9fc07]::runtime::scheduler::current_thread::CoreGuard>::enter<<tokio[8c501aef45f9fc07]::runtime::scheduler::current_thread::CoreGuard>::block_on<core[df12db4294e9bfd3]::pin::Pin<&mut core[df12db4294e9bfd3]::pin::Pin<&mut dyn core[df12db4294e9bfd3]::future::future::Future<Output = ()>>>>::{closure#0}, core[df12db4294e9bfd3]::option::Option<()>>::{closure#0}, (alloc[2182bb758b4b3781]::boxed::Box<tokio[8c501aef45f9fc07]::runtime::scheduler::current_thread::Core>, core[df12db4294e9bfd3]::option::Option<()>)>
[INFO] [stdout]   16:     0x5fe9e8dec9e7 - <tokio[8c501aef45f9fc07]::runtime::scheduler::current_thread::CoreGuard>::block_on::<core[df12db4294e9bfd3]::pin::Pin<&mut core[df12db4294e9bfd3]::pin::Pin<&mut dyn core[df12db4294e9bfd3]::future::future::Future<Output = ()>>>>
[INFO] [stdout]   17:     0x5fe9e8dd4c17 - tokio[8c501aef45f9fc07]::runtime::context::runtime::enter_runtime::<<tokio[8c501aef45f9fc07]::runtime::scheduler::current_thread::CurrentThread>::block_on<core[df12db4294e9bfd3]::pin::Pin<&mut dyn core[df12db4294e9bfd3]::future::future::Future<Output = ()>>>::{closure#0}, ()>
[INFO] [stdout]   18:     0x5fe9e8dc28e5 - <tokio[8c501aef45f9fc07]::runtime::runtime::Runtime>::block_on::<core[df12db4294e9bfd3]::pin::Pin<&mut dyn core[df12db4294e9bfd3]::future::future::Future<Output = ()>>>
[INFO] [stdout]   19:     0x5fe9e8db23de - <integration[6cee073ede87e31f]::linear_three_node_flow::{closure#0} as core[df12db4294e9bfd3]::ops::function::FnOnce<()>>::call_once
[INFO] [stdout]   20:     0x5fe9e8df522b - test[9d35eded1c95d3be]::__rust_begin_short_backtrace::<core[df12db4294e9bfd3]::result::Result<(), alloc[2182bb758b4b3781]::string::String>, fn() -> core[df12db4294e9bfd3]::result::Result<(), alloc[2182bb758b4b3781]::string::String>>
[INFO] [stdout]   21:     0x5fe9e8e02895 - test[9d35eded1c95d3be]::run_test::{closure#0}
[INFO] [stdout]   22:     0x5fe9e8dfc154 - std[70759c8f55707aa4]::sys::backtrace::__rust_begin_short_backtrace::<test[9d35eded1c95d3be]::run_test::{closure#1}, ()>
[INFO] [stdout]   23:     0x5fe9e8e059f2 - <std[70759c8f55707aa4]::thread::lifecycle::spawn_unchecked<test[9d35eded1c95d3be]::run_test::{closure#1}, ()>::{closure#1} as core[df12db4294e9bfd3]::ops::function::FnOnce<()>>::call_once::{shim:vtable#0}
[INFO] [stdout]   24:     0x5fe9e9232239 - <std[70759c8f55707aa4]::sys::thread::unix::Thread>::new::thread_start
[INFO] [stdout]   25:     0x7972dcc53dfa - <unknown>
[INFO] [stdout]   26:     0x7972dcce73d4 - clone
[INFO] [stdout]   27:                0x0 - <unknown>
[INFO] [stdout] 
[INFO] [stdout] 
[INFO] [stdout] failures:
[INFO] [stdout]     branch_else_path_taken
[INFO] [stdout]     branch_then_only_not_taken
[INFO] [stdout]     branch_then_only_taken
[INFO] [stdout]     branch_then_path_taken
[INFO] [stdout]     branch_with_downstream_merge
[INFO] [stdout]     coordinator_resumes_and_completes
[INFO] [stdout]     coordinator_suspends_multiple_times_for_branch_flow
[INFO] [stdout]     coordinator_suspends_on_first_dispatch
[INFO] [stdout]     linear_flow_step_failure_propagates
[INFO] [stdout]     linear_flow_with_param_passing
[INFO] [stdout]     linear_single_node_flow
[INFO] [stdout]     linear_three_node_flow
[INFO] [stdout] 
[INFO] [stdout] test result: FAILED. 0 passed; 12 failed; 0 ignored; 0 measured; 0 filtered out; finished in 0.02s
[INFO] [stdout] 
[INFO] running `Command { std: "docker" "inspect" "a4fc79b49528c31cd223e08c486d2612a58204db0f6150e25c71795d6a6f1b78", kill_on_drop: false }`
[INFO] running `Command { std: "docker" "rm" "-f" "a4fc79b49528c31cd223e08c486d2612a58204db0f6150e25c71795d6a6f1b78", kill_on_drop: false }`
[INFO] [stdout] a4fc79b49528c31cd223e08c486d2612a58204db0f6150e25c71795d6a6f1b78
