[INFO] fetching crate world-rs 0.1.0...
[INFO] testing world-rs-0.1.0 against 1.99.0-beta.8+cargoflags=--release for beta-release-1.100-2
[INFO] extracting crate world-rs 0.1.0 into /workspace/builds/worker-5-tc1/source
[INFO] started tweaking crates.io crate world-rs 0.1.0
[INFO] removed 0 missing examples
[INFO] removed 0 missing tests
[INFO] finished tweaking crates.io crate world-rs 0.1.0
[INFO] tweaked toml for crates.io crate world-rs 0.1.0 written to /workspace/builds/worker-5-tc1/source/Cargo.toml
[INFO] validating manifest of crates.io crate world-rs 0.1.0 on toolchain 1.99.0-beta.8
[INFO] running `Command { std: CARGO_HOME="/workspace/cargo-home" RUSTUP_HOME="/workspace/rustup-home" "/workspace/cargo-home/bin/cargo" "+1.99.0-beta.8" "metadata" "--manifest-path" "Cargo.toml" "--no-deps", kill_on_drop: false }`
[INFO] crate crates.io crate world-rs 0.1.0 already has a lockfile, it will not be regenerated
[INFO] running `Command { std: CARGO_HOME="/workspace/cargo-home" RUSTUP_HOME="/workspace/rustup-home" "/workspace/cargo-home/bin/cargo" "+1.99.0-beta.8" "fetch" "--manifest-path" "Cargo.toml", kill_on_drop: false }`
[INFO] running `Command { std: "docker" "create" "-v" "/var/lib/crater-agent-workspace/builds/worker-5-tc1/source:/opt/rustwide/workdir:ro,Z" "-v" "/var/lib/crater-agent-workspace/builds/worker-5-tc1/target:/opt/rustwide/target:rw,Z" "-v" "/var/lib/crater-agent-workspace/cargo-home:/opt/rustwide/cargo-home:ro,Z" "-v" "/var/lib/crater-agent-workspace/rustup-home:/opt/rustwide/rustup-home:ro,Z" "-m" "1610612736" "--network" "none" "ghcr.io/rust-lang/crates-build-env/linux@sha256:77db811e55d90add9212f6832c23229e3de5f1c1f9905e8cb07319ea15df73ac" "sleep" "infinity", kill_on_drop: false }`
[INFO] [stdout] b2e3cef92c750a3666551b66043803ad805a30eda57e7e80ef00e93211a0dd9e
[INFO] running `Command { std: "docker" "start" "b2e3cef92c750a3666551b66043803ad805a30eda57e7e80ef00e93211a0dd9e", kill_on_drop: false }`
[INFO] running `Command { std: "docker" "inspect" "b2e3cef92c750a3666551b66043803ad805a30eda57e7e80ef00e93211a0dd9e", kill_on_drop: false }`
[INFO] running `Command { std: "docker" "exec" "-e" "SOURCE_DIR=/opt/rustwide/workdir" "-e" "CARGO_HOME=/opt/rustwide/cargo-home" "-e" "RUSTUP_HOME=/opt/rustwide/rustup-home" "-e" "CARGO_TARGET_DIR=/opt/rustwide/target" "-w" "/opt/rustwide/workdir" "--user" "0:0" "b2e3cef92c750a3666551b66043803ad805a30eda57e7e80ef00e93211a0dd9e" "/opt/rustwide/cargo-home/bin/cargo" "+1.99.0-beta.8" "metadata" "--no-deps" "--format-version=1", kill_on_drop: false }`
[INFO] running `Command { std: "docker" "inspect" "b2e3cef92c750a3666551b66043803ad805a30eda57e7e80ef00e93211a0dd9e", kill_on_drop: false }`
[INFO] running `Command { std: "docker" "exec" "-e" "SOURCE_DIR=/opt/rustwide/workdir" "-e" "CARGO_HOME=/opt/rustwide/cargo-home" "-e" "RUSTUP_HOME=/opt/rustwide/rustup-home" "-e" "CARGO_TARGET_DIR=/opt/rustwide/target" "-e" "CARGO_INCREMENTAL=0" "-e" "RUST_BACKTRACE=full" "-e" "RUSTFLAGS=--cap-lints=warn" "-e" "RUSTDOCFLAGS=--cap-lints=warn" "-w" "/opt/rustwide/workdir" "--user" "0:0" "b2e3cef92c750a3666551b66043803ad805a30eda57e7e80ef00e93211a0dd9e" "/opt/rustwide/cargo-home/bin/cargo" "+1.99.0-beta.8" "build" "--frozen" "--message-format=json" "--release", kill_on_drop: false }`
[INFO] [stderr]    Compiling num-integer v0.1.47
[INFO] [stderr]    Compiling strength_reduce v0.2.4
[INFO] [stderr]    Compiling num-complex v0.4.6
[INFO] [stderr]    Compiling primal-check v0.3.4
[INFO] [stderr]    Compiling transpose v0.2.3
[INFO] [stderr]    Compiling rustfft v6.4.1
[INFO] [stderr]    Compiling realfft v3.5.0
[INFO] [stderr]    Compiling world-rs v0.1.0 (/opt/rustwide/workdir)
[INFO] [stderr]     Finished `release` profile [optimized] target(s) in 34.71s
[INFO] running `Command { std: "docker" "inspect" "b2e3cef92c750a3666551b66043803ad805a30eda57e7e80ef00e93211a0dd9e", kill_on_drop: false }`
[INFO] running `Command { std: "docker" "exec" "-e" "SOURCE_DIR=/opt/rustwide/workdir" "-e" "CARGO_HOME=/opt/rustwide/cargo-home" "-e" "RUSTUP_HOME=/opt/rustwide/rustup-home" "-e" "CARGO_TARGET_DIR=/opt/rustwide/target" "-e" "CARGO_INCREMENTAL=0" "-e" "RUST_BACKTRACE=full" "-e" "RUSTFLAGS=--cap-lints=warn" "-e" "RUSTDOCFLAGS=--cap-lints=warn" "-w" "/opt/rustwide/workdir" "--user" "0:0" "b2e3cef92c750a3666551b66043803ad805a30eda57e7e80ef00e93211a0dd9e" "/opt/rustwide/cargo-home/bin/cargo" "+1.99.0-beta.8" "test" "--frozen" "--no-run" "--message-format=json" "--release", kill_on_drop: false }`
[INFO] [stderr]    Compiling zerocopy v0.8.57
[INFO] [stderr]    Compiling zerocopy-derive v0.8.57
[INFO] [stderr]    Compiling syn v3.0.5
[INFO] [stderr]    Compiling getrandom v0.3.4
[INFO] [stderr]    Compiling rustix v1.1.4
[INFO] [stderr]    Compiling getrandom v0.4.3
[INFO] [stderr]    Compiling clap_builder v4.6.6
[INFO] [stderr]    Compiling itertools v0.10.5
[INFO] [stderr]    Compiling rand_core v0.9.5
[INFO] [stderr]    Compiling regex-automata v0.4.18
[INFO] [stderr]    Compiling wait-timeout v0.2.1
[INFO] [stderr]    Compiling rand v0.9.5
[INFO] [stderr]    Compiling rand_xorshift v0.4.0
[INFO] [stderr]    Compiling rayon v1.12.0
[INFO] [stderr]    Compiling plotters v0.3.7
[INFO] [stderr]    Compiling criterion-plot v0.5.0
[INFO] [stderr]    Compiling tempfile v3.27.0
[INFO] [stderr]    Compiling regex v1.13.1
[INFO] [stderr]    Compiling serde_derive v1.0.229
[INFO] [stderr]    Compiling rusty-fork v0.3.1
[INFO] [stderr]    Compiling clap v4.6.6
[INFO] [stderr]    Compiling is-terminal v0.4.17
[INFO] [stderr]    Compiling hound v3.5.1
[INFO] [stderr]    Compiling serde v1.0.229
[INFO] [stderr]    Compiling tinytemplate v1.2.1
[INFO] [stderr]    Compiling half v2.7.1
[INFO] [stderr]    Compiling ppv-lite86 v0.2.21
[INFO] [stderr]    Compiling rand_chacha v0.9.0
[INFO] [stderr]    Compiling ciborium-ll v0.2.2
[INFO] [stderr]    Compiling proptest v1.11.0
[INFO] [stderr]    Compiling ciborium v0.2.2
[INFO] [stderr]    Compiling criterion v0.5.1
[INFO] [stderr]    Compiling world-rs v0.1.0 (/opt/rustwide/workdir)
[INFO] [stderr]     Finished `release` profile [optimized] target(s) in 2m 52s
[INFO] running `Command { std: "docker" "inspect" "b2e3cef92c750a3666551b66043803ad805a30eda57e7e80ef00e93211a0dd9e", kill_on_drop: false }`
[INFO] running `Command { std: "docker" "exec" "-e" "SOURCE_DIR=/opt/rustwide/workdir" "-e" "CARGO_HOME=/opt/rustwide/cargo-home" "-e" "RUSTUP_HOME=/opt/rustwide/rustup-home" "-e" "CARGO_TARGET_DIR=/opt/rustwide/target" "-e" "CARGO_INCREMENTAL=0" "-e" "RUST_BACKTRACE=full" "-e" "RUSTFLAGS=--cap-lints=warn" "-e" "RUSTDOCFLAGS=--cap-lints=warn" "-w" "/opt/rustwide/workdir" "--user" "0:0" "b2e3cef92c750a3666551b66043803ad805a30eda57e7e80ef00e93211a0dd9e" "/opt/rustwide/cargo-home/bin/cargo" "+1.99.0-beta.8" "test" "--frozen" "--release", kill_on_drop: false }`
[INFO] [stderr]     Finished `release` profile [optimized] target(s) in 0.14s
[INFO] [stdout] 
[INFO] [stdout] running 239 tests
[INFO] [stderr]      Running unittests src/lib.rs (/opt/rustwide/target/release/deps/world_rs-6349fa0fc06a3dc1)
[INFO] [stdout] test cheaptrick::phase25_tests::smoothing_with_recovery_matches_cpp_reference ... ok
[INFO] [stdout] test cheaptrick::tests::test_add_infinitesimal_noise_deterministic ... ok
[INFO] [stdout] test cheaptrick::tests::test_add_infinitesimal_noise_lifts_zero_bins ... ok
[INFO] [stdout] test cheaptrick::phase25_tests::smoothing_lifters_match_reference ... ok
[INFO] [stdout] test cheaptrick::phase25_tests::get_power_spectrum_dc_correction_applied ... ok
[INFO] [stdout] test cheaptrick::phase25_tests::get_power_spectrum_synthetic_sinusoid_peak ... ok
[INFO] [stdout] test cheaptrick::tests::test_add_infinitesimal_noise_zero_spectrum_matches_cpp_reference ... ok
[INFO] [stdout] test cheaptrick::phase25_tests::get_power_spectrum_matches_cpp_reference ... ok
[INFO] [stdout] test cheaptrick::tests::test_get_fft_size_for_cheaptrick_edge_cases ... ok
[INFO] [stdout] test cheaptrick::tests::test_get_f0_floor_for_cheaptrick ... ok
[INFO] [stdout] test cheaptrick::tests::test_get_windowed_waveform_edge_end_matches_cpp_reference ... ok
[INFO] [stdout] test cheaptrick::phase25_tests::smoothing_with_recovery_envelope_positive ... ok
[INFO] [stdout] test cheaptrick::tests::test_get_windowed_waveform_edge_start_matches_cpp_reference ... ok
[INFO] [stdout] test cheaptrick::tests::test_half_window_length_matches_cpp_reference ... ok
[INFO] [stdout] test cheaptrick::tests::test_initialize_cheaptrick_option_matches_cpp_reference ... ok
[INFO] [stdout] test cheaptrick::tests::test_set_parameters_safe_index_start_matches_cpp_reference ... ok
[INFO] [stdout] test cheaptrick::tests::test_add_infinitesimal_noise_preserves_shape_with_small_perturbation ... ok
[INFO] [stdout] test cheaptrick::tests::test_set_parameters_safe_index_end_matches_cpp_reference ... ok
[INFO] [stdout] test cheaptrick::tests::test_set_parameters_window_200_matches_cpp_reference ... ok
[INFO] [stdout] test common::tests::test_dc_correction_f0_near_nyquist ... ok
[INFO] [stdout] test common::tests::test_dc_correction_zero_spectrum ... ok
[INFO] [stdout] test common::tests::test_get_safe_aperiodicity ... ok
[INFO] [stdout] test common::tests::test_get_suitable_fft_size ... ok
[INFO] [stdout] test common::tests::test_get_suitable_fft_size_high_end_integer_exact ... ok
[INFO] [stdout] test cheaptrick::tests::test_get_f0_floor_for_cheaptrick_matches_cpp_reference ... ok
[INFO] [stdout] test cheaptrick::tests::test_get_fft_size_for_cheaptrick ... ok
[INFO] [stdout] test cheaptrick::tests::test_get_windowed_waveform_voiced_matches_cpp_reference ... ok
[INFO] [stdout] test common::tests::test_dc_correction_matches_cpp_reference ... ok
[INFO] [stdout] test common::tests::test_dc_correction_zero_f0 ... ok
[INFO] [stdout] test common::tests::test_get_suitable_fft_size_matches_original ... ok
[INFO] [stdout] test common::tests::test_interp1q_linear ... ok
[INFO] [stdout] test common::tests::test_get_suitable_fft_size_strictly_greater ... ok
[INFO] [stdout] test common::tests::test_nuttall_window_matches_formula ... ok
[INFO] [stdout] test common::tests::test_linear_smoothing_zero_spectrum ... ok
[INFO] [stdout] test common::tests::test_nuttall_window_endpoints_and_noop ... ok
[INFO] [stdout] test common::tests::test_linear_smoothing_constant_input_is_identity ... ok
[INFO] [stdout] test common::tests::test_nuttall_window_basic ... ok
[INFO] [stdout] test common::tests::test_nuttall_window_exact_coefficients ... ok
[INFO] [stdout] test common::tests::test_linear_smoothing_output_length ... ok
[INFO] [stdout] test common::tests::test_linear_smoothing_matches_cpp_reference ... ok
[INFO] [stdout] test common::tests::test_nuttall_window_symmetry ... ok
[INFO] [stdout] test common::tests::test_nuttall_window_triple_angle_matches_direct_cos ... ok
[INFO] [stdout] test constants::tests::test_constants_match_cpp_reference ... ok
[INFO] [stdout] test dio::tests::test_design_low_cut_filter_n33 ... ok
[INFO] [stdout] test dio::tests::test_design_low_cut_filter_n17 ... ok
[INFO] [stdout] test dio::tests::test_design_low_cut_filter_n5 ... ok
[INFO] [stdout] test dio::tests::test_design_low_cut_filter_n9 ... ok
[INFO] [stdout] test dio::tests::test_dio_boundary_single_sample_no_panic ... ok
[INFO] [stdout] test dio::tests::test_design_low_cut_filter_realistic_n641 ... ok
[INFO] [stdout] test dio::tests::test_dio_boundary_huge_frame_period_no_panic ... ok
[INFO] [stdout] test dio::tests::test_dio_boundary_sub_frame_input_no_panic ... ok
[INFO] [stdout] test dio::tests::test_dio_empty_input_returns_error ... ok
[INFO] [stdout] test dio::tests::test_dio_non_positive_fs_returns_error ... ok
[INFO] [stdout] test dio::tests::test_dio_rapid_pitch_change_no_panic ... ok
[INFO] [stdout] test dio::tests::property_f0_scores_non_negative ... ok
[INFO] [stdout] test dio::tests::test_dio_error_display ... ok
[INFO] [stdout] test dio::tests::test_dio_non_positive_frame_period_returns_error ... ok
[INFO] [stdout] test dio::tests::test_dio_very_low_f0 ... ok
[INFO] [stdout] test dio::tests::test_fix_f0_contour_early_return_zero_fills ... ok
[INFO] [stdout] test dio::tests::test_dio_boundary_tiny_frame_period_no_panic ... ok
[INFO] [stdout] test dio::tests::test_dio_unvoiced_noise_no_panic_mostly_unvoiced ... ok
[INFO] [stdout] test dio::tests::test_fix_step1_synthetic ... ok
[INFO] [stdout] test dio::tests::test_dio_200hz_sine_integration ... ok
[INFO] [stdout] test dio::tests::test_dio_very_high_f0 ... ok
[INFO] [stdout] test dio::tests::test_fix_f0_contour_hand_crafted ... ok
[INFO] [stdout] test dio::tests::test_fix_step2_synthetic ... ok
[INFO] [stdout] test dio::tests::test_fix_step3_direct ... ok
[INFO] [stdout] test dio::tests::test_dio_silence_input_all_unvoiced ... ok
[INFO] [stdout] test dio::tests::test_get_boundary_f0_list ... ok
[INFO] [stdout] test dio::tests::test_get_best_f0_contour_tie_breaking ... ok
[INFO] [stdout] test dio::tests::test_get_f0_candidate_contour_boundary_insufficient ... ok
[INFO] [stdout] test dio::tests::test_fix_f0_contour_full_pipeline_200hz ... ok
[INFO] [stdout] test dio::tests::test_get_decimation_ratio ... ok
[INFO] [stdout] test dio::tests::test_get_f0_candidate_contour_sub_normal ... ok
[INFO] [stdout] test dio::tests::test_get_f0_candidate_from_raw_event_200hz ... ok
[INFO] [stdout] test dio::tests::test_get_dio_fft_size ... ok
[INFO] [stdout] test dio::tests::test_get_f0_candidate_contour_sub_out_of_range ... ok
[INFO] [stdout] test dio::tests::test_get_filtered_signal_synthetic ... ok
[INFO] [stdout] test dio::tests::test_get_four_zero_crossing_intervals_200hz_sine ... ok
[INFO] [stdout] test dio::tests::test_get_number_of_voiced_sections ... ok
[INFO] [stdout] test dio::tests::test_get_spectrum_for_estimation_constant_input_is_zero ... ok
[INFO] [stdout] test dio::tests::test_get_spectrum_for_estimation_ratio1 ... ok
[INFO] [stdout] test dio::tests::test_get_spectrum_for_estimation_ratio2_16k ... ok
[INFO] [stdout] test dio::tests::property_temporal_positions_monotonic ... ok
[INFO] [stdout] test dio::tests::test_fix_step4_direct ... ok
[INFO] [stdout] test dio::tests::test_get_samples_for_dio ... ok
[INFO] [stdout] test dio::tests::test_get_f0_candidate_from_raw_event_440hz_out_of_range ... ok
[INFO] [stdout] test dio::tests::test_get_spectrum_for_estimation_ratio2_full ... ok
[INFO] [stdout] test dio::tests::test_initialize_dio_option_matches_cpp_reference ... ok
[INFO] [stdout] test dio::tests::test_get_f0_candidates_and_scores_200hz ... ok
[INFO] [stdout] test dio::tests::test_get_number_of_bands ... ok
[INFO] [stdout] test dio::tests::test_select_best_f0 ... ok
[INFO] [stdout] test fft::tests::c2r_unnormalized_inverse_scales_by_n ... ok
[INFO] [stdout] test dio::tests::test_zero_crossing_engine_200hz_sine ... ok
[INFO] [stdout] test fft::tests::c2c_backward_conjugation ... ok
[INFO] [stdout] test fft::tests::matches_cpp_reference_vectors ... ok
[INFO] [stdout] test fft::tests::r2c_known_value_impulse ... ok
[INFO] [stdout] test fft::tests::fft_empty_input ... ok
[INFO] [stdout] test dio::tests::test_voice_range_minimum_matches_cpp_reference ... ok
[INFO] [stdout] test harvest::candidates::tests::harvest_candidate_bound_guard ... ok
[INFO] [stdout] test fft::tests::fft_single_element ... ok
[INFO] [stdout] test fft::tests::r2c_matches_direct_dft ... ok
[INFO] [stdout] test fft::tests::r2c_known_value_dc ... ok
[INFO] [stdout] test fft::tests::fft_roundtrip_non_pow2 ... ok
[INFO] [stdout] test fft::tests::fft_ifft_roundtrip_normalized ... ok
[INFO] [stdout] test fft::tests::c2c_forward_conjugation ... ok
[INFO] [stdout] test fft::tests::r2c_zero_padding ... ok
[INFO] [stdout] test harvest::candidates::tests::waveform_spectrum_sizes_15k_8k_48k ... ok
[INFO] [stdout] test harvest::postprocess::boundary_tests::boundary_list_synthetic_alternation ... ok
[INFO] [stdout] test matlab::tests::test_decimate_r11_l100 ... ok
[INFO] [stdout] test harvest::postprocess::tests::fix_step4_linear_interpolation ... ok
[INFO] [stdout] test harvest::postprocess::tests::make_sorted_order_tie_stability ... ok
[INFO] [stdout] test matlab::tests::test_decimate_r2_l100 ... ok
[INFO] [stdout] test matlab::tests::test_decimate_large_counts ... ok
[INFO] [stdout] test matlab::tests::test_decimate_r2_l20 ... ok
[INFO] [stdout] test harvest::refine::tests::refined_f0_pure_sine_non_degenerate ... ok
[INFO] [stdout] test matlab::tests::test_histc_basic ... ok
[INFO] [stdout] test matlab::tests::test_decimate_r3_l20 ... ok
[INFO] [stdout] test matlab::tests::test_interp1_exact_and_extrapolation ... ok
[INFO] [stdout] test matlab::tests::test_interp1q ... ok
[INFO] [stdout] test matlab::tests::test_interp1q_oob_clamps_to_y0 ... ok
[INFO] [stdout] test matlab::tests::test_matlab_round_half_integers ... ok
[INFO] [stdout] test matlab::tests::test_matlab_round ... ok
[INFO] [stdout] test matlab::tests::test_randn_repeatability ... ok
[INFO] [stdout] test matlab::tests::test_interp1q_negative_shift ... ok
[INFO] [stdout] test matlab::tests::test_randn_bit_exact_vs_cpp ... ok
[INFO] [stdout] test matlab::tests::test_fftshift ... ok
[INFO] [stdout] test matlab::tests::test_interp1_linear ... ok
[INFO] [stdout] test resample::tests::test_16k_to_48k_dc_offset_preserved ... ok
[INFO] [stdout] test resample::tests::test_16k_to_48k_silence_produces_silence ... ok
[INFO] [stdout] test resample::tests::test_48k_to_16k_dc_offset_preserved ... ok
[INFO] [stdout] test resample::tests::test_16k_to_48k_sine_passband_preserved ... ok
[INFO] [stdout] test resample::tests::test_constants_match_js_reference ... ok
[INFO] [stdout] test matlab::tests::test_decimate_r2_l21 ... ok
[INFO] [stdout] test resample::tests::test_design_cached_reuses_prototype ... ok
[INFO] [stdout] test resample::tests::test_design_dc_sums_match_js_reference ... ok
[INFO] [stdout] test resample::tests::test_design_phases_match_js_reference_bits ... ok
[INFO] [stdout] test resample::tests::test_16k_48k_output_length ... ok
[INFO] [stdout] test resample::tests::test_design_timing ... ok
[INFO] [stdout] test resample::tests::test_design_dc_gain_near_unity ... ok
[INFO] [stdout] test resample::tests::test_downsample_1khz_sine_preserved_48k_to_16k ... ok
[INFO] [stdout] test resample::tests::test_downsample_impulse_2x_matches_js_reference ... ok
[INFO] [stdout] test resample::tests::test_downsample_impulse_3x_interior_matches_js_reference ... ok
[INFO] [stdout] test resample::tests::test_48k_to_16k_sine_passband_preserved ... ok
[INFO] [stdout] test resample::tests::test_48k_to_16k_silence_produces_silence ... ok
[INFO] [stdout] test resample::tests::test_downsample_output_length_factors_2_3_4 ... ok
[INFO] [stdout] test resample::tests::test_downsample_impulse_3x_matches_js_reference ... ok
[INFO] [stdout] test resample::tests::test_downsample_impulse_4x_matches_js_reference ... ok
[INFO] [stdout] test resample::tests::test_edge_case_max_amplitude_finite_bounded ... ok
[INFO] [stdout] test resample::tests::test_downsample_aliasing_suppressed_above_output_nyquist ... ok
[INFO] [stdout] test resample::tests::test_gcd_matches_js_reference ... ok
[INFO] [stdout] test resample::tests::test_impulse_group_delay_d16 ... ok
[INFO] [stdout] test resample::tests::test_kaiser_endpoints_match_js_reference ... ok
[INFO] [stdout] test resample::tests::test_design_frequency_response_matches_js_reference ... ok
[INFO] [stdout] test resample::tests::test_resample_16k_to_48k_3x ... ok
[INFO] [stdout] test resample::tests::test_gcd_16k_to_48k ... ok
[INFO] [stdout] test resample::tests::test_gcd_48k_to_16k ... ok
[INFO] [stdout] test resample::tests::test_i0_matches_js_reference ... ok
[INFO] [stdout] test resample::tests::test_edge_cases_silence_impulse_dc_maxamp ... ok
[INFO] [stdout] test resample::tests::test_design_phase_symmetry ... ok
[INFO] [stdout] test resample::tests::test_resample_wrapper_identity ... ok
[INFO] [stdout] test resample::tests::test_resample_wrapper_zero_to_returns_empty ... ok
[INFO] [stdout] test resample::tests::test_resample_zero_to_returns_empty ... ok
[INFO] [stdout] test resample::tests::test_d_is_half_taps ... ok
[INFO] [stdout] test resample::tests::test_resample_wrapper_matches_polyphase ... ok
[INFO] [stdout] test resample::tests::test_resample_wrapper_zero_from_returns_empty ... ok
[INFO] [stdout] test resample::tests::test_upsample_1khz_sine_preserved_16k_to_48k ... ok
[INFO] [stdout] test resample::tests::test_upsample_impulse_3x_matches_js_reference ... ok
[INFO] [stdout] test resample::tests::test_upsample_impulse_3x_interior_matches_js_reference ... ok
[INFO] [stdout] test resample::tests::test_resample_48k_to_16k_1_over_3 ... ok
[INFO] [stdout] test resample::tests::test_resample_identity ... ok
[INFO] [stdout] test resample::tests::test_resample_output_length ... ok
[INFO] [stdout] test resample::tests::test_resample_zero_from_returns_empty ... ok
[INFO] [stdout] test resample::tests::test_upsample_impulse_2x_matches_js_reference ... ok
[INFO] [stdout] test resample::tests::test_upsample_output_length_factors_2_3_4 ... ok
[INFO] [stdout] test resample::tests::test_upsample_impulse_4x_matches_js_reference ... ok
[INFO] [stdout] test stonemask::tests::matches_cpp_ref_a_sine200_fs16000 ... ok
[INFO] [stdout] test resample::tests::test_upsample_no_imaging_above_original_nyquist ... ok
[INFO] [stdout] test stonemask::tests::stone_mask_basic ... ok
[INFO] [stdout] test stonemask::tests::matches_cpp_ref_d_sine250_f0init200_fs16000 ... ok
[INFO] [stdout] test stonemask::tests::matches_cpp_ref_e_guards_fs16000 ... ok
[INFO] [stdout] test stonemask::tests::matches_cpp_ref_b_sine150_fs44100 ... ok
[INFO] [stdout] test stonemask::tests::matches_cpp_ref_c_zero_fs16000 ... ok
[INFO] [stdout] test stonemask::tests::stone_mask_guard_high ... ok
[INFO] [stdout] test stonemask::tests::matches_cpp_ref_f_multiframe_sine220_fs16000 ... ok
[INFO] [stdout] test stonemask::tests::stone_mask_guard_low ... ok
[INFO] [stdout] test stonemask::tests::stone_mask_sine_refinement ... ok
[INFO] [stdout] test synthesis::tests::test_aperiodic_ratio_clamps_and_squares ... ok
[INFO] [stdout] test synthesis::tests::test_aperiodic_ratio_constant_0p5 ... ok
[INFO] [stdout] test synthesis::tests::test_dc_remover_matches_cpp_reference ... ok
[INFO] [stdout] test synthesis::tests::test_aperiodic_response_matches_cpp_reference ... ok
[INFO] [stdout] test synthesis::tests::test_constant_aperiodicity_shape_and_value ... ok
[INFO] [stdout] test synthesis::tests::test_dc_remover_nonnegative ... ok
[INFO] [stdout] test synthesis::tests::test_dc_remover_symmetry ... ok
[INFO] [stdout] test synthesis::tests::test_fft_forward_inverse_roundtrip ... ok
[INFO] [stdout] test synthesis::tests::test_dc_remover_normalization ... ok
[INFO] [stdout] test synthesis::tests::test_get_time_base_constant ... ok
[INFO] [stdout] test synthesis::tests::test_get_time_base_lowf0 ... ok
[INFO] [stdout] test synthesis::tests::test_default_aperiodicity_is_safe ... ok
[INFO] [stdout] test synthesis::tests::test_fractional_time_shift_phase_rotation ... ok
[INFO] [stdout] test synthesis::tests::test_get_time_base_vuv_threshold ... ok
[INFO] [stdout] test synthesis::tests::test_get_y_length ... ok
[INFO] [stdout] test synthesis::tests::test_interp1 ... ok
[INFO] [stdout] test synthesis::tests::test_minimum_phase_reuse_is_stable ... ok
[INFO] [stdout] test synthesis::tests::test_minimum_phase_bin0_is_real ... ok
[INFO] [stdout] test synthesis::tests::test_noise_spectrum_zero_mean ... ok
[INFO] [stdout] test synthesis::tests::test_one_frame_segment_length ... ok
[INFO] [stdout] test synthesis::tests::test_minimum_phase_matches_cpp_reference ... ok
[INFO] [stdout] test synthesis::tests::test_one_frame_segment_matches_cpp_reference ... ok
[INFO] [stdout] test synthesis::tests::test_one_frame_segment_sqrt_weighting ... ok
[INFO] [stdout] test synthesis::tests::test_get_time_base_mixed ... ok
[INFO] [stdout] test synthesis::tests::test_one_frame_segment_zero_noise ... ok
[INFO] [stdout] test synthesis::tests::test_noise_spectrum_deterministic ... ok
[INFO] [stdout] test synthesis::tests::test_aperiodic_ratio_linear_ramp ... ok
[INFO] [stdout] test synthesis::tests::test_remove_dc_component ... ok
[INFO] [stdout] test synthesis::tests::test_pulse_locations_y_length_one ... ok
[INFO] [stdout] test synthesis::tests::test_periodic_response_voiced_nonzero_and_dc_removed ... ok
[INFO] [stdout] test synthesis::tests::test_spectral_envelope_clamps_to_last_frame ... ok
[INFO] [stdout] test synthesis::tests::test_periodic_response_zero_for_unvoiced_and_aperiodic ... ok
[INFO] [stdout] test synthesis::tests::test_spectral_envelope_constant_matrix ... ok
[INFO] [stdout] test synthesis::tests::test_spectral_envelope_linear_ramp ... ok
[INFO] [stdout] test synthesis::tests::test_synthesis_empty_f0 ... ok
[INFO] [stdout] test synthesis::tests::test_synthesis_invalid_fft_size ... ok
[INFO] [stdout] test synthesis::tests::test_synthesis_mismatched_aperiodicity_bins ... ok
[INFO] [stdout] test synthesis::tests::test_synthesis_mismatched_aperiodicity_rows ... ok
[INFO] [stdout] test synthesis::tests::test_synthesis_mismatched_f0_length ... ok
[INFO] [stdout] test synthesis::tests::test_synthesis_mismatched_spectrogram_bins ... ok
[INFO] [stdout] test synthesis::tests::test_synthesis_mismatched_spectrogram_rows ... ok
[INFO] [stdout] test synthesis::tests::test_pulse_locations_constant_f0 ... ok
[INFO] [stdout] test synthesis::tests::test_synthesis_no_pulses_zero_output ... ok
[INFO] [stdout] test synthesis::tests::test_synthesis_nonpositive_fs ... ok
[INFO] [stdout] test synthesis::tests::test_spectral_envelope_frame_boundary_exact ... ok
[INFO] [stdout] test synthesis::tests::test_synthesis_deterministic ... ok
[INFO] [stdout] test synthesis::tests::test_temporal_parameters_lowest_f0_guard ... ok
[INFO] [stdout] test synthesis::tests::test_synthesis_smoke ... ok
[INFO] [stdout] test synthesis::tests::test_synthesis_nonpositive_frame_period ... ok
[INFO] [stdout] test synthesis::tests::test_periodic_response_matches_cpp_reference ... ok
[INFO] [stdout] test synthesis::tests::test_synthesis_voiced_smoke ... ok
[INFO] [stderr]      Running tests/ap_accuracy.rs (/opt/rustwide/target/release/deps/ap_accuracy-9d02d43e148ef1e6)
[INFO] [stdout] test resample::tests::test_roundtrip_16k_48k_16k_snr ... ok
[INFO] [stdout] 
[INFO] [stdout] test result: ok. 239 passed; 0 failed; 0 ignored; 0 measured; 0 filtered out; finished in 0.28s
[INFO] [stdout] 
[INFO] [stdout] 
[INFO] [stdout] running 3 tests
[INFO] [stdout] test constant_ap_half ... FAILED
[INFO] [stdout] test constant_ap_ones ... FAILED
[INFO] [stdout] test constant_ap_zeros ... FAILED
[INFO] [stdout] 
[INFO] [stdout] failures:
[INFO] [stdout] 
[INFO] [stdout] ---- constant_ap_half stdout ----
[INFO] [stdout] 
[INFO] [stdout] thread 'constant_ap_half' (1631) panicked at tests/ap_accuracy.rs:50:36:
[INFO] [stdout] read in: Os { code: 2, kind: NotFound, message: "No such file or directory" }
[INFO] [stdout] stack backtrace:
[INFO] [stdout]    0:     0x61e2c3635ce1 - <<std[70759c8f55707aa4]::sys::backtrace::BacktraceLock>::print::DisplayBacktrace as core[df12db4294e9bfd3]::fmt::Display>::fmt
[INFO] [stdout]    1:     0x61e2c364ae5a - core[df12db4294e9bfd3]::fmt::write
[INFO] [stdout]    2:     0x61e2c363a19c - <alloc[2182bb758b4b3781]::vec::Vec<u8> as core[df12db4294e9bfd3]::io::write::Write>::write_fmt
[INFO] [stdout]    3:     0x61e2c3611a36 - std[70759c8f55707aa4]::panicking::default_hook::{closure#0}
[INFO] [stdout]    4:     0x61e2c362e049 - std[70759c8f55707aa4]::panicking::default_hook
[INFO] [stdout]    5:     0x61e2c351b980 - test[9d35eded1c95d3be]::test_main_inner::<test[9d35eded1c95d3be]::test_main_static::{closure#0}>::{closure#0}
[INFO] [stdout]    6:     0x61e2c362e202 - std[70759c8f55707aa4]::panicking::panic_with_hook
[INFO] [stdout]    7:     0x61e2c3611ae2 - std[70759c8f55707aa4]::panicking::panic_handler::{closure#0}
[INFO] [stdout]    8:     0x61e2c360a629 - std[70759c8f55707aa4]::sys::backtrace::__rust_end_short_backtrace::<std[70759c8f55707aa4]::panicking::panic_handler::{closure#0}, !>
[INFO] [stdout]    9:     0x61e2c36126dd - __rustc[8fa7c3cbc660c2b3]::rust_begin_unwind
[INFO] [stdout]   10:     0x61e2c364b58c - core[df12db4294e9bfd3]::panicking::panic_fmt
[INFO] [stdout]   11:     0x61e2c364b362 - core[df12db4294e9bfd3]::result::unwrap_failed
[INFO] [stdout]   12:     0x61e2c350c46f - ap_accuracy[519b9273307b41cf]::read_synthesis_in
[INFO] [stdout]   13:     0x61e2c350d60d - <ap_accuracy[519b9273307b41cf]::constant_ap_half::{closure#0} as core[df12db4294e9bfd3]::ops::function::FnOnce<()>>::call_once
[INFO] [stdout]   14:     0x61e2c350ec6b - test[9d35eded1c95d3be]::__rust_begin_short_backtrace::<core[df12db4294e9bfd3]::result::Result<(), alloc[2182bb758b4b3781]::string::String>, fn() -> core[df12db4294e9bfd3]::result::Result<(), alloc[2182bb758b4b3781]::string::String>>
[INFO] [stdout]   15:     0x61e2c351c2d5 - test[9d35eded1c95d3be]::run_test::{closure#0}
[INFO] [stdout]   16:     0x61e2c3515b94 - std[70759c8f55707aa4]::sys::backtrace::__rust_begin_short_backtrace::<test[9d35eded1c95d3be]::run_test::{closure#1}, ()>
[INFO] [stdout]   17:     0x61e2c351f432 - <std[70759c8f55707aa4]::thread::lifecycle::spawn_unchecked<test[9d35eded1c95d3be]::run_test::{closure#1}, ()>::{closure#1} as core[df12db4294e9bfd3]::ops::function::FnOnce<()>>::call_once::{shim:vtable#0}
[INFO] [stdout]   18:     0x61e2c3635299 - <std[70759c8f55707aa4]::sys::thread::unix::Thread>::new::thread_start
[INFO] [stdout]   19:     0x70cda6d32dfa - <unknown>
[INFO] [stdout]   20:     0x70cda6dc63d4 - clone
[INFO] [stdout]   21:                0x0 - <unknown>
[INFO] [stdout] 
[INFO] [stdout] ---- constant_ap_ones stdout ----
[INFO] [stdout] 
[INFO] [stdout] thread 'constant_ap_ones' (1632) panicked at tests/ap_accuracy.rs:50:36:
[INFO] [stdout] read in: Os { code: 2, kind: NotFound, message: "No such file or directory" }
[INFO] [stdout] stack backtrace:
[INFO] [stdout]    0:     0x61e2c3635ce1 - <<std[70759c8f55707aa4]::sys::backtrace::BacktraceLock>::print::DisplayBacktrace as core[df12db4294e9bfd3]::fmt::Display>::fmt
[INFO] [stdout]    1:     0x61e2c364ae5a - core[df12db4294e9bfd3]::fmt::write
[INFO] [stdout]    2:     0x61e2c363a19c - <alloc[2182bb758b4b3781]::vec::Vec<u8> as core[df12db4294e9bfd3]::io::write::Write>::write_fmt
[INFO] [stdout]    3:     0x61e2c3611a36 - std[70759c8f55707aa4]::panicking::default_hook::{closure#0}
[INFO] [stdout]    4:     0x61e2c362e049 - std[70759c8f55707aa4]::panicking::default_hook
[INFO] [stdout]    5:     0x61e2c351b980 - test[9d35eded1c95d3be]::test_main_inner::<test[9d35eded1c95d3be]::test_main_static::{closure#0}>::{closure#0}
[INFO] [stdout]    6:     0x61e2c362e202 - std[70759c8f55707aa4]::panicking::panic_with_hook
[INFO] [stdout]    7:     0x61e2c3611ae2 - std[70759c8f55707aa4]::panicking::panic_handler::{closure#0}
[INFO] [stdout]    8:     0x61e2c360a629 - std[70759c8f55707aa4]::sys::backtrace::__rust_end_short_backtrace::<std[70759c8f55707aa4]::panicking::panic_handler::{closure#0}, !>
[INFO] [stdout]    9:     0x61e2c36126dd - __rustc[8fa7c3cbc660c2b3]::rust_begin_unwind
[INFO] [stdout]   10:     0x61e2c364b58c - core[df12db4294e9bfd3]::panicking::panic_fmt
[INFO] [stdout]   11:     0x61e2c364b362 - core[df12db4294e9bfd3]::result::unwrap_failed
[INFO] [stdout]   12:     0x61e2c350c46f - ap_accuracy[519b9273307b41cf]::read_synthesis_in
[INFO] [stdout]   13:     0x61e2c350ddad - <ap_accuracy[519b9273307b41cf]::constant_ap_ones::{closure#0} as core[df12db4294e9bfd3]::ops::function::FnOnce<()>>::call_once
[INFO] [stdout]   14:     0x61e2c350ec6b - test[9d35eded1c95d3be]::__rust_begin_short_backtrace::<core[df12db4294e9bfd3]::result::Result<(), alloc[2182bb758b4b3781]::string::String>, fn() -> core[df12db4294e9bfd3]::result::Result<(), alloc[2182bb758b4b3781]::string::String>>
[INFO] [stdout]   15:     0x61e2c351c2d5 - test[9d35eded1c95d3be]::run_test::{closure#0}
[INFO] [stdout]   16:     0x61e2c3515b94 - std[70759c8f55707aa4]::sys::backtrace::__rust_begin_short_backtrace::<test[9d35eded1c95d3be]::run_test::{closure#1}, ()>
[INFO] [stdout]   17:     0x61e2c351f432 - <std[70759c8f55707aa4]::thread::lifecycle::spawn_unchecked<test[9d35eded1c95d3be]::run_test::{closure#1}, ()>::{closure#1} as core[df12db4294e9bfd3]::ops::function::FnOnce<()>>::call_once::{shim:vtable#0}
[INFO] [stdout]   18:     0x61e2c3635299 - <std[70759c8f55707aa4]::sys::thread::unix::Thread>::new::thread_start
[INFO] [stdout]   19:     0x70cda6d32dfa - <unknown>
[INFO] [stdout]   20:     0x70cda6dc63d4 - clone
[INFO] [stdout]   21:                0x0 - <unknown>
[INFO] [stdout] 
[INFO] [stdout] ---- constant_ap_zeros stdout ----
[INFO] [stdout] 
[INFO] [stdout] thread 'constant_ap_zeros' (1633) panicked at tests/ap_accuracy.rs:50:36:
[INFO] [stdout] read in: Os { code: 2, kind: NotFound, message: "No such file or directory" }
[INFO] [stdout] stack backtrace:
[INFO] [stdout]    0:     0x61e2c3635ce1 - <<std[70759c8f55707aa4]::sys::backtrace::BacktraceLock>::print::DisplayBacktrace as core[df12db4294e9bfd3]::fmt::Display>::fmt
[INFO] [stdout]    1:     0x61e2c364ae5a - core[df12db4294e9bfd3]::fmt::write
[INFO] [stdout]    2:     0x61e2c363a19c - <alloc[2182bb758b4b3781]::vec::Vec<u8> as core[df12db4294e9bfd3]::io::write::Write>::write_fmt
[INFO] [stdout]    3:     0x61e2c3611a36 - std[70759c8f55707aa4]::panicking::default_hook::{closure#0}
[INFO] [stdout]    4:     0x61e2c362e049 - std[70759c8f55707aa4]::panicking::default_hook
[INFO] [stdout]    5:     0x61e2c351b980 - test[9d35eded1c95d3be]::test_main_inner::<test[9d35eded1c95d3be]::test_main_static::{closure#0}>::{closure#0}
[INFO] [stdout]    6:     0x61e2c362e202 - std[70759c8f55707aa4]::panicking::panic_with_hook
[INFO] [stdout]    7:     0x61e2c3611ae2 - std[70759c8f55707aa4]::panicking::panic_handler::{closure#0}
[INFO] [stdout]    8:     0x61e2c360a629 - std[70759c8f55707aa4]::sys::backtrace::__rust_end_short_backtrace::<std[70759c8f55707aa4]::panicking::panic_handler::{closure#0}, !>
[INFO] [stdout]    9:     0x61e2c36126dd - __rustc[8fa7c3cbc660c2b3]::rust_begin_unwind
[INFO] [stdout]   10:     0x61e2c364b58c - core[df12db4294e9bfd3]::panicking::panic_fmt
[INFO] [stdout]   11:     0x61e2c364b362 - core[df12db4294e9bfd3]::result::unwrap_failed
[INFO] [stdout]   12:     0x61e2c350c46f - ap_accuracy[519b9273307b41cf]::read_synthesis_in
[INFO] [stdout]   13:     0x61e2c350e54d - <ap_accuracy[519b9273307b41cf]::constant_ap_zeros::{closure#0} as core[df12db4294e9bfd3]::ops::function::FnOnce<()>>::call_once
[INFO] [stdout]   14:     0x61e2c350ec6b - test[9d35eded1c95d3be]::__rust_begin_short_backtrace::<core[df12db4294e9bfd3]::result::Result<(), alloc[2182bb758b4b3781]::string::String>, fn() -> core[df12db4294e9bfd3]::result::Result<(), alloc[2182bb758b4b3781]::string::String>>
[INFO] [stdout]   15:     0x61e2c351c2d5 - test[9d35eded1c95d3be]::run_test::{closure#0}
[INFO] [stdout]   16:     0x61e2c3515b94 - std[70759c8f55707aa4]::sys::backtrace::__rust_begin_short_backtrace::<test[9d35eded1c95d3be]::run_test::{closure#1}, ()>
[INFO] [stdout]   17:     0x61e2c351f432 - <std[70759c8f55707aa4]::thread::lifecycle::spawn_unchecked<test[9d35eded1c95d3be]::run_test::{closure#1}, ()>::{closure#1} as core[df12db4294e9bfd3]::ops::function::FnOnce<()>>::call_once::{shim:vtable#0}
[INFO] [stdout]   18:     0x61e2c3635299 - <std[70759c8f55707aa4]::sys::thread::unix::Thread>::new::thread_start
[INFO] [stdout]   19:     0x70cda6d32dfa - <unknown>
[INFO] [stdout]   20:     0x70cda6dc63d4 - clone
[INFO] [stdout]   21:                0x0 - <unknown>
[INFO] [stdout] 
[INFO] [stdout] 
[INFO] [stdout] failures:
[INFO] [stdout]     constant_ap_half
[INFO] [stdout]     constant_ap_ones
[INFO] [stdout]     constant_ap_zeros
[INFO] [stdout] 
[INFO] [stdout] test result: FAILED. 0 passed; 3 failed; 0 ignored; 0 measured; 0 filtered out; finished in 0.00s
[INFO] [stdout] 
[INFO] [stderr] error: test failed, to rerun pass `--test ap_accuracy`
[INFO] running `Command { std: "docker" "inspect" "b2e3cef92c750a3666551b66043803ad805a30eda57e7e80ef00e93211a0dd9e", kill_on_drop: false }`
[INFO] running `Command { std: "docker" "rm" "-f" "b2e3cef92c750a3666551b66043803ad805a30eda57e7e80ef00e93211a0dd9e", kill_on_drop: false }`
[INFO] [stdout] b2e3cef92c750a3666551b66043803ad805a30eda57e7e80ef00e93211a0dd9e
