[INFO] fetching crate worktree-cli 0.1.9...
[INFO] testing worktree-cli-0.1.9 against 1.100.0-beta.1+cargoflags=--release for beta-release-1.100-2
[INFO] extracting crate worktree-cli 0.1.9 into /workspace/builds/worker-7-tc2/source
[INFO] started tweaking crates.io crate worktree-cli 0.1.9
[INFO] removed 0 missing tests
[INFO] finished tweaking crates.io crate worktree-cli 0.1.9
[INFO] tweaked toml for crates.io crate worktree-cli 0.1.9 written to /workspace/builds/worker-7-tc2/source/Cargo.toml
[INFO] validating manifest of crates.io crate worktree-cli 0.1.9 on toolchain 1.100.0-beta.1
[INFO] running `Command { std: CARGO_HOME="/workspace/cargo-home" RUSTUP_HOME="/workspace/rustup-home" "/workspace/cargo-home/bin/cargo" "+1.100.0-beta.1" "metadata" "--manifest-path" "Cargo.toml" "--no-deps", kill_on_drop: false }`
[INFO] crate crates.io crate worktree-cli 0.1.9 already has a lockfile, it will not be regenerated
[INFO] running `Command { std: CARGO_HOME="/workspace/cargo-home" RUSTUP_HOME="/workspace/rustup-home" "/workspace/cargo-home/bin/cargo" "+1.100.0-beta.1" "fetch" "--manifest-path" "Cargo.toml", kill_on_drop: false }`
[INFO] [stderr] warning: `package.homepage` is redundant with `package.repository`
[INFO] [stderr]   --> Cargo.toml:47:12
[INFO] [stderr]    |
[INFO] [stderr] 47 | homepage = "https://github.com/baleen37/worktree"
[INFO] [stderr]    |            ^^^^^^^^^^^^^^^^^^^^^^^^^^^^^^^^^^^^^^
[INFO] [stderr] ...
[INFO] [stderr] 51 | repository = "https://github.com/baleen37/worktree"
[INFO] [stderr]    |              --------------------------------------
[INFO] [stderr]    |
[INFO] [stderr]    = note: `cargo::redundant_homepage` is set to `warn` by default
[INFO] [stderr] help: consider removing `package.homepage`
[INFO] [stderr] warning: `worktree-cli` (manifest) generated 1 warning
[INFO] running `Command { std: "docker" "create" "-v" "/var/lib/crater-agent-workspace/builds/worker-7-tc2/source:/opt/rustwide/workdir:ro,Z" "-v" "/var/lib/crater-agent-workspace/builds/worker-7-tc2/target:/opt/rustwide/target:rw,Z" "-v" "/var/lib/crater-agent-workspace/cargo-home:/opt/rustwide/cargo-home:ro,Z" "-v" "/var/lib/crater-agent-workspace/rustup-home:/opt/rustwide/rustup-home:ro,Z" "-m" "1610612736" "--network" "none" "ghcr.io/rust-lang/crates-build-env/linux@sha256:77db811e55d90add9212f6832c23229e3de5f1c1f9905e8cb07319ea15df73ac" "sleep" "infinity", kill_on_drop: false }`
[INFO] [stdout] 752e7e740e00ab8c412dbbdbe0f97f27550299c700a36ad22d798323b4a7aedd
[INFO] running `Command { std: "docker" "start" "752e7e740e00ab8c412dbbdbe0f97f27550299c700a36ad22d798323b4a7aedd", kill_on_drop: false }`
[INFO] running `Command { std: "docker" "inspect" "752e7e740e00ab8c412dbbdbe0f97f27550299c700a36ad22d798323b4a7aedd", kill_on_drop: false }`
[INFO] running `Command { std: "docker" "exec" "-e" "SOURCE_DIR=/opt/rustwide/workdir" "-e" "CARGO_HOME=/opt/rustwide/cargo-home" "-e" "RUSTUP_HOME=/opt/rustwide/rustup-home" "-e" "CARGO_TARGET_DIR=/opt/rustwide/target" "-w" "/opt/rustwide/workdir" "--user" "0:0" "752e7e740e00ab8c412dbbdbe0f97f27550299c700a36ad22d798323b4a7aedd" "/opt/rustwide/cargo-home/bin/cargo" "+1.100.0-beta.1" "metadata" "--no-deps" "--format-version=1", kill_on_drop: false }`
[INFO] running `Command { std: "docker" "inspect" "752e7e740e00ab8c412dbbdbe0f97f27550299c700a36ad22d798323b4a7aedd", kill_on_drop: false }`
[INFO] running `Command { std: "docker" "exec" "-e" "SOURCE_DIR=/opt/rustwide/workdir" "-e" "CARGO_HOME=/opt/rustwide/cargo-home" "-e" "RUSTUP_HOME=/opt/rustwide/rustup-home" "-e" "CARGO_TARGET_DIR=/opt/rustwide/target" "-e" "CARGO_INCREMENTAL=0" "-e" "RUST_BACKTRACE=full" "-e" "RUSTFLAGS=--cap-lints=warn" "-e" "RUSTDOCFLAGS=--cap-lints=warn" "-w" "/opt/rustwide/workdir" "--user" "0:0" "752e7e740e00ab8c412dbbdbe0f97f27550299c700a36ad22d798323b4a7aedd" "/opt/rustwide/cargo-home/bin/cargo" "+1.100.0-beta.1" "build" "--frozen" "--message-format=json" "--release", kill_on_drop: false }`
[INFO] [stderr] warning: `package.homepage` is redundant with `package.repository`
[INFO] [stderr]   --> Cargo.toml:47:12
[INFO] [stderr]    |
[INFO] [stderr] 47 | homepage = "https://github.com/baleen37/worktree"
[INFO] [stderr]    |            ^^^^^^^^^^^^^^^^^^^^^^^^^^^^^^^^^^^^^^
[INFO] [stderr] ...
[INFO] [stderr] 51 | repository = "https://github.com/baleen37/worktree"
[INFO] [stderr]    |              --------------------------------------
[INFO] [stderr]    |
[INFO] [stderr]    = note: `cargo::redundant_homepage` is set to `warn` by default
[INFO] [stderr] help: consider removing `package.homepage`
[INFO] [stderr] warning: `worktree-cli` (manifest) generated 1 warning
[INFO] [stderr]    Compiling serde_core v1.0.229
[INFO] [stderr]    Compiling getrandom v0.4.3
[INFO] [stderr]    Compiling syn v3.0.6
[INFO] [stderr]    Compiling console v0.16.6
[INFO] [stderr]    Compiling fuzzy-matcher v0.3.7
[INFO] [stderr]    Compiling tempfile v3.27.0
[INFO] [stderr]    Compiling dialoguer v0.12.0
[INFO] [stderr]    Compiling serde_json v1.0.151
[INFO] [stderr]    Compiling clap_derive v4.6.7
[INFO] [stderr]    Compiling clap v4.6.7
[INFO] [stderr]    Compiling worktree-cli v0.1.9 (/opt/rustwide/workdir)
[INFO] [stderr]     Finished `release` profile [optimized] target(s) in 26.27s
[INFO] running `Command { std: "docker" "inspect" "752e7e740e00ab8c412dbbdbe0f97f27550299c700a36ad22d798323b4a7aedd", kill_on_drop: false }`
[INFO] running `Command { std: "docker" "exec" "-e" "SOURCE_DIR=/opt/rustwide/workdir" "-e" "CARGO_HOME=/opt/rustwide/cargo-home" "-e" "RUSTUP_HOME=/opt/rustwide/rustup-home" "-e" "CARGO_TARGET_DIR=/opt/rustwide/target" "-e" "CARGO_INCREMENTAL=0" "-e" "RUST_BACKTRACE=full" "-e" "RUSTFLAGS=--cap-lints=warn" "-e" "RUSTDOCFLAGS=--cap-lints=warn" "-w" "/opt/rustwide/workdir" "--user" "0:0" "752e7e740e00ab8c412dbbdbe0f97f27550299c700a36ad22d798323b4a7aedd" "/opt/rustwide/cargo-home/bin/cargo" "+1.100.0-beta.1" "test" "--frozen" "--no-run" "--message-format=json" "--release", kill_on_drop: false }`
[INFO] [stderr] warning: `package.homepage` is redundant with `package.repository`
[INFO] [stderr]   --> Cargo.toml:47:12
[INFO] [stderr]    |
[INFO] [stderr] 47 | homepage = "https://github.com/baleen37/worktree"
[INFO] [stderr]    |            ^^^^^^^^^^^^^^^^^^^^^^^^^^^^^^^^^^^^^^
[INFO] [stderr] ...
[INFO] [stderr] 51 | repository = "https://github.com/baleen37/worktree"
[INFO] [stderr]    |              --------------------------------------
[INFO] [stderr]    |
[INFO] [stderr]    = note: `cargo::redundant_homepage` is set to `warn` by default
[INFO] [stderr] help: consider removing `package.homepage`
[INFO] [stderr] warning: `worktree-cli` (manifest) generated 1 warning
[INFO] [stderr]    Compiling regex-automata v0.4.18
[INFO] [stderr]    Compiling getrandom v0.4.3
[INFO] [stderr]    Compiling console v0.16.6
[INFO] [stderr]    Compiling nix v0.26.4
[INFO] [stderr]    Compiling float-cmp v0.10.0
[INFO] [stderr]    Compiling assert_cmd v2.2.2
[INFO] [stderr]    Compiling wait-timeout v0.2.1
[INFO] [stderr]    Compiling tempfile v3.27.0
[INFO] [stderr]    Compiling dialoguer v0.12.0
[INFO] [stderr]    Compiling worktree-cli v0.1.9 (/opt/rustwide/workdir)
[INFO] [stderr]    Compiling ptyprocess v0.5.0
[INFO] [stderr]    Compiling regex v1.13.1
[INFO] [stderr]    Compiling bstr v1.13.1
[INFO] [stderr]    Compiling predicates v3.1.4
[INFO] [stderr]    Compiling expectrl v0.9.0
[INFO] [stderr]     Finished `release` profile [optimized] target(s) in 59.24s
[INFO] running `Command { std: "docker" "inspect" "752e7e740e00ab8c412dbbdbe0f97f27550299c700a36ad22d798323b4a7aedd", kill_on_drop: false }`
[INFO] running `Command { std: "docker" "exec" "-e" "SOURCE_DIR=/opt/rustwide/workdir" "-e" "CARGO_HOME=/opt/rustwide/cargo-home" "-e" "RUSTUP_HOME=/opt/rustwide/rustup-home" "-e" "CARGO_TARGET_DIR=/opt/rustwide/target" "-e" "CARGO_INCREMENTAL=0" "-e" "RUST_BACKTRACE=full" "-e" "RUSTFLAGS=--cap-lints=warn" "-e" "RUSTDOCFLAGS=--cap-lints=warn" "-w" "/opt/rustwide/workdir" "--user" "0:0" "752e7e740e00ab8c412dbbdbe0f97f27550299c700a36ad22d798323b4a7aedd" "/opt/rustwide/cargo-home/bin/cargo" "+1.100.0-beta.1" "test" "--frozen" "--release", kill_on_drop: false }`
[INFO] [stderr] warning: `package.homepage` is redundant with `package.repository`
[INFO] [stderr]   --> Cargo.toml:47:12
[INFO] [stderr]    |
[INFO] [stderr] 47 | homepage = "https://github.com/baleen37/worktree"
[INFO] [stderr]    |            ^^^^^^^^^^^^^^^^^^^^^^^^^^^^^^^^^^^^^^
[INFO] [stderr] ...
[INFO] [stderr] 51 | repository = "https://github.com/baleen37/worktree"
[INFO] [stderr]    |              --------------------------------------
[INFO] [stderr]    |
[INFO] [stderr]    = note: `cargo::redundant_homepage` is set to `warn` by default
[INFO] [stderr] help: consider removing `package.homepage`
[INFO] [stderr] warning: `worktree-cli` (manifest) generated 1 warning
[INFO] [stderr]     Finished `release` profile [optimized] target(s) in 0.14s
[INFO] [stderr]      Running unittests src/lib.rs (/opt/rustwide/target/release/build/worktree-cli/9e1eafb2c2a3f678/out/worktree-9e1eafb2c2a3f678)
[INFO] [stdout] 
[INFO] [stdout] running 4 tests
[INFO] [stdout] test worktree::tests::worktree_list_parser_handles_spaces_and_locked_metadata ... ok
[INFO] [stdout] test worktree::tests::middle_truncation_keeps_branch_and_path_ends_visible ... ok
[INFO] [stdout] test worktree::tests::worktree_labels_fit_terminal_width_and_shorten_long_values ... ok
[INFO] [stderr]      Running unittests src/main.rs (/opt/rustwide/target/release/build/worktree-cli/0eef16e2b872c61e/out/wt-0eef16e2b872c61e)
[INFO] [stdout] test worktree::tests::five_generated_collisions_stop_without_a_new_path ... ok
[INFO] [stdout] 
[INFO] [stdout] test result: ok. 4 passed; 0 failed; 0 ignored; 0 measured; 0 filtered out; finished in 0.14s
[INFO] [stdout] 
[INFO] [stdout] 
[INFO] [stdout] running 0 tests
[INFO] [stdout] 
[INFO] [stdout] test result: ok. 0 passed; 0 failed; 0 ignored; 0 measured; 0 filtered out; finished in 0.00s
[INFO] [stdout] 
[INFO] [stderr]      Running tests/cli_help.rs (/opt/rustwide/target/release/build/worktree-cli/28d1718c9e936caa/out/cli_help-28d1718c9e936caa)
[INFO] [stdout] 
[INFO] [stdout] running 3 tests
[INFO] [stdout] test prune_help_describes_force_alias_and_locked_worktrees ... ok
[INFO] [stdout] test help_lists_v1_commands ... ok
[INFO] [stdout] test version_matches_package_version ... ok
[INFO] [stdout] 
[INFO] [stdout] test result: ok. 3 passed; 0 failed; 0 ignored; 0 measured; 0 filtered out; finished in 0.02s
[INFO] [stdout] 
[INFO] [stdout] 
[INFO] [stdout] running 29 tests
[INFO] [stderr]      Running tests/integrations.rs (/opt/rustwide/target/release/build/worktree-cli/26d6106eed8c86fa/out/integrations-26d6106eed8c86fa)
[INFO] [stdout] test active_herdr_opens_registered_worktree_and_creates_for_unattached_branch ... ok
[INFO] [stdout] test active_herdr_merge_remove_failure_keeps_source_and_branch ... ok
[INFO] [stdout] test active_herdr_merge_rejects_foreign_repository_before_merging ... ok
[INFO] [stdout] test active_herdr_merge_without_source_id_uses_git_remove ... ok
[INFO] [stdout] test active_herdr_merge_writes_target_path_when_focus_fails ... ok
[INFO] [stdout] test active_herdr_creates_remote_branch_from_origin_and_sets_upstream ... ok
[INFO] [stdout] test active_herdr_merge_focuses_selected_target_worktree ... ok
[INFO] [stdout] test active_herdr_merge_removes_source_child_and_focuses_target ... ok
[INFO] [stdout] test active_herdr_rejects_invalid_or_foreign_repository_response ... ok
[INFO] [stdout] test active_herdr_remove_current_worktree_completes_after_herdr_closes_pane ... ok
[INFO] [stdout] test active_herdr_prune_force_removes_dirty_open_child_preserves_branch_and_focus ... ok
[INFO] [stdout] test active_herdr_reads_current_envelope_and_uses_source_workspace_id ... ok
[INFO] [stdout] test active_herdr_prune_failure_does_not_git_remove_same_candidate ... ok
[INFO] [stdout] test active_herdr_remove_dirty_worktree_does_not_call_herdr ... ok
[INFO] [stdout] test active_herdr_remove_current_worktree_focuses_base ... ok
[INFO] [stdout] test active_herdr_remove_current_writes_safe_path_when_focus_fails ... ok
[INFO] [stdout] test active_herdr_prune_uses_herdr_only_for_the_callers_repository ... ok
[INFO] [stdout] test active_herdr_remove_failure_keeps_worktree_and_branch_without_git_fallback ... ok
[INFO] [stdout] test active_herdr_remove_rejects_foreign_repository_before_deleting ... ok
[INFO] [stdout] test active_herdr_prune_without_child_id_uses_git_and_keeps_branch ... ok
[INFO] [stdout] test active_herdr_remove_without_child_id_uses_git ... ok
[INFO] [stdout] test active_herdr_remove_uses_child_id_and_restores_caller_focus ... ok
[INFO] [stdout] test active_herdr_remove_protected_and_dirty_paths_never_reach_herdr ... ok
[INFO] [stdout] test inactive_herdr_uses_git_and_active_failure_never_falls_back ... ok
[INFO] [stdout] test active_herdr_resolves_linked_workspace_and_creates_with_exact_arguments ... ok
[INFO] [stdout] test active_herdr_switch_paths_leave_shell_path_file_empty ... ok
[INFO] [stdout] test gc_runs_after_git_create_remove_and_once_per_prune_batch ... ok
[INFO] [stdout] test missing_or_failing_nix_preserves_success ... ok
[INFO] [stdout] test active_herdr_remove_forwards_sigint_to_detached_worker ... FAILED
[INFO] [stdout] 
[INFO] [stdout] failures:
[INFO] [stdout] 
[INFO] [stdout] ---- active_herdr_remove_forwards_sigint_to_detached_worker stdout ----
[INFO] [stdout] 
[INFO] [stdout] thread 'active_herdr_remove_forwards_sigint_to_detached_worker' (1732) panicked at tests/integrations.rs:635:5:
[INFO] [stdout] detached Herdr worker remained after Ctrl+C
[INFO] [stdout] stack backtrace:
[INFO] [stdout]    0:     0x5f1d76557991 - <<std[617be2ca0a6fd877]::sys::backtrace::BacktraceLock>::print::DisplayBacktrace as core[a373ad73a504971]::fmt::Display>::fmt
[INFO] [stdout]    1:     0x5f1d7656e6da - core[a373ad73a504971]::fmt::write
[INFO] [stdout]    2:     0x5f1d7655d47c - <alloc[2e1b2a31b91974c5]::vec::Vec<u8> as core[a373ad73a504971]::io::write::Write>::write_fmt
[INFO] [stdout]    3:     0x5f1d76530fb6 - std[617be2ca0a6fd877]::panicking::default_hook::{closure#0}
[INFO] [stdout]    4:     0x5f1d7654ef49 - std[617be2ca0a6fd877]::panicking::default_hook
[INFO] [stdout]    5:     0x5f1d764d77c0 - test[aada8e7e76ba119b]::test_main_inner::{closure#0}
[INFO] [stdout]    6:     0x5f1d7654f102 - std[617be2ca0a6fd877]::panicking::panic_with_hook
[INFO] [stdout]    7:     0x5f1d76531094 - std[617be2ca0a6fd877]::panicking::panic_handler::{closure#0}
[INFO] [stdout]    8:     0x5f1d76529a69 - std[617be2ca0a6fd877]::sys::backtrace::__rust_end_short_backtrace::<std[617be2ca0a6fd877]::panicking::panic_handler::{closure#0}, !>
[INFO] [stdout]    9:     0x5f1d76531e1d - __rustc[ea4f61d10b84890b]::rust_begin_unwind
[INFO] [stdout]   10:     0x5f1d7656ee8c - core[a373ad73a504971]::panicking::panic_fmt
[INFO] [stdout]   11:     0x5f1d764b8f4a - <integrations[8b73d5f85e5ff47f]::active_herdr_remove_forwards_sigint_to_detached_worker::{closure#0} as core[a373ad73a504971]::ops::function::FnOnce<()>>::call_once
[INFO] [stdout]   12:     0x5f1d764cac0b - test[aada8e7e76ba119b]::__rust_begin_short_backtrace::<core[a373ad73a504971]::result::Result<(), alloc[2e1b2a31b91974c5]::string::String>, fn() -> core[a373ad73a504971]::result::Result<(), alloc[2e1b2a31b91974c5]::string::String>>
[INFO] [stdout]   13:     0x5f1d764d7de5 - test[aada8e7e76ba119b]::run_test::{closure#0}
[INFO] [stdout]   14:     0x5f1d764d16d4 - std[617be2ca0a6fd877]::sys::backtrace::__rust_begin_short_backtrace::<test[aada8e7e76ba119b]::run_test::{closure#1}, ()>
[INFO] [stdout]   15:     0x5f1d764dae72 - <std[617be2ca0a6fd877]::thread::lifecycle::spawn_unchecked<test[aada8e7e76ba119b]::run_test::{closure#1}, ()>::{closure#1} as core[a373ad73a504971]::ops::function::FnOnce<()>>::call_once::{shim:vtable#0}
[INFO] [stdout]   16:     0x5f1d76556c2f - <std[617be2ca0a6fd877]::sys::thread::unix::Thread>::new::thread_start
[INFO] [stdout]   17:     0x7ac9c1500dfa - <unknown>
[INFO] [stdout]   18:     0x7ac9c15943d4 - clone
[INFO] [stdout]   19:                0x0 - <unknown>
[INFO] [stdout] 
[INFO] [stdout] 
[INFO] [stdout] failures:
[INFO] [stdout]     active_herdr_remove_forwards_sigint_to_detached_worker
[INFO] [stdout] 
[INFO] [stdout] test result: FAILED. 28 passed; 1 failed; 0 ignored; 0 measured; 0 filtered out; finished in 4.47s
[INFO] [stdout] 
[INFO] [stderr] error: test failed, to rerun pass `--test integrations`
[INFO] running `Command { std: "docker" "inspect" "752e7e740e00ab8c412dbbdbe0f97f27550299c700a36ad22d798323b4a7aedd", kill_on_drop: false }`
[INFO] running `Command { std: "docker" "rm" "-f" "752e7e740e00ab8c412dbbdbe0f97f27550299c700a36ad22d798323b4a7aedd", kill_on_drop: false }`
[INFO] [stdout] 752e7e740e00ab8c412dbbdbe0f97f27550299c700a36ad22d798323b4a7aedd
