[INFO] fetching crate worksplit 0.1.9...
[INFO] testing worksplit-0.1.9 against 1.100.0-beta.1+cargoflags=--release for beta-release-1.100-2
[INFO] extracting crate worksplit 0.1.9 into /workspace/builds/worker-4-tc2/source
[INFO] started tweaking crates.io crate worksplit 0.1.9
[INFO] removed 0 missing tests
[INFO] finished tweaking crates.io crate worksplit 0.1.9
[INFO] tweaked toml for crates.io crate worksplit 0.1.9 written to /workspace/builds/worker-4-tc2/source/Cargo.toml
[INFO] validating manifest of crates.io crate worksplit 0.1.9 on toolchain 1.100.0-beta.1
[INFO] running `Command { std: CARGO_HOME="/workspace/cargo-home" RUSTUP_HOME="/workspace/rustup-home" "/workspace/cargo-home/bin/cargo" "+1.100.0-beta.1" "metadata" "--manifest-path" "Cargo.toml" "--no-deps", kill_on_drop: false }`
[INFO] crate crates.io crate worksplit 0.1.9 already has a lockfile, it will not be regenerated
[INFO] running `Command { std: CARGO_HOME="/workspace/cargo-home" RUSTUP_HOME="/workspace/rustup-home" "/workspace/cargo-home/bin/cargo" "+1.100.0-beta.1" "fetch" "--manifest-path" "Cargo.toml", kill_on_drop: false }`
[INFO] running `Command { std: "docker" "create" "-v" "/var/lib/crater-agent-workspace/builds/worker-4-tc2/source:/opt/rustwide/workdir:ro,Z" "-v" "/var/lib/crater-agent-workspace/builds/worker-4-tc2/target:/opt/rustwide/target:rw,Z" "-v" "/var/lib/crater-agent-workspace/cargo-home:/opt/rustwide/cargo-home:ro,Z" "-v" "/var/lib/crater-agent-workspace/rustup-home:/opt/rustwide/rustup-home:ro,Z" "-m" "1610612736" "--network" "none" "ghcr.io/rust-lang/crates-build-env/linux@sha256:77db811e55d90add9212f6832c23229e3de5f1c1f9905e8cb07319ea15df73ac" "sleep" "infinity", kill_on_drop: false }`
[INFO] [stdout] 3415f3829c0a55eb4d0357ca64bbe7482431f16af84b6a6ce860135dea980abe
[INFO] running `Command { std: "docker" "start" "3415f3829c0a55eb4d0357ca64bbe7482431f16af84b6a6ce860135dea980abe", kill_on_drop: false }`
[INFO] running `Command { std: "docker" "inspect" "3415f3829c0a55eb4d0357ca64bbe7482431f16af84b6a6ce860135dea980abe", kill_on_drop: false }`
[INFO] running `Command { std: "docker" "exec" "-e" "SOURCE_DIR=/opt/rustwide/workdir" "-e" "CARGO_HOME=/opt/rustwide/cargo-home" "-e" "RUSTUP_HOME=/opt/rustwide/rustup-home" "-e" "CARGO_TARGET_DIR=/opt/rustwide/target" "-w" "/opt/rustwide/workdir" "--user" "0:0" "3415f3829c0a55eb4d0357ca64bbe7482431f16af84b6a6ce860135dea980abe" "/opt/rustwide/cargo-home/bin/cargo" "+1.100.0-beta.1" "metadata" "--no-deps" "--format-version=1", kill_on_drop: false }`
[INFO] running `Command { std: "docker" "inspect" "3415f3829c0a55eb4d0357ca64bbe7482431f16af84b6a6ce860135dea980abe", kill_on_drop: false }`
[INFO] running `Command { std: "docker" "exec" "-e" "SOURCE_DIR=/opt/rustwide/workdir" "-e" "CARGO_HOME=/opt/rustwide/cargo-home" "-e" "RUSTUP_HOME=/opt/rustwide/rustup-home" "-e" "CARGO_TARGET_DIR=/opt/rustwide/target" "-e" "CARGO_INCREMENTAL=0" "-e" "RUST_BACKTRACE=full" "-e" "RUSTFLAGS=--cap-lints=warn" "-e" "RUSTDOCFLAGS=--cap-lints=warn" "-w" "/opt/rustwide/workdir" "--user" "0:0" "3415f3829c0a55eb4d0357ca64bbe7482431f16af84b6a6ce860135dea980abe" "/opt/rustwide/cargo-home/bin/cargo" "+1.100.0-beta.1" "build" "--frozen" "--message-format=json" "--release", kill_on_drop: false }`
[INFO] [stderr]    Compiling unicode-ident v1.0.22
[INFO] [stderr]    Compiling quote v1.0.44
[INFO] [stderr]    Compiling libc v0.2.180
[INFO] [stderr]    Compiling once_cell v1.21.3
[INFO] [stderr]    Compiling smallvec v1.15.1
[INFO] [stderr]    Compiling memchr v2.7.6
[INFO] [stderr]    Compiling futures-core v0.3.31
[INFO] [stderr]    Compiling bytes v1.11.0
[INFO] [stderr]    Compiling proc-macro2 v1.0.106
[INFO] [stderr]    Compiling futures-sink v0.3.31
[INFO] [stderr]    Compiling serde v1.0.228
[INFO] [stderr]    Compiling find-msvc-tools v0.1.8
[INFO] [stderr]    Compiling slab v0.4.11
[INFO] [stderr]    Compiling futures-channel v0.3.31
[INFO] [stderr]    Compiling cc v1.2.54
[INFO] [stderr]    Compiling bitflags v2.10.0
[INFO] [stderr]    Compiling hashbrown v0.16.1
[INFO] [stderr]    Compiling tracing-core v0.1.36
[INFO] [stderr]    Compiling http v1.4.0
[INFO] [stderr]    Compiling syn v2.0.114
[INFO] [stderr]    Compiling futures-task v0.3.31
[INFO] [stderr]    Compiling litemap v0.8.1
[INFO] [stderr]    Compiling futures-io v0.3.31
[INFO] [stderr]    Compiling errno v0.3.14
[INFO] [stderr]    Compiling parking_lot_core v0.9.12
[INFO] [stderr]    Compiling signal-hook-registry v1.4.8
[INFO] [stderr]    Compiling socket2 v0.6.2
[INFO] [stderr]    Compiling parking_lot v0.12.5
[INFO] [stderr]    Compiling mio v1.1.1
[INFO] [stderr]    Compiling indexmap v2.13.0
[INFO] [stderr]    Compiling writeable v0.6.2
[INFO] [stderr]    Compiling icu_normalizer_data v2.1.1
[INFO] [stderr]    Compiling openssl-sys v0.9.111
[INFO] [stderr]    Compiling zerocopy v0.8.33
[INFO] [stderr]    Compiling icu_properties_data v2.1.2
[INFO] [stderr]    Compiling ahash v0.8.12
[INFO] [stderr]    Compiling http-body v1.0.1
[INFO] [stderr]    Compiling openssl v0.10.75
[INFO] [stderr]    Compiling log v0.4.29
[INFO] [stderr]    Compiling native-tls v0.2.14
[INFO] [stderr]    Compiling zmij v1.0.16
[INFO] [stderr]    Compiling aho-corasick v1.1.4
[INFO] [stderr]    Compiling regex-syntax v0.8.8
[INFO] [stderr]    Compiling openssl-probe v0.1.6
[INFO] [stderr]    Compiling serde_json v1.0.149
[INFO] [stderr]    Compiling rustix v1.1.3
[INFO] [stderr]    Compiling anstyle-parse v0.2.7
[INFO] [stderr]    Compiling sync_wrapper v1.0.2
[INFO] [stderr]    Compiling linux-raw-sys v0.11.0
[INFO] [stderr]    Compiling anstyle v1.0.13
[INFO] [stderr]    Compiling colorchoice v1.0.4
[INFO] [stderr]    Compiling zeroize v1.8.2
[INFO] [stderr]    Compiling ipnet v2.11.0
[INFO] [stderr]    Compiling ryu v1.0.22
[INFO] [stderr]    Compiling anstream v0.6.21
[INFO] [stderr]    Compiling getrandom v0.3.4
[INFO] [stderr]    Compiling http-body-util v0.1.3
[INFO] [stderr]    Compiling iri-string v0.7.10
[INFO] [stderr]    Compiling hashbrown v0.14.5
[INFO] [stderr]    Compiling regex-automata v0.4.13
[INFO] [stderr]    Compiling synstructure v0.13.2
[INFO] [stderr]    Compiling hashlink v0.8.4
[INFO] [stderr]    Compiling fastrand v2.3.0
[INFO] [stderr]    Compiling zerofrom-derive v0.1.6
[INFO] [stderr]    Compiling yoke-derive v0.8.1
[INFO] [stderr]    Compiling zerovec-derive v0.11.2
[INFO] [stderr]    Compiling serde_derive v1.0.228
[INFO] [stderr]    Compiling displaydoc v0.2.5
[INFO] [stderr]    Compiling zerofrom v0.1.6
[INFO] [stderr]    Compiling tokio-macros v2.6.0
[INFO] [stderr]    Compiling yoke v0.8.1
[INFO] [stderr]    Compiling futures-macro v0.3.31
[INFO] [stderr]    Compiling zerovec v0.11.5
[INFO] [stderr]    Compiling zerotrie v0.2.3
[INFO] [stderr]    Compiling tokio v1.49.0
[INFO] [stderr]    Compiling futures-util v0.3.31
[INFO] [stderr]    Compiling tracing-attributes v0.1.31
[INFO] [stderr]    Compiling openssl-macros v0.1.1
[INFO] [stderr]    Compiling tinystr v0.8.2
[INFO] [stderr]    Compiling potential_utf v0.1.4
[INFO] [stderr]    Compiling icu_locale_core v2.1.1
[INFO] [stderr]    Compiling icu_collections v2.1.1
[INFO] [stderr]    Compiling tracing v0.1.44
[INFO] [stderr]    Compiling icu_provider v2.1.1
[INFO] [stderr]    Compiling icu_properties v2.1.2
[INFO] [stderr]    Compiling icu_normalizer v2.1.1
[INFO] [stderr]    Compiling serde_spanned v0.6.9
[INFO] [stderr]    Compiling toml_datetime v0.6.11
[INFO] [stderr]    Compiling idna_adapter v1.2.1
[INFO] [stderr]    Compiling idna v1.1.0
[INFO] [stderr]    Compiling thiserror-impl v1.0.69
[INFO] [stderr]    Compiling winnow v0.7.14
[INFO] [stderr]    Compiling toml_write v0.1.2
[INFO] [stderr]    Compiling anyhow v1.0.100
[INFO] [stderr]    Compiling arraydeque v0.5.1
[INFO] [stderr]    Compiling clap_lex v0.7.7
[INFO] [stderr]    Compiling clap_builder v4.5.54
[INFO] [stderr]    Compiling yaml-rust2 v0.8.1
[INFO] [stderr]    Compiling thiserror v1.0.69
[INFO] [stderr]    Compiling clap_derive v4.5.49
[INFO] [stderr]    Compiling toml_edit v0.22.27
[INFO] [stderr]    Compiling tokio-util v0.7.18
[INFO] [stderr]    Compiling tokio-native-tls v0.3.1
[INFO] [stderr]    Compiling tower v0.5.3
[INFO] [stderr]    Compiling h2 v0.4.13
[INFO] [stderr]    Compiling tower-http v0.6.8
[INFO] [stderr]    Compiling console v0.15.11
[INFO] [stderr]    Compiling url v2.5.8
[INFO] [stderr]    Compiling futures-executor v0.3.31
[INFO] [stderr]    Compiling toml v0.5.11
[INFO] [stderr]    Compiling serde_urlencoded v0.7.1
[INFO] [stderr]    Compiling matchers v0.2.0
[INFO] [stderr]    Compiling thiserror-impl v2.0.18
[INFO] [stderr]    Compiling hyper v1.8.1
[INFO] [stderr]    Compiling tempfile v3.24.0
[INFO] [stderr]    Compiling hyper-util v0.1.19
[INFO] [stderr]    Compiling rustls-pki-types v1.14.0
[INFO] [stderr]    Compiling hyper-tls v0.6.0
[INFO] [stderr]    Compiling tracing-log v0.2.0
[INFO] [stderr]    Compiling thread_local v1.1.9
[INFO] [stderr]    Compiling shell-words v1.1.1
[INFO] [stderr]    Compiling iana-time-zone v0.1.64
[INFO] [stderr]    Compiling unsafe-libyaml v0.2.11
[INFO] [stderr]    Compiling reqwest v0.12.28
[INFO] [stderr]    Compiling tracing-subscriber v0.3.22
[INFO] [stderr]    Compiling chrono v0.4.43
[INFO] [stderr]    Compiling dialoguer v0.11.0
[INFO] [stderr]    Compiling serde_yaml v0.9.34+deprecated
[INFO] [stderr]    Compiling thiserror v2.0.18
[INFO] [stderr]    Compiling gray_matter v0.2.9
[INFO] [stderr]    Compiling futures v0.3.31
[INFO] [stderr]    Compiling toml v0.8.23
[INFO] [stderr]    Compiling clap v4.5.54
[INFO] [stderr]    Compiling regex v1.12.2
[INFO] [stderr]    Compiling worksplit v0.1.9 (/opt/rustwide/workdir)
[INFO] [stdout] warning: variable does not need to be mutable
[INFO] [stdout]    --> src/core/runner/mod.rs:692:36
[INFO] [stdout]     |
[INFO] [stdout] 692 |             let (mut final_result, mut err) = verify::run_verification(
[INFO] [stdout]     |                                    ----^^^
[INFO] [stdout]     |                                    |
[INFO] [stdout]     |                                    help: remove this `mut`
[INFO] [stdout]     |
[INFO] [stdout]     = note: `#[warn(unused_mut)]` (part of `#[warn(unused)]`) on by default
[INFO] [stdout] 
[INFO] [stdout] 
[INFO] [stdout] warning: variable does not need to be mutable
[INFO] [stdout]    --> src/core/runner/mod.rs:692:36
[INFO] [stdout]     |
[INFO] [stdout] 692 |             let (mut final_result, mut err) = verify::run_verification(
[INFO] [stdout]     |                                    ----^^^
[INFO] [stdout]     |                                    |
[INFO] [stdout]     |                                    help: remove this `mut`
[INFO] [stdout]     |
[INFO] [stdout]     = note: `#[warn(unused_mut)]` (part of `#[warn(unused)]`) on by default
[INFO] [stdout] 
[INFO] [stdout] 
[INFO] [stderr] warning: unused dependency `anyhow`
[INFO] [stderr]  --> Cargo.toml:5:15
[INFO] [stderr]   |
[INFO] [stderr] 5 | [dependencies.anyhow]
[INFO] [stderr]   |               ^^^^^^^
[INFO] [stderr]   |
[INFO] [stderr]   = note: `cargo::unused_dependencies` is set to `warn` by default
[INFO] [stderr] help: consider removing the dependency on `anyhow`
[INFO] [stderr] warning: unused dependency `serde_yaml`
[INFO] [stderr]   --> Cargo.toml:39:15
[INFO] [stderr]    |
[INFO] [stderr] 39 | [dependencies.serde_yaml]
[INFO] [stderr]    |               ^^^^^^^^^^^
[INFO] [stderr]    |
[INFO] [stderr] help: consider removing the dependency on `serde_yaml`
[INFO] [stderr] warning: `worksplit` (manifest) generated 2 warnings
[INFO] [stderr]     Finished `release` profile [optimized] target(s) in 4m 18s
[INFO] running `Command { std: "docker" "inspect" "3415f3829c0a55eb4d0357ca64bbe7482431f16af84b6a6ce860135dea980abe", kill_on_drop: false }`
[INFO] running `Command { std: "docker" "exec" "-e" "SOURCE_DIR=/opt/rustwide/workdir" "-e" "CARGO_HOME=/opt/rustwide/cargo-home" "-e" "RUSTUP_HOME=/opt/rustwide/rustup-home" "-e" "CARGO_TARGET_DIR=/opt/rustwide/target" "-e" "CARGO_INCREMENTAL=0" "-e" "RUST_BACKTRACE=full" "-e" "RUSTFLAGS=--cap-lints=warn" "-e" "RUSTDOCFLAGS=--cap-lints=warn" "-w" "/opt/rustwide/workdir" "--user" "0:0" "3415f3829c0a55eb4d0357ca64bbe7482431f16af84b6a6ce860135dea980abe" "/opt/rustwide/cargo-home/bin/cargo" "+1.100.0-beta.1" "test" "--frozen" "--no-run" "--message-format=json" "--release", kill_on_drop: false }`
[INFO] [stderr]    Compiling tokio v1.49.0
[INFO] [stderr]    Compiling tokio-util v0.7.18
[INFO] [stderr]    Compiling tokio-native-tls v0.3.1
[INFO] [stderr]    Compiling tower v0.5.3
[INFO] [stderr]    Compiling tokio-stream v0.1.18
[INFO] [stderr]    Compiling tokio-test v0.4.5
[INFO] [stderr]    Compiling h2 v0.4.13
[INFO] [stderr]    Compiling tower-http v0.6.8
[INFO] [stderr]    Compiling hyper v1.8.1
[INFO] [stderr]    Compiling hyper-util v0.1.19
[INFO] [stderr]    Compiling hyper-tls v0.6.0
[INFO] [stderr]    Compiling reqwest v0.12.28
[INFO] [stderr]    Compiling worksplit v0.1.9 (/opt/rustwide/workdir)
[INFO] [stdout] warning: variable does not need to be mutable
[INFO] [stdout]    --> src/core/runner/mod.rs:692:36
[INFO] [stdout]     |
[INFO] [stdout] 692 |             let (mut final_result, mut err) = verify::run_verification(
[INFO] [stdout]     |                                    ----^^^
[INFO] [stdout]     |                                    |
[INFO] [stdout]     |                                    help: remove this `mut`
[INFO] [stdout]     |
[INFO] [stdout]     = note: `#[warn(unused_mut)]` (part of `#[warn(unused)]`) on by default
[INFO] [stdout] 
[INFO] [stdout] 
[INFO] [stdout] warning: variable does not need to be mutable
[INFO] [stdout]    --> src/core/runner/mod.rs:692:36
[INFO] [stdout]     |
[INFO] [stdout] 692 |             let (mut final_result, mut err) = verify::run_verification(
[INFO] [stdout]     |                                    ----^^^
[INFO] [stdout]     |                                    |
[INFO] [stdout]     |                                    help: remove this `mut`
[INFO] [stdout]     |
[INFO] [stdout]     = note: `#[warn(unused_mut)]` (part of `#[warn(unused)]`) on by default
[INFO] [stdout] 
[INFO] [stdout] 
[INFO] [stdout] warning: variable does not need to be mutable
[INFO] [stdout]    --> src/core/runner/mod.rs:692:36
[INFO] [stdout]     |
[INFO] [stdout] 692 |             let (mut final_result, mut err) = verify::run_verification(
[INFO] [stdout]     |                                    ----^^^
[INFO] [stdout]     |                                    |
[INFO] [stdout]     |                                    help: remove this `mut`
[INFO] [stdout]     |
[INFO] [stdout]     = note: `#[warn(unused_mut)]` (part of `#[warn(unused)]`) on by default
[INFO] [stdout] 
[INFO] [stdout] 
[INFO] [stdout] warning: variable does not need to be mutable
[INFO] [stdout]    --> src/core/runner/mod.rs:692:36
[INFO] [stdout]     |
[INFO] [stdout] 692 |             let (mut final_result, mut err) = verify::run_verification(
[INFO] [stdout]     |                                    ----^^^
[INFO] [stdout]     |                                    |
[INFO] [stdout]     |                                    help: remove this `mut`
[INFO] [stdout]     |
[INFO] [stdout]     = note: `#[warn(unused_mut)]` (part of `#[warn(unused)]`) on by default
[INFO] [stdout] 
[INFO] [stdout] 
[INFO] [stderr] warning: unused dependency `anyhow`
[INFO] [stderr]  --> Cargo.toml:5:15
[INFO] [stderr]   |
[INFO] [stderr] 5 | [dependencies.anyhow]
[INFO] [stderr]   |               ^^^^^^^
[INFO] [stderr]   |
[INFO] [stderr]   = note: `cargo::unused_dependencies` is set to `warn` by default
[INFO] [stderr] help: consider removing the dependency on `anyhow`
[INFO] [stderr] warning: `worksplit` (manifest) generated 1 warning
[INFO] [stderr]     Finished `release` profile [optimized] target(s) in 1m 54s
[INFO] running `Command { std: "docker" "inspect" "3415f3829c0a55eb4d0357ca64bbe7482431f16af84b6a6ce860135dea980abe", kill_on_drop: false }`
[INFO] running `Command { std: "docker" "exec" "-e" "SOURCE_DIR=/opt/rustwide/workdir" "-e" "CARGO_HOME=/opt/rustwide/cargo-home" "-e" "RUSTUP_HOME=/opt/rustwide/rustup-home" "-e" "CARGO_TARGET_DIR=/opt/rustwide/target" "-e" "CARGO_INCREMENTAL=0" "-e" "RUST_BACKTRACE=full" "-e" "RUSTFLAGS=--cap-lints=warn" "-e" "RUSTDOCFLAGS=--cap-lints=warn" "-w" "/opt/rustwide/workdir" "--user" "0:0" "3415f3829c0a55eb4d0357ca64bbe7482431f16af84b6a6ce860135dea980abe" "/opt/rustwide/cargo-home/bin/cargo" "+1.100.0-beta.1" "test" "--frozen" "--release", kill_on_drop: false }`
[INFO] [stderr] warning: variable does not need to be mutable
[INFO] [stderr]    --> src/core/runner/mod.rs:692:36
[INFO] [stderr]     |
[INFO] [stderr] 692 |             let (mut final_result, mut err) = verify::run_verification(
[INFO] [stderr]     |                                    ----^^^
[INFO] [stderr]     |                                    |
[INFO] [stderr]     |                                    help: remove this `mut`
[INFO] [stderr]     |
[INFO] [stderr]     = note: `#[warn(unused_mut)]` (part of `#[warn(unused)]`) on by default
[INFO] [stderr] 
[INFO] [stderr] warning: `worksplit` (lib) generated 1 warning (run `cargo fix --lib -p worksplit` to apply 1 suggestion)
[INFO] [stderr] warning: `worksplit` (bin "worksplit" test) generated 1 warning (1 duplicate)
[INFO] [stderr] warning: `worksplit` (lib test) generated 1 warning (1 duplicate)
[INFO] [stderr] warning: `worksplit` (bin "worksplit") generated 1 warning (1 duplicate)
[INFO] [stderr] warning: unused dependency `anyhow`
[INFO] [stderr]  --> Cargo.toml:5:15
[INFO] [stderr]   |
[INFO] [stderr] 5 | [dependencies.anyhow]
[INFO] [stderr]   |               ^^^^^^^
[INFO] [stderr]   |
[INFO] [stderr]   = note: `cargo::unused_dependencies` is set to `warn` by default
[INFO] [stderr] help: consider removing the dependency on `anyhow`
[INFO] [stderr] warning: `worksplit` (manifest) generated 1 warning
[INFO] [stderr]     Finished `release` profile [optimized] target(s) in 0.30s
[INFO] [stderr]      Running unittests src/lib.rs (/opt/rustwide/target/release/build/worksplit/f1b09a6ee3a2c37a/out/worksplit-f1b09a6ee3a2c37a)
[INFO] [stdout] 
[INFO] [stdout] running 161 tests
[INFO] [stdout] test commands::fix::tests::test_fix_result_failure ... ok
[INFO] [stdout] test commands::new_job::tests::test_name_to_title ... ok
[INFO] [stdout] test commands::fix::tests::test_fix_result_no_errors ... ok
[INFO] [stdout] test commands::new_job::tests::test_validate_job_name_empty ... ok
[INFO] [stdout] test commands::fix::tests::test_fix_result_success ... ok
[INFO] [stdout] test commands::new_job::tests::test_validate_job_name_underscore_prefix ... ok
[INFO] [stdout] test commands::fix::tests::test_fix_summary_default ... ok
[INFO] [stdout] test core::file_cache::tests::test_file_cache_clear ... ok
[INFO] [stdout] test core::config::tests::test_load_config_with_overrides ... ok
[INFO] [stdout] test core::config::tests::test_load_config_with_file ... ok
[INFO] [stdout] test commands::new_job::tests::test_validate_job_name_valid ... ok
[INFO] [stdout] test core::config::tests::test_load_config_default ... ok
[INFO] [stdout] test core::jobs::tests::test_estimate_tokens ... ok
[INFO] [stdout] test core::jobs::tests::test_job_id_extraction ... ok
[INFO] [stdout] test core::jobs::tests::test_load_test_prompt ... ok
[INFO] [stdout] test core::file_cache::tests::test_file_cache_get ... ok
[INFO] [stdout] test core::jobs::tests::test_load_test_prompt_optional_exists ... ok
[INFO] [stdout] test core::jobs::tests::test_load_test_prompt_optional_missing ... ok
[INFO] [stdout] test core::ollama::tests::test_chat_message_constructors ... ok
[INFO] [stdout] test core::ollama::tests::test_chat_request_serialization ... ok
[INFO] [stdout] test core::file_cache::tests::test_file_cache_get_or_load ... ok
[INFO] [stdout] test core::file_cache::tests::test_file_cache_new ... ok
[INFO] [stdout] test core::file_cache::tests::test_file_cache_invalidate ... ok
[INFO] [stdout] test core::file_cache::tests::test_file_cache_stats ... ok
[INFO] [stdout] test commands::new_job::tests::test_validate_job_name_invalid_chars ... ok
[INFO] [stdout] test core::ollama::tests::test_chat_response_deserialization ... ok
[INFO] [stdout] test core::parser::edit::tests::test_exact_substring_match ... ok
[INFO] [stdout] test core::parser::edit::tests::test_apply_edit_success ... ok
[INFO] [stdout] test core::parser::edit::tests::test_apply_edits_multiple ... ok
[INFO] [stdout] test core::parser::edit::tests::test_fuzzy_match_tabs_vs_spaces ... ok
[INFO] [stdout] test core::parser::edit::tests::test_fuzzy_match_multiline ... ok
[INFO] [stdout] test core::parser::edit::tests::test_fuzzy_match_extra_indentation ... ok
[INFO] [stdout] test core::ollama::tests::test_chat_response_done ... ok
[INFO] [stdout] test core::parser::edit::tests::test_fuzzy_match_when_exact_fails ... ok
[INFO] [stdout] test core::parser::edit::tests::test_parse_edit_case_insensitive ... ok
[INFO] [stdout] test core::parser::edit::tests::test_apply_edit_deletion ... ok
[INFO] [stdout] test core::parser::edit::tests::test_exact_match_preferred ... ok
[INFO] [stdout] test core::parser::edit::tests::test_apply_edit_not_found ... ok
[INFO] [stdout] test core::parser::edit::tests::test_normalize_whitespace ... ok
[INFO] [stdout] test core::ollama::tests::test_chat_response_empty_message ... ok
[INFO] [stdout] test core::parser::edit::tests::test_parse_edit_multiple_edits_same_file ... ok
[INFO] [stdout] test core::parser::extract::tests::test_assemble_sequential_creation_prompt_with_context ... ok
[INFO] [stdout] test core::parser::extract::tests::test_assemble_sequential_creation_prompt_full ... ok
[INFO] [stdout] test core::parser::extract::tests::test_assemble_sequential_creation_prompt_with_previously_generated ... ok
[INFO] [stdout] test core::parser::edit::tests::test_parse_edit_single_file ... ok
[INFO] [stdout] test core::parser::edit::tests::test_parse_edit_multiple_files ... ok
[INFO] [stdout] test core::parser::extract::tests::test_assemble_sequential_creation_prompt_with_remaining_files ... ok
[INFO] [stdout] test core::parser::extract::tests::test_assemble_sequential_creation_prompt_basic ... ok
[INFO] [stdout] test core::parser::extract::tests::test_extract_code_files_with_path ... ok
[INFO] [stdout] test core::parser::extract::tests::test_extract_code_files_backward_compat_no_path ... ok
[INFO] [stdout] test core::parser::extract::tests::test_extract_code_files_case_insensitive ... ok
[INFO] [stdout] test core::parser::extract::tests::test_extract_code_files_multiple_files ... ok
[INFO] [stdout] test core::parser::extract::tests::test_extract_code_multiple_worksplit_blocks ... ok
[INFO] [stdout] test core::parser::extract::tests::test_extract_code_files_fallback_to_backticks ... ok
[INFO] [stdout] test core::parser::extract::tests::test_extract_code_files_with_path_and_language ... ok
[INFO] [stdout] test core::parser::extract::tests::test_extract_code_files_mixed_paths ... ok
[INFO] [stdout] test core::parser::extract::tests::test_extract_code_fallback_to_generic ... ok
[INFO] [stdout] test core::parser::extract::tests::test_parse_verification_case_insensitive ... ok
[INFO] [stdout] test core::parser::extract::tests::test_extracted_file_constructors ... ok
[INFO] [stdout] test core::parser::extract::tests::test_parse_verification_fail_soft ... ok
[INFO] [stdout] test core::parser::extract::tests::test_parse_verification_pass ... ok
[INFO] [stdout] test core::parser::extract::tests::test_parse_verification_fail_hard ... ok
[INFO] [stdout] test core::parser::extract::tests::test_parse_verification_simple_fail_defaults_to_hard ... ok
[INFO] [stdout] test core::parser::extract::tests::test_parse_verification_spaces ... ok
[INFO] [stdout] test core::parser::extract::tests::test_parse_verification_unclear_defaults_to_hard_fail ... ok
[INFO] [stdout] test core::parser::extract::tests::test_verification_result_is_hard_fail ... ok
[INFO] [stdout] test core::parser::extract::tests::test_verification_result_is_pass ... ok
[INFO] [stdout] test core::parser::extract::tests::test_verification_result_to_job_status ... ok
[INFO] [stdout] test core::parser::extract::tests::test_extract_path_as_heading_single ... ok
[INFO] [stdout] test core::parser::extract::tests::test_parse_verification_pass_with_warnings ... ok
[INFO] [stdout] test core::parser::extract::tests::test_extract_code_no_fences ... ok
[INFO] [stdout] test core::parser::extract::tests::test_extract_code_with_worksplit_fences_no_language ... ok
[INFO] [stdout] test core::parser::extract::tests::test_extract_code_with_worksplit_fences ... ok
[INFO] [stdout] test core::prompts::tests::test_prompts_not_empty ... ok
[INFO] [stdout] test core::prompts::tests::test_verify_prompt_mentions_pass_fail ... ok
[INFO] [stdout] test core::status::tests::test_clear_partial_state ... ok
[INFO] [stdout] test core::parser::extract::tests::test_extract_path_as_heading_without_language ... ok
[INFO] [stdout] test core::prompts::tests::test_edit_prompt_mentions_format ... ok
[INFO] [stdout] test core::status::tests::test_new_manager ... ok
[INFO] [stdout] test core::status::tests::test_partial_job_persistence ... ok
[INFO] [stdout] test core::status::tests::test_get_summary_with_partial ... ok
[INFO] [stdout] test core::status::tests::test_get_summary ... ok
[INFO] [stdout] test core::status::tests::test_persistence ... ok
[INFO] [stdout] test core::status::tests::test_get_partial_jobs ... ok
[INFO] [stdout] test core::parser::extract::tests::test_worksplit_preferred_over_path_heading ... ok
[INFO] [stdout] test core::status::tests::test_get_failed_edits ... ok
[INFO] [stdout] test core::parser::extract::tests::test_extract_path_as_heading_multiple ... ok
[INFO] [stdout] test core::status::tests::test_sync_with_jobs ... ok
[INFO] [stdout] test error::tests::test_edit_failed_with_context_many_edits ... ok
[INFO] [stdout] test error::tests::test_display_with_suggestions ... ok
[INFO] [stdout] test error::tests::test_edit_failed_with_context_whitespace ... ok
[INFO] [stdout] test error::tests::test_edit_suggestion_priority ... ok
[INFO] [stdout] test core::status::tests::test_update_status ... ok
[INFO] [stdout] test core::status::tests::test_set_partial_status ... ok
[INFO] [stdout] test core::status::tests::test_set_failed ... ok
[INFO] [stdout] test error::tests::test_suggestion_serialization ... ok
[INFO] [stdout] test models::config::tests::test_config_with_overrides ... ok
[INFO] [stdout] test models::config::tests::test_default_config ... ok
[INFO] [stdout] test models::config::tests::test_parse_toml_with_archive_cleanup ... ok
[INFO] [stdout] test models::config::tests::test_parse_toml ... ok
[INFO] [stdout] test models::config::tests::test_default_archive_config ... ok
[INFO] [stdout] test models::config::tests::test_default_auto_fix_config ... ok
[INFO] [stdout] test error::tests::test_suggestion_category_serialization ... ok
[INFO] [stdout] test error::tests::test_suggestion_category_variants ... ok
[INFO] [stdout] test models::config::tests::test_parse_toml_with_auto_fix ... ok
[INFO] [stdout] test models::config::tests::test_default_cleanup_config ... ok
[INFO] [stdout] test models::config::tests::test_parse_toml_without_project ... ok
[INFO] [stdout] test models::job::tests::test_job_metadata_empty_output_file ... ok
[INFO] [stdout] test models::job::tests::test_job_metadata_default_no_test_file ... ok
[INFO] [stdout] test models::job::tests::test_job_metadata_get_target_files ... ok
[INFO] [stdout] test models::job::tests::test_job_metadata_get_output_files_fallback ... ok
[INFO] [stdout] test models::job::tests::test_job_metadata_is_split_mode ... ok
[INFO] [stdout] test models::job::tests::test_job_metadata_is_edit_mode ... ok
[INFO] [stdout] test models::job::tests::test_job_metadata_replace_mode_serialization ... ok
[INFO] [stdout] test models::error_type::tests::test_error_type_lowercase_names ... ok
[INFO] [stdout] test models::error_type::tests::test_error_type_display ... ok
[INFO] [stdout] test models::job::tests::test_job_metadata_default_mode_is_replace ... ok
[INFO] [stdout] test models::error_type::tests::test_error_type_names ... ok
[INFO] [stdout] test models::job::tests::test_job_metadata_split_mode_missing_output_files ... ok
[INFO] [stdout] test models::job::tests::test_job_metadata_sequential_mode_disabled_without_flag ... ok
[INFO] [stdout] test models::job::tests::test_job_metadata_sequential_mode_enabled ... ok
[INFO] [stdout] test models::job::tests::test_job_metadata_tdd_enabled ... ok
[INFO] [stdout] test models::job::tests::test_job_metadata_split_mode_validation ... ok
[INFO] [stdout] test models::job::tests::test_job_metadata_sequential_mode_without_output_files ... ok
[INFO] [stdout] test models::job::tests::test_job_metadata_split_mode_missing_target_file ... ok
[INFO] [stdout] test models::job::tests::test_job_metadata_edit_mode_serialization ... ok
[INFO] [stdout] test models::job::tests::test_job_metadata_split_mode_serialization ... ok
[INFO] [stdout] test models::job::tests::test_job_metadata_split_mode_with_sequential ... ok
[INFO] [stdout] test models::job::tests::test_job_metadata_test_path ... ok
[INFO] [stdout] test models::job::tests::test_job_metadata_validate_empty_output_files ... ok
[INFO] [stdout] test models::job::tests::test_job_metadata_validate_empty_path_in_output_files ... ok
[INFO] [stdout] test models::job::tests::test_job_metadata_validate_empty_path_in_target_files ... ok
[INFO] [stdout] test models::job::tests::test_job_metadata_validate_empty_target_files ... ok
[INFO] [stdout] test models::job::tests::test_job_metadata_validate_empty_test_file ... ok
[INFO] [stdout] test models::language::tests::test_language_deserialization ... ok
[INFO] [stdout] test models::language::tests::test_language_file_extension ... ok
[INFO] [stdout] test models::language::tests::test_language_serialization ... ok
[INFO] [stdout] test models::status::tests::test_failed_edit_serialization ... ok
[INFO] [stdout] test models::language::tests::test_language_default ... ok
[INFO] [stdout] test models::status::tests::test_job_status_entry_get_partial_state ... ok
[INFO] [stdout] test models::status::tests::test_job_status_entry_new ... ok
[INFO] [stdout] test models::status::tests::test_job_status_is_complete ... ok
[INFO] [stdout] test models::status::tests::test_job_status_is_partial ... ok
[INFO] [stdout] test models::status::tests::test_job_status_is_stuck ... ok
[INFO] [stdout] test models::status::tests::test_job_status_is_tdd_phase ... ok
[INFO] [stdout] test models::status::tests::test_job_status_next_status_standard ... ok
[INFO] [stdout] test models::status::tests::test_job_status_entry_set_failed ... ok
[INFO] [stdout] test models::status::tests::test_job_status_entry_set_partial ... ok
[INFO] [stdout] test models::status::tests::test_job_status_entry_update ... ok
[INFO] [stdout] test models::status::tests::test_job_status_next_status_tdd ... ok
[INFO] [stdout] test models::status::tests::test_job_status_serialization ... ok
[INFO] [stdout] test models::status::tests::test_successful_edit_serialization ... ok
[INFO] [stdout] test templates::tests::test_get_rust_templates ... ok
[INFO] [stdout] test models::language::tests::test_language_display_name ... ok
[INFO] [stdout] test models::status::tests::test_job_status_serialization_new_variants ... ok
[INFO] [stdout] test templates::tests::test_get_solidity_templates ... ok
[INFO] [stdout] test templates::tests::test_get_typescript_templates ... FAILED
[INFO] [stdout] test models::job::tests::test_job_metadata_validate ... ok
[INFO] [stdout] test models::job::tests::test_job_metadata_validate_edit_mode_with_sequential ... ok
[INFO] [stdout] test models::job::tests::test_output_path ... ok
[INFO] [stdout] test models::status::tests::test_partial_edit_state_serialization ... ok
[INFO] [stdout] 
[INFO] [stdout] failures:
[INFO] [stdout] 
[INFO] [stdout] ---- templates::tests::test_get_typescript_templates stdout ----
[INFO] [stdout] 
[INFO] [stdout] thread 'templates::tests::test_get_typescript_templates' (3134) panicked at src/templates/mod.rs:81:9:
[INFO] [stdout] assertion failed: templates.edit_prompt.contains("FIND")
[INFO] [stdout] stack backtrace:
[INFO] [stdout]    0:     0x571850a20951 - <<std[617be2ca0a6fd877]::sys::backtrace::BacktraceLock>::print::DisplayBacktrace as core[a373ad73a504971]::fmt::Display>::fmt
[INFO] [stdout]    1:     0x571850a37a0a - core[a373ad73a504971]::fmt::write
[INFO] [stdout]    2:     0x571850a24dec - <alloc[2e1b2a31b91974c5]::vec::Vec<u8> as core[a373ad73a504971]::io::write::Write>::write_fmt
[INFO] [stdout]    3:     0x5718509faeb6 - std[617be2ca0a6fd877]::panicking::default_hook::{closure#0}
[INFO] [stdout]    4:     0x571850a18039 - std[617be2ca0a6fd877]::panicking::default_hook
[INFO] [stdout]    5:     0x5718508c2ff0 - test[aada8e7e76ba119b]::test_main_inner::{closure#0}
[INFO] [stdout]    6:     0x571850a181f2 - std[617be2ca0a6fd877]::panicking::panic_with_hook
[INFO] [stdout]    7:     0x5718509faf94 - std[617be2ca0a6fd877]::panicking::panic_handler::{closure#0}
[INFO] [stdout]    8:     0x5718509f3969 - std[617be2ca0a6fd877]::sys::backtrace::__rust_end_short_backtrace::<std[617be2ca0a6fd877]::panicking::panic_handler::{closure#0}, !>
[INFO] [stdout]    9:     0x5718509fbc5d - __rustc[ea4f61d10b84890b]::rust_begin_unwind
[INFO] [stdout]   10:     0x571850a381ec - core[a373ad73a504971]::panicking::panic_fmt
[INFO] [stdout]   11:     0x571850a381b2 - core[a373ad73a504971]::panicking::panic
[INFO] [stdout]   12:     0x57185081e0f9 - <worksplit[2f18c60bd2bb8180]::templates::tests::test_get_typescript_templates::{closure#0} as core[a373ad73a504971]::ops::function::FnOnce<()>>::call_once
[INFO] [stdout]   13:     0x5718508b643b - test[aada8e7e76ba119b]::__rust_begin_short_backtrace::<core[a373ad73a504971]::result::Result<(), alloc[2e1b2a31b91974c5]::string::String>, fn() -> core[a373ad73a504971]::result::Result<(), alloc[2e1b2a31b91974c5]::string::String>>
[INFO] [stdout]   14:     0x5718508c3615 - test[aada8e7e76ba119b]::run_test::{closure#0}
[INFO] [stdout]   15:     0x5718508bcf04 - std[617be2ca0a6fd877]::sys::backtrace::__rust_begin_short_backtrace::<test[aada8e7e76ba119b]::run_test::{closure#1}, ()>
[INFO] [stdout]   16:     0x5718508c66a2 - <std[617be2ca0a6fd877]::thread::lifecycle::spawn_unchecked<test[aada8e7e76ba119b]::run_test::{closure#1}, ()>::{closure#1} as core[a373ad73a504971]::ops::function::FnOnce<()>>::call_once::{shim:vtable#0}
[INFO] [stdout]   17:     0x571850a1fc3f - <std[617be2ca0a6fd877]::sys::thread::unix::Thread>::new::thread_start
[INFO] [stdout]   18:     0x703136859dfa - <unknown>
[INFO] [stdout]   19:     0x7031368ed3d4 - clone
[INFO] [stdout]   20:                0x0 - <unknown>
[INFO] [stdout] 
[INFO] [stdout] 
[INFO] [stdout] failures:
[INFO] [stdout]     templates::tests::test_get_typescript_templates
[INFO] [stdout] 
[INFO] [stdout] test result: FAILED. 160 passed; 1 failed; 0 ignored; 0 measured; 0 filtered out; finished in 0.18s
[INFO] [stdout] 
[INFO] [stderr] error: test failed, to rerun pass `--lib`
[INFO] running `Command { std: "docker" "inspect" "3415f3829c0a55eb4d0357ca64bbe7482431f16af84b6a6ce860135dea980abe", kill_on_drop: false }`
[INFO] running `Command { std: "docker" "rm" "-f" "3415f3829c0a55eb4d0357ca64bbe7482431f16af84b6a6ce860135dea980abe", kill_on_drop: false }`
[INFO] [stdout] 3415f3829c0a55eb4d0357ca64bbe7482431f16af84b6a6ce860135dea980abe
