[INFO] fetching crate workpen-cli 0.7.5...
[INFO] testing workpen-cli-0.7.5 against 1.100.0-beta.1+cargoflags=--release for beta-release-1.100-2
[INFO] extracting crate workpen-cli 0.7.5 into /workspace/builds/worker-4-tc2/source
[INFO] started tweaking crates.io crate workpen-cli 0.7.5
[INFO] removed 0 missing tests
[INFO] finished tweaking crates.io crate workpen-cli 0.7.5
[INFO] tweaked toml for crates.io crate workpen-cli 0.7.5 written to /workspace/builds/worker-4-tc2/source/Cargo.toml
[INFO] validating manifest of crates.io crate workpen-cli 0.7.5 on toolchain 1.100.0-beta.1
[INFO] running `Command { std: CARGO_HOME="/workspace/cargo-home" RUSTUP_HOME="/workspace/rustup-home" "/workspace/cargo-home/bin/cargo" "+1.100.0-beta.1" "metadata" "--manifest-path" "Cargo.toml" "--no-deps", kill_on_drop: false }`
[INFO] crate crates.io crate workpen-cli 0.7.5 already has a lockfile, it will not be regenerated
[INFO] running `Command { std: CARGO_HOME="/workspace/cargo-home" RUSTUP_HOME="/workspace/rustup-home" "/workspace/cargo-home/bin/cargo" "+1.100.0-beta.1" "fetch" "--manifest-path" "Cargo.toml", kill_on_drop: false }`
[INFO] running `Command { std: "docker" "create" "-v" "/var/lib/crater-agent-workspace/builds/worker-4-tc2/source:/opt/rustwide/workdir:ro,Z" "-v" "/var/lib/crater-agent-workspace/builds/worker-4-tc2/target:/opt/rustwide/target:rw,Z" "-v" "/var/lib/crater-agent-workspace/cargo-home:/opt/rustwide/cargo-home:ro,Z" "-v" "/var/lib/crater-agent-workspace/rustup-home:/opt/rustwide/rustup-home:ro,Z" "-m" "1610612736" "--network" "none" "ghcr.io/rust-lang/crates-build-env/linux@sha256:77db811e55d90add9212f6832c23229e3de5f1c1f9905e8cb07319ea15df73ac" "sleep" "infinity", kill_on_drop: false }`
[INFO] [stdout] aabc937edbb50060a53649d74a1dd8193df2820f676348e7d96df758d25504bc
[INFO] running `Command { std: "docker" "start" "aabc937edbb50060a53649d74a1dd8193df2820f676348e7d96df758d25504bc", kill_on_drop: false }`
[INFO] running `Command { std: "docker" "inspect" "aabc937edbb50060a53649d74a1dd8193df2820f676348e7d96df758d25504bc", kill_on_drop: false }`
[INFO] running `Command { std: "docker" "exec" "-e" "SOURCE_DIR=/opt/rustwide/workdir" "-e" "CARGO_HOME=/opt/rustwide/cargo-home" "-e" "RUSTUP_HOME=/opt/rustwide/rustup-home" "-e" "CARGO_TARGET_DIR=/opt/rustwide/target" "-w" "/opt/rustwide/workdir" "--user" "0:0" "aabc937edbb50060a53649d74a1dd8193df2820f676348e7d96df758d25504bc" "/opt/rustwide/cargo-home/bin/cargo" "+1.100.0-beta.1" "metadata" "--no-deps" "--format-version=1", kill_on_drop: false }`
[INFO] running `Command { std: "docker" "inspect" "aabc937edbb50060a53649d74a1dd8193df2820f676348e7d96df758d25504bc", kill_on_drop: false }`
[INFO] running `Command { std: "docker" "exec" "-e" "SOURCE_DIR=/opt/rustwide/workdir" "-e" "CARGO_HOME=/opt/rustwide/cargo-home" "-e" "RUSTUP_HOME=/opt/rustwide/rustup-home" "-e" "CARGO_TARGET_DIR=/opt/rustwide/target" "-e" "CARGO_INCREMENTAL=0" "-e" "RUST_BACKTRACE=full" "-e" "RUSTFLAGS=--cap-lints=warn" "-e" "RUSTDOCFLAGS=--cap-lints=warn" "-w" "/opt/rustwide/workdir" "--user" "0:0" "aabc937edbb50060a53649d74a1dd8193df2820f676348e7d96df758d25504bc" "/opt/rustwide/cargo-home/bin/cargo" "+1.100.0-beta.1" "build" "--frozen" "--message-format=json" "--release", kill_on_drop: false }`
[INFO] [stderr]    Compiling libc v0.2.190
[INFO] [stderr]    Compiling typenum v1.20.1
[INFO] [stderr]    Compiling find-msvc-tools v0.1.12
[INFO] [stderr]    Compiling syn v3.0.5
[INFO] [stderr]    Compiling zeroize_derive v1.5.0
[INFO] [stderr]    Compiling synstructure v0.13.2
[INFO] [stderr]    Compiling smallvec v1.16.0
[INFO] [stderr]    Compiling flagset v0.4.7
[INFO] [stderr]    Compiling aws-lc-rs v1.18.1
[INFO] [stderr]    Compiling der_derive v0.7.3
[INFO] [stderr]    Compiling untrusted v0.7.1
[INFO] [stderr]    Compiling const-oid v0.9.6
[INFO] [stderr]    Compiling tls_codec_derive v0.4.2
[INFO] [stderr]    Compiling zerofrom-derive v0.1.7
[INFO] [stderr]    Compiling yoke-derive v0.8.2
[INFO] [stderr]    Compiling generic-array v0.14.7
[INFO] [stderr]    Compiling rand_core v0.6.4
[INFO] [stderr]    Compiling signature v2.2.0
[INFO] [stderr]    Compiling serde_json v1.0.151
[INFO] [stderr]    Compiling tracing-attributes v0.1.31
[INFO] [stderr]    Compiling jobserver v0.1.35
[INFO] [stderr]    Compiling futures-task v0.3.34
[INFO] [stderr]    Compiling slab v0.4.12
[INFO] [stderr]    Compiling zerofrom v0.1.8
[INFO] [stderr]    Compiling cc v1.4.5
[INFO] [stderr]    Compiling rustls v0.23.45
[INFO] [stderr]    Compiling futures-util v0.3.34
[INFO] [stderr]    Compiling block-buffer v0.10.4
[INFO] [stderr]    Compiling yoke v0.8.3
[INFO] [stderr]    Compiling crypto-common v0.1.7
[INFO] [stderr]    Compiling digest v0.10.7
[INFO] [stderr]    Compiling pem v3.0.6
[INFO] [stderr]    Compiling parking_lot_core v0.9.12
[INFO] [stderr]    Compiling errno v0.3.14
[INFO] [stderr]    Compiling signal-hook-registry v1.4.8
[INFO] [stderr]    Compiling parking_lot v0.12.5
[INFO] [stderr]    Compiling mio v1.2.3
[INFO] [stderr]    Compiling socket2 v0.6.5
[INFO] [stderr]    Compiling sha1 v0.10.7
[INFO] [stderr]    Compiling cmake v0.1.58
[INFO] [stderr]    Compiling tracing v0.1.44
[INFO] [stderr]    Compiling getrandom v0.3.4
[INFO] [stderr]    Compiling rand_core v0.9.5
[INFO] [stderr]    Compiling sync_wrapper v1.0.2
[INFO] [stderr]    Compiling sha2 v0.10.9
[INFO] [stderr]    Compiling aws-lc-sys v0.45.0
[INFO] [stderr]    Compiling zerocopy v0.8.57
[INFO] [stderr]    Compiling indexmap v2.14.2
[INFO] [stderr]    Compiling serde_derive_internals v0.29.1
[INFO] [stderr]    Compiling base64 v0.23.1
[INFO] [stderr]    Compiling schemars_derive v0.8.22
[INFO] [stderr]    Compiling thiserror v2.0.21
[INFO] [stderr]    Compiling regex-syntax v0.8.11
[INFO] [stderr]    Compiling serde_derive v1.0.229
[INFO] [stderr]    Compiling zerovec-derive v0.11.6
[INFO] [stderr]    Compiling displaydoc v0.2.7
[INFO] [stderr]    Compiling thiserror-impl v2.0.21
[INFO] [stderr]    Compiling zerotrie v0.2.5
[INFO] [stderr]    Compiling tokio-macros v2.7.2
[INFO] [stderr]    Compiling zerovec v0.11.8
[INFO] [stderr]    Compiling regex-automata v0.4.18
[INFO] [stderr]    Compiling tokio v1.53.1
[INFO] [stderr]    Compiling jiff v0.2.35
[INFO] [stderr]    Compiling tinystr v0.8.4
[INFO] [stderr]    Compiling icu_locale_core v2.3.0
[INFO] [stderr]    Compiling serde v1.0.229
[INFO] [stderr]    Compiling zeroize v1.9.0
[INFO] [stderr]    Compiling der v0.7.10
[INFO] [stderr]    Compiling potential_utf v0.1.6
[INFO] [stderr]    Compiling icu_collections v2.3.0
[INFO] [stderr]    Compiling rustls-pki-types v1.15.1
[INFO] [stderr]    Compiling spki v0.7.3
[INFO] [stderr]    Compiling tls_codec v0.4.2
[INFO] [stderr]    Compiling icu_provider v2.3.1
[INFO] [stderr]    Compiling icu_properties v2.3.0
[INFO] [stderr]    Compiling x509-cert v0.2.5
[INFO] [stderr]    Compiling icu_normalizer v2.3.0
[INFO] [stderr]    Compiling rustls-native-certs v0.8.4
[INFO] [stderr]    Compiling idna_adapter v1.2.2
[INFO] [stderr]    Compiling idna v1.1.0
[INFO] [stderr]    Compiling hyper v1.11.1
[INFO] [stderr]    Compiling url v2.5.8
[INFO] [stderr]    Compiling hyper-util v0.1.20
[INFO] [stderr]    Compiling tower v0.5.3
[INFO] [stderr]    Compiling sigstore-types v0.11.0
[INFO] [stderr]    Compiling tower-http v0.6.11
[INFO] [stderr]    Compiling serde_urlencoded v0.7.1
[INFO] [stderr]    Compiling cms v0.2.3
[INFO] [stderr]    Compiling schemars v0.8.22
[INFO] [stderr]    Compiling ppv-lite86 v0.2.21
[INFO] [stderr]    Compiling crmf v0.2.0
[INFO] [stderr]    Compiling regress v0.11.1
[INFO] [stderr]    Compiling log v0.4.34
[INFO] [stderr]    Compiling const-oid v0.10.2
[INFO] [stderr]    Compiling rustix v1.1.4
[INFO] [stderr]    Compiling globset v0.4.20
[INFO] [stderr]    Compiling typify-impl v0.7.0
[INFO] [stderr]    Compiling cmpv2 v0.2.0
[INFO] [stderr]    Compiling rand_chacha v0.9.0
[INFO] [stderr]    Compiling serde_tokenstream v0.2.3
[INFO] [stderr]    Compiling getrandom v0.4.3
[INFO] [stderr]    Compiling hybrid-array v0.4.15
[INFO] [stderr]    Compiling prettyplease v0.3.0
[INFO] [stderr]    Compiling tempfile v3.27.0
[INFO] [stderr]    Compiling dirs-sys v0.5.0
[INFO] [stderr]    Compiling x509-tsp v0.1.0
[INFO] [stderr]    Compiling rand v0.9.5
[INFO] [stderr]    Compiling der_derive v0.8.0
[INFO] [stderr]    Compiling cfg_aliases v0.2.2
[INFO] [stderr]    Compiling nix v0.31.3
[INFO] [stderr]    Compiling crypto-common v0.2.2
[INFO] [stderr]    Compiling block-buffer v0.12.1
[INFO] [stderr]    Compiling directories v6.0.0
[INFO] [stderr]    Compiling enumflags2_derive v0.7.12
[INFO] [stderr]    Compiling ryu-js v1.0.3
[INFO] [stderr]    Compiling der v0.8.2
[INFO] [stderr]    Compiling enumflags2 v0.7.12
[INFO] [stderr]    Compiling serde_json_canonicalizer v0.3.2
[INFO] [stderr]    Compiling cpufeatures v0.3.1
[INFO] [stderr]    Compiling landlock v0.4.7
[INFO] [stderr]    Compiling digest v0.11.3
[INFO] [stderr]    Compiling sha2 v0.11.0
[INFO] [stderr]    Compiling ignore v0.4.33
[INFO] [stderr]    Compiling regress v0.12.0
[INFO] [stderr]    Compiling typify-macro v0.7.0
[INFO] [stderr]    Compiling spki v0.8.0
[INFO] [stderr]    Compiling x509-cert v0.3.0
[INFO] [stderr]    Compiling workpen v0.7.5
[INFO] [stderr]    Compiling dunce v1.0.5
[INFO] [stderr]    Compiling typify v0.7.0
[INFO] [stderr]    Compiling nono v0.78.0
[INFO] [stderr]    Compiling rustls-webpki v0.103.15
[INFO] [stderr]    Compiling sigstore-crypto v0.11.0
[INFO] [stderr]    Compiling sigstore-merkle v0.11.0
[INFO] [stderr]    Compiling tokio-rustls v0.26.5
[INFO] [stderr]    Compiling rustls-platform-verifier v0.7.0
[INFO] [stderr]    Compiling hyper-rustls v0.27.9
[INFO] [stderr]    Compiling reqwest v0.13.5
[INFO] [stderr]    Compiling sigstore-tsa v0.11.0
[INFO] [stderr]    Compiling sigstore-rekor v0.11.0
[INFO] [stderr]    Compiling sigstore-tuf v0.11.0
[INFO] [stderr]    Compiling sigstore-bundle v0.11.0
[INFO] [stderr]    Compiling sigstore-trust-root v0.11.0
[INFO] [stderr]    Compiling sigstore-verify v0.11.0
[INFO] [stderr]    Compiling workpen-cli v0.7.5 (/opt/rustwide/workdir)
[INFO] [stderr]     Finished `release` profile [optimized] target(s) in 7m 16s
[INFO] running `Command { std: "docker" "inspect" "aabc937edbb50060a53649d74a1dd8193df2820f676348e7d96df758d25504bc", kill_on_drop: false }`
[INFO] running `Command { std: "docker" "exec" "-e" "SOURCE_DIR=/opt/rustwide/workdir" "-e" "CARGO_HOME=/opt/rustwide/cargo-home" "-e" "RUSTUP_HOME=/opt/rustwide/rustup-home" "-e" "CARGO_TARGET_DIR=/opt/rustwide/target" "-e" "CARGO_INCREMENTAL=0" "-e" "RUST_BACKTRACE=full" "-e" "RUSTFLAGS=--cap-lints=warn" "-e" "RUSTDOCFLAGS=--cap-lints=warn" "-w" "/opt/rustwide/workdir" "--user" "0:0" "aabc937edbb50060a53649d74a1dd8193df2820f676348e7d96df758d25504bc" "/opt/rustwide/cargo-home/bin/cargo" "+1.100.0-beta.1" "test" "--frozen" "--no-run" "--message-format=json" "--release", kill_on_drop: false }`
[INFO] [stderr]    Compiling workpen-cli v0.7.5 (/opt/rustwide/workdir)
[INFO] [stderr]     Finished `release` profile [optimized] target(s) in 8.10s
[INFO] running `Command { std: "docker" "inspect" "aabc937edbb50060a53649d74a1dd8193df2820f676348e7d96df758d25504bc", kill_on_drop: false }`
[INFO] running `Command { std: "docker" "exec" "-e" "SOURCE_DIR=/opt/rustwide/workdir" "-e" "CARGO_HOME=/opt/rustwide/cargo-home" "-e" "RUSTUP_HOME=/opt/rustwide/rustup-home" "-e" "CARGO_TARGET_DIR=/opt/rustwide/target" "-e" "CARGO_INCREMENTAL=0" "-e" "RUST_BACKTRACE=full" "-e" "RUSTFLAGS=--cap-lints=warn" "-e" "RUSTDOCFLAGS=--cap-lints=warn" "-w" "/opt/rustwide/workdir" "--user" "0:0" "aabc937edbb50060a53649d74a1dd8193df2820f676348e7d96df758d25504bc" "/opt/rustwide/cargo-home/bin/cargo" "+1.100.0-beta.1" "test" "--frozen" "--release", kill_on_drop: false }`
[INFO] [stderr]     Finished `release` profile [optimized] target(s) in 0.37s
[INFO] [stderr]      Running unittests src/main.rs (/opt/rustwide/target/release/build/workpen-cli/5d67cfe87ef188be/out/workpen-5d67cfe87ef188be)
[INFO] [stdout] 
[INFO] [stdout] running 4 tests
[INFO] [stdout] test json_escape_tests::json_string_escapes_quote_backslash_and_controls ... ok
[INFO] [stdout] test policy_usage_tests::policy_help_and_top_usage_share_the_policy_line ... ok
[INFO] [stderr]      Running tests/cli_parse.rs (/opt/rustwide/target/release/build/workpen-cli/0547a9bb622fc2c8/out/cli_parse-0547a9bb622fc2c8)
[INFO] [stdout] test child_exit_tests::child_exit_code_is_passed_through ... ok
[INFO] [stdout] test child_exit_tests::signaled_child_is_128_plus_signal ... ok
[INFO] [stdout] 
[INFO] [stdout] test result: ok. 4 passed; 0 failed; 0 ignored; 0 measured; 0 filtered out; finished in 0.00s
[INFO] [stdout] 
[INFO] [stdout] 
[INFO] [stdout] running 58 tests
[INFO] [stdout] test doctor_rejects_arguments ... ok
[INFO] [stdout] test empty_argv_prints_usage ... ok
[INFO] [stdout] test doctor_help_names_the_command ... ok
[INFO] [stdout] test doctor_live_reports_this_machine ... ok
[INFO] [stdout] test gc_leftover_flag_as_value_is_missing ... ok
[INFO] [stdout] test gc_help_prints_usage ... ok
[INFO] [stdout] test gc_rejects_extra_root ... ok
[INFO] [stdout] test help_names_why_run_and_gc ... ok
[INFO] [stdout] test gc_outside_a_git_repo_names_that ... ok
[INFO] [stdout] test init_refuses_home_and_filesystem_root ... ok
[INFO] [stdout] test init_does_not_follow_an_agent_lock_symlink ... ok
[INFO] [stdout] test existing_file_exec_failure_stays_kernel_wrap ... ok
[INFO] [stdout] test policy_help_names_policy_not_run ... ok
[INFO] [stdout] test child_exit_2_and_3_pass_through ... ok
[INFO] [stdout] test path_match_is_named_and_missing_file_is_not_a_wrap ... ok
[INFO] [stdout] test init_writes_comments_and_does_not_replace_an_existing_file ... ok
[INFO] [stdout] test policy_invalid_lock_exits_like_run ... ok
[INFO] [stdout] test policy_json_home_refusal_is_json ... ok
[INFO] [stdout] test policy_home_and_fs_root_match_run_exit ... ok
[INFO] [stdout] test run_and_policy_missing_value_names_that_flag ... ok
[INFO] [stdout] test policy_run_flags_cite_policy_usage ... ok
[INFO] [stdout] test gc_root_after_max_age_is_not_unknown ... ok
[INFO] [stdout] test policy_prints_jail_without_secret_bytes ... ok
[INFO] [stdout] test run_dashdash_version_is_the_child_program ... ok
[INFO] [stdout] test run_equals_root_is_unknown_flag ... ok
[INFO] [stdout] test gc_empty_names_leftover_dir_and_max_age_token ... ok
[INFO] [stdout] test run_help_names_network_and_not_always_start ... ok
[INFO] [stdout] test run_help_after_separator_is_the_child ... ok
[INFO] [stdout] test run_help_without_separator_prints_usage ... ok
[INFO] [stdout] test run_dashdash_echo_version_and_short_v_are_child_args ... FAILED
[INFO] [stdout] test gc_dry_run_reclaim_line_stays ... ok
[INFO] [stdout] test run_env_scrubs_tokens_and_keeps_opt_in ... FAILED
[INFO] [stdout] test run_home_and_fs_root_are_policy_exit_3 ... ok
[INFO] [stdout] test policy_net_is_allowed_and_dashdash_net_is_the_child ... FAILED
[INFO] [stdout] test run_killed_child_exits_137 ... ok
[INFO] [stdout] test run_dot_env_is_policy_exit_3 ... ok
[INFO] [stdout] test run_missing_root_stays_exit_2 ... ok
[INFO] [stdout] test run_timeout_missing_value_names_usage ... ok
[INFO] [stdout] test run_spawn_failure_names_the_command ... ok
[INFO] [stdout] test run_tty_without_command_names_usage ... ok
[INFO] [stdout] test run_version_flag_with_no_child_prints_workpen_version ... ok
[INFO] [stdout] test run_version_before_child_token_is_workpen ... ok
[INFO] [stdout] test run_timeout_that_does_not_fit_on_the_clock_exits_2 ... ok
[INFO] [stdout] test run_leading_dash_flag_names_separator_and_cmd ... ok
[INFO] [stdout] test unknown_gc_flag_names_max_age ... ok
[INFO] [stdout] test why_dangling_in_tree_symlink_is_allowed ... ok
[INFO] [stdout] test why_empty_path_does_not_claim_escape ... ok
[INFO] [stdout] test why_equals_root_is_not_a_path ... ok
[INFO] [stdout] test run_root_after_the_command_is_child_argv ... FAILED
[INFO] [stdout] test unknown_command_and_gc_without_max_age_exit_2 ... ok
[INFO] [stdout] test top_version_flags_print_crate_version ... ok
[INFO] [stdout] test why_extra_root_after_the_path_is_not_a_root ... ok
[INFO] [stdout] test why_json_escapes_a_quote_in_the_path ... ok
[INFO] [stdout] test why_help_prints_usage_not_allowed ... ok
[INFO] [stdout] test gc_honors_workspace_agent_lock_cache_secret ... ok
[INFO] [stdout] test why_and_gc_version_stay_usage ... ok
[INFO] [stdout] test run_short_v_after_command_without_dashdash ... FAILED
[INFO] [stdout] test why_and_run_json_do_not_leak_or_wrap_success ... FAILED
[INFO] [stderr] error: test failed, to rerun pass `--test cli_parse`
[INFO] [stdout] 
[INFO] [stdout] failures:
[INFO] [stdout] 
[INFO] [stdout] ---- run_dashdash_echo_version_and_short_v_are_child_args stdout ----
[INFO] [stdout] 
[INFO] [stdout] thread 'run_dashdash_echo_version_and_short_v_are_child_args' (4281) panicked at tests/cli_parse.rs:762:9:
[INFO] [stdout] assertion `left == right` failed: echo --version must run, stdout= stderr=path denied by sandbox profile (hardlink of a denied name): /bin/echo
[INFO] [stdout] 
[INFO] [stdout]   left: Some(3)
[INFO] [stdout]  right: Some(0)
[INFO] [stdout] stack backtrace:
[INFO] [stdout]    0:     0x63e570503f31 - <<std[617be2ca0a6fd877]::sys::backtrace::BacktraceLock>::print::DisplayBacktrace as core[a373ad73a504971]::fmt::Display>::fmt
[INFO] [stdout]    1:     0x63e57051873a - core[a373ad73a504971]::fmt::write
[INFO] [stdout]    2:     0x63e5705084dc - <alloc[2e1b2a31b91974c5]::vec::Vec<u8> as core[a373ad73a504971]::io::write::Write>::write_fmt
[INFO] [stdout]    3:     0x63e5704dcc86 - std[617be2ca0a6fd877]::panicking::default_hook::{closure#0}
[INFO] [stdout]    4:     0x63e5704fa669 - std[617be2ca0a6fd877]::panicking::default_hook
[INFO] [stdout]    5:     0x63e570492e10 - test[aada8e7e76ba119b]::test_main_inner::{closure#0}
[INFO] [stdout]    6:     0x63e5704fa822 - std[617be2ca0a6fd877]::panicking::panic_with_hook
[INFO] [stdout]    7:     0x63e5704dcd32 - std[617be2ca0a6fd877]::panicking::panic_handler::{closure#0}
[INFO] [stdout]    8:     0x63e5704d5699 - std[617be2ca0a6fd877]::sys::backtrace::__rust_end_short_backtrace::<std[617be2ca0a6fd877]::panicking::panic_handler::{closure#0}, !>
[INFO] [stdout]    9:     0x63e5704ddaed - __rustc[ea4f61d10b84890b]::rust_begin_unwind
[INFO] [stdout]   10:     0x63e570518e6c - core[a373ad73a504971]::panicking::panic_fmt
[INFO] [stdout]   11:     0x63e570518de3 - core[a373ad73a504971]::panicking::assert_failed_inner
[INFO] [stdout]   12:     0x63e57048565b - core[a373ad73a504971]::panicking::assert_failed::<core[a373ad73a504971]::option::Option<i32>, core[a373ad73a504971]::option::Option<i32>>
[INFO] [stdout]   13:     0x63e5704836bc - <cli_parse[61c9222bc0960c7e]::run_dashdash_echo_version_and_short_v_are_child_args::{closure#0} as core[a373ad73a504971]::ops::function::FnOnce<()>>::call_once
[INFO] [stdout]   14:     0x63e57048625b - test[aada8e7e76ba119b]::__rust_begin_short_backtrace::<core[a373ad73a504971]::result::Result<(), alloc[2e1b2a31b91974c5]::string::String>, fn() -> core[a373ad73a504971]::result::Result<(), alloc[2e1b2a31b91974c5]::string::String>>
[INFO] [stdout]   15:     0x63e570493435 - test[aada8e7e76ba119b]::run_test::{closure#0}
[INFO] [stdout]   16:     0x63e57048cd24 - std[617be2ca0a6fd877]::sys::backtrace::__rust_begin_short_backtrace::<test[aada8e7e76ba119b]::run_test::{closure#1}, ()>
[INFO] [stdout]   17:     0x63e5704964c2 - <std[617be2ca0a6fd877]::thread::lifecycle::spawn_unchecked<test[aada8e7e76ba119b]::run_test::{closure#1}, ()>::{closure#1} as core[a373ad73a504971]::ops::function::FnOnce<()>>::call_once::{shim:vtable#0}
[INFO] [stdout]   18:     0x63e57050318f - <std[617be2ca0a6fd877]::sys::thread::unix::Thread>::new::thread_start
[INFO] [stdout]   19:     0x7bc495912dfa - <unknown>
[INFO] [stdout]   20:     0x7bc4959a63d4 - clone
[INFO] [stdout]   21:                0x0 - <unknown>
[INFO] [stdout] 
[INFO] [stdout] ---- run_env_scrubs_tokens_and_keeps_opt_in stdout ----
[INFO] [stdout] 
[INFO] [stdout] thread 'run_env_scrubs_tokens_and_keeps_opt_in' (4297) panicked at tests/cli_parse.rs:1108:5:
[INFO] [stdout] env must run, stderr=path denied by sandbox profile (hardlink of a denied name): /usr/bin/env
[INFO] [stdout] 
[INFO] [stdout] stack backtrace:
[INFO] [stdout]    0:     0x63e570503f31 - <<std[617be2ca0a6fd877]::sys::backtrace::BacktraceLock>::print::DisplayBacktrace as core[a373ad73a504971]::fmt::Display>::fmt
[INFO] [stdout]    1:     0x63e57051873a - core[a373ad73a504971]::fmt::write
[INFO] [stdout]    2:     0x63e5705084dc - <alloc[2e1b2a31b91974c5]::vec::Vec<u8> as core[a373ad73a504971]::io::write::Write>::write_fmt
[INFO] [stdout]    3:     0x63e5704dcc86 - std[617be2ca0a6fd877]::panicking::default_hook::{closure#0}
[INFO] [stdout]    4:     0x63e5704fa669 - std[617be2ca0a6fd877]::panicking::default_hook
[INFO] [stdout]    5:     0x63e570492e10 - test[aada8e7e76ba119b]::test_main_inner::{closure#0}
[INFO] [stdout]    6:     0x63e5704fa822 - std[617be2ca0a6fd877]::panicking::panic_with_hook
[INFO] [stdout]    7:     0x63e5704dcd32 - std[617be2ca0a6fd877]::panicking::panic_handler::{closure#0}
[INFO] [stdout]    8:     0x63e5704d5699 - std[617be2ca0a6fd877]::sys::backtrace::__rust_end_short_backtrace::<std[617be2ca0a6fd877]::panicking::panic_handler::{closure#0}, !>
[INFO] [stdout]    9:     0x63e5704ddaed - __rustc[ea4f61d10b84890b]::rust_begin_unwind
[INFO] [stdout]   10:     0x63e570518e6c - core[a373ad73a504971]::panicking::panic_fmt
[INFO] [stdout]   11:     0x63e570477784 - <cli_parse[61c9222bc0960c7e]::run_env_scrubs_tokens_and_keeps_opt_in::{closure#0} as core[a373ad73a504971]::ops::function::FnOnce<()>>::call_once
[INFO] [stdout]   12:     0x63e57048625b - test[aada8e7e76ba119b]::__rust_begin_short_backtrace::<core[a373ad73a504971]::result::Result<(), alloc[2e1b2a31b91974c5]::string::String>, fn() -> core[a373ad73a504971]::result::Result<(), alloc[2e1b2a31b91974c5]::string::String>>
[INFO] [stdout]   13:     0x63e570493435 - test[aada8e7e76ba119b]::run_test::{closure#0}
[INFO] [stdout]   14:     0x63e57048cd24 - std[617be2ca0a6fd877]::sys::backtrace::__rust_begin_short_backtrace::<test[aada8e7e76ba119b]::run_test::{closure#1}, ()>
[INFO] [stdout]   15:     0x63e5704964c2 - <std[617be2ca0a6fd877]::thread::lifecycle::spawn_unchecked<test[aada8e7e76ba119b]::run_test::{closure#1}, ()>::{closure#1} as core[a373ad73a504971]::ops::function::FnOnce<()>>::call_once::{shim:vtable#0}
[INFO] [stdout]   16:     0x63e57050318f - <std[617be2ca0a6fd877]::sys::thread::unix::Thread>::new::thread_start
[INFO] [stdout]   17:     0x7bc495912dfa - <unknown>
[INFO] [stdout]   18:     0x7bc4959a63d4 - clone
[INFO] [stdout]   19:                0x0 - <unknown>
[INFO] [stdout] 
[INFO] [stdout] ---- policy_net_is_allowed_and_dashdash_net_is_the_child stdout ----
[INFO] [stdout] 
[INFO] [stdout] thread 'policy_net_is_allowed_and_dashdash_net_is_the_child' (4246) panicked at tests/cli_parse.rs:1447:9:
[INFO] [stdout] run -- /bin/echo --net must not enable network by stealing the arg: stdout= stderr=path denied by sandbox profile (hardlink of a denied name): /bin/echo
[INFO] [stdout] 
[INFO] [stdout] stack backtrace:
[INFO] [stdout]    0:     0x63e570503f31 - <<std[617be2ca0a6fd877]::sys::backtrace::BacktraceLock>::print::DisplayBacktrace as core[a373ad73a504971]::fmt::Display>::fmt
[INFO] [stdout]    1:     0x63e57051873a - core[a373ad73a504971]::fmt::write
[INFO] [stdout]    2:     0x63e5705084dc - <alloc[2e1b2a31b91974c5]::vec::Vec<u8> as core[a373ad73a504971]::io::write::Write>::write_fmt
[INFO] [stdout]    3:     0x63e5704dcc86 - std[617be2ca0a6fd877]::panicking::default_hook::{closure#0}
[INFO] [stdout]    4:     0x63e5704fa669 - std[617be2ca0a6fd877]::panicking::default_hook
[INFO] [stdout]    5:     0x63e570492e10 - test[aada8e7e76ba119b]::test_main_inner::{closure#0}
[INFO] [stdout]    6:     0x63e5704fa822 - std[617be2ca0a6fd877]::panicking::panic_with_hook
[INFO] [stdout]    7:     0x63e5704dcd32 - std[617be2ca0a6fd877]::panicking::panic_handler::{closure#0}
[INFO] [stdout]    8:     0x63e5704d5699 - std[617be2ca0a6fd877]::sys::backtrace::__rust_end_short_backtrace::<std[617be2ca0a6fd877]::panicking::panic_handler::{closure#0}, !>
[INFO] [stdout]    9:     0x63e5704ddaed - __rustc[ea4f61d10b84890b]::rust_begin_unwind
[INFO] [stdout]   10:     0x63e570518e6c - core[a373ad73a504971]::panicking::panic_fmt
[INFO] [stdout]   11:     0x63e570482ebe - <cli_parse[61c9222bc0960c7e]::policy_net_is_allowed_and_dashdash_net_is_the_child::{closure#0} as core[a373ad73a504971]::ops::function::FnOnce<()>>::call_once
[INFO] [stdout]   12:     0x63e57048625b - test[aada8e7e76ba119b]::__rust_begin_short_backtrace::<core[a373ad73a504971]::result::Result<(), alloc[2e1b2a31b91974c5]::string::String>, fn() -> core[a373ad73a504971]::result::Result<(), alloc[2e1b2a31b91974c5]::string::String>>
[INFO] [stdout]   13:     0x63e570493435 - test[aada8e7e76ba119b]::run_test::{closure#0}
[INFO] [stdout]   14:     0x63e57048cd24 - std[617be2ca0a6fd877]::sys::backtrace::__rust_begin_short_backtrace::<test[aada8e7e76ba119b]::run_test::{closure#1}, ()>
[INFO] [stdout]   15:     0x63e5704964c2 - <std[617be2ca0a6fd877]::thread::lifecycle::spawn_unchecked<test[aada8e7e76ba119b]::run_test::{closure#1}, ()>::{closure#1} as core[a373ad73a504971]::ops::function::FnOnce<()>>::call_once::{shim:vtable#0}
[INFO] [stdout]   16:     0x63e57050318f - <std[617be2ca0a6fd877]::sys::thread::unix::Thread>::new::thread_start
[INFO] [stdout]   17:     0x7bc495912dfa - <unknown>
[INFO] [stdout]   18:     0x7bc4959a63d4 - clone
[INFO] [stdout]   19:                0x0 - <unknown>
[INFO] [stdout] 
[INFO] [stdout] ---- run_root_after_the_command_is_child_argv stdout ----
[INFO] [stdout] 
[INFO] [stdout] thread 'run_root_after_the_command_is_child_argv' (4338) panicked at tests/cli_parse.rs:818:5:
[INFO] [stdout] assertion `left == right` failed: echo --root must run in the first workspace: stdout= stderr=path denied by sandbox profile (hardlink of a denied name): /bin/echo
[INFO] [stdout] 
[INFO] [stdout]   left: Some(3)
[INFO] [stdout]  right: Some(0)
[INFO] [stdout] stack backtrace:
[INFO] [stdout]    0:     0x63e570503f31 - <<std[617be2ca0a6fd877]::sys::backtrace::BacktraceLock>::print::DisplayBacktrace as core[a373ad73a504971]::fmt::Display>::fmt
[INFO] [stdout]    1:     0x63e57051873a - core[a373ad73a504971]::fmt::write
[INFO] [stdout]    2:     0x63e5705084dc - <alloc[2e1b2a31b91974c5]::vec::Vec<u8> as core[a373ad73a504971]::io::write::Write>::write_fmt
[INFO] [stdout]    3:     0x63e5704dcc86 - std[617be2ca0a6fd877]::panicking::default_hook::{closure#0}
[INFO] [stdout]    4:     0x63e5704fa669 - std[617be2ca0a6fd877]::panicking::default_hook
[INFO] [stdout]    5:     0x63e570492e10 - test[aada8e7e76ba119b]::test_main_inner::{closure#0}
[INFO] [stdout]    6:     0x63e5704fa822 - std[617be2ca0a6fd877]::panicking::panic_with_hook
[INFO] [stdout]    7:     0x63e5704dcd32 - std[617be2ca0a6fd877]::panicking::panic_handler::{closure#0}
[INFO] [stdout]    8:     0x63e5704d5699 - std[617be2ca0a6fd877]::sys::backtrace::__rust_end_short_backtrace::<std[617be2ca0a6fd877]::panicking::panic_handler::{closure#0}, !>
[INFO] [stdout]    9:     0x63e5704ddaed - __rustc[ea4f61d10b84890b]::rust_begin_unwind
[INFO] [stdout]   10:     0x63e570518e6c - core[a373ad73a504971]::panicking::panic_fmt
[INFO] [stdout]   11:     0x63e570518de3 - core[a373ad73a504971]::panicking::assert_failed_inner
[INFO] [stdout]   12:     0x63e57048565b - core[a373ad73a504971]::panicking::assert_failed::<core[a373ad73a504971]::option::Option<i32>, core[a373ad73a504971]::option::Option<i32>>
[INFO] [stdout]   13:     0x63e57047a1e2 - <cli_parse[61c9222bc0960c7e]::run_root_after_the_command_is_child_argv::{closure#0} as core[a373ad73a504971]::ops::function::FnOnce<()>>::call_once
[INFO] [stdout]   14:     0x63e57048625b - test[aada8e7e76ba119b]::__rust_begin_short_backtrace::<core[a373ad73a504971]::result::Result<(), alloc[2e1b2a31b91974c5]::string::String>, fn() -> core[a373ad73a504971]::result::Result<(), alloc[2e1b2a31b91974c5]::string::String>>
[INFO] [stdout]   15:     0x63e570493435 - test[aada8e7e76ba119b]::run_test::{closure#0}
[INFO] [stdout]   16:     0x63e57048cd24 - std[617be2ca0a6fd877]::sys::backtrace::__rust_begin_short_backtrace::<test[aada8e7e76ba119b]::run_test::{closure#1}, ()>
[INFO] [stdout]   17:     0x63e5704964c2 - <std[617be2ca0a6fd877]::thread::lifecycle::spawn_unchecked<test[aada8e7e76ba119b]::run_test::{closure#1}, ()>::{closure#1} as core[a373ad73a504971]::ops::function::FnOnce<()>>::call_once::{shim:vtable#0}
[INFO] [stdout]   18:     0x63e57050318f - <std[617be2ca0a6fd877]::sys::thread::unix::Thread>::new::thread_start
[INFO] [stdout]   19:     0x7bc495912dfa - <unknown>
[INFO] [stdout]   20:     0x7bc4959a63d4 - clone
[INFO] [stdout]   21:                0x0 - <unknown>
[INFO] [stdout] 
[INFO] [stdout] ---- run_short_v_after_command_without_dashdash stdout ----
[INFO] [stdout] 
[INFO] [stdout] thread 'run_short_v_after_command_without_dashdash' (4341) panicked at tests/cli_parse.rs:791:5:
[INFO] [stdout] assertion `left == right` failed: echo -V must run, stdout= stderr=path denied by sandbox profile (hardlink of a denied name): /bin/echo
[INFO] [stdout] 
[INFO] [stdout]   left: Some(3)
[INFO] [stdout]  right: Some(0)
[INFO] [stdout] stack backtrace:
[INFO] [stdout]    0:     0x63e570503f31 - <<std[617be2ca0a6fd877]::sys::backtrace::BacktraceLock>::print::DisplayBacktrace as core[a373ad73a504971]::fmt::Display>::fmt
[INFO] [stdout]    1:     0x63e57051873a - core[a373ad73a504971]::fmt::write
[INFO] [stdout]    2:     0x63e5705084dc - <alloc[2e1b2a31b91974c5]::vec::Vec<u8> as core[a373ad73a504971]::io::write::Write>::write_fmt
[INFO] [stdout]    3:     0x63e5704dcc86 - std[617be2ca0a6fd877]::panicking::default_hook::{closure#0}
[INFO] [stdout]    4:     0x63e5704fa669 - std[617be2ca0a6fd877]::panicking::default_hook
[INFO] [stdout]    5:     0x63e570492e10 - test[aada8e7e76ba119b]::test_main_inner::{closure#0}
[INFO] [stdout]    6:     0x63e5704fa822 - std[617be2ca0a6fd877]::panicking::panic_with_hook
[INFO] [stdout]    7:     0x63e5704dcd32 - std[617be2ca0a6fd877]::panicking::panic_handler::{closure#0}
[INFO] [stdout]    8:     0x63e5704d5699 - std[617be2ca0a6fd877]::sys::backtrace::__rust_end_short_backtrace::<std[617be2ca0a6fd877]::panicking::panic_handler::{closure#0}, !>
[INFO] [stdout]    9:     0x63e5704ddaed - __rustc[ea4f61d10b84890b]::rust_begin_unwind
[INFO] [stdout]   10:     0x63e570518e6c - core[a373ad73a504971]::panicking::panic_fmt
[INFO] [stdout]   11:     0x63e570518de3 - core[a373ad73a504971]::panicking::assert_failed_inner
[INFO] [stdout]   12:     0x63e57048565b - core[a373ad73a504971]::panicking::assert_failed::<core[a373ad73a504971]::option::Option<i32>, core[a373ad73a504971]::option::Option<i32>>
[INFO] [stdout]   13:     0x63e57047b664 - <cli_parse[61c9222bc0960c7e]::run_short_v_after_command_without_dashdash::{closure#0} as core[a373ad73a504971]::ops::function::FnOnce<()>>::call_once
[INFO] [stdout]   14:     0x63e57048625b - test[aada8e7e76ba119b]::__rust_begin_short_backtrace::<core[a373ad73a504971]::result::Result<(), alloc[2e1b2a31b91974c5]::string::String>, fn() -> core[a373ad73a504971]::result::Result<(), alloc[2e1b2a31b91974c5]::string::String>>
[INFO] [stdout]   15:     0x63e570493435 - test[aada8e7e76ba119b]::run_test::{closure#0}
[INFO] [stdout]   16:     0x63e57048cd24 - std[617be2ca0a6fd877]::sys::backtrace::__rust_begin_short_backtrace::<test[aada8e7e76ba119b]::run_test::{closure#1}, ()>
[INFO] [stdout]   17:     0x63e5704964c2 - <std[617be2ca0a6fd877]::thread::lifecycle::spawn_unchecked<test[aada8e7e76ba119b]::run_test::{closure#1}, ()>::{closure#1} as core[a373ad73a504971]::ops::function::FnOnce<()>>::call_once::{shim:vtable#0}
[INFO] [stdout]   18:     0x63e57050318f - <std[617be2ca0a6fd877]::sys::thread::unix::Thread>::new::thread_start
[INFO] [stdout]   19:     0x7bc495912dfa - <unknown>
[INFO] [stdout]   20:     0x7bc4959a63d4 - clone
[INFO] [stdout]   21:                0x0 - <unknown>
[INFO] [stdout] 
[INFO] [stdout] ---- why_and_run_json_do_not_leak_or_wrap_success stdout ----
[INFO] [stdout] 
[INFO] [stdout] thread 'why_and_run_json_do_not_leak_or_wrap_success' (4365) panicked at tests/cli_parse.rs:1237:9:
[INFO] [stdout] success must not wrap stdout: stdout={"result":"denied","exit":3,"path":"/bin/echo","matched":null,"kind":"hardlink_sibling"}
[INFO] [stdout]  stderr=
[INFO] [stdout] stack backtrace:
[INFO] [stdout]    0:     0x63e570503f31 - <<std[617be2ca0a6fd877]::sys::backtrace::BacktraceLock>::print::DisplayBacktrace as core[a373ad73a504971]::fmt::Display>::fmt
[INFO] [stdout]    1:     0x63e57051873a - core[a373ad73a504971]::fmt::write
[INFO] [stdout]    2:     0x63e5705084dc - <alloc[2e1b2a31b91974c5]::vec::Vec<u8> as core[a373ad73a504971]::io::write::Write>::write_fmt
[INFO] [stdout]    3:     0x63e5704dcc86 - std[617be2ca0a6fd877]::panicking::default_hook::{closure#0}
[INFO] [stdout]    4:     0x63e5704fa669 - std[617be2ca0a6fd877]::panicking::default_hook
[INFO] [stdout]    5:     0x63e570492e10 - test[aada8e7e76ba119b]::test_main_inner::{closure#0}
[INFO] [stdout]    6:     0x63e5704fa822 - std[617be2ca0a6fd877]::panicking::panic_with_hook
[INFO] [stdout]    7:     0x63e5704dcd32 - std[617be2ca0a6fd877]::panicking::panic_handler::{closure#0}
[INFO] [stdout]    8:     0x63e5704d5699 - std[617be2ca0a6fd877]::sys::backtrace::__rust_end_short_backtrace::<std[617be2ca0a6fd877]::panicking::panic_handler::{closure#0}, !>
[INFO] [stdout]    9:     0x63e5704ddaed - __rustc[ea4f61d10b84890b]::rust_begin_unwind
[INFO] [stdout]   10:     0x63e570518e6c - core[a373ad73a504971]::panicking::panic_fmt
[INFO] [stdout]   11:     0x63e57047f471 - <cli_parse[61c9222bc0960c7e]::why_and_run_json_do_not_leak_or_wrap_success::{closure#0} as core[a373ad73a504971]::ops::function::FnOnce<()>>::call_once
[INFO] [stdout]   12:     0x63e57048625b - test[aada8e7e76ba119b]::__rust_begin_short_backtrace::<core[a373ad73a504971]::result::Result<(), alloc[2e1b2a31b91974c5]::string::String>, fn() -> core[a373ad73a504971]::result::Result<(), alloc[2e1b2a31b91974c5]::string::String>>
[INFO] [stdout]   13:     0x63e570493435 - test[aada8e7e76ba119b]::run_test::{closure#0}
[INFO] [stdout]   14:     0x63e57048cd24 - std[617be2ca0a6fd877]::sys::backtrace::__rust_begin_short_backtrace::<test[aada8e7e76ba119b]::run_test::{closure#1}, ()>
[INFO] [stdout]   15:     0x63e5704964c2 - <std[617be2ca0a6fd877]::thread::lifecycle::spawn_unchecked<test[aada8e7e76ba119b]::run_test::{closure#1}, ()>::{closure#1} as core[a373ad73a504971]::ops::function::FnOnce<()>>::call_once::{shim:vtable#0}
[INFO] [stdout]   16:     0x63e57050318f - <std[617be2ca0a6fd877]::sys::thread::unix::Thread>::new::thread_start
[INFO] [stdout]   17:     0x7bc495912dfa - <unknown>
[INFO] [stdout]   18:     0x7bc4959a63d4 - clone
[INFO] [stdout]   19:                0x0 - <unknown>
[INFO] [stdout] 
[INFO] [stdout] 
[INFO] [stdout] failures:
[INFO] [stdout]     policy_net_is_allowed_and_dashdash_net_is_the_child
[INFO] [stdout]     run_dashdash_echo_version_and_short_v_are_child_args
[INFO] [stdout]     run_env_scrubs_tokens_and_keeps_opt_in
[INFO] [stdout]     run_root_after_the_command_is_child_argv
[INFO] [stdout]     run_short_v_after_command_without_dashdash
[INFO] [stdout]     why_and_run_json_do_not_leak_or_wrap_success
[INFO] [stdout] 
[INFO] [stdout] test result: FAILED. 52 passed; 6 failed; 0 ignored; 0 measured; 0 filtered out; finished in 0.46s
[INFO] [stdout] 
[INFO] running `Command { std: "docker" "inspect" "aabc937edbb50060a53649d74a1dd8193df2820f676348e7d96df758d25504bc", kill_on_drop: false }`
[INFO] running `Command { std: "docker" "rm" "-f" "aabc937edbb50060a53649d74a1dd8193df2820f676348e7d96df758d25504bc", kill_on_drop: false }`
[INFO] [stdout] aabc937edbb50060a53649d74a1dd8193df2820f676348e7d96df758d25504bc
