[INFO] fetching crate work 0.4.2...
[INFO] testing work-0.4.2 against 1.100.0-beta.1+cargoflags=--release for beta-release-1.100-2
[INFO] extracting crate work 0.4.2 into /workspace/builds/worker-5-tc2/source
[INFO] started tweaking crates.io crate work 0.4.2
[INFO] finished tweaking crates.io crate work 0.4.2
[INFO] tweaked toml for crates.io crate work 0.4.2 written to /workspace/builds/worker-5-tc2/source/Cargo.toml
[INFO] validating manifest of crates.io crate work 0.4.2 on toolchain 1.100.0-beta.1
[INFO] running `Command { std: CARGO_HOME="/workspace/cargo-home" RUSTUP_HOME="/workspace/rustup-home" "/workspace/cargo-home/bin/cargo" "+1.100.0-beta.1" "metadata" "--manifest-path" "Cargo.toml" "--no-deps", kill_on_drop: false }`
[INFO] crate crates.io crate work 0.4.2 already has a lockfile, it will not be regenerated
[INFO] running `Command { std: CARGO_HOME="/workspace/cargo-home" RUSTUP_HOME="/workspace/rustup-home" "/workspace/cargo-home/bin/cargo" "+1.100.0-beta.1" "fetch" "--manifest-path" "Cargo.toml", kill_on_drop: false }`
[INFO] [stderr] warning: `package.homepage` is redundant with `package.repository`
[INFO] [stderr]   --> Cargo.toml:26:12
[INFO] [stderr]    |
[INFO] [stderr] 26 | homepage = "https://github.com/g-w1/work"
[INFO] [stderr]    |            ^^^^^^^^^^^^^^^^^^^^^^^^^^^^^^
[INFO] [stderr] ...
[INFO] [stderr] 31 | repository = "https://github.com/g-w1/work"
[INFO] [stderr]    |              ------------------------------
[INFO] [stderr]    |
[INFO] [stderr]    = note: `cargo::redundant_homepage` is set to `warn` by default
[INFO] [stderr] help: consider removing `package.homepage`
[INFO] [stderr] warning: `work` (manifest) generated 1 warning
[INFO] running `Command { std: "docker" "create" "-v" "/var/lib/crater-agent-workspace/builds/worker-5-tc2/source:/opt/rustwide/workdir:ro,Z" "-v" "/var/lib/crater-agent-workspace/builds/worker-5-tc2/target:/opt/rustwide/target:rw,Z" "-v" "/var/lib/crater-agent-workspace/cargo-home:/opt/rustwide/cargo-home:ro,Z" "-v" "/var/lib/crater-agent-workspace/rustup-home:/opt/rustwide/rustup-home:ro,Z" "-m" "1610612736" "--network" "none" "ghcr.io/rust-lang/crates-build-env/linux@sha256:77db811e55d90add9212f6832c23229e3de5f1c1f9905e8cb07319ea15df73ac" "sleep" "infinity", kill_on_drop: false }`
[INFO] [stdout] 0d677b7666a6c92a2d0106b8f1226e4216f31f2e414a2115424ec7d4f3a1b973
[INFO] running `Command { std: "docker" "start" "0d677b7666a6c92a2d0106b8f1226e4216f31f2e414a2115424ec7d4f3a1b973", kill_on_drop: false }`
[INFO] running `Command { std: "docker" "inspect" "0d677b7666a6c92a2d0106b8f1226e4216f31f2e414a2115424ec7d4f3a1b973", kill_on_drop: false }`
[INFO] running `Command { std: "docker" "exec" "-e" "SOURCE_DIR=/opt/rustwide/workdir" "-e" "CARGO_HOME=/opt/rustwide/cargo-home" "-e" "RUSTUP_HOME=/opt/rustwide/rustup-home" "-e" "CARGO_TARGET_DIR=/opt/rustwide/target" "-w" "/opt/rustwide/workdir" "--user" "0:0" "0d677b7666a6c92a2d0106b8f1226e4216f31f2e414a2115424ec7d4f3a1b973" "/opt/rustwide/cargo-home/bin/cargo" "+1.100.0-beta.1" "metadata" "--no-deps" "--format-version=1", kill_on_drop: false }`
[INFO] running `Command { std: "docker" "inspect" "0d677b7666a6c92a2d0106b8f1226e4216f31f2e414a2115424ec7d4f3a1b973", kill_on_drop: false }`
[INFO] running `Command { std: "docker" "exec" "-e" "SOURCE_DIR=/opt/rustwide/workdir" "-e" "CARGO_HOME=/opt/rustwide/cargo-home" "-e" "RUSTUP_HOME=/opt/rustwide/rustup-home" "-e" "CARGO_TARGET_DIR=/opt/rustwide/target" "-e" "CARGO_INCREMENTAL=0" "-e" "RUST_BACKTRACE=full" "-e" "RUSTFLAGS=--cap-lints=warn" "-e" "RUSTDOCFLAGS=--cap-lints=warn" "-w" "/opt/rustwide/workdir" "--user" "0:0" "0d677b7666a6c92a2d0106b8f1226e4216f31f2e414a2115424ec7d4f3a1b973" "/opt/rustwide/cargo-home/bin/cargo" "+1.100.0-beta.1" "build" "--frozen" "--message-format=json" "--release", kill_on_drop: false }`
[INFO] [stderr] warning: `package.homepage` is redundant with `package.repository`
[INFO] [stderr]   --> Cargo.toml:26:12
[INFO] [stderr]    |
[INFO] [stderr] 26 | homepage = "https://github.com/g-w1/work"
[INFO] [stderr]    |            ^^^^^^^^^^^^^^^^^^^^^^^^^^^^^^
[INFO] [stderr] ...
[INFO] [stderr] 31 | repository = "https://github.com/g-w1/work"
[INFO] [stderr]    |              ------------------------------
[INFO] [stderr]    |
[INFO] [stderr]    = note: `cargo::redundant_homepage` is set to `warn` by default
[INFO] [stderr] help: consider removing `package.homepage`
[INFO] [stderr] warning: `work` (manifest) generated 1 warning
[INFO] [stderr]    Compiling autocfg v1.0.1
[INFO] [stderr]    Compiling libc v0.2.81
[INFO] [stderr]    Compiling syn v1.0.55
[INFO] [stderr]    Compiling bitflags v1.2.1
[INFO] [stderr]    Compiling scopeguard v1.1.0
[INFO] [stderr]    Compiling version_check v0.9.2
[INFO] [stderr]    Compiling memchr v2.3.4
[INFO] [stderr]    Compiling const_fn v0.4.4
[INFO] [stderr]    Compiling unicode-width v0.1.8
[INFO] [stderr]    Compiling strsim v0.9.3
[INFO] [stderr]    Compiling log v0.4.11
[INFO] [stderr]    Compiling serde_derive v1.0.118
[INFO] [stderr]    Compiling rayon-core v1.9.0
[INFO] [stderr]    Compiling thread_local v1.0.1
[INFO] [stderr]    Compiling quote v1.0.8
[INFO] [stderr]    Compiling nix v0.14.1
[INFO] [stderr]    Compiling pkg-config v0.3.19
[INFO] [stderr]    Compiling serde v1.0.118
[INFO] [stderr]    Compiling void v1.0.2
[INFO] [stderr]    Compiling derive_builder v0.9.0
[INFO] [stderr]    Compiling termcolor v1.1.2
[INFO] [stderr]    Compiling unicode-segmentation v1.7.1
[INFO] [stderr]    Compiling regex-syntax v0.6.21
[INFO] [stderr]    Compiling humantime v1.3.0
[INFO] [stderr]    Compiling crossbeam-utils v0.7.2
[INFO] [stderr]    Compiling crossbeam-utils v0.8.1
[INFO] [stderr]    Compiling memoffset v0.6.1
[INFO] [stderr]    Compiling num-traits v0.2.14
[INFO] [stderr]    Compiling memoffset v0.5.6
[INFO] [stderr]    Compiling proc-macro-error-attr v1.0.4
[INFO] [stderr]    Compiling crossbeam-epoch v0.8.2
[INFO] [stderr]    Compiling num-integer v0.1.44
[INFO] [stderr]    Compiling proc-macro-error v1.0.4
[INFO] [stderr]    Compiling libsqlite3-sys v0.18.0
[INFO] [stderr]    Compiling aho-corasick v0.7.15
[INFO] [stderr]    Compiling dirs-sys v0.3.5
[INFO] [stderr]    Compiling atty v0.2.14
[INFO] [stderr]    Compiling time v0.1.44
[INFO] [stderr]    Compiling num_cpus v1.13.0
[INFO] [stderr]    Compiling rayon v1.5.0
[INFO] [stderr]    Compiling indexmap v1.6.1
[INFO] [stderr]    Compiling heck v0.3.2
[INFO] [stderr]    Compiling textwrap v0.11.0
[INFO] [stderr]    Compiling hashbrown v0.9.1
[INFO] [stderr]    Compiling ansi_term v0.11.0
[INFO] [stderr]    Compiling either v1.6.1
[INFO] [stderr]    Compiling utf8parse v0.1.1
[INFO] [stderr]    Compiling dirs v2.0.2
[INFO] [stderr]    Compiling term v0.6.1
[INFO] [stderr]    Compiling vte v0.3.3
[INFO] [stderr]    Compiling clap v2.33.3
[INFO] [stderr]    Compiling directories v2.0.2
[INFO] [stderr]    Compiling lru-cache v0.1.2
[INFO] [stderr]    Compiling crossbeam-channel v0.4.4
[INFO] [stderr]    Compiling crossbeam-epoch v0.9.1
[INFO] [stderr]    Compiling crossbeam-channel v0.5.0
[INFO] [stderr]    Compiling crossbeam-deque v0.7.3
[INFO] [stderr]    Compiling crossbeam-queue v0.2.3
[INFO] [stderr]    Compiling fuzzy-matcher v0.3.7
[INFO] [stderr]    Compiling textwrap v0.12.1
[INFO] [stderr]    Compiling smallvec v1.5.1
[INFO] [stderr]    Compiling fallible-iterator v0.2.0
[INFO] [stderr]    Compiling numtoa v0.1.0
[INFO] [stderr]    Compiling os_str_bytes v2.4.0
[INFO] [stderr]    Compiling fallible-streaming-iterator v0.1.9
[INFO] [stderr]    Compiling shlex v0.1.1
[INFO] [stderr]    Compiling termion v1.5.5
[INFO] [stderr]    Compiling rusqlite v0.23.1
[INFO] [stderr]    Compiling crossbeam-deque v0.8.0
[INFO] [stderr]    Compiling crossbeam v0.7.3
[INFO] [stderr]    Compiling chrono v0.4.19
[INFO] [stderr]    Compiling regex v1.4.2
[INFO] [stderr]    Compiling timer v0.2.0
[INFO] [stderr]    Compiling tuikit v0.3.4
[INFO] [stderr]    Compiling darling_core v0.10.2
[INFO] [stderr]    Compiling env_logger v0.6.2
[INFO] [stderr]    Compiling clap_derive v3.0.0-beta.2
[INFO] [stderr]    Compiling darling_macro v0.10.2
[INFO] [stderr]    Compiling darling v0.10.2
[INFO] [stderr]    Compiling derive_builder_core v0.9.0
[INFO] [stderr]    Compiling clap v3.0.0-beta.2
[INFO] [stderr]    Compiling skim v0.8.2
[INFO] [stderr]    Compiling toml v0.5.8
[INFO] [stderr]    Compiling confy v0.4.0
[INFO] [stderr]    Compiling work v0.4.2 (/opt/rustwide/workdir)
[INFO] [stdout] warning: hiding a lifetime that's elided elsewhere is confusing
[INFO] [stdout]    --> src/fuzzy.rs:110:16
[INFO] [stdout]     |
[INFO] [stdout] 110 |     fn display(&self) -> Cow<AnsiString> {
[INFO] [stdout]     |                ^^^^^     ^^^^^^^^^^^^^^^
[INFO] [stdout]     |                |         |   |
[INFO] [stdout]     |                |         |   the same lifetime is hidden here
[INFO] [stdout]     |                |         the same lifetime is hidden here
[INFO] [stdout]     |                the lifetime is elided here
[INFO] [stdout]     |
[INFO] [stdout]     = help: the same lifetime is referred to in inconsistent ways, making the signature confusing
[INFO] [stdout]     = note: `#[warn(mismatched_lifetime_syntaxes)]` on by default
[INFO] [stdout] help: use `'_` for type paths
[INFO] [stdout]     |
[INFO] [stdout] 110 |     fn display(&self) -> Cow<'_, AnsiString<'_>> {
[INFO] [stdout]     |                              +++           ++++
[INFO] [stdout] 
[INFO] [stdout] 
[INFO] [stdout] warning: hiding a lifetime that's elided elsewhere is confusing
[INFO] [stdout]    --> src/fuzzy.rs:113:13
[INFO] [stdout]     |
[INFO] [stdout] 113 |     fn text(&self) -> Cow<str> {
[INFO] [stdout]     |             ^^^^^     ^^^^^^^^ the same lifetime is hidden here
[INFO] [stdout]     |             |
[INFO] [stdout]     |             the lifetime is elided here
[INFO] [stdout]     |
[INFO] [stdout]     = help: the same lifetime is referred to in inconsistent ways, making the signature confusing
[INFO] [stdout] help: use `'_` for type paths
[INFO] [stdout]     |
[INFO] [stdout] 113 |     fn text(&self) -> Cow<'_, str> {
[INFO] [stdout]     |                           +++
[INFO] [stdout] 
[INFO] [stdout] 
[INFO] [stderr]     Finished `release` profile [optimized] target(s) in 1m 07s
[INFO] [stderr] warning: the following packages contain code that will be rejected by a future version of Rust: skim v0.8.2
[INFO] [stderr] note: to see what the problems were, use the option `--future-incompat-report`, or run `cargo report future-incompatibilities --id 5`
[INFO] running `Command { std: "docker" "inspect" "0d677b7666a6c92a2d0106b8f1226e4216f31f2e414a2115424ec7d4f3a1b973", kill_on_drop: false }`
[INFO] running `Command { std: "docker" "exec" "-e" "SOURCE_DIR=/opt/rustwide/workdir" "-e" "CARGO_HOME=/opt/rustwide/cargo-home" "-e" "RUSTUP_HOME=/opt/rustwide/rustup-home" "-e" "CARGO_TARGET_DIR=/opt/rustwide/target" "-e" "CARGO_INCREMENTAL=0" "-e" "RUST_BACKTRACE=full" "-e" "RUSTFLAGS=--cap-lints=warn" "-e" "RUSTDOCFLAGS=--cap-lints=warn" "-w" "/opt/rustwide/workdir" "--user" "0:0" "0d677b7666a6c92a2d0106b8f1226e4216f31f2e414a2115424ec7d4f3a1b973" "/opt/rustwide/cargo-home/bin/cargo" "+1.100.0-beta.1" "test" "--frozen" "--no-run" "--message-format=json" "--release", kill_on_drop: false }`
[INFO] [stderr] warning: `package.homepage` is redundant with `package.repository`
[INFO] [stderr]   --> Cargo.toml:26:12
[INFO] [stderr]    |
[INFO] [stderr] 26 | homepage = "https://github.com/g-w1/work"
[INFO] [stderr]    |            ^^^^^^^^^^^^^^^^^^^^^^^^^^^^^^
[INFO] [stderr] ...
[INFO] [stderr] 31 | repository = "https://github.com/g-w1/work"
[INFO] [stderr]    |              ------------------------------
[INFO] [stderr]    |
[INFO] [stderr]    = note: `cargo::redundant_homepage` is set to `warn` by default
[INFO] [stderr] help: consider removing `package.homepage`
[INFO] [stderr] warning: `work` (manifest) generated 1 warning
[INFO] [stderr]    Compiling work v0.4.2 (/opt/rustwide/workdir)
[INFO] [stdout] warning: hiding a lifetime that's elided elsewhere is confusing
[INFO] [stdout]    --> src/fuzzy.rs:110:16
[INFO] [stdout]     |
[INFO] [stdout] 110 |     fn display(&self) -> Cow<AnsiString> {
[INFO] [stdout]     |                ^^^^^     ^^^^^^^^^^^^^^^
[INFO] [stdout]     |                |         |   |
[INFO] [stdout]     |                |         |   the same lifetime is hidden here
[INFO] [stdout]     |                |         the same lifetime is hidden here
[INFO] [stdout]     |                the lifetime is elided here
[INFO] [stdout]     |
[INFO] [stdout]     = help: the same lifetime is referred to in inconsistent ways, making the signature confusing
[INFO] [stdout]     = note: `#[warn(mismatched_lifetime_syntaxes)]` on by default
[INFO] [stdout] help: use `'_` for type paths
[INFO] [stdout]     |
[INFO] [stdout] 110 |     fn display(&self) -> Cow<'_, AnsiString<'_>> {
[INFO] [stdout]     |                              +++           ++++
[INFO] [stdout] 
[INFO] [stdout] 
[INFO] [stdout] warning: hiding a lifetime that's elided elsewhere is confusing
[INFO] [stdout]    --> src/fuzzy.rs:113:13
[INFO] [stdout]     |
[INFO] [stdout] 113 |     fn text(&self) -> Cow<str> {
[INFO] [stdout]     |             ^^^^^     ^^^^^^^^ the same lifetime is hidden here
[INFO] [stdout]     |             |
[INFO] [stdout]     |             the lifetime is elided here
[INFO] [stdout]     |
[INFO] [stdout]     = help: the same lifetime is referred to in inconsistent ways, making the signature confusing
[INFO] [stdout] help: use `'_` for type paths
[INFO] [stdout]     |
[INFO] [stdout] 113 |     fn text(&self) -> Cow<'_, str> {
[INFO] [stdout]     |                           +++
[INFO] [stdout] 
[INFO] [stdout] 
[INFO] [stderr]     Finished `release` profile [optimized] target(s) in 1.17s
[INFO] [stderr] warning: the following packages contain code that will be rejected by a future version of Rust: skim v0.8.2
[INFO] [stderr] note: to see what the problems were, use the option `--future-incompat-report`, or run `cargo report future-incompatibilities --id 5`
[INFO] running `Command { std: "docker" "inspect" "0d677b7666a6c92a2d0106b8f1226e4216f31f2e414a2115424ec7d4f3a1b973", kill_on_drop: false }`
[INFO] running `Command { std: "docker" "exec" "-e" "SOURCE_DIR=/opt/rustwide/workdir" "-e" "CARGO_HOME=/opt/rustwide/cargo-home" "-e" "RUSTUP_HOME=/opt/rustwide/rustup-home" "-e" "CARGO_TARGET_DIR=/opt/rustwide/target" "-e" "CARGO_INCREMENTAL=0" "-e" "RUST_BACKTRACE=full" "-e" "RUSTFLAGS=--cap-lints=warn" "-e" "RUSTDOCFLAGS=--cap-lints=warn" "-w" "/opt/rustwide/workdir" "--user" "0:0" "0d677b7666a6c92a2d0106b8f1226e4216f31f2e414a2115424ec7d4f3a1b973" "/opt/rustwide/cargo-home/bin/cargo" "+1.100.0-beta.1" "test" "--frozen" "--release", kill_on_drop: false }`
[INFO] [stderr] warning: `package.homepage` is redundant with `package.repository`
[INFO] [stderr]   --> Cargo.toml:26:12
[INFO] [stderr]    |
[INFO] [stderr] 26 | homepage = "https://github.com/g-w1/work"
[INFO] [stderr]    |            ^^^^^^^^^^^^^^^^^^^^^^^^^^^^^^
[INFO] [stderr] ...
[INFO] [stderr] 31 | repository = "https://github.com/g-w1/work"
[INFO] [stderr]    |              ------------------------------
[INFO] [stderr]    |
[INFO] [stderr]    = note: `cargo::redundant_homepage` is set to `warn` by default
[INFO] [stderr] help: consider removing `package.homepage`
[INFO] [stderr] warning: `work` (manifest) generated 1 warning
[INFO] [stderr] warning: hiding a lifetime that's elided elsewhere is confusing
[INFO] [stderr]    --> src/fuzzy.rs:110:16
[INFO] [stderr]     |
[INFO] [stderr] 110 |     fn display(&self) -> Cow<AnsiString> {
[INFO] [stderr]     |                ^^^^^     ^^^^^^^^^^^^^^^
[INFO] [stderr]     |                |         |   |
[INFO] [stderr]     |                |         |   the same lifetime is hidden here
[INFO] [stderr]     |                |         the same lifetime is hidden here
[INFO] [stderr]     |                the lifetime is elided here
[INFO] [stderr]     |
[INFO] [stderr]     = help: the same lifetime is referred to in inconsistent ways, making the signature confusing
[INFO] [stderr]     = note: `#[warn(mismatched_lifetime_syntaxes)]` on by default
[INFO] [stderr] help: use `'_` for type paths
[INFO] [stderr]     |
[INFO] [stderr] 110 |     fn display(&self) -> Cow<'_, AnsiString<'_>> {
[INFO] [stderr]     |                              +++           ++++
[INFO] [stderr] 
[INFO] [stderr] warning: hiding a lifetime that's elided elsewhere is confusing
[INFO] [stderr]    --> src/fuzzy.rs:113:13
[INFO] [stderr]     |
[INFO] [stderr] 113 |     fn text(&self) -> Cow<str> {
[INFO] [stderr]     |             ^^^^^     ^^^^^^^^ the same lifetime is hidden here
[INFO] [stderr]     |             |
[INFO] [stderr]     |             the lifetime is elided here
[INFO] [stderr]     |
[INFO] [stderr]     = help: the same lifetime is referred to in inconsistent ways, making the signature confusing
[INFO] [stderr] help: use `'_` for type paths
[INFO] [stderr]     |
[INFO] [stderr] 113 |     fn text(&self) -> Cow<'_, str> {
[INFO] [stderr]     |                           +++
[INFO] [stderr] 
[INFO] [stderr] warning: `work` (bin "work" test) generated 2 warnings (run `cargo fix --bin "work" -p work --tests` to apply 2 suggestions)
[INFO] [stderr]     Finished `release` profile [optimized] target(s) in 0.13s
[INFO] [stderr] warning: the following packages contain code that will be rejected by a future version of Rust: skim v0.8.2
[INFO] [stderr] note: to see what the problems were, use the option `--future-incompat-report`, or run `cargo report future-incompatibilities --id 5`
[INFO] [stderr]      Running unittests src/main.rs (/opt/rustwide/target/release/build/work/3fdb08f0dccfff98/out/work-3fdb08f0dccfff98)
[INFO] [stdout] 
[INFO] [stdout] running 2 tests
[INFO] [stdout] test tests::backticks ... ok
[INFO] [stderr] error: test failed, to rerun pass `--bin work`
[INFO] [stdout] test tests::insert_and_get_back_event ... FAILED
[INFO] [stdout] 
[INFO] [stdout] failures:
[INFO] [stdout] 
[INFO] [stdout] ---- tests::insert_and_get_back_event stdout ----
[INFO] [stdout] initalized empty database at ~/.local/share/worktodo/work.db
[INFO] [stdout] 
[INFO] [stdout] thread 'tests::insert_and_get_back_event' (2200) panicked at src/tests.rs:22:17:
[INFO] [stdout] called `Result::unwrap()` on an `Err` value: SqliteFailure(Error { code: Unknown, extended_code: 1 }, Some("no such table: events"))
[INFO] [stdout] stack backtrace:
[INFO] [stdout]    0:     0x64daae30ba81 - <<std[617be2ca0a6fd877]::sys::backtrace::BacktraceLock>::print::DisplayBacktrace as core[a373ad73a504971]::fmt::Display>::fmt
[INFO] [stdout]    1:     0x64daae31fe3a - core[a373ad73a504971]::fmt::write
[INFO] [stdout]    2:     0x64daae30fd4c - <alloc[2e1b2a31b91974c5]::vec::Vec<u8> as core[a373ad73a504971]::io::write::Write>::write_fmt
[INFO] [stdout]    3:     0x64daae2e76b6 - std[617be2ca0a6fd877]::panicking::default_hook::{closure#0}
[INFO] [stdout]    4:     0x64daae304119 - std[617be2ca0a6fd877]::panicking::default_hook
[INFO] [stdout]    5:     0x64daae29c960 - test[aada8e7e76ba119b]::test_main_inner::{closure#0}
[INFO] [stdout]    6:     0x64daae3042d2 - std[617be2ca0a6fd877]::panicking::panic_with_hook
[INFO] [stdout]    7:     0x64daae2e7762 - std[617be2ca0a6fd877]::panicking::panic_handler::{closure#0}
[INFO] [stdout]    8:     0x64daae2e0329 - std[617be2ca0a6fd877]::sys::backtrace::__rust_end_short_backtrace::<std[617be2ca0a6fd877]::panicking::panic_handler::{closure#0}, !>
[INFO] [stdout]    9:     0x64daae2e836d - __rustc[ea4f61d10b84890b]::rust_begin_unwind
[INFO] [stdout]   10:     0x64daae32056c - core[a373ad73a504971]::panicking::panic_fmt
[INFO] [stdout]   11:     0x64daae320342 - core[a373ad73a504971]::result::unwrap_failed
[INFO] [stdout]   12:     0x64daae28f15f - <work[72e97aaf0228e679]::tests::insert_and_get_back_event::{closure#0} as core[a373ad73a504971]::ops::function::FnOnce<()>>::call_once
[INFO] [stdout]   13:     0x64daae28fdab - test[aada8e7e76ba119b]::__rust_begin_short_backtrace::<core[a373ad73a504971]::result::Result<(), alloc[2e1b2a31b91974c5]::string::String>, fn() -> core[a373ad73a504971]::result::Result<(), alloc[2e1b2a31b91974c5]::string::String>>
[INFO] [stdout]   14:     0x64daae29cf85 - test[aada8e7e76ba119b]::run_test::{closure#0}
[INFO] [stdout]   15:     0x64daae296874 - std[617be2ca0a6fd877]::sys::backtrace::__rust_begin_short_backtrace::<test[aada8e7e76ba119b]::run_test::{closure#1}, ()>
[INFO] [stdout]   16:     0x64daae2a0012 - <std[617be2ca0a6fd877]::thread::lifecycle::spawn_unchecked<test[aada8e7e76ba119b]::run_test::{closure#1}, ()>::{closure#1} as core[a373ad73a504971]::ops::function::FnOnce<()>>::call_once::{shim:vtable#0}
[INFO] [stdout]   17:     0x64daae30b2df - <std[617be2ca0a6fd877]::sys::thread::unix::Thread>::new::thread_start
[INFO] [stdout]   18:     0x76b9665f4dfa - <unknown>
[INFO] [stdout]   19:     0x76b9666883d4 - clone
[INFO] [stdout]   20:                0x0 - <unknown>
[INFO] [stdout] 
[INFO] [stdout] 
[INFO] [stdout] failures:
[INFO] [stdout]     tests::insert_and_get_back_event
[INFO] [stdout] 
[INFO] [stdout] test result: FAILED. 1 passed; 1 failed; 0 ignored; 0 measured; 0 filtered out; finished in 0.02s
[INFO] [stdout] 
[INFO] running `Command { std: "docker" "inspect" "0d677b7666a6c92a2d0106b8f1226e4216f31f2e414a2115424ec7d4f3a1b973", kill_on_drop: false }`
[INFO] running `Command { std: "docker" "rm" "-f" "0d677b7666a6c92a2d0106b8f1226e4216f31f2e414a2115424ec7d4f3a1b973", kill_on_drop: false }`
[INFO] [stdout] 0d677b7666a6c92a2d0106b8f1226e4216f31f2e414a2115424ec7d4f3a1b973
