[INFO] fetching crate wompi-client 0.1.0...
[INFO] testing wompi-client-0.1.0 against 1.99.0-beta.8+cargoflags=--release for beta-release-1.100-2
[INFO] extracting crate wompi-client 0.1.0 into /workspace/builds/worker-4-tc1/source
[INFO] started tweaking crates.io crate wompi-client 0.1.0
[INFO] finished tweaking crates.io crate wompi-client 0.1.0
[INFO] tweaked toml for crates.io crate wompi-client 0.1.0 written to /workspace/builds/worker-4-tc1/source/Cargo.toml
[INFO] validating manifest of crates.io crate wompi-client 0.1.0 on toolchain 1.99.0-beta.8
[INFO] running `Command { std: CARGO_HOME="/workspace/cargo-home" RUSTUP_HOME="/workspace/rustup-home" "/workspace/cargo-home/bin/cargo" "+1.99.0-beta.8" "metadata" "--manifest-path" "Cargo.toml" "--no-deps", kill_on_drop: false }`
[INFO] crate crates.io crate wompi-client 0.1.0 already has a lockfile, it will not be regenerated
[INFO] running `Command { std: CARGO_HOME="/workspace/cargo-home" RUSTUP_HOME="/workspace/rustup-home" "/workspace/cargo-home/bin/cargo" "+1.99.0-beta.8" "fetch" "--manifest-path" "Cargo.toml", kill_on_drop: false }`
[INFO] [stderr]     Updating crates.io index
[INFO] [stderr]  Downloading crates ...
[INFO] [stderr]   Downloaded wompi-models v0.1.0
[INFO] [stderr]   Downloaded reqwest v0.12.24
[INFO] [stderr]   Downloaded openssl-sys v0.9.110
[INFO] [stderr]   Downloaded openssl v0.10.74
[INFO] [stderr]   Downloaded syn v2.0.109
[INFO] running `Command { std: "docker" "create" "-v" "/var/lib/crater-agent-workspace/builds/worker-4-tc1/source:/opt/rustwide/workdir:ro,Z" "-v" "/var/lib/crater-agent-workspace/builds/worker-4-tc1/target:/opt/rustwide/target:rw,Z" "-v" "/var/lib/crater-agent-workspace/cargo-home:/opt/rustwide/cargo-home:ro,Z" "-v" "/var/lib/crater-agent-workspace/rustup-home:/opt/rustwide/rustup-home:ro,Z" "-m" "1610612736" "--network" "none" "ghcr.io/rust-lang/crates-build-env/linux@sha256:77db811e55d90add9212f6832c23229e3de5f1c1f9905e8cb07319ea15df73ac" "sleep" "infinity", kill_on_drop: false }`
[INFO] [stdout] 6a5050b8fa712f4d2aaeda450cf41d4032348a6e263b501bb708bbcad9dce3a4
[INFO] running `Command { std: "docker" "start" "6a5050b8fa712f4d2aaeda450cf41d4032348a6e263b501bb708bbcad9dce3a4", kill_on_drop: false }`
[INFO] running `Command { std: "docker" "inspect" "6a5050b8fa712f4d2aaeda450cf41d4032348a6e263b501bb708bbcad9dce3a4", kill_on_drop: false }`
[INFO] running `Command { std: "docker" "exec" "-e" "SOURCE_DIR=/opt/rustwide/workdir" "-e" "CARGO_HOME=/opt/rustwide/cargo-home" "-e" "RUSTUP_HOME=/opt/rustwide/rustup-home" "-e" "CARGO_TARGET_DIR=/opt/rustwide/target" "-w" "/opt/rustwide/workdir" "--user" "0:0" "6a5050b8fa712f4d2aaeda450cf41d4032348a6e263b501bb708bbcad9dce3a4" "/opt/rustwide/cargo-home/bin/cargo" "+1.99.0-beta.8" "metadata" "--no-deps" "--format-version=1", kill_on_drop: false }`
[INFO] running `Command { std: "docker" "inspect" "6a5050b8fa712f4d2aaeda450cf41d4032348a6e263b501bb708bbcad9dce3a4", kill_on_drop: false }`
[INFO] running `Command { std: "docker" "exec" "-e" "SOURCE_DIR=/opt/rustwide/workdir" "-e" "CARGO_HOME=/opt/rustwide/cargo-home" "-e" "RUSTUP_HOME=/opt/rustwide/rustup-home" "-e" "CARGO_TARGET_DIR=/opt/rustwide/target" "-e" "CARGO_INCREMENTAL=0" "-e" "RUST_BACKTRACE=full" "-e" "RUSTFLAGS=--cap-lints=warn" "-e" "RUSTDOCFLAGS=--cap-lints=warn" "-w" "/opt/rustwide/workdir" "--user" "0:0" "6a5050b8fa712f4d2aaeda450cf41d4032348a6e263b501bb708bbcad9dce3a4" "/opt/rustwide/cargo-home/bin/cargo" "+1.99.0-beta.8" "build" "--frozen" "--message-format=json" "--release", kill_on_drop: false }`
[INFO] [stderr]    Compiling proc-macro2 v1.0.103
[INFO] [stderr]    Compiling quote v1.0.42
[INFO] [stderr]    Compiling cc v1.2.44
[INFO] [stderr]    Compiling writeable v0.6.2
[INFO] [stderr]    Compiling litemap v0.8.1
[INFO] [stderr]    Compiling icu_properties_data v2.1.1
[INFO] [stderr]    Compiling icu_normalizer_data v2.1.1
[INFO] [stderr]    Compiling openssl v0.10.74
[INFO] [stderr]    Compiling parking_lot_core v0.9.12
[INFO] [stderr]    Compiling mio v1.1.0
[INFO] [stderr]    Compiling socket2 v0.6.1
[INFO] [stderr]    Compiling futures-task v0.3.31
[INFO] [stderr]    Compiling tracing v0.1.41
[INFO] [stderr]    Compiling indexmap v2.12.0
[INFO] [stderr]    Compiling native-tls v0.2.14
[INFO] [stderr]    Compiling num-traits v0.2.19
[INFO] [stderr]    Compiling futures-channel v0.3.31
[INFO] [stderr]    Compiling futures-util v0.3.31
[INFO] [stderr]    Compiling unicase v2.8.1
[INFO] [stderr]    Compiling serde_json v1.0.145
[INFO] [stderr]    Compiling iri-string v0.7.9
[INFO] [stderr]    Compiling rustls-pki-types v1.13.0
[INFO] [stderr]    Compiling parking_lot v0.12.5
[INFO] [stderr]    Compiling mime_guess v2.0.5
[INFO] [stderr]    Compiling syn v2.0.109
[INFO] [stderr]    Compiling openssl-sys v0.9.110
[INFO] [stderr]    Compiling synstructure v0.13.2
[INFO] [stderr]    Compiling zerofrom-derive v0.1.6
[INFO] [stderr]    Compiling yoke-derive v0.8.1
[INFO] [stderr]    Compiling zerovec-derive v0.11.2
[INFO] [stderr]    Compiling displaydoc v0.2.5
[INFO] [stderr]    Compiling tokio-macros v2.6.0
[INFO] [stderr]    Compiling serde_derive v1.0.228
[INFO] [stderr]    Compiling openssl-macros v0.1.1
[INFO] [stderr]    Compiling thiserror-impl v2.0.17
[INFO] [stderr]    Compiling tokio v1.48.0
[INFO] [stderr]    Compiling zerofrom v0.1.6
[INFO] [stderr]    Compiling yoke v0.8.1
[INFO] [stderr]    Compiling thiserror v2.0.17
[INFO] [stderr]    Compiling zerotrie v0.2.3
[INFO] [stderr]    Compiling zerovec v0.11.5
[INFO] [stderr]    Compiling tinystr v0.8.2
[INFO] [stderr]    Compiling potential_utf v0.1.4
[INFO] [stderr]    Compiling icu_locale_core v2.1.1
[INFO] [stderr]    Compiling icu_collections v2.1.1
[INFO] [stderr]    Compiling icu_provider v2.1.1
[INFO] [stderr]    Compiling icu_normalizer v2.1.1
[INFO] [stderr]    Compiling icu_properties v2.1.1
[INFO] [stderr]    Compiling serde v1.0.228
[INFO] [stderr]    Compiling chrono v0.4.42
[INFO] [stderr]    Compiling serde_urlencoded v0.7.1
[INFO] [stderr]    Compiling idna_adapter v1.2.1
[INFO] [stderr]    Compiling idna v1.1.0
[INFO] [stderr]    Compiling url v2.5.7
[INFO] [stderr]    Compiling wompi-models v0.1.0
[INFO] [stderr]    Compiling tokio-util v0.7.17
[INFO] [stderr]    Compiling tower v0.5.2
[INFO] [stderr]    Compiling tokio-native-tls v0.3.1
[INFO] [stderr]    Compiling h2 v0.4.12
[INFO] [stderr]    Compiling tower-http v0.6.6
[INFO] [stderr]    Compiling hyper v1.7.0
[INFO] [stderr]    Compiling hyper-util v0.1.17
[INFO] [stderr]    Compiling hyper-tls v0.6.0
[INFO] [stderr]    Compiling reqwest v0.12.24
[INFO] [stderr]    Compiling wompi-client v0.1.0 (/opt/rustwide/workdir)
[INFO] [stderr]     Finished `release` profile [optimized] target(s) in 1m 04s
[INFO] running `Command { std: "docker" "inspect" "6a5050b8fa712f4d2aaeda450cf41d4032348a6e263b501bb708bbcad9dce3a4", kill_on_drop: false }`
[INFO] running `Command { std: "docker" "exec" "-e" "SOURCE_DIR=/opt/rustwide/workdir" "-e" "CARGO_HOME=/opt/rustwide/cargo-home" "-e" "RUSTUP_HOME=/opt/rustwide/rustup-home" "-e" "CARGO_TARGET_DIR=/opt/rustwide/target" "-e" "CARGO_INCREMENTAL=0" "-e" "RUST_BACKTRACE=full" "-e" "RUSTFLAGS=--cap-lints=warn" "-e" "RUSTDOCFLAGS=--cap-lints=warn" "-w" "/opt/rustwide/workdir" "--user" "0:0" "6a5050b8fa712f4d2aaeda450cf41d4032348a6e263b501bb708bbcad9dce3a4" "/opt/rustwide/cargo-home/bin/cargo" "+1.99.0-beta.8" "test" "--frozen" "--no-run" "--message-format=json" "--release", kill_on_drop: false }`
[INFO] [stderr]    Compiling wompi-client v0.1.0 (/opt/rustwide/workdir)
[INFO] [stderr]     Finished `release` profile [optimized] target(s) in 4.44s
[INFO] running `Command { std: "docker" "inspect" "6a5050b8fa712f4d2aaeda450cf41d4032348a6e263b501bb708bbcad9dce3a4", kill_on_drop: false }`
[INFO] running `Command { std: "docker" "exec" "-e" "SOURCE_DIR=/opt/rustwide/workdir" "-e" "CARGO_HOME=/opt/rustwide/cargo-home" "-e" "RUSTUP_HOME=/opt/rustwide/rustup-home" "-e" "CARGO_TARGET_DIR=/opt/rustwide/target" "-e" "CARGO_INCREMENTAL=0" "-e" "RUST_BACKTRACE=full" "-e" "RUSTFLAGS=--cap-lints=warn" "-e" "RUSTDOCFLAGS=--cap-lints=warn" "-w" "/opt/rustwide/workdir" "--user" "0:0" "6a5050b8fa712f4d2aaeda450cf41d4032348a6e263b501bb708bbcad9dce3a4" "/opt/rustwide/cargo-home/bin/cargo" "+1.99.0-beta.8" "test" "--frozen" "--release", kill_on_drop: false }`
[INFO] [stderr]     Finished `release` profile [optimized] target(s) in 0.18s
[INFO] [stderr]      Running unittests src/lib.rs (/opt/rustwide/target/release/deps/wompi_client-eafa30dae3be8b27)
[INFO] [stdout] 
[INFO] [stdout] running 7 tests
[INFO] [stdout] test tests::test_wompi_auth_and_crear_cargo_recurrente ... FAILED
[INFO] [stdout] test tests::test_crear_cargo_recurrente_con_imagen ... FAILED
[INFO] [stdout] test tests::test_detallar_cargo_recurrente_con_imagen ... FAILED
[INFO] [stdout] test tests::test_detallar_cargo_recurrente ... FAILED
[INFO] [stdout] test tests::test_wompi_auth_and_crear_enlace ... FAILED
[INFO] [stdout] test tests::test_listar_subscripciones ... FAILED
[INFO] [stdout] test tests::test_listar_subscripciones_de_cargo ... FAILED
[INFO] [stdout] 
[INFO] [stdout] failures:
[INFO] [stdout] 
[INFO] [stdout] ---- tests::test_wompi_auth_and_crear_cargo_recurrente stdout ----
[INFO] [stdout] 
[INFO] [stdout] thread 'tests::test_wompi_auth_and_crear_cargo_recurrente' (1539) panicked at src/lib.rs:191:58:
[INFO] [stdout] Missing WOMPI_APP_ID: NotPresent
[INFO] [stdout] stack backtrace:
[INFO] [stdout]    0:     0x564edd82b6f1 - <<std[70759c8f55707aa4]::sys::backtrace::BacktraceLock>::print::DisplayBacktrace as core[df12db4294e9bfd3]::fmt::Display>::fmt
[INFO] [stdout]    1:     0x564edd841dba - core[df12db4294e9bfd3]::fmt::write
[INFO] [stdout]    2:     0x564edd8302ac - <alloc[2182bb758b4b3781]::vec::Vec<u8> as core[df12db4294e9bfd3]::io::write::Write>::write_fmt
[INFO] [stdout]    3:     0x564edd806556 - std[70759c8f55707aa4]::panicking::default_hook::{closure#0}
[INFO] [stdout]    4:     0x564edd8235f9 - std[70759c8f55707aa4]::panicking::default_hook
[INFO] [stdout]    5:     0x564edd78b610 - test[9d35eded1c95d3be]::test_main_inner::<test[9d35eded1c95d3be]::test_main_static::{closure#0}>::{closure#0}
[INFO] [stdout]    6:     0x564edd823922 - std[70759c8f55707aa4]::panicking::panic_with_hook
[INFO] [stdout]    7:     0x564edd806602 - std[70759c8f55707aa4]::panicking::panic_handler::{closure#0}
[INFO] [stdout]    8:     0x564edd7ff2a9 - std[70759c8f55707aa4]::sys::backtrace::__rust_end_short_backtrace::<std[70759c8f55707aa4]::panicking::panic_handler::{closure#0}, !>
[INFO] [stdout]    9:     0x564edd8073ed - __rustc[8fa7c3cbc660c2b3]::rust_begin_unwind
[INFO] [stdout]   10:     0x564edd84251c - core[df12db4294e9bfd3]::panicking::panic_fmt
[INFO] [stdout]   11:     0x564edd8422f2 - core[df12db4294e9bfd3]::result::unwrap_failed
[INFO] [stdout]   12:     0x564edd6365ec - wompi_client[e74aa9dc327432cd]::tests::test_wompi_auth_and_crear_cargo_recurrente::{closure#0}
[INFO] [stdout]   13:     0x564edd645643 - <tokio[8a69a5fb2f4e7df7]::runtime::scheduler::current_thread::Context>::enter::<core[df12db4294e9bfd3]::task::poll::Poll<()>, <tokio[8a69a5fb2f4e7df7]::runtime::scheduler::current_thread::CoreGuard>::block_on<core[df12db4294e9bfd3]::pin::Pin<&mut core[df12db4294e9bfd3]::pin::Pin<&mut dyn core[df12db4294e9bfd3]::future::future::Future<Output = ()>>>>::{closure#0}::{closure#0}>
[INFO] [stdout]   14:     0x564edd63d8dc - <tokio[8a69a5fb2f4e7df7]::runtime::context::scoped::Scoped<tokio[8a69a5fb2f4e7df7]::runtime::scheduler::Context>>::set::<<tokio[8a69a5fb2f4e7df7]::runtime::scheduler::current_thread::CoreGuard>::enter<<tokio[8a69a5fb2f4e7df7]::runtime::scheduler::current_thread::CoreGuard>::block_on<core[df12db4294e9bfd3]::pin::Pin<&mut core[df12db4294e9bfd3]::pin::Pin<&mut dyn core[df12db4294e9bfd3]::future::future::Future<Output = ()>>>>::{closure#0}, core[df12db4294e9bfd3]::option::Option<()>>::{closure#0}, (alloc[2182bb758b4b3781]::boxed::Box<tokio[8a69a5fb2f4e7df7]::runtime::scheduler::current_thread::Core>, core[df12db4294e9bfd3]::option::Option<()>)>
[INFO] [stdout]   15:     0x564edd645e77 - <tokio[8a69a5fb2f4e7df7]::runtime::scheduler::current_thread::CoreGuard>::block_on::<core[df12db4294e9bfd3]::pin::Pin<&mut core[df12db4294e9bfd3]::pin::Pin<&mut dyn core[df12db4294e9bfd3]::future::future::Future<Output = ()>>>>
[INFO] [stdout]   16:     0x564edd641477 - tokio[8a69a5fb2f4e7df7]::runtime::context::runtime::enter_runtime::<<tokio[8a69a5fb2f4e7df7]::runtime::scheduler::current_thread::CurrentThread>::block_on<core[df12db4294e9bfd3]::pin::Pin<&mut dyn core[df12db4294e9bfd3]::future::future::Future<Output = ()>>>::{closure#0}, ()>
[INFO] [stdout]   17:     0x564edd644595 - <tokio[8a69a5fb2f4e7df7]::runtime::runtime::Runtime>::block_on::<core[df12db4294e9bfd3]::pin::Pin<&mut dyn core[df12db4294e9bfd3]::future::future::Future<Output = ()>>>
[INFO] [stdout]   18:     0x564edd63718b - wompi_client[e74aa9dc327432cd]::tests::test_wompi_auth_and_crear_cargo_recurrente
[INFO] [stdout]   19:     0x564edd64b139 - <wompi_client[e74aa9dc327432cd]::tests::test_wompi_auth_and_crear_cargo_recurrente::{closure#0} as core[df12db4294e9bfd3]::ops::function::FnOnce<()>>::call_once
[INFO] [stdout]   20:     0x564edd77e8fb - test[9d35eded1c95d3be]::__rust_begin_short_backtrace::<core[df12db4294e9bfd3]::result::Result<(), alloc[2182bb758b4b3781]::string::String>, fn() -> core[df12db4294e9bfd3]::result::Result<(), alloc[2182bb758b4b3781]::string::String>>
[INFO] [stdout]   21:     0x564edd78bf65 - test[9d35eded1c95d3be]::run_test::{closure#0}
[INFO] [stdout]   22:     0x564edd785824 - std[70759c8f55707aa4]::sys::backtrace::__rust_begin_short_backtrace::<test[9d35eded1c95d3be]::run_test::{closure#1}, ()>
[INFO] [stdout]   23:     0x564edd78f0c2 - <std[70759c8f55707aa4]::thread::lifecycle::spawn_unchecked<test[9d35eded1c95d3be]::run_test::{closure#1}, ()>::{closure#1} as core[df12db4294e9bfd3]::ops::function::FnOnce<()>>::call_once::{shim:vtable#0}
[INFO] [stdout]   24:     0x564edd82ac19 - <std[70759c8f55707aa4]::sys::thread::unix::Thread>::new::thread_start
[INFO] [stdout]   25:     0x7054837d1dfa - <unknown>
[INFO] [stdout]   26:     0x7054838653d4 - clone
[INFO] [stdout]   27:                0x0 - <unknown>
[INFO] [stdout] 
[INFO] [stdout] ---- tests::test_crear_cargo_recurrente_con_imagen stdout ----
[INFO] [stdout] 
[INFO] [stdout] thread 'tests::test_crear_cargo_recurrente_con_imagen' (1534) panicked at src/lib.rs:283:58:
[INFO] [stdout] Missing WOMPI_APP_ID: NotPresent
[INFO] [stdout] stack backtrace:
[INFO] [stdout]    0:     0x564edd82b6f1 - <<std[70759c8f55707aa4]::sys::backtrace::BacktraceLock>::print::DisplayBacktrace as core[df12db4294e9bfd3]::fmt::Display>::fmt
[INFO] [stdout]    1:     0x564edd841dba - core[df12db4294e9bfd3]::fmt::write
[INFO] [stdout]    2:     0x564edd8302ac - <alloc[2182bb758b4b3781]::vec::Vec<u8> as core[df12db4294e9bfd3]::io::write::Write>::write_fmt
[INFO] [stdout]    3:     0x564edd806556 - std[70759c8f55707aa4]::panicking::default_hook::{closure#0}
[INFO] [stdout]    4:     0x564edd8235f9 - std[70759c8f55707aa4]::panicking::default_hook
[INFO] [stdout]    5:     0x564edd78b610 - test[9d35eded1c95d3be]::test_main_inner::<test[9d35eded1c95d3be]::test_main_static::{closure#0}>::{closure#0}
[INFO] [stdout]    6:     0x564edd823922 - std[70759c8f55707aa4]::panicking::panic_with_hook
[INFO] [stdout]    7:     0x564edd806602 - std[70759c8f55707aa4]::panicking::panic_handler::{closure#0}
[INFO] [stdout]    8:     0x564edd7ff2a9 - std[70759c8f55707aa4]::sys::backtrace::__rust_end_short_backtrace::<std[70759c8f55707aa4]::panicking::panic_handler::{closure#0}, !>
[INFO] [stdout]    9:     0x564edd8073ed - __rustc[8fa7c3cbc660c2b3]::rust_begin_unwind
[INFO] [stdout]   10:     0x564edd84251c - core[df12db4294e9bfd3]::panicking::panic_fmt
[INFO] [stdout]   11:     0x564edd8422f2 - core[df12db4294e9bfd3]::result::unwrap_failed
[INFO] [stdout]   12:     0x564edd635516 - wompi_client[e74aa9dc327432cd]::tests::test_crear_cargo_recurrente_con_imagen::{closure#0}
[INFO] [stdout]   13:     0x564edd645643 - <tokio[8a69a5fb2f4e7df7]::runtime::scheduler::current_thread::Context>::enter::<core[df12db4294e9bfd3]::task::poll::Poll<()>, <tokio[8a69a5fb2f4e7df7]::runtime::scheduler::current_thread::CoreGuard>::block_on<core[df12db4294e9bfd3]::pin::Pin<&mut core[df12db4294e9bfd3]::pin::Pin<&mut dyn core[df12db4294e9bfd3]::future::future::Future<Output = ()>>>>::{closure#0}::{closure#0}>
[INFO] [stdout]   14:     0x564edd63d8dc - <tokio[8a69a5fb2f4e7df7]::runtime::context::scoped::Scoped<tokio[8a69a5fb2f4e7df7]::runtime::scheduler::Context>>::set::<<tokio[8a69a5fb2f4e7df7]::runtime::scheduler::current_thread::CoreGuard>::enter<<tokio[8a69a5fb2f4e7df7]::runtime::scheduler::current_thread::CoreGuard>::block_on<core[df12db4294e9bfd3]::pin::Pin<&mut core[df12db4294e9bfd3]::pin::Pin<&mut dyn core[df12db4294e9bfd3]::future::future::Future<Output = ()>>>>::{closure#0}, core[df12db4294e9bfd3]::option::Option<()>>::{closure#0}, (alloc[2182bb758b4b3781]::boxed::Box<tokio[8a69a5fb2f4e7df7]::runtime::scheduler::current_thread::Core>, core[df12db4294e9bfd3]::option::Option<()>)>
[INFO] [stdout]   15:     0x564edd645e77 - <tokio[8a69a5fb2f4e7df7]::runtime::scheduler::current_thread::CoreGuard>::block_on::<core[df12db4294e9bfd3]::pin::Pin<&mut core[df12db4294e9bfd3]::pin::Pin<&mut dyn core[df12db4294e9bfd3]::future::future::Future<Output = ()>>>>
[INFO] [stdout]   16:     0x564edd641477 - tokio[8a69a5fb2f4e7df7]::runtime::context::runtime::enter_runtime::<<tokio[8a69a5fb2f4e7df7]::runtime::scheduler::current_thread::CurrentThread>::block_on<core[df12db4294e9bfd3]::pin::Pin<&mut dyn core[df12db4294e9bfd3]::future::future::Future<Output = ()>>>::{closure#0}, ()>
[INFO] [stdout]   17:     0x564edd644595 - <tokio[8a69a5fb2f4e7df7]::runtime::runtime::Runtime>::block_on::<core[df12db4294e9bfd3]::pin::Pin<&mut dyn core[df12db4294e9bfd3]::future::future::Future<Output = ()>>>
[INFO] [stdout]   18:     0x564edd636edb - wompi_client[e74aa9dc327432cd]::tests::test_crear_cargo_recurrente_con_imagen
[INFO] [stdout]   19:     0x564edd64b0f9 - <wompi_client[e74aa9dc327432cd]::tests::test_crear_cargo_recurrente_con_imagen::{closure#0} as core[df12db4294e9bfd3]::ops::function::FnOnce<()>>::call_once
[INFO] [stdout]   20:     0x564edd77e8fb - test[9d35eded1c95d3be]::__rust_begin_short_backtrace::<core[df12db4294e9bfd3]::result::Result<(), alloc[2182bb758b4b3781]::string::String>, fn() -> core[df12db4294e9bfd3]::result::Result<(), alloc[2182bb758b4b3781]::string::String>>
[INFO] [stdout]   21:     0x564edd78bf65 - test[9d35eded1c95d3be]::run_test::{closure#0}
[INFO] [stdout]   22:     0x564edd785824 - std[70759c8f55707aa4]::sys::backtrace::__rust_begin_short_backtrace::<test[9d35eded1c95d3be]::run_test::{closure#1}, ()>
[INFO] [stdout]   23:     0x564edd78f0c2 - <std[70759c8f55707aa4]::thread::lifecycle::spawn_unchecked<test[9d35eded1c95d3be]::run_test::{closure#1}, ()>::{closure#1} as core[df12db4294e9bfd3]::ops::function::FnOnce<()>>::call_once::{shim:vtable#0}
[INFO] [stdout]   24:     0x564edd82ac19 - <std[70759c8f55707aa4]::sys::thread::unix::Thread>::new::thread_start
[INFO] [stdout]   25:     0x7054837d1dfa - <unknown>
[INFO] [stdout]   26:     0x7054838653d4 - clone
[INFO] [stdout]   27:                0x0 - <unknown>
[INFO] [stdout] 
[INFO] [stdout] ---- tests::test_detallar_cargo_recurrente_con_imagen stdout ----
[INFO] [stdout] 
[INFO] [stdout] thread 'tests::test_detallar_cargo_recurrente_con_imagen' (1536) panicked at src/lib.rs:249:14:
[INFO] [stdout] Failed to send consultar cargo recurrente request: CredentialError(NotPresent)
[INFO] [stdout] stack backtrace:
[INFO] [stdout]    0:     0x564edd82b6f1 - <<std[70759c8f55707aa4]::sys::backtrace::BacktraceLock>::print::DisplayBacktrace as core[df12db4294e9bfd3]::fmt::Display>::fmt
[INFO] [stdout]    1:     0x564edd841dba - core[df12db4294e9bfd3]::fmt::write
[INFO] [stdout]    2:     0x564edd8302ac - <alloc[2182bb758b4b3781]::vec::Vec<u8> as core[df12db4294e9bfd3]::io::write::Write>::write_fmt
[INFO] [stdout]    3:     0x564edd806556 - std[70759c8f55707aa4]::panicking::default_hook::{closure#0}
[INFO] [stdout]    4:     0x564edd8235f9 - std[70759c8f55707aa4]::panicking::default_hook
[INFO] [stdout]    5:     0x564edd78b610 - test[9d35eded1c95d3be]::test_main_inner::<test[9d35eded1c95d3be]::test_main_static::{closure#0}>::{closure#0}
[INFO] [stdout]    6:     0x564edd823922 - std[70759c8f55707aa4]::panicking::panic_with_hook
[INFO] [stdout]    7:     0x564edd806602 - std[70759c8f55707aa4]::panicking::panic_handler::{closure#0}
[INFO] [stdout]    8:     0x564edd7ff2a9 - std[70759c8f55707aa4]::sys::backtrace::__rust_end_short_backtrace::<std[70759c8f55707aa4]::panicking::panic_handler::{closure#0}, !>
[INFO] [stdout]    9:     0x564edd8073ed - __rustc[8fa7c3cbc660c2b3]::rust_begin_unwind
[INFO] [stdout]   10:     0x564edd84251c - core[df12db4294e9bfd3]::panicking::panic_fmt
[INFO] [stdout]   11:     0x564edd8422f2 - core[df12db4294e9bfd3]::result::unwrap_failed
[INFO] [stdout]   12:     0x564edd636087 - wompi_client[e74aa9dc327432cd]::tests::test_detallar_cargo_recurrente_con_imagen::{closure#0}
[INFO] [stdout]   13:     0x564edd645643 - <tokio[8a69a5fb2f4e7df7]::runtime::scheduler::current_thread::Context>::enter::<core[df12db4294e9bfd3]::task::poll::Poll<()>, <tokio[8a69a5fb2f4e7df7]::runtime::scheduler::current_thread::CoreGuard>::block_on<core[df12db4294e9bfd3]::pin::Pin<&mut core[df12db4294e9bfd3]::pin::Pin<&mut dyn core[df12db4294e9bfd3]::future::future::Future<Output = ()>>>>::{closure#0}::{closure#0}>
[INFO] [stdout]   14:     0x564edd63d8dc - <tokio[8a69a5fb2f4e7df7]::runtime::context::scoped::Scoped<tokio[8a69a5fb2f4e7df7]::runtime::scheduler::Context>>::set::<<tokio[8a69a5fb2f4e7df7]::runtime::scheduler::current_thread::CoreGuard>::enter<<tokio[8a69a5fb2f4e7df7]::runtime::scheduler::current_thread::CoreGuard>::block_on<core[df12db4294e9bfd3]::pin::Pin<&mut core[df12db4294e9bfd3]::pin::Pin<&mut dyn core[df12db4294e9bfd3]::future::future::Future<Output = ()>>>>::{closure#0}, core[df12db4294e9bfd3]::option::Option<()>>::{closure#0}, (alloc[2182bb758b4b3781]::boxed::Box<tokio[8a69a5fb2f4e7df7]::runtime::scheduler::current_thread::Core>, core[df12db4294e9bfd3]::option::Option<()>)>
[INFO] [stdout]   15:     0x564edd645e77 - <tokio[8a69a5fb2f4e7df7]::runtime::scheduler::current_thread::CoreGuard>::block_on::<core[df12db4294e9bfd3]::pin::Pin<&mut core[df12db4294e9bfd3]::pin::Pin<&mut dyn core[df12db4294e9bfd3]::future::future::Future<Output = ()>>>>
[INFO] [stdout]   16:     0x564edd641477 - tokio[8a69a5fb2f4e7df7]::runtime::context::runtime::enter_runtime::<<tokio[8a69a5fb2f4e7df7]::runtime::scheduler::current_thread::CurrentThread>::block_on<core[df12db4294e9bfd3]::pin::Pin<&mut dyn core[df12db4294e9bfd3]::future::future::Future<Output = ()>>>::{closure#0}, ()>
[INFO] [stdout]   17:     0x564edd644595 - <tokio[8a69a5fb2f4e7df7]::runtime::runtime::Runtime>::block_on::<core[df12db4294e9bfd3]::pin::Pin<&mut dyn core[df12db4294e9bfd3]::future::future::Future<Output = ()>>>
[INFO] [stdout]   18:     0x564edd63702b - wompi_client[e74aa9dc327432cd]::tests::test_detallar_cargo_recurrente_con_imagen
[INFO] [stdout]   19:     0x564edd64b119 - <wompi_client[e74aa9dc327432cd]::tests::test_detallar_cargo_recurrente_con_imagen::{closure#0} as core[df12db4294e9bfd3]::ops::function::FnOnce<()>>::call_once
[INFO] [stdout]   20:     0x564edd77e8fb - test[9d35eded1c95d3be]::__rust_begin_short_backtrace::<core[df12db4294e9bfd3]::result::Result<(), alloc[2182bb758b4b3781]::string::String>, fn() -> core[df12db4294e9bfd3]::result::Result<(), alloc[2182bb758b4b3781]::string::String>>
[INFO] [stdout]   21:     0x564edd78bf65 - test[9d35eded1c95d3be]::run_test::{closure#0}
[INFO] [stdout]   22:     0x564edd785824 - std[70759c8f55707aa4]::sys::backtrace::__rust_begin_short_backtrace::<test[9d35eded1c95d3be]::run_test::{closure#1}, ()>
[INFO] [stdout]   23:     0x564edd78f0c2 - <std[70759c8f55707aa4]::thread::lifecycle::spawn_unchecked<test[9d35eded1c95d3be]::run_test::{closure#1}, ()>::{closure#1} as core[df12db4294e9bfd3]::ops::function::FnOnce<()>>::call_once::{shim:vtable#0}
[INFO] [stdout]   24:     0x564edd82ac19 - <std[70759c8f55707aa4]::sys::thread::unix::Thread>::new::thread_start
[INFO] [stdout]   25:     0x7054837d1dfa - <unknown>
[INFO] [stdout]   26:     0x7054838653d4 - clone
[INFO] [stdout]   27:                0x0 - <unknown>
[INFO] [stdout] 
[INFO] [stdout] ---- tests::test_detallar_cargo_recurrente stdout ----
[INFO] [stdout] 
[INFO] [stdout] thread 'tests::test_detallar_cargo_recurrente' (1535) panicked at src/lib.rs:223:14:
[INFO] [stdout] Failed to send consultar cargo recurrente request: CredentialError(NotPresent)
[INFO] [stdout] stack backtrace:
[INFO] [stdout]    0:     0x564edd82b6f1 - <<std[70759c8f55707aa4]::sys::backtrace::BacktraceLock>::print::DisplayBacktrace as core[df12db4294e9bfd3]::fmt::Display>::fmt
[INFO] [stdout]    1:     0x564edd841dba - core[df12db4294e9bfd3]::fmt::write
[INFO] [stdout]    2:     0x564edd8302ac - <alloc[2182bb758b4b3781]::vec::Vec<u8> as core[df12db4294e9bfd3]::io::write::Write>::write_fmt
[INFO] [stdout]    3:     0x564edd806556 - std[70759c8f55707aa4]::panicking::default_hook::{closure#0}
[INFO] [stdout]    4:     0x564edd8235f9 - std[70759c8f55707aa4]::panicking::default_hook
[INFO] [stdout]    5:     0x564edd78b610 - test[9d35eded1c95d3be]::test_main_inner::<test[9d35eded1c95d3be]::test_main_static::{closure#0}>::{closure#0}
[INFO] [stdout]    6:     0x564edd823922 - std[70759c8f55707aa4]::panicking::panic_with_hook
[INFO] [stdout]    7:     0x564edd806602 - std[70759c8f55707aa4]::panicking::panic_handler::{closure#0}
[INFO] [stdout]    8:     0x564edd7ff2a9 - std[70759c8f55707aa4]::sys::backtrace::__rust_end_short_backtrace::<std[70759c8f55707aa4]::panicking::panic_handler::{closure#0}, !>
[INFO] [stdout]    9:     0x564edd8073ed - __rustc[8fa7c3cbc660c2b3]::rust_begin_unwind
[INFO] [stdout]   10:     0x564edd84251c - core[df12db4294e9bfd3]::panicking::panic_fmt
[INFO] [stdout]   11:     0x564edd8422f2 - core[df12db4294e9bfd3]::result::unwrap_failed
[INFO] [stdout]   12:     0x564edd630fe7 - wompi_client[e74aa9dc327432cd]::tests::test_detallar_cargo_recurrente::{closure#0}
[INFO] [stdout]   13:     0x564edd645643 - <tokio[8a69a5fb2f4e7df7]::runtime::scheduler::current_thread::Context>::enter::<core[df12db4294e9bfd3]::task::poll::Poll<()>, <tokio[8a69a5fb2f4e7df7]::runtime::scheduler::current_thread::CoreGuard>::block_on<core[df12db4294e9bfd3]::pin::Pin<&mut core[df12db4294e9bfd3]::pin::Pin<&mut dyn core[df12db4294e9bfd3]::future::future::Future<Output = ()>>>>::{closure#0}::{closure#0}>
[INFO] [stdout]   14:     0x564edd63d8dc - <tokio[8a69a5fb2f4e7df7]::runtime::context::scoped::Scoped<tokio[8a69a5fb2f4e7df7]::runtime::scheduler::Context>>::set::<<tokio[8a69a5fb2f4e7df7]::runtime::scheduler::current_thread::CoreGuard>::enter<<tokio[8a69a5fb2f4e7df7]::runtime::scheduler::current_thread::CoreGuard>::block_on<core[df12db4294e9bfd3]::pin::Pin<&mut core[df12db4294e9bfd3]::pin::Pin<&mut dyn core[df12db4294e9bfd3]::future::future::Future<Output = ()>>>>::{closure#0}, core[df12db4294e9bfd3]::option::Option<()>>::{closure#0}, (alloc[2182bb758b4b3781]::boxed::Box<tokio[8a69a5fb2f4e7df7]::runtime::scheduler::current_thread::Core>, core[df12db4294e9bfd3]::option::Option<()>)>
[INFO] [stdout]   15:     0x564edd645e77 - <tokio[8a69a5fb2f4e7df7]::runtime::scheduler::current_thread::CoreGuard>::block_on::<core[df12db4294e9bfd3]::pin::Pin<&mut core[df12db4294e9bfd3]::pin::Pin<&mut dyn core[df12db4294e9bfd3]::future::future::Future<Output = ()>>>>
[INFO] [stdout]   16:     0x564edd641477 - tokio[8a69a5fb2f4e7df7]::runtime::context::runtime::enter_runtime::<<tokio[8a69a5fb2f4e7df7]::runtime::scheduler::current_thread::CurrentThread>::block_on<core[df12db4294e9bfd3]::pin::Pin<&mut dyn core[df12db4294e9bfd3]::future::future::Future<Output = ()>>>::{closure#0}, ()>
[INFO] [stdout]   17:     0x564edd644595 - <tokio[8a69a5fb2f4e7df7]::runtime::runtime::Runtime>::block_on::<core[df12db4294e9bfd3]::pin::Pin<&mut dyn core[df12db4294e9bfd3]::future::future::Future<Output = ()>>>
[INFO] [stdout]   18:     0x564edd636aab - wompi_client[e74aa9dc327432cd]::tests::test_detallar_cargo_recurrente
[INFO] [stdout]   19:     0x564edd64b099 - <wompi_client[e74aa9dc327432cd]::tests::test_detallar_cargo_recurrente::{closure#0} as core[df12db4294e9bfd3]::ops::function::FnOnce<()>>::call_once
[INFO] [stdout]   20:     0x564edd77e8fb - test[9d35eded1c95d3be]::__rust_begin_short_backtrace::<core[df12db4294e9bfd3]::result::Result<(), alloc[2182bb758b4b3781]::string::String>, fn() -> core[df12db4294e9bfd3]::result::Result<(), alloc[2182bb758b4b3781]::string::String>>
[INFO] [stdout]   21:     0x564edd78bf65 - test[9d35eded1c95d3be]::run_test::{closure#0}
[INFO] [stdout]   22:     0x564edd785824 - std[70759c8f55707aa4]::sys::backtrace::__rust_begin_short_backtrace::<test[9d35eded1c95d3be]::run_test::{closure#1}, ()>
[INFO] [stdout]   23:     0x564edd78f0c2 - <std[70759c8f55707aa4]::thread::lifecycle::spawn_unchecked<test[9d35eded1c95d3be]::run_test::{closure#1}, ()>::{closure#1} as core[df12db4294e9bfd3]::ops::function::FnOnce<()>>::call_once::{shim:vtable#0}
[INFO] [stdout]   24:     0x564edd82ac19 - <std[70759c8f55707aa4]::sys::thread::unix::Thread>::new::thread_start
[INFO] [stdout]   25:     0x7054837d1dfa - <unknown>
[INFO] [stdout]   26:     0x7054838653d4 - clone
[INFO] [stdout]   27:                0x0 - <unknown>
[INFO] [stdout] 
[INFO] [stdout] ---- tests::test_wompi_auth_and_crear_enlace stdout ----
[INFO] [stdout] 
[INFO] [stdout] thread 'tests::test_wompi_auth_and_crear_enlace' (1540) panicked at src/lib.rs:174:14:
[INFO] [stdout] Failed to send crear enlace request: CredentialError(NotPresent)
[INFO] [stdout] stack backtrace:
[INFO] [stdout]    0:     0x564edd82b6f1 - <<std[70759c8f55707aa4]::sys::backtrace::BacktraceLock>::print::DisplayBacktrace as core[df12db4294e9bfd3]::fmt::Display>::fmt
[INFO] [stdout]    1:     0x564edd841dba - core[df12db4294e9bfd3]::fmt::write
[INFO] [stdout]    2:     0x564edd8302ac - <alloc[2182bb758b4b3781]::vec::Vec<u8> as core[df12db4294e9bfd3]::io::write::Write>::write_fmt
[INFO] [stdout]    3:     0x564edd806556 - std[70759c8f55707aa4]::panicking::default_hook::{closure#0}
[INFO] [stdout]    4:     0x564edd8235f9 - std[70759c8f55707aa4]::panicking::default_hook
[INFO] [stdout]    5:     0x564edd78b610 - test[9d35eded1c95d3be]::test_main_inner::<test[9d35eded1c95d3be]::test_main_static::{closure#0}>::{closure#0}
[INFO] [stdout]    6:     0x564edd823922 - std[70759c8f55707aa4]::panicking::panic_with_hook
[INFO] [stdout]    7:     0x564edd806602 - std[70759c8f55707aa4]::panicking::panic_handler::{closure#0}
[INFO] [stdout]    8:     0x564edd7ff2a9 - std[70759c8f55707aa4]::sys::backtrace::__rust_end_short_backtrace::<std[70759c8f55707aa4]::panicking::panic_handler::{closure#0}, !>
[INFO] [stdout]    9:     0x564edd8073ed - __rustc[8fa7c3cbc660c2b3]::rust_begin_unwind
[INFO] [stdout]   10:     0x564edd84251c - core[df12db4294e9bfd3]::panicking::panic_fmt
[INFO] [stdout]   11:     0x564edd8422f2 - core[df12db4294e9bfd3]::result::unwrap_failed
[INFO] [stdout]   12:     0x564edd631b19 - wompi_client[e74aa9dc327432cd]::tests::test_wompi_auth_and_crear_enlace::{closure#0}
[INFO] [stdout]   13:     0x564edd645643 - <tokio[8a69a5fb2f4e7df7]::runtime::scheduler::current_thread::Context>::enter::<core[df12db4294e9bfd3]::task::poll::Poll<()>, <tokio[8a69a5fb2f4e7df7]::runtime::scheduler::current_thread::CoreGuard>::block_on<core[df12db4294e9bfd3]::pin::Pin<&mut core[df12db4294e9bfd3]::pin::Pin<&mut dyn core[df12db4294e9bfd3]::future::future::Future<Output = ()>>>>::{closure#0}::{closure#0}>
[INFO] [stdout]   14:     0x564edd63d8dc - <tokio[8a69a5fb2f4e7df7]::runtime::context::scoped::Scoped<tokio[8a69a5fb2f4e7df7]::runtime::scheduler::Context>>::set::<<tokio[8a69a5fb2f4e7df7]::runtime::scheduler::current_thread::CoreGuard>::enter<<tokio[8a69a5fb2f4e7df7]::runtime::scheduler::current_thread::CoreGuard>::block_on<core[df12db4294e9bfd3]::pin::Pin<&mut core[df12db4294e9bfd3]::pin::Pin<&mut dyn core[df12db4294e9bfd3]::future::future::Future<Output = ()>>>>::{closure#0}, core[df12db4294e9bfd3]::option::Option<()>>::{closure#0}, (alloc[2182bb758b4b3781]::boxed::Box<tokio[8a69a5fb2f4e7df7]::runtime::scheduler::current_thread::Core>, core[df12db4294e9bfd3]::option::Option<()>)>
[INFO] [stdout]   15:     0x564edd645e77 - <tokio[8a69a5fb2f4e7df7]::runtime::scheduler::current_thread::CoreGuard>::block_on::<core[df12db4294e9bfd3]::pin::Pin<&mut core[df12db4294e9bfd3]::pin::Pin<&mut dyn core[df12db4294e9bfd3]::future::future::Future<Output = ()>>>>
[INFO] [stdout]   16:     0x564edd641477 - tokio[8a69a5fb2f4e7df7]::runtime::context::runtime::enter_runtime::<<tokio[8a69a5fb2f4e7df7]::runtime::scheduler::current_thread::CurrentThread>::block_on<core[df12db4294e9bfd3]::pin::Pin<&mut dyn core[df12db4294e9bfd3]::future::future::Future<Output = ()>>>::{closure#0}, ()>
[INFO] [stdout]   17:     0x564edd644595 - <tokio[8a69a5fb2f4e7df7]::runtime::runtime::Runtime>::block_on::<core[df12db4294e9bfd3]::pin::Pin<&mut dyn core[df12db4294e9bfd3]::future::future::Future<Output = ()>>>
[INFO] [stdout]   18:     0x564edd636c0b - wompi_client[e74aa9dc327432cd]::tests::test_wompi_auth_and_crear_enlace
[INFO] [stdout]   19:     0x564edd64b0b9 - <wompi_client[e74aa9dc327432cd]::tests::test_wompi_auth_and_crear_enlace::{closure#0} as core[df12db4294e9bfd3]::ops::function::FnOnce<()>>::call_once
[INFO] [stdout]   20:     0x564edd77e8fb - test[9d35eded1c95d3be]::__rust_begin_short_backtrace::<core[df12db4294e9bfd3]::result::Result<(), alloc[2182bb758b4b3781]::string::String>, fn() -> core[df12db4294e9bfd3]::result::Result<(), alloc[2182bb758b4b3781]::string::String>>
[INFO] [stdout]   21:     0x564edd78bf65 - test[9d35eded1c95d3be]::run_test::{closure#0}
[INFO] [stdout]   22:     0x564edd785824 - std[70759c8f55707aa4]::sys::backtrace::__rust_begin_short_backtrace::<test[9d35eded1c95d3be]::run_test::{closure#1}, ()>
[INFO] [stdout]   23:     0x564edd78f0c2 - <std[70759c8f55707aa4]::thread::lifecycle::spawn_unchecked<test[9d35eded1c95d3be]::run_test::{closure#1}, ()>::{closure#1} as core[df12db4294e9bfd3]::ops::function::FnOnce<()>>::call_once::{shim:vtable#0}
[INFO] [stdout]   24:     0x564edd82ac19 - <std[70759c8f55707aa4]::sys::thread::unix::Thread>::new::thread_start
[INFO] [stdout]   25:     0x7054837d1dfa - <unknown>
[INFO] [stdout]   26:     0x7054838653d4 - clone
[INFO] [stdout]   27:                0x0 - <unknown>
[INFO] [stdout] 
[INFO] [stdout] ---- tests::test_listar_subscripciones stdout ----
[INFO] [stdout] 
[INFO] [stdout] thread 'tests::test_listar_subscripciones' (1537) panicked at src/lib.rs:210:14:
[INFO] [stdout] Failed to send consultar cargo recurrente request: CredentialError(NotPresent)
[INFO] [stdout] stack backtrace:
[INFO] [stdout]    0:     0x564edd82b6f1 - <<std[70759c8f55707aa4]::sys::backtrace::BacktraceLock>::print::DisplayBacktrace as core[df12db4294e9bfd3]::fmt::Display>::fmt
[INFO] [stdout]    1:     0x564edd841dba - core[df12db4294e9bfd3]::fmt::write
[INFO] [stdout]    2:     0x564edd8302ac - <alloc[2182bb758b4b3781]::vec::Vec<u8> as core[df12db4294e9bfd3]::io::write::Write>::write_fmt
[INFO] [stdout]    3:     0x564edd806556 - std[70759c8f55707aa4]::panicking::default_hook::{closure#0}
[INFO] [stdout]    4:     0x564edd8235f9 - std[70759c8f55707aa4]::panicking::default_hook
[INFO] [stdout]    5:     0x564edd78b610 - test[9d35eded1c95d3be]::test_main_inner::<test[9d35eded1c95d3be]::test_main_static::{closure#0}>::{closure#0}
[INFO] [stdout]    6:     0x564edd823922 - std[70759c8f55707aa4]::panicking::panic_with_hook
[INFO] [stdout]    7:     0x564edd806602 - std[70759c8f55707aa4]::panicking::panic_handler::{closure#0}
[INFO] [stdout]    8:     0x564edd7ff2a9 - std[70759c8f55707aa4]::sys::backtrace::__rust_end_short_backtrace::<std[70759c8f55707aa4]::panicking::panic_handler::{closure#0}, !>
[INFO] [stdout]    9:     0x564edd8073ed - __rustc[8fa7c3cbc660c2b3]::rust_begin_unwind
[INFO] [stdout]   10:     0x564edd84251c - core[df12db4294e9bfd3]::panicking::panic_fmt
[INFO] [stdout]   11:     0x564edd8422f2 - core[df12db4294e9bfd3]::result::unwrap_failed
[INFO] [stdout]   12:     0x564edd630ad0 - wompi_client[e74aa9dc327432cd]::tests::test_listar_subscripciones::{closure#0}
[INFO] [stdout]   13:     0x564edd645643 - <tokio[8a69a5fb2f4e7df7]::runtime::scheduler::current_thread::Context>::enter::<core[df12db4294e9bfd3]::task::poll::Poll<()>, <tokio[8a69a5fb2f4e7df7]::runtime::scheduler::current_thread::CoreGuard>::block_on<core[df12db4294e9bfd3]::pin::Pin<&mut core[df12db4294e9bfd3]::pin::Pin<&mut dyn core[df12db4294e9bfd3]::future::future::Future<Output = ()>>>>::{closure#0}::{closure#0}>
[INFO] [stdout]   14:     0x564edd63d8dc - <tokio[8a69a5fb2f4e7df7]::runtime::context::scoped::Scoped<tokio[8a69a5fb2f4e7df7]::runtime::scheduler::Context>>::set::<<tokio[8a69a5fb2f4e7df7]::runtime::scheduler::current_thread::CoreGuard>::enter<<tokio[8a69a5fb2f4e7df7]::runtime::scheduler::current_thread::CoreGuard>::block_on<core[df12db4294e9bfd3]::pin::Pin<&mut core[df12db4294e9bfd3]::pin::Pin<&mut dyn core[df12db4294e9bfd3]::future::future::Future<Output = ()>>>>::{closure#0}, core[df12db4294e9bfd3]::option::Option<()>>::{closure#0}, (alloc[2182bb758b4b3781]::boxed::Box<tokio[8a69a5fb2f4e7df7]::runtime::scheduler::current_thread::Core>, core[df12db4294e9bfd3]::option::Option<()>)>
[INFO] [stdout]   15:     0x564edd645e77 - <tokio[8a69a5fb2f4e7df7]::runtime::scheduler::current_thread::CoreGuard>::block_on::<core[df12db4294e9bfd3]::pin::Pin<&mut core[df12db4294e9bfd3]::pin::Pin<&mut dyn core[df12db4294e9bfd3]::future::future::Future<Output = ()>>>>
[INFO] [stdout]   16:     0x564edd641477 - tokio[8a69a5fb2f4e7df7]::runtime::context::runtime::enter_runtime::<<tokio[8a69a5fb2f4e7df7]::runtime::scheduler::current_thread::CurrentThread>::block_on<core[df12db4294e9bfd3]::pin::Pin<&mut dyn core[df12db4294e9bfd3]::future::future::Future<Output = ()>>>::{closure#0}, ()>
[INFO] [stdout]   17:     0x564edd644595 - <tokio[8a69a5fb2f4e7df7]::runtime::runtime::Runtime>::block_on::<core[df12db4294e9bfd3]::pin::Pin<&mut dyn core[df12db4294e9bfd3]::future::future::Future<Output = ()>>>
[INFO] [stdout]   18:     0x564edd63694b - wompi_client[e74aa9dc327432cd]::tests::test_listar_subscripciones
[INFO] [stdout]   19:     0x564edd64b079 - <wompi_client[e74aa9dc327432cd]::tests::test_listar_subscripciones::{closure#0} as core[df12db4294e9bfd3]::ops::function::FnOnce<()>>::call_once
[INFO] [stdout]   20:     0x564edd77e8fb - test[9d35eded1c95d3be]::__rust_begin_short_backtrace::<core[df12db4294e9bfd3]::result::Result<(), alloc[2182bb758b4b3781]::string::String>, fn() -> core[df12db4294e9bfd3]::result::Result<(), alloc[2182bb758b4b3781]::string::String>>
[INFO] [stdout]   21:     0x564edd78bf65 - test[9d35eded1c95d3be]::run_test::{closure#0}
[INFO] [stdout]   22:     0x564edd785824 - std[70759c8f55707aa4]::sys::backtrace::__rust_begin_short_backtrace::<test[9d35eded1c95d3be]::run_test::{closure#1}, ()>
[INFO] [stdout]   23:     0x564edd78f0c2 - <std[70759c8f55707aa4]::thread::lifecycle::spawn_unchecked<test[9d35eded1c95d3be]::run_test::{closure#1}, ()>::{closure#1} as core[df12db4294e9bfd3]::ops::function::FnOnce<()>>::call_once::{shim:vtable#0}
[INFO] [stdout]   24:     0x564edd82ac19 - <std[70759c8f55707aa4]::sys::thread::unix::Thread>::new::thread_start
[INFO] [stdout]   25:     0x7054837d1dfa - <unknown>
[INFO] [stdout]   26:     0x7054838653d4 - clone
[INFO] [stdout]   27:                0x0 - <unknown>
[INFO] [stdout] 
[INFO] [stdout] ---- tests::test_listar_subscripciones_de_cargo stdout ----
[INFO] [stdout] 
[INFO] [stdout] thread 'tests::test_listar_subscripciones_de_cargo' (1538) panicked at src/lib.rs:235:14:
[INFO] [stdout] Failed to send consultar cargo recurrente request: CredentialError(NotPresent)
[INFO] [stdout] stack backtrace:
[INFO] [stdout]    0:     0x564edd82b6f1 - <<std[70759c8f55707aa4]::sys::backtrace::BacktraceLock>::print::DisplayBacktrace as core[df12db4294e9bfd3]::fmt::Display>::fmt
[INFO] [stdout]    1:     0x564edd841dba - core[df12db4294e9bfd3]::fmt::write
[INFO] [stdout]    2:     0x564edd8302ac - <alloc[2182bb758b4b3781]::vec::Vec<u8> as core[df12db4294e9bfd3]::io::write::Write>::write_fmt
[INFO] [stdout]    3:     0x564edd806556 - std[70759c8f55707aa4]::panicking::default_hook::{closure#0}
[INFO] [stdout]    4:     0x564edd8235f9 - std[70759c8f55707aa4]::panicking::default_hook
[INFO] [stdout]    5:     0x564edd78b610 - test[9d35eded1c95d3be]::test_main_inner::<test[9d35eded1c95d3be]::test_main_static::{closure#0}>::{closure#0}
[INFO] [stdout]    6:     0x564edd823922 - std[70759c8f55707aa4]::panicking::panic_with_hook
[INFO] [stdout]    7:     0x564edd806602 - std[70759c8f55707aa4]::panicking::panic_handler::{closure#0}
[INFO] [stdout]    8:     0x564edd7ff2a9 - std[70759c8f55707aa4]::sys::backtrace::__rust_end_short_backtrace::<std[70759c8f55707aa4]::panicking::panic_handler::{closure#0}, !>
[INFO] [stdout]    9:     0x564edd8073ed - __rustc[8fa7c3cbc660c2b3]::rust_begin_unwind
[INFO] [stdout]   10:     0x564edd84251c - core[df12db4294e9bfd3]::panicking::panic_fmt
[INFO] [stdout]   11:     0x564edd8422f2 - core[df12db4294e9bfd3]::result::unwrap_failed
[INFO] [stdout]   12:     0x564edd632759 - wompi_client[e74aa9dc327432cd]::tests::test_listar_subscripciones_de_cargo::{closure#0}
[INFO] [stdout]   13:     0x564edd645643 - <tokio[8a69a5fb2f4e7df7]::runtime::scheduler::current_thread::Context>::enter::<core[df12db4294e9bfd3]::task::poll::Poll<()>, <tokio[8a69a5fb2f4e7df7]::runtime::scheduler::current_thread::CoreGuard>::block_on<core[df12db4294e9bfd3]::pin::Pin<&mut core[df12db4294e9bfd3]::pin::Pin<&mut dyn core[df12db4294e9bfd3]::future::future::Future<Output = ()>>>>::{closure#0}::{closure#0}>
[INFO] [stdout]   14:     0x564edd63d8dc - <tokio[8a69a5fb2f4e7df7]::runtime::context::scoped::Scoped<tokio[8a69a5fb2f4e7df7]::runtime::scheduler::Context>>::set::<<tokio[8a69a5fb2f4e7df7]::runtime::scheduler::current_thread::CoreGuard>::enter<<tokio[8a69a5fb2f4e7df7]::runtime::scheduler::current_thread::CoreGuard>::block_on<core[df12db4294e9bfd3]::pin::Pin<&mut core[df12db4294e9bfd3]::pin::Pin<&mut dyn core[df12db4294e9bfd3]::future::future::Future<Output = ()>>>>::{closure#0}, core[df12db4294e9bfd3]::option::Option<()>>::{closure#0}, (alloc[2182bb758b4b3781]::boxed::Box<tokio[8a69a5fb2f4e7df7]::runtime::scheduler::current_thread::Core>, core[df12db4294e9bfd3]::option::Option<()>)>
[INFO] [stdout]   15:     0x564edd645e77 - <tokio[8a69a5fb2f4e7df7]::runtime::scheduler::current_thread::CoreGuard>::block_on::<core[df12db4294e9bfd3]::pin::Pin<&mut core[df12db4294e9bfd3]::pin::Pin<&mut dyn core[df12db4294e9bfd3]::future::future::Future<Output = ()>>>>
[INFO] [stdout]   16:     0x564edd641477 - tokio[8a69a5fb2f4e7df7]::runtime::context::runtime::enter_runtime::<<tokio[8a69a5fb2f4e7df7]::runtime::scheduler::current_thread::CurrentThread>::block_on<core[df12db4294e9bfd3]::pin::Pin<&mut dyn core[df12db4294e9bfd3]::future::future::Future<Output = ()>>>::{closure#0}, ()>
[INFO] [stdout]   17:     0x564edd644595 - <tokio[8a69a5fb2f4e7df7]::runtime::runtime::Runtime>::block_on::<core[df12db4294e9bfd3]::pin::Pin<&mut dyn core[df12db4294e9bfd3]::future::future::Future<Output = ()>>>
[INFO] [stdout]   18:     0x564edd636d7b - wompi_client[e74aa9dc327432cd]::tests::test_listar_subscripciones_de_cargo
[INFO] [stdout]   19:     0x564edd64b0d9 - <wompi_client[e74aa9dc327432cd]::tests::test_listar_subscripciones_de_cargo::{closure#0} as core[df12db4294e9bfd3]::ops::function::FnOnce<()>>::call_once
[INFO] [stdout]   20:     0x564edd77e8fb - test[9d35eded1c95d3be]::__rust_begin_short_backtrace::<core[df12db4294e9bfd3]::result::Result<(), alloc[2182bb758b4b3781]::string::String>, fn() -> core[df12db4294e9bfd3]::result::Result<(), alloc[2182bb758b4b3781]::string::String>>
[INFO] [stdout]   21:     0x564edd78bf65 - test[9d35eded1c95d3be]::run_test::{closure#0}
[INFO] [stdout]   22:     0x564edd785824 - std[70759c8f55707aa4]::sys::backtrace::__rust_begin_short_backtrace::<test[9d35eded1c95d3be]::run_test::{closure#1}, ()>
[INFO] [stdout]   23:     0x564edd78f0c2 - <std[70759c8f55707aa4]::thread::lifecycle::spawn_unchecked<test[9d35eded1c95d3be]::run_test::{closure#1}, ()>::{closure#1} as core[df12db4294e9bfd3]::ops::function::FnOnce<()>>::call_once::{shim:vtable#0}
[INFO] [stdout]   24:     0x564edd82ac19 - <std[70759c8f55707aa4]::sys::thread::unix::Thread>::new::thread_start
[INFO] [stdout]   25:     0x7054837d1dfa - <unknown>
[INFO] [stdout]   26:     0x7054838653d4 - clone
[INFO] [stdout]   27:                0x0 - <unknown>
[INFO] [stdout] 
[INFO] [stdout] 
[INFO] [stdout] failures:
[INFO] [stdout]     tests::test_crear_cargo_recurrente_con_imagen
[INFO] [stdout]     tests::test_detallar_cargo_recurrente
[INFO] [stdout]     tests::test_detallar_cargo_recurrente_con_imagen
[INFO] [stdout]     tests::test_listar_subscripciones
[INFO] [stdout]     tests::test_listar_subscripciones_de_cargo
[INFO] [stdout]     tests::test_wompi_auth_and_crear_cargo_recurrente
[INFO] [stdout]     tests::test_wompi_auth_and_crear_enlace
[INFO] [stdout] 
[INFO] [stdout] test result: FAILED. 0 passed; 7 failed; 0 ignored; 0 measured; 0 filtered out; finished in 0.10s
[INFO] [stdout] 
[INFO] [stderr] error: test failed, to rerun pass `--lib`
[INFO] running `Command { std: "docker" "inspect" "6a5050b8fa712f4d2aaeda450cf41d4032348a6e263b501bb708bbcad9dce3a4", kill_on_drop: false }`
[INFO] running `Command { std: "docker" "rm" "-f" "6a5050b8fa712f4d2aaeda450cf41d4032348a6e263b501bb708bbcad9dce3a4", kill_on_drop: false }`
[INFO] [stdout] 6a5050b8fa712f4d2aaeda450cf41d4032348a6e263b501bb708bbcad9dce3a4
