[INFO] fetching crate woff 0.6.3...
[INFO] testing woff-0.6.3 against 1.99.0-beta.8+cargoflags=--release for beta-release-1.100-2
[INFO] extracting crate woff 0.6.3 into /workspace/builds/worker-3-tc1/source
[INFO] started tweaking crates.io crate woff 0.6.3
[INFO] finished tweaking crates.io crate woff 0.6.3
[INFO] tweaked toml for crates.io crate woff 0.6.3 written to /workspace/builds/worker-3-tc1/source/Cargo.toml
[INFO] validating manifest of crates.io crate woff 0.6.3 on toolchain 1.99.0-beta.8
[INFO] running `Command { std: CARGO_HOME="/workspace/cargo-home" RUSTUP_HOME="/workspace/rustup-home" "/workspace/cargo-home/bin/cargo" "+1.99.0-beta.8" "metadata" "--manifest-path" "Cargo.toml" "--no-deps", kill_on_drop: false }`
[INFO] crate crates.io crate woff 0.6.3 already has a lockfile, it will not be regenerated
[INFO] running `Command { std: CARGO_HOME="/workspace/cargo-home" RUSTUP_HOME="/workspace/rustup-home" "/workspace/cargo-home/bin/cargo" "+1.99.0-beta.8" "fetch" "--manifest-path" "Cargo.toml", kill_on_drop: false }`
[INFO] [stderr]     Updating crates.io index
[INFO] [stderr]  Downloading crates ...
[INFO] [stderr]   Downloaded arguments v0.8.0
[INFO] [stderr]   Downloaded options v0.6.1
[INFO] running `Command { std: "docker" "create" "-v" "/var/lib/crater-agent-workspace/builds/worker-3-tc1/source:/opt/rustwide/workdir:ro,Z" "-v" "/var/lib/crater-agent-workspace/builds/worker-3-tc1/target:/opt/rustwide/target:rw,Z" "-v" "/var/lib/crater-agent-workspace/cargo-home:/opt/rustwide/cargo-home:ro,Z" "-v" "/var/lib/crater-agent-workspace/rustup-home:/opt/rustwide/rustup-home:ro,Z" "-m" "1610612736" "--network" "none" "ghcr.io/rust-lang/crates-build-env/linux@sha256:77db811e55d90add9212f6832c23229e3de5f1c1f9905e8cb07319ea15df73ac" "sleep" "infinity", kill_on_drop: false }`
[INFO] [stdout] 5b3f89b4d45dadd485c03d4fa8ed8e6c1aa53257ba7ef6908456ef70bffecc99
[INFO] running `Command { std: "docker" "start" "5b3f89b4d45dadd485c03d4fa8ed8e6c1aa53257ba7ef6908456ef70bffecc99", kill_on_drop: false }`
[INFO] running `Command { std: "docker" "inspect" "5b3f89b4d45dadd485c03d4fa8ed8e6c1aa53257ba7ef6908456ef70bffecc99", kill_on_drop: false }`
[INFO] running `Command { std: "docker" "exec" "-e" "SOURCE_DIR=/opt/rustwide/workdir" "-e" "CARGO_HOME=/opt/rustwide/cargo-home" "-e" "RUSTUP_HOME=/opt/rustwide/rustup-home" "-e" "CARGO_TARGET_DIR=/opt/rustwide/target" "-w" "/opt/rustwide/workdir" "--user" "0:0" "5b3f89b4d45dadd485c03d4fa8ed8e6c1aa53257ba7ef6908456ef70bffecc99" "/opt/rustwide/cargo-home/bin/cargo" "+1.99.0-beta.8" "metadata" "--no-deps" "--format-version=1", kill_on_drop: false }`
[INFO] running `Command { std: "docker" "inspect" "5b3f89b4d45dadd485c03d4fa8ed8e6c1aa53257ba7ef6908456ef70bffecc99", kill_on_drop: false }`
[INFO] running `Command { std: "docker" "exec" "-e" "SOURCE_DIR=/opt/rustwide/workdir" "-e" "CARGO_HOME=/opt/rustwide/cargo-home" "-e" "RUSTUP_HOME=/opt/rustwide/rustup-home" "-e" "CARGO_TARGET_DIR=/opt/rustwide/target" "-e" "CARGO_INCREMENTAL=0" "-e" "RUST_BACKTRACE=full" "-e" "RUSTFLAGS=--cap-lints=warn" "-e" "RUSTDOCFLAGS=--cap-lints=warn" "-w" "/opt/rustwide/workdir" "--user" "0:0" "5b3f89b4d45dadd485c03d4fa8ed8e6c1aa53257ba7ef6908456ef70bffecc99" "/opt/rustwide/cargo-home/bin/cargo" "+1.99.0-beta.8" "build" "--frozen" "--message-format=json" "--release", kill_on_drop: false }`
[INFO] [stderr]    Compiling shlex v1.3.0
[INFO] [stderr]    Compiling pkg-config v0.3.33
[INFO] [stderr]    Compiling vcpkg v0.2.15
[INFO] [stderr]    Compiling libc v0.2.175
[INFO] [stderr]    Compiling cc v1.2.34
[INFO] [stderr]    Compiling libz-sys v1.1.28
[INFO] [stderr]    Compiling woff v0.6.3 (/opt/rustwide/workdir)
[INFO] [stderr]     Finished `release` profile [optimized] target(s) in 57.90s
[INFO] running `Command { std: "docker" "inspect" "5b3f89b4d45dadd485c03d4fa8ed8e6c1aa53257ba7ef6908456ef70bffecc99", kill_on_drop: false }`
[INFO] running `Command { std: "docker" "exec" "-e" "SOURCE_DIR=/opt/rustwide/workdir" "-e" "CARGO_HOME=/opt/rustwide/cargo-home" "-e" "RUSTUP_HOME=/opt/rustwide/rustup-home" "-e" "CARGO_TARGET_DIR=/opt/rustwide/target" "-e" "CARGO_INCREMENTAL=0" "-e" "RUST_BACKTRACE=full" "-e" "RUSTFLAGS=--cap-lints=warn" "-e" "RUSTDOCFLAGS=--cap-lints=warn" "-w" "/opt/rustwide/workdir" "--user" "0:0" "5b3f89b4d45dadd485c03d4fa8ed8e6c1aa53257ba7ef6908456ef70bffecc99" "/opt/rustwide/cargo-home/bin/cargo" "+1.99.0-beta.8" "test" "--frozen" "--no-run" "--message-format=json" "--release", kill_on_drop: false }`
[INFO] [stderr]    Compiling libc v0.2.175
[INFO] [stderr]    Compiling libz-sys v1.1.28
[INFO] [stderr]    Compiling woff v0.6.3 (/opt/rustwide/workdir)
[INFO] [stderr]     Finished `release` profile [optimized] target(s) in 10.69s
[INFO] running `Command { std: "docker" "inspect" "5b3f89b4d45dadd485c03d4fa8ed8e6c1aa53257ba7ef6908456ef70bffecc99", kill_on_drop: false }`
[INFO] running `Command { std: "docker" "exec" "-e" "SOURCE_DIR=/opt/rustwide/workdir" "-e" "CARGO_HOME=/opt/rustwide/cargo-home" "-e" "RUSTUP_HOME=/opt/rustwide/rustup-home" "-e" "CARGO_TARGET_DIR=/opt/rustwide/target" "-e" "CARGO_INCREMENTAL=0" "-e" "RUST_BACKTRACE=full" "-e" "RUSTFLAGS=--cap-lints=warn" "-e" "RUSTDOCFLAGS=--cap-lints=warn" "-w" "/opt/rustwide/workdir" "--user" "0:0" "5b3f89b4d45dadd485c03d4fa8ed8e6c1aa53257ba7ef6908456ef70bffecc99" "/opt/rustwide/cargo-home/bin/cargo" "+1.99.0-beta.8" "test" "--frozen" "--release", kill_on_drop: false }`
[INFO] [stderr]     Finished `release` profile [optimized] target(s) in 0.04s
[INFO] [stderr]      Running unittests src/lib.rs (/opt/rustwide/target/release/deps/woff-1fcb218066b36715)
[INFO] [stdout] 
[INFO] [stdout] running 4 tests
[INFO] [stdout] test version1::tests::otf ... FAILED
[INFO] [stdout] test version1::tests::ttf ... FAILED
[INFO] [stderr] error: test failed, to rerun pass `--lib`
[INFO] [stdout] test version2::tests::otf ... FAILED
[INFO] [stdout] test version2::tests::ttf ... FAILED
[INFO] [stdout] 
[INFO] [stdout] failures:
[INFO] [stdout] 
[INFO] [stdout] ---- version1::tests::otf stdout ----
[INFO] [stdout] 
[INFO] [stdout] thread 'version1::tests::otf' (522) panicked at src/version1/mod.rs:67:18:
[INFO] [stdout] called `Result::unwrap()` on an `Err` value: Os { code: 2, kind: NotFound, message: "No such file or directory" }
[INFO] [stdout] stack backtrace:
[INFO] [stdout]    0:     0x619dafb43cf7 - <<std[70759c8f55707aa4]::sys::backtrace::BacktraceLock>::print::DisplayBacktrace as core[df12db4294e9bfd3]::fmt::Display>::fmt
[INFO] [stdout]    1:     0x619dafb2c7ba - core[df12db4294e9bfd3]::fmt::write
[INFO] [stdout]    2:     0x619dafb432ab - <alloc[2182bb758b4b3781]::vec::Vec<u8> as core[df12db4294e9bfd3]::io::write::Write>::write_fmt
[INFO] [stdout]    3:     0x619dafb42d8f - std[70759c8f55707aa4]::panicking::default_hook::{closure#0}
[INFO] [stdout]    4:     0x619dafb429ba - std[70759c8f55707aa4]::panicking::default_hook
[INFO] [stdout]    5:     0x619dafb424f2 - std[70759c8f55707aa4]::panicking::panic_with_hook
[INFO] [stdout]    6:     0x619dafb69861 - std[70759c8f55707aa4]::panicking::panic_handler::{closure#0}
[INFO] [stdout]    7:     0x619dafb69819 - std[70759c8f55707aa4]::sys::backtrace::__rust_end_short_backtrace::<std[70759c8f55707aa4]::panicking::panic_handler::{closure#0}, !>
[INFO] [stdout]    8:     0x619dafb69d2c - __rustc[8fa7c3cbc660c2b3]::rust_begin_unwind
[INFO] [stdout]    9:     0x619dafb2c64b - core[df12db4294e9bfd3]::panicking::panic_fmt
[INFO] [stdout]   10:     0x619dafb2f851 - core[df12db4294e9bfd3]::result::unwrap_failed
[INFO] [stdout]   11:     0x619dafb2a62a - <woff[c4739c821744b8c3]::version1::tests::otf::{closure#0} as core[df12db4294e9bfd3]::ops::function::FnOnce<()>>::call_once
[INFO] [stdout]   12:     0x619dafb8228b - test[9d35eded1c95d3be]::__rust_begin_short_backtrace::<core[df12db4294e9bfd3]::result::Result<(), alloc[2182bb758b4b3781]::string::String>, fn() -> core[df12db4294e9bfd3]::result::Result<(), alloc[2182bb758b4b3781]::string::String>>
[INFO] [stdout]   13:     0x619dafb7d89f - test[9d35eded1c95d3be]::run_test::{closure#0}
[INFO] [stdout]   14:     0x619dafb7d31c - std[70759c8f55707aa4]::sys::backtrace::__rust_begin_short_backtrace::<test[9d35eded1c95d3be]::run_test::{closure#1}, ()>
[INFO] [stdout]   15:     0x619dafb9a4dc - <std[70759c8f55707aa4]::thread::lifecycle::spawn_unchecked<test[9d35eded1c95d3be]::run_test::{closure#1}, ()>::{closure#1} as core[df12db4294e9bfd3]::ops::function::FnOnce<()>>::call_once::{shim:vtable#0}
[INFO] [stdout]   16:     0x619dafb6b0e2 - <std[70759c8f55707aa4]::sys::thread::unix::Thread>::new::thread_start
[INFO] [stdout]   17:     0x70bc06825dfa - <unknown>
[INFO] [stdout]   18:     0x70bc068b93d4 - clone
[INFO] [stdout]   19:                0x0 - <unknown>
[INFO] [stdout] 
[INFO] [stdout] ---- version1::tests::ttf stdout ----
[INFO] [stdout] 
[INFO] [stdout] thread 'version1::tests::ttf' (523) panicked at src/version1/mod.rs:85:18:
[INFO] [stdout] called `Result::unwrap()` on an `Err` value: Os { code: 2, kind: NotFound, message: "No such file or directory" }
[INFO] [stdout] stack backtrace:
[INFO] [stdout]    0:     0x619dafb43cf7 - <<std[70759c8f55707aa4]::sys::backtrace::BacktraceLock>::print::DisplayBacktrace as core[df12db4294e9bfd3]::fmt::Display>::fmt
[INFO] [stdout]    1:     0x619dafb2c7ba - core[df12db4294e9bfd3]::fmt::write
[INFO] [stdout]    2:     0x619dafb432ab - <alloc[2182bb758b4b3781]::vec::Vec<u8> as core[df12db4294e9bfd3]::io::write::Write>::write_fmt
[INFO] [stdout]    3:     0x619dafb42d8f - std[70759c8f55707aa4]::panicking::default_hook::{closure#0}
[INFO] [stdout]    4:     0x619dafb429ba - std[70759c8f55707aa4]::panicking::default_hook
[INFO] [stdout]    5:     0x619dafb424f2 - std[70759c8f55707aa4]::panicking::panic_with_hook
[INFO] [stdout]    6:     0x619dafb69861 - std[70759c8f55707aa4]::panicking::panic_handler::{closure#0}
[INFO] [stdout]    7:     0x619dafb69819 - std[70759c8f55707aa4]::sys::backtrace::__rust_end_short_backtrace::<std[70759c8f55707aa4]::panicking::panic_handler::{closure#0}, !>
[INFO] [stdout]    8:     0x619dafb69d2c - __rustc[8fa7c3cbc660c2b3]::rust_begin_unwind
[INFO] [stdout]    9:     0x619dafb2c64b - core[df12db4294e9bfd3]::panicking::panic_fmt
[INFO] [stdout]   10:     0x619dafb2f851 - core[df12db4294e9bfd3]::result::unwrap_failed
[INFO] [stdout]   11:     0x619dafb2a93a - <woff[c4739c821744b8c3]::version1::tests::ttf::{closure#0} as core[df12db4294e9bfd3]::ops::function::FnOnce<()>>::call_once
[INFO] [stdout]   12:     0x619dafb8228b - test[9d35eded1c95d3be]::__rust_begin_short_backtrace::<core[df12db4294e9bfd3]::result::Result<(), alloc[2182bb758b4b3781]::string::String>, fn() -> core[df12db4294e9bfd3]::result::Result<(), alloc[2182bb758b4b3781]::string::String>>
[INFO] [stdout]   13:     0x619dafb7d89f - test[9d35eded1c95d3be]::run_test::{closure#0}
[INFO] [stdout]   14:     0x619dafb7d31c - std[70759c8f55707aa4]::sys::backtrace::__rust_begin_short_backtrace::<test[9d35eded1c95d3be]::run_test::{closure#1}, ()>
[INFO] [stdout]   15:     0x619dafb9a4dc - <std[70759c8f55707aa4]::thread::lifecycle::spawn_unchecked<test[9d35eded1c95d3be]::run_test::{closure#1}, ()>::{closure#1} as core[df12db4294e9bfd3]::ops::function::FnOnce<()>>::call_once::{shim:vtable#0}
[INFO] [stdout]   16:     0x619dafb6b0e2 - <std[70759c8f55707aa4]::sys::thread::unix::Thread>::new::thread_start
[INFO] [stdout]   17:     0x70bc06825dfa - <unknown>
[INFO] [stdout]   18:     0x70bc068b93d4 - clone
[INFO] [stdout]   19:                0x0 - <unknown>
[INFO] [stdout] 
[INFO] [stdout] ---- version2::tests::otf stdout ----
[INFO] [stdout] 
[INFO] [stdout] thread 'version2::tests::otf' (524) panicked at src/version2/mod.rs:81:18:
[INFO] [stdout] called `Result::unwrap()` on an `Err` value: Os { code: 2, kind: NotFound, message: "No such file or directory" }
[INFO] [stdout] stack backtrace:
[INFO] [stdout]    0:     0x619dafb43cf7 - <<std[70759c8f55707aa4]::sys::backtrace::BacktraceLock>::print::DisplayBacktrace as core[df12db4294e9bfd3]::fmt::Display>::fmt
[INFO] [stdout]    1:     0x619dafb2c7ba - core[df12db4294e9bfd3]::fmt::write
[INFO] [stdout]    2:     0x619dafb432ab - <alloc[2182bb758b4b3781]::vec::Vec<u8> as core[df12db4294e9bfd3]::io::write::Write>::write_fmt
[INFO] [stdout]    3:     0x619dafb42d8f - std[70759c8f55707aa4]::panicking::default_hook::{closure#0}
[INFO] [stdout]    4:     0x619dafb429ba - std[70759c8f55707aa4]::panicking::default_hook
[INFO] [stdout]    5:     0x619dafb424f2 - std[70759c8f55707aa4]::panicking::panic_with_hook
[INFO] [stdout]    6:     0x619dafb69861 - std[70759c8f55707aa4]::panicking::panic_handler::{closure#0}
[INFO] [stdout]    7:     0x619dafb69819 - std[70759c8f55707aa4]::sys::backtrace::__rust_end_short_backtrace::<std[70759c8f55707aa4]::panicking::panic_handler::{closure#0}, !>
[INFO] [stdout]    8:     0x619dafb69d2c - __rustc[8fa7c3cbc660c2b3]::rust_begin_unwind
[INFO] [stdout]    9:     0x619dafb2c64b - core[df12db4294e9bfd3]::panicking::panic_fmt
[INFO] [stdout]   10:     0x619dafb2f851 - core[df12db4294e9bfd3]::result::unwrap_failed
[INFO] [stdout]   11:     0x619dafb2ac4a - <woff[c4739c821744b8c3]::version2::tests::otf::{closure#0} as core[df12db4294e9bfd3]::ops::function::FnOnce<()>>::call_once
[INFO] [stdout]   12:     0x619dafb8228b - test[9d35eded1c95d3be]::__rust_begin_short_backtrace::<core[df12db4294e9bfd3]::result::Result<(), alloc[2182bb758b4b3781]::string::String>, fn() -> core[df12db4294e9bfd3]::result::Result<(), alloc[2182bb758b4b3781]::string::String>>
[INFO] [stdout]   13:     0x619dafb7d89f - test[9d35eded1c95d3be]::run_test::{closure#0}
[INFO] [stdout]   14:     0x619dafb7d31c - std[70759c8f55707aa4]::sys::backtrace::__rust_begin_short_backtrace::<test[9d35eded1c95d3be]::run_test::{closure#1}, ()>
[INFO] [stdout]   15:     0x619dafb9a4dc - <std[70759c8f55707aa4]::thread::lifecycle::spawn_unchecked<test[9d35eded1c95d3be]::run_test::{closure#1}, ()>::{closure#1} as core[df12db4294e9bfd3]::ops::function::FnOnce<()>>::call_once::{shim:vtable#0}
[INFO] [stdout]   16:     0x619dafb6b0e2 - <std[70759c8f55707aa4]::sys::thread::unix::Thread>::new::thread_start
[INFO] [stdout]   17:     0x70bc06825dfa - <unknown>
[INFO] [stdout]   18:     0x70bc068b93d4 - clone
[INFO] [stdout]   19:                0x0 - <unknown>
[INFO] [stdout] 
[INFO] [stdout] ---- version2::tests::ttf stdout ----
[INFO] [stdout] 
[INFO] [stdout] thread 'version2::tests::ttf' (525) panicked at src/version2/mod.rs:100:18:
[INFO] [stdout] called `Result::unwrap()` on an `Err` value: Os { code: 2, kind: NotFound, message: "No such file or directory" }
[INFO] [stdout] stack backtrace:
[INFO] [stdout]    0:     0x619dafb43cf7 - <<std[70759c8f55707aa4]::sys::backtrace::BacktraceLock>::print::DisplayBacktrace as core[df12db4294e9bfd3]::fmt::Display>::fmt
[INFO] [stdout]    1:     0x619dafb2c7ba - core[df12db4294e9bfd3]::fmt::write
[INFO] [stdout]    2:     0x619dafb432ab - <alloc[2182bb758b4b3781]::vec::Vec<u8> as core[df12db4294e9bfd3]::io::write::Write>::write_fmt
[INFO] [stdout]    3:     0x619dafb42d8f - std[70759c8f55707aa4]::panicking::default_hook::{closure#0}
[INFO] [stdout]    4:     0x619dafb429ba - std[70759c8f55707aa4]::panicking::default_hook
[INFO] [stdout]    5:     0x619dafb424f2 - std[70759c8f55707aa4]::panicking::panic_with_hook
[INFO] [stdout]    6:     0x619dafb69861 - std[70759c8f55707aa4]::panicking::panic_handler::{closure#0}
[INFO] [stdout]    7:     0x619dafb69819 - std[70759c8f55707aa4]::sys::backtrace::__rust_end_short_backtrace::<std[70759c8f55707aa4]::panicking::panic_handler::{closure#0}, !>
[INFO] [stdout]    8:     0x619dafb69d2c - __rustc[8fa7c3cbc660c2b3]::rust_begin_unwind
[INFO] [stdout]    9:     0x619dafb2c64b - core[df12db4294e9bfd3]::panicking::panic_fmt
[INFO] [stdout]   10:     0x619dafb2f851 - core[df12db4294e9bfd3]::result::unwrap_failed
[INFO] [stdout]   11:     0x619dafb2af5a - <woff[c4739c821744b8c3]::version2::tests::ttf::{closure#0} as core[df12db4294e9bfd3]::ops::function::FnOnce<()>>::call_once
[INFO] [stdout]   12:     0x619dafb8228b - test[9d35eded1c95d3be]::__rust_begin_short_backtrace::<core[df12db4294e9bfd3]::result::Result<(), alloc[2182bb758b4b3781]::string::String>, fn() -> core[df12db4294e9bfd3]::result::Result<(), alloc[2182bb758b4b3781]::string::String>>
[INFO] [stdout]   13:     0x619dafb7d89f - test[9d35eded1c95d3be]::run_test::{closure#0}
[INFO] [stdout]   14:     0x619dafb7d31c - std[70759c8f55707aa4]::sys::backtrace::__rust_begin_short_backtrace::<test[9d35eded1c95d3be]::run_test::{closure#1}, ()>
[INFO] [stdout]   15:     0x619dafb9a4dc - <std[70759c8f55707aa4]::thread::lifecycle::spawn_unchecked<test[9d35eded1c95d3be]::run_test::{closure#1}, ()>::{closure#1} as core[df12db4294e9bfd3]::ops::function::FnOnce<()>>::call_once::{shim:vtable#0}
[INFO] [stdout]   16:     0x619dafb6b0e2 - <std[70759c8f55707aa4]::sys::thread::unix::Thread>::new::thread_start
[INFO] [stdout]   17:     0x70bc06825dfa - <unknown>
[INFO] [stdout]   18:     0x70bc068b93d4 - clone
[INFO] [stdout]   19:                0x0 - <unknown>
[INFO] [stdout] 
[INFO] [stdout] 
[INFO] [stdout] failures:
[INFO] [stdout]     version1::tests::otf
[INFO] [stdout]     version1::tests::ttf
[INFO] [stdout]     version2::tests::otf
[INFO] [stdout]     version2::tests::ttf
[INFO] [stdout] 
[INFO] [stdout] test result: FAILED. 0 passed; 4 failed; 0 ignored; 0 measured; 0 filtered out; finished in 0.01s
[INFO] [stdout] 
[INFO] running `Command { std: "docker" "inspect" "5b3f89b4d45dadd485c03d4fa8ed8e6c1aa53257ba7ef6908456ef70bffecc99", kill_on_drop: false }`
[INFO] running `Command { std: "docker" "rm" "-f" "5b3f89b4d45dadd485c03d4fa8ed8e6c1aa53257ba7ef6908456ef70bffecc99", kill_on_drop: false }`
[INFO] [stdout] 5b3f89b4d45dadd485c03d4fa8ed8e6c1aa53257ba7ef6908456ef70bffecc99
