[INFO] fetching crate wml2 0.0.35...
[INFO] testing wml2-0.0.35 against 1.99.0-beta.8+cargoflags=--release for beta-release-1.100-2
[INFO] extracting crate wml2 0.0.35 into /workspace/builds/worker-7-tc1/source
[INFO] started tweaking crates.io crate wml2 0.0.35
[INFO] removed 0 missing examples
[INFO] removed 0 missing tests
[INFO] finished tweaking crates.io crate wml2 0.0.35
[INFO] tweaked toml for crates.io crate wml2 0.0.35 written to /workspace/builds/worker-7-tc1/source/Cargo.toml
[INFO] validating manifest of crates.io crate wml2 0.0.35 on toolchain 1.99.0-beta.8
[INFO] running `Command { std: CARGO_HOME="/workspace/cargo-home" RUSTUP_HOME="/workspace/rustup-home" "/workspace/cargo-home/bin/cargo" "+1.99.0-beta.8" "metadata" "--manifest-path" "Cargo.toml" "--no-deps", kill_on_drop: false }`
[INFO] crate crates.io crate wml2 0.0.35 already has a lockfile, it will not be regenerated
[INFO] running `Command { std: CARGO_HOME="/workspace/cargo-home" RUSTUP_HOME="/workspace/rustup-home" "/workspace/cargo-home/bin/cargo" "+1.99.0-beta.8" "fetch" "--manifest-path" "Cargo.toml", kill_on_drop: false }`
[INFO] [stderr]     Updating crates.io index
[INFO] [stderr]  Downloading crates ...
[INFO] [stderr]   Downloaded bin-rs v0.0.10
[INFO] [stderr]   Downloaded miniz_oxide v0.7.4
[INFO] [stderr]   Downloaded gamut-core v0.1.0
[INFO] [stderr]   Downloaded avifenc-rust v0.0.7
[INFO] [stderr]   Downloaded gamut-bitstream v0.2.1
[INFO] [stderr]   Downloaded gamut-dsp v0.2.1
[INFO] [stderr]   Downloaded gamut-core v0.2.0
[INFO] [stderr]   Downloaded icc-profile v0.0.6
[INFO] [stderr]   Downloaded webp-rust v0.3.2
[INFO] [stderr]   Downloaded avif-rust v0.0.8
[INFO] running `Command { std: "docker" "create" "-v" "/var/lib/crater-agent-workspace/builds/worker-7-tc1/source:/opt/rustwide/workdir:ro,Z" "-v" "/var/lib/crater-agent-workspace/builds/worker-7-tc1/target:/opt/rustwide/target:rw,Z" "-v" "/var/lib/crater-agent-workspace/cargo-home:/opt/rustwide/cargo-home:ro,Z" "-v" "/var/lib/crater-agent-workspace/rustup-home:/opt/rustwide/rustup-home:ro,Z" "-m" "1610612736" "--network" "none" "ghcr.io/rust-lang/crates-build-env/linux@sha256:77db811e55d90add9212f6832c23229e3de5f1c1f9905e8cb07319ea15df73ac" "sleep" "infinity", kill_on_drop: false }`
[INFO] [stdout] 4a04a4063ab385b57bef65906b2ce70b5c865d8d2e0eed7712925b349c7cc261
[INFO] running `Command { std: "docker" "start" "4a04a4063ab385b57bef65906b2ce70b5c865d8d2e0eed7712925b349c7cc261", kill_on_drop: false }`
[INFO] running `Command { std: "docker" "inspect" "4a04a4063ab385b57bef65906b2ce70b5c865d8d2e0eed7712925b349c7cc261", kill_on_drop: false }`
[INFO] running `Command { std: "docker" "exec" "-e" "SOURCE_DIR=/opt/rustwide/workdir" "-e" "CARGO_HOME=/opt/rustwide/cargo-home" "-e" "RUSTUP_HOME=/opt/rustwide/rustup-home" "-e" "CARGO_TARGET_DIR=/opt/rustwide/target" "-w" "/opt/rustwide/workdir" "--user" "0:0" "4a04a4063ab385b57bef65906b2ce70b5c865d8d2e0eed7712925b349c7cc261" "/opt/rustwide/cargo-home/bin/cargo" "+1.99.0-beta.8" "metadata" "--no-deps" "--format-version=1", kill_on_drop: false }`
[INFO] running `Command { std: "docker" "inspect" "4a04a4063ab385b57bef65906b2ce70b5c865d8d2e0eed7712925b349c7cc261", kill_on_drop: false }`
[INFO] running `Command { std: "docker" "exec" "-e" "SOURCE_DIR=/opt/rustwide/workdir" "-e" "CARGO_HOME=/opt/rustwide/cargo-home" "-e" "RUSTUP_HOME=/opt/rustwide/rustup-home" "-e" "CARGO_TARGET_DIR=/opt/rustwide/target" "-e" "CARGO_INCREMENTAL=0" "-e" "RUST_BACKTRACE=full" "-e" "RUSTFLAGS=--cap-lints=warn" "-e" "RUSTDOCFLAGS=--cap-lints=warn" "-w" "/opt/rustwide/workdir" "--user" "0:0" "4a04a4063ab385b57bef65906b2ce70b5c865d8d2e0eed7712925b349c7cc261" "/opt/rustwide/cargo-home/bin/cargo" "+1.99.0-beta.8" "build" "--frozen" "--message-format=json" "--release", kill_on_drop: false }`
[INFO] [stderr]    Compiling bin-rs v0.0.10
[INFO] [stderr]    Compiling miniz_oxide v0.7.4
[INFO] [stderr]    Compiling webp-rust v0.3.2
[INFO] [stderr]    Compiling wml2 v0.0.35 (/opt/rustwide/workdir)
[INFO] [stdout] warning: function `draw_rgba` is never used
[INFO] [stdout]    --> src/retro.rs:252:15
[INFO] [stdout]     |
[INFO] [stdout] 252 | pub(crate) fn draw_rgba(
[INFO] [stdout]     |               ^^^^^^^^^
[INFO] [stdout]     |
[INFO] [stdout]     = note: `#[warn(dead_code)]` (part of `#[warn(unused)]`) on by default
[INFO] [stdout] 
[INFO] [stdout] 
[INFO] [stderr]     Finished `release` profile [optimized] target(s) in 24.62s
[INFO] running `Command { std: "docker" "inspect" "4a04a4063ab385b57bef65906b2ce70b5c865d8d2e0eed7712925b349c7cc261", kill_on_drop: false }`
[INFO] running `Command { std: "docker" "exec" "-e" "SOURCE_DIR=/opt/rustwide/workdir" "-e" "CARGO_HOME=/opt/rustwide/cargo-home" "-e" "RUSTUP_HOME=/opt/rustwide/rustup-home" "-e" "CARGO_TARGET_DIR=/opt/rustwide/target" "-e" "CARGO_INCREMENTAL=0" "-e" "RUST_BACKTRACE=full" "-e" "RUSTFLAGS=--cap-lints=warn" "-e" "RUSTDOCFLAGS=--cap-lints=warn" "-w" "/opt/rustwide/workdir" "--user" "0:0" "4a04a4063ab385b57bef65906b2ce70b5c865d8d2e0eed7712925b349c7cc261" "/opt/rustwide/cargo-home/bin/cargo" "+1.99.0-beta.8" "test" "--frozen" "--no-run" "--message-format=json" "--release", kill_on_drop: false }`
[INFO] [stderr]    Compiling wml2 v0.0.35 (/opt/rustwide/workdir)
[INFO] [stdout] warning: function `draw_rgba` is never used
[INFO] [stdout]    --> src/retro.rs:252:15
[INFO] [stdout]     |
[INFO] [stdout] 252 | pub(crate) fn draw_rgba(
[INFO] [stdout]     |               ^^^^^^^^^
[INFO] [stdout]     |
[INFO] [stdout]     = note: `#[warn(dead_code)]` (part of `#[warn(unused)]`) on by default
[INFO] [stdout] 
[INFO] [stdout] 
[INFO] [stdout] warning: function `draw_rgba` is never used
[INFO] [stdout]    --> src/retro.rs:252:15
[INFO] [stdout]     |
[INFO] [stdout] 252 | pub(crate) fn draw_rgba(
[INFO] [stdout]     |               ^^^^^^^^^
[INFO] [stdout]     |
[INFO] [stdout]     = note: `#[warn(dead_code)]` (part of `#[warn(unused)]`) on by default
[INFO] [stdout] 
[INFO] [stdout] 
[INFO] [stderr]     Finished `release` profile [optimized] target(s) in 30.52s
[INFO] running `Command { std: "docker" "inspect" "4a04a4063ab385b57bef65906b2ce70b5c865d8d2e0eed7712925b349c7cc261", kill_on_drop: false }`
[INFO] running `Command { std: "docker" "exec" "-e" "SOURCE_DIR=/opt/rustwide/workdir" "-e" "CARGO_HOME=/opt/rustwide/cargo-home" "-e" "RUSTUP_HOME=/opt/rustwide/rustup-home" "-e" "CARGO_TARGET_DIR=/opt/rustwide/target" "-e" "CARGO_INCREMENTAL=0" "-e" "RUST_BACKTRACE=full" "-e" "RUSTFLAGS=--cap-lints=warn" "-e" "RUSTDOCFLAGS=--cap-lints=warn" "-w" "/opt/rustwide/workdir" "--user" "0:0" "4a04a4063ab385b57bef65906b2ce70b5c865d8d2e0eed7712925b349c7cc261" "/opt/rustwide/cargo-home/bin/cargo" "+1.99.0-beta.8" "test" "--frozen" "--release", kill_on_drop: false }`
[INFO] [stderr] warning: function `draw_rgba` is never used
[INFO] [stderr]    --> src/retro.rs:252:15
[INFO] [stderr]     |
[INFO] [stderr] 252 | pub(crate) fn draw_rgba(
[INFO] [stderr]     |               ^^^^^^^^^
[INFO] [stderr]     |
[INFO] [stderr]     = note: `#[warn(dead_code)]` (part of `#[warn(unused)]`) on by default
[INFO] [stderr] 
[INFO] [stderr] warning: `wml2` (lib) generated 1 warning
[INFO] [stderr] warning: `wml2` (lib test) generated 1 warning (1 duplicate)
[INFO] [stderr]     Finished `release` profile [optimized] target(s) in 0.03s
[INFO] [stderr]      Running unittests src/lib.rs (/opt/rustwide/target/release/deps/wml2-15297320297452a5)
[INFO] [stdout] 
[INFO] [stdout] running 56 tests
[INFO] [stdout] test encoder::lzw::tests::gif_lzw_roundtrips_against_decoder ... ok
[INFO] [stdout] test encoder::lzw::tests::gif_lzw_roundtrips_sparse_two_color_runs ... ok
[INFO] [stdout] test decoder::ccitt::tests::value_handles_long_fill_without_recursing ... ok
[INFO] [stdout] test encoder::lzw::tests::gif_lzw_roundtrips_small_sequence ... ok
[INFO] [stdout] test encoder::lzw::tests::gif_lzw_roundtrips_repetitive_two_color_runs ... ok
[INFO] [stdout] test ico::decoder::tests::bmp_payload_icon_applies_and_mask ... ok
[INFO] [stdout] test gif::decoder::tests::zero_and_one_centisecond_delays_are_normalized ... ok
[INFO] [stdout] test jpeg::encoder::fdct::tests::fdct_produces_finite_values_for_level_shifted_gradient ... ok
[INFO] [stdout] test metadata::c2pa::tests::jpeg_app11_extracts_direct_jumbf_payload ... ok
[INFO] [stdout] test metadata::c2pa::tests::cbor_box_json_contains_decoded_claim_content ... ok
[INFO] [stdout] test metadata::c2pa::tests::jumbf_json_contains_label_uuid_and_raw_payload ... ok
[INFO] [stdout] test ico::decoder::tests::png_payload_icon_decodes ... ok
[INFO] [stdout] test ico::decoder::tests::format_check_recognizes_ico ... ok
[INFO] [stdout] test decoder::lzw::tests::bounded_tiff_lzw_checks_expansion_and_stream_end ... ok
[INFO] [stdout] test encoder::lzw::tests::gif_lzw_roundtrips_three_color_transparent_canvas ... ok
[INFO] [stdout] test encoder::lzw::tests::tiff_lzw_lsb_roundtrips_against_decoder ... ok
[INFO] [stdout] test limits::tests::inflation_and_aggregate_metadata_stop_at_the_budget ... ok
[INFO] [stdout] test metadata::exif::tests::tag_edit_helpers_sort_and_replace_tags ... ok
[INFO] [stdout] test limits::tests::sparse_reader_lengths_keep_finite_budgets_and_unlimited_offsets ... ok
[INFO] [stdout] test metadata::tests::json_pretty_formats_like_json_stringify_indent_two ... ok
[INFO] [stdout] test metadata::c2pa::tests::c2pa_to_text_keeps_claim_name_and_actions_only ... ok
[INFO] [stdout] test png::utils::tests::decode_icc_profile_rejects_nonzero_compression_method ... ok
[INFO] [stdout] test png::utils::tests::decode_icc_profile_rejects_truncated_payloads ... ok
[INFO] [stdout] test retro::tests::read_all_accepts_empty_and_unlimited_streams ... ok
[INFO] [stdout] test retro::tests::read_all_budget_counts_remaining_bytes_and_restores_position_on_rejection ... ok
[INFO] [stdout] test retro::tests::read_all_checks_input_budget_before_reading_or_allocating ... ok
[INFO] [stdout] test retro::tests::read_all_default_budget_rejects_oversized_stream_before_io ... ok
[INFO] [stdout] test encoder::lzw::tests::tiff_lzw_msb_roundtrips_against_decoder ... ok
[INFO] [stdout] test tiff::block::tests::rejects_mixed_storage ... ok
[INFO] [stdout] test tiff::color::tests::cmyk_black_uses_key_channel ... ok
[INFO] [stdout] test tiff::color::tests::grayscale_associated_alpha_is_converted ... ok
[INFO] [stdout] test retro::tests::read_all_propagates_stream_io_errors ... ok
[INFO] [stdout] test tiff::decoder::jpeg::tests::old_jpeg_block_payload_is_limited_before_read ... ok
[INFO] [stdout] test retro::tests::read_all_reads_bytes_reader_to_end ... ok
[INFO] [stdout] test tiff::color::tests::associated_alpha_is_unpremultiplied ... ok
[INFO] [stdout] test tiff::color::tests::white_is_zero_is_normalized_before_unassociation ... ok
[INFO] [stdout] test tiff::decoder::compression::tests::lsb_candidate_comparison_is_charged_before_decoding ... ok
[INFO] [stdout] test tiff::decoder::compression::tests::old_libtiff_lzw_uses_lsb_late_code_width_changes ... ok
[INFO] [stdout] test tiff::decoder::compression::tests::standard_tiff_lzw_uses_msb_early_change ... ok
[INFO] [stdout] test tiff::decoder::jpeg::tests::old_jpeg_assembly_append_respects_expanded_byte_limit ... ok
[INFO] [stdout] test tiff::encode_ifd::tests::big_layout_keeps_offsets_and_counts_above_classic_range ... ok
[INFO] [stdout] test tiff::decoder::compression::tests::wml2_lzw_lsb_is_separate_from_old_libtiff_detection ... ok
[INFO] [stdout] test tiff::ifd::tests::shared_metadata_is_allowed_but_cannot_be_reused_as_an_image_ifd ... ok
[INFO] [stdout] test util::tests::short_buffers_return_unknown_instead_of_panicking ... ok
[INFO] [stdout] test util::tests::short_riff_header_does_not_panic ... ok
[INFO] [stdout] test tiff::sample::tests::reads_lsb_first_packed_samples ... ok
[INFO] [stdout] test tiff::ifd::tests::wide_field_types_keep_full_payload_in_both_byte_orders ... ok
[INFO] [stdout] test tiff::predictor::tests::restores_16_bit_carry_before_quantization ... ok
[INFO] [stdout] test tiff::sample::tests::reads_samples_that_cross_byte_boundaries ... ok
[INFO] [stdout] test jpeg::encoder::fdct::tests::fdct_produces_finite_values_for_signed_pattern ... ok
[INFO] [stdout] test retro::tests::read_all_checks_input_budget_before_reading_or_narrowing ... ok
[INFO] [stdout] test tiff::ifd::tests::huge_bigtiff_directory_count_is_rejected_before_allocation ... ok
[INFO] [stdout] test metadata::exif::tests::gps_coordinate_roundtrips_decimal_values ... ok
[INFO] [stdout] test tiff::decoder::compression::tests::lsb_candidate_with_premature_eoi_does_not_hide_the_complete_variant ... ok
[INFO] [stdout] test tiff::decoder::compression::tests::tiff_lzw_requires_clear_eoi_and_exact_block_length ... ok
[INFO] [stdout] test tiff::sample::tests::reads_packed_samples ... ok
[INFO] [stdout] 
[INFO] [stdout] test result: ok. 56 passed; 0 failed; 0 ignored; 0 measured; 0 filtered out; finished in 0.07s
[INFO] [stdout] 
[INFO] [stderr]      Running tests/avif_feature_off.rs (/opt/rustwide/target/release/deps/avif_feature_off-3f60bafef74ed432)
[INFO] [stdout] 
[INFO] [stdout] running 1 test
[INFO] [stdout] test avif_is_not_advertised_or_decodable_without_feature ... FAILED
[INFO] [stdout] 
[INFO] [stdout] failures:
[INFO] [stdout] 
[INFO] [stdout] ---- avif_is_not_advertised_or_decodable_without_feature stdout ----
[INFO] [stdout] 
[INFO] [stdout] thread 'avif_is_not_advertised_or_decodable_without_feature' (1477) panicked at tests/avif_feature_off.rs:13:43:
[INFO] [stdout] sample AVIF should exist: Os { code: 2, kind: NotFound, message: "No such file or directory" }
[INFO] [stdout] stack backtrace:
[INFO] [stdout]    0:     0x5c1882130311 - <<std[70759c8f55707aa4]::sys::backtrace::BacktraceLock>::print::DisplayBacktrace as core[df12db4294e9bfd3]::fmt::Display>::fmt
[INFO] [stdout]    1:     0x5c18821444ea - core[df12db4294e9bfd3]::fmt::write
[INFO] [stdout]    2:     0x5c18821347ac - <alloc[2182bb758b4b3781]::vec::Vec<u8> as core[df12db4294e9bfd3]::io::write::Write>::write_fmt
[INFO] [stdout]    3:     0x5c188210c3d6 - std[70759c8f55707aa4]::panicking::default_hook::{closure#0}
[INFO] [stdout]    4:     0x5c1882128759 - std[70759c8f55707aa4]::panicking::default_hook
[INFO] [stdout]    5:     0x5c18820c4480 - test[9d35eded1c95d3be]::test_main_inner::<test[9d35eded1c95d3be]::test_main_static::{closure#0}>::{closure#0}
[INFO] [stdout]    6:     0x5c1882128912 - std[70759c8f55707aa4]::panicking::panic_with_hook
[INFO] [stdout]    7:     0x5c188210c482 - std[70759c8f55707aa4]::panicking::panic_handler::{closure#0}
[INFO] [stdout]    8:     0x5c1882105079 - std[70759c8f55707aa4]::sys::backtrace::__rust_end_short_backtrace::<std[70759c8f55707aa4]::panicking::panic_handler::{closure#0}, !>
[INFO] [stdout]    9:     0x5c188210d07d - __rustc[8fa7c3cbc660c2b3]::rust_begin_unwind
[INFO] [stdout]   10:     0x5c1882144c1c - core[df12db4294e9bfd3]::panicking::panic_fmt
[INFO] [stdout]   11:     0x5c18821449f2 - core[df12db4294e9bfd3]::result::unwrap_failed
[INFO] [stdout]   12:     0x5c18820b69d9 - <avif_feature_off[eab62ee978cdacb8]::avif_is_not_advertised_or_decodable_without_feature::{closure#0} as core[df12db4294e9bfd3]::ops::function::FnOnce<()>>::call_once
[INFO] [stdout]   13:     0x5c18820b776b - test[9d35eded1c95d3be]::__rust_begin_short_backtrace::<core[df12db4294e9bfd3]::result::Result<(), alloc[2182bb758b4b3781]::string::String>, fn() -> core[df12db4294e9bfd3]::result::Result<(), alloc[2182bb758b4b3781]::string::String>>
[INFO] [stdout]   14:     0x5c18820c4dd5 - test[9d35eded1c95d3be]::run_test::{closure#0}
[INFO] [stdout]   15:     0x5c18820be694 - std[70759c8f55707aa4]::sys::backtrace::__rust_begin_short_backtrace::<test[9d35eded1c95d3be]::run_test::{closure#1}, ()>
[INFO] [stdout]   16:     0x5c18820c7f32 - <std[70759c8f55707aa4]::thread::lifecycle::spawn_unchecked<test[9d35eded1c95d3be]::run_test::{closure#1}, ()>::{closure#1} as core[df12db4294e9bfd3]::ops::function::FnOnce<()>>::call_once::{shim:vtable#0}
[INFO] [stdout]   17:     0x5c188212f8c9 - <std[70759c8f55707aa4]::sys::thread::unix::Thread>::new::thread_start
[INFO] [stdout]   18:     0x703c572e9dfa - <unknown>
[INFO] [stdout]   19:     0x703c5737d3d4 - clone
[INFO] [stdout]   20:                0x0 - <unknown>
[INFO] [stdout] 
[INFO] [stdout] 
[INFO] [stdout] failures:
[INFO] [stdout]     avif_is_not_advertised_or_decodable_without_feature
[INFO] [stdout] 
[INFO] [stdout] test result: FAILED. 0 passed; 1 failed; 0 ignored; 0 measured; 0 filtered out; finished in 0.00s
[INFO] [stdout] 
[INFO] [stderr] error: test failed, to rerun pass `--test avif_feature_off`
[INFO] running `Command { std: "docker" "inspect" "4a04a4063ab385b57bef65906b2ce70b5c865d8d2e0eed7712925b349c7cc261", kill_on_drop: false }`
[INFO] running `Command { std: "docker" "rm" "-f" "4a04a4063ab385b57bef65906b2ce70b5c865d8d2e0eed7712925b349c7cc261", kill_on_drop: false }`
[INFO] [stdout] 4a04a4063ab385b57bef65906b2ce70b5c865d8d2e0eed7712925b349c7cc261
