[INFO] fetching crate wl-screenrec 0.2.0...
[INFO] testing wl-screenrec-0.2.0 against 1.100.0-beta.1+cargoflags=--release for beta-release-1.100-2
[INFO] extracting crate wl-screenrec 0.2.0 into /workspace/builds/worker-2-tc2/source
[INFO] started tweaking crates.io crate wl-screenrec 0.2.0
[INFO] removed 0 missing tests
[INFO] finished tweaking crates.io crate wl-screenrec 0.2.0
[INFO] tweaked toml for crates.io crate wl-screenrec 0.2.0 written to /workspace/builds/worker-2-tc2/source/Cargo.toml
[INFO] validating manifest of crates.io crate wl-screenrec 0.2.0 on toolchain 1.100.0-beta.1
[INFO] running `Command { std: CARGO_HOME="/workspace/cargo-home" RUSTUP_HOME="/workspace/rustup-home" "/workspace/cargo-home/bin/cargo" "+1.100.0-beta.1" "metadata" "--manifest-path" "Cargo.toml" "--no-deps", kill_on_drop: false }`
[INFO] crate crates.io crate wl-screenrec 0.2.0 already has a lockfile, it will not be regenerated
[INFO] running `Command { std: CARGO_HOME="/workspace/cargo-home" RUSTUP_HOME="/workspace/rustup-home" "/workspace/cargo-home/bin/cargo" "+1.100.0-beta.1" "fetch" "--manifest-path" "Cargo.toml", kill_on_drop: false }`
[INFO] [stderr] warning: `package.homepage` is redundant with `package.repository`
[INFO] [stderr]   --> Cargo.toml:94:12
[INFO] [stderr]    |
[INFO] [stderr] 94 | homepage = "https://github.com/russelltg/wl-screenrec"
[INFO] [stderr]    |            ^^^^^^^^^^^^^^^^^^^^^^^^^^^^^^^^^^^^^^^^^^^
[INFO] [stderr] ...
[INFO] [stderr] 98 | repository = "https://github.com/russelltg/wl-screenrec"
[INFO] [stderr]    |              -------------------------------------------
[INFO] [stderr]    |
[INFO] [stderr]    = note: `cargo::redundant_homepage` is set to `warn` by default
[INFO] [stderr] help: consider removing `package.homepage`
[INFO] [stderr] warning: `wl-screenrec` (manifest) generated 1 warning
[INFO] running `Command { std: "docker" "create" "-v" "/var/lib/crater-agent-workspace/builds/worker-2-tc2/source:/opt/rustwide/workdir:ro,Z" "-v" "/var/lib/crater-agent-workspace/builds/worker-2-tc2/target:/opt/rustwide/target:rw,Z" "-v" "/var/lib/crater-agent-workspace/cargo-home:/opt/rustwide/cargo-home:ro,Z" "-v" "/var/lib/crater-agent-workspace/rustup-home:/opt/rustwide/rustup-home:ro,Z" "-m" "1610612736" "--network" "none" "ghcr.io/rust-lang/crates-build-env/linux@sha256:77db811e55d90add9212f6832c23229e3de5f1c1f9905e8cb07319ea15df73ac" "sleep" "infinity", kill_on_drop: false }`
[INFO] [stdout] 2cf77215904ac97122d89679080c818b74f82582aa6d965c117d84bc89d4b40a
[INFO] running `Command { std: "docker" "start" "2cf77215904ac97122d89679080c818b74f82582aa6d965c117d84bc89d4b40a", kill_on_drop: false }`
[INFO] running `Command { std: "docker" "inspect" "2cf77215904ac97122d89679080c818b74f82582aa6d965c117d84bc89d4b40a", kill_on_drop: false }`
[INFO] running `Command { std: "docker" "exec" "-e" "SOURCE_DIR=/opt/rustwide/workdir" "-e" "CARGO_HOME=/opt/rustwide/cargo-home" "-e" "RUSTUP_HOME=/opt/rustwide/rustup-home" "-e" "CARGO_TARGET_DIR=/opt/rustwide/target" "-w" "/opt/rustwide/workdir" "--user" "0:0" "2cf77215904ac97122d89679080c818b74f82582aa6d965c117d84bc89d4b40a" "/opt/rustwide/cargo-home/bin/cargo" "+1.100.0-beta.1" "metadata" "--no-deps" "--format-version=1", kill_on_drop: false }`
[INFO] running `Command { std: "docker" "inspect" "2cf77215904ac97122d89679080c818b74f82582aa6d965c117d84bc89d4b40a", kill_on_drop: false }`
[INFO] running `Command { std: "docker" "exec" "-e" "SOURCE_DIR=/opt/rustwide/workdir" "-e" "CARGO_HOME=/opt/rustwide/cargo-home" "-e" "RUSTUP_HOME=/opt/rustwide/rustup-home" "-e" "CARGO_TARGET_DIR=/opt/rustwide/target" "-e" "CARGO_INCREMENTAL=0" "-e" "RUST_BACKTRACE=full" "-e" "RUSTFLAGS=--cap-lints=warn" "-e" "RUSTDOCFLAGS=--cap-lints=warn" "-w" "/opt/rustwide/workdir" "--user" "0:0" "2cf77215904ac97122d89679080c818b74f82582aa6d965c117d84bc89d4b40a" "/opt/rustwide/cargo-home/bin/cargo" "+1.100.0-beta.1" "build" "--frozen" "--message-format=json" "--release", kill_on_drop: false }`
[INFO] [stderr] warning: `package.homepage` is redundant with `package.repository`
[INFO] [stderr]   --> Cargo.toml:94:12
[INFO] [stderr]    |
[INFO] [stderr] 94 | homepage = "https://github.com/russelltg/wl-screenrec"
[INFO] [stderr]    |            ^^^^^^^^^^^^^^^^^^^^^^^^^^^^^^^^^^^^^^^^^^^
[INFO] [stderr] ...
[INFO] [stderr] 98 | repository = "https://github.com/russelltg/wl-screenrec"
[INFO] [stderr]    |              -------------------------------------------
[INFO] [stderr]    |
[INFO] [stderr]    = note: `cargo::redundant_homepage` is set to `warn` by default
[INFO] [stderr] help: consider removing `package.homepage`
[INFO] [stderr] warning: `wl-screenrec` (manifest) generated 1 warning
[INFO] [stderr]    Compiling proc-macro2 v1.0.106
[INFO] [stderr]    Compiling unicode-ident v1.0.24
[INFO] [stderr]    Compiling quote v1.0.45
[INFO] [stderr]    Compiling libc v0.2.186
[INFO] [stderr]    Compiling memchr v2.8.0
[INFO] [stderr]    Compiling find-msvc-tools v0.1.10
[INFO] [stderr]    Compiling pkg-config v0.3.33
[INFO] [stderr]    Compiling shlex v2.0.1
[INFO] [stderr]    Compiling glob v0.3.3
[INFO] [stderr]    Compiling regex-syntax v0.8.10
[INFO] [stderr]    Compiling cc v1.4.2
[INFO] [stderr]    Compiling minimal-lexical v0.2.1
[INFO] [stderr]    Compiling clang-sys v1.8.1
[INFO] [stderr]    Compiling cfg-if v1.0.4
[INFO] [stderr]    Compiling libloading v0.8.9
[INFO] [stderr]    Compiling bitflags v2.13.1
[INFO] [stderr]    Compiling nom v7.1.3
[INFO] [stderr]    Compiling either v1.15.0
[INFO] [stderr]    Compiling rustix v1.1.4
[INFO] [stderr]    Compiling syn v2.0.117
[INFO] [stderr]    Compiling log v0.4.29
[INFO] [stderr]    Compiling bindgen v0.72.1
[INFO] [stderr]    Compiling itertools v0.13.0
[INFO] [stderr]    Compiling rustc-hash v2.1.2
[INFO] [stderr]    Compiling shlex v1.3.0
[INFO] [stderr]    Compiling linux-raw-sys v0.12.1
[INFO] [stderr]    Compiling num_cpus v1.17.0
[INFO] [stderr]    Compiling wayland-sys v0.31.11
[INFO] [stderr]    Compiling regex-automata v0.4.14
[INFO] [stderr]    Compiling wayland-backend v0.3.15
[INFO] [stderr]    Compiling utf8parse v0.2.2
[INFO] [stderr]    Compiling anstyle-parse v1.0.0
[INFO] [stderr]    Compiling quick-xml v0.39.4
[INFO] [stderr]    Compiling anstyle-query v1.1.5
[INFO] [stderr]    Compiling cexpr v0.6.0
[INFO] [stderr]    Compiling drm-sys v0.8.1
[INFO] [stderr]    Compiling colorchoice v1.0.5
[INFO] [stderr]    Compiling wayland-client v0.31.14
[INFO] [stderr]    Compiling is_terminal_polyfill v1.70.2
[INFO] [stderr]    Compiling downcast-rs v1.2.1
[INFO] [stderr]    Compiling anstyle v1.0.14
[INFO] [stderr]    Compiling smallvec v1.15.1
[INFO] [stderr]    Compiling anstream v1.0.0
[INFO] [stderr]    Compiling errno v0.3.14
[INFO] [stderr]    Compiling strsim v0.11.1
[INFO] [stderr]    Compiling time-core v0.1.8
[INFO] [stderr]    Compiling num-conv v0.2.1
[INFO] [stderr]    Compiling heck v0.5.0
[INFO] [stderr]    Compiling clap_lex v1.1.0
[INFO] [stderr]    Compiling signal-hook v0.4.4
[INFO] [stderr]    Compiling wayland-scanner v0.31.10
[INFO] [stderr]    Compiling regex v1.12.3
[INFO] [stderr]    Compiling powerfmt v0.2.0
[INFO] [stderr]    Compiling drm-fourcc v2.2.0
[INFO] [stderr]    Compiling linux-raw-sys v0.9.4
[INFO] [stderr]    Compiling deranged v0.5.8
[INFO] [stderr]    Compiling clap_builder v4.6.0
[INFO] [stderr]    Compiling time-macros v0.2.27
[INFO] [stderr]    Compiling signal-hook-registry v1.4.8
[INFO] [stderr]    Compiling thiserror v2.0.18
[INFO] [stderr]    Compiling anyhow v1.0.102
[INFO] [stderr]    Compiling num_threads v0.1.7
[INFO] [stderr]    Compiling itoa v1.0.18
[INFO] [stderr]    Compiling ffmpeg-next v9.0.0
[INFO] [stderr]    Compiling time v0.3.47
[INFO] [stderr]    Compiling mio v1.2.0
[INFO] [stderr]    Compiling termcolor v1.4.1
[INFO] [stderr]    Compiling wl-screenrec v0.2.0 (/opt/rustwide/workdir)
[INFO] [stderr]    Compiling log-once v0.4.1
[INFO] [stderr]    Compiling human-size v0.4.3
[INFO] [stderr]    Compiling signal-hook-mio v0.3.0
[INFO] [stderr]    Compiling clap_derive v4.6.1
[INFO] [stderr]    Compiling bytemuck_derive v1.10.2
[INFO] [stderr]    Compiling thiserror-impl v2.0.18
[INFO] [stderr]    Compiling simplelog v0.12.2
[INFO] [stderr]    Compiling bytemuck v1.25.0
[INFO] [stderr]    Compiling clap v4.6.1
[INFO] [stderr]    Compiling clap_complete v4.6.5
[INFO] [stderr]    Compiling drm-ffi v0.9.1
[INFO] [stderr]    Compiling drm v0.15.0
[INFO] [stderr]    Compiling ffmpeg-sys-next v9.0.0
[INFO] [stderr]    Compiling wayland-protocols v0.32.12
[INFO] [stderr]    Compiling wayland-protocols-wlr v0.3.12
[INFO] [stderr]     Finished `release` profile [optimized] target(s) in 2m 05s
[INFO] running `Command { std: "docker" "inspect" "2cf77215904ac97122d89679080c818b74f82582aa6d965c117d84bc89d4b40a", kill_on_drop: false }`
[INFO] running `Command { std: "docker" "exec" "-e" "SOURCE_DIR=/opt/rustwide/workdir" "-e" "CARGO_HOME=/opt/rustwide/cargo-home" "-e" "RUSTUP_HOME=/opt/rustwide/rustup-home" "-e" "CARGO_TARGET_DIR=/opt/rustwide/target" "-e" "CARGO_INCREMENTAL=0" "-e" "RUST_BACKTRACE=full" "-e" "RUSTFLAGS=--cap-lints=warn" "-e" "RUSTDOCFLAGS=--cap-lints=warn" "-w" "/opt/rustwide/workdir" "--user" "0:0" "2cf77215904ac97122d89679080c818b74f82582aa6d965c117d84bc89d4b40a" "/opt/rustwide/cargo-home/bin/cargo" "+1.100.0-beta.1" "test" "--frozen" "--no-run" "--message-format=json" "--release", kill_on_drop: false }`
[INFO] [stderr] warning: `package.homepage` is redundant with `package.repository`
[INFO] [stderr]   --> Cargo.toml:94:12
[INFO] [stderr]    |
[INFO] [stderr] 94 | homepage = "https://github.com/russelltg/wl-screenrec"
[INFO] [stderr]    |            ^^^^^^^^^^^^^^^^^^^^^^^^^^^^^^^^^^^^^^^^^^^
[INFO] [stderr] ...
[INFO] [stderr] 98 | repository = "https://github.com/russelltg/wl-screenrec"
[INFO] [stderr]    |              -------------------------------------------
[INFO] [stderr]    |
[INFO] [stderr]    = note: `cargo::redundant_homepage` is set to `warn` by default
[INFO] [stderr] help: consider removing `package.homepage`
[INFO] [stderr] warning: `wl-screenrec` (manifest) generated 1 warning
[INFO] [stderr]    Compiling libc v0.2.186
[INFO] [stderr]    Compiling cfg_aliases v0.2.1
[INFO] [stderr]    Compiling zmij v1.0.21
[INFO] [stderr]    Compiling serde_core v1.0.228
[INFO] [stderr]    Compiling serde_json v1.0.149
[INFO] [stderr]    Compiling memchr v2.8.0
[INFO] [stderr]    Compiling cfg-if v1.0.4
[INFO] [stderr]    Compiling nix v0.31.3
[INFO] [stderr]    Compiling errno v0.3.14
[INFO] [stderr]    Compiling mio v1.2.0
[INFO] [stderr]    Compiling ffmpeg-sys-next v9.0.0
[INFO] [stderr]    Compiling time v0.3.47
[INFO] [stderr]    Compiling signal-hook-registry v1.4.8
[INFO] [stderr]    Compiling signal-hook v0.4.4
[INFO] [stderr]    Compiling signal-hook-mio v0.3.0
[INFO] [stderr]    Compiling simplelog v0.12.2
[INFO] [stderr]    Compiling ffmpeg-next v9.0.0
[INFO] [stderr]    Compiling wl-screenrec v0.2.0 (/opt/rustwide/workdir)
[INFO] [stderr]     Finished `release` profile [optimized] target(s) in 1m 17s
[INFO] [stderr] warning: the following packages contain code that will be rejected by a future version of Rust: nix v0.31.3
[INFO] [stderr] note: to see what the problems were, use the option `--future-incompat-report`, or run `cargo report future-incompatibilities --id 1`
[INFO] running `Command { std: "docker" "inspect" "2cf77215904ac97122d89679080c818b74f82582aa6d965c117d84bc89d4b40a", kill_on_drop: false }`
[INFO] running `Command { std: "docker" "exec" "-e" "SOURCE_DIR=/opt/rustwide/workdir" "-e" "CARGO_HOME=/opt/rustwide/cargo-home" "-e" "RUSTUP_HOME=/opt/rustwide/rustup-home" "-e" "CARGO_TARGET_DIR=/opt/rustwide/target" "-e" "CARGO_INCREMENTAL=0" "-e" "RUST_BACKTRACE=full" "-e" "RUSTFLAGS=--cap-lints=warn" "-e" "RUSTDOCFLAGS=--cap-lints=warn" "-w" "/opt/rustwide/workdir" "--user" "0:0" "2cf77215904ac97122d89679080c818b74f82582aa6d965c117d84bc89d4b40a" "/opt/rustwide/cargo-home/bin/cargo" "+1.100.0-beta.1" "test" "--frozen" "--release", kill_on_drop: false }`
[INFO] [stderr] warning: `package.homepage` is redundant with `package.repository`
[INFO] [stderr]   --> Cargo.toml:94:12
[INFO] [stderr]    |
[INFO] [stderr] 94 | homepage = "https://github.com/russelltg/wl-screenrec"
[INFO] [stderr]    |            ^^^^^^^^^^^^^^^^^^^^^^^^^^^^^^^^^^^^^^^^^^^
[INFO] [stderr] ...
[INFO] [stderr] 98 | repository = "https://github.com/russelltg/wl-screenrec"
[INFO] [stderr]    |              -------------------------------------------
[INFO] [stderr]    |
[INFO] [stderr]    = note: `cargo::redundant_homepage` is set to `warn` by default
[INFO] [stderr] help: consider removing `package.homepage`
[INFO] [stderr] warning: `wl-screenrec` (manifest) generated 1 warning
[INFO] [stderr]     Finished `release` profile [optimized] target(s) in 0.19s
[INFO] [stderr] warning: the following packages contain code that will be rejected by a future version of Rust: nix v0.31.3
[INFO] [stderr] note: to see what the problems were, use the option `--future-incompat-report`, or run `cargo report future-incompatibilities --id 1`
[INFO] [stderr]      Running unittests src/main.rs (/opt/rustwide/target/release/build/wl-screenrec/15bdd4a15fae742c/out/wl_screenrec-15bdd4a15fae742c)
[INFO] [stdout] 
[INFO] [stdout] running 8 tests
[INFO] [stdout] test fps_limit::test::basic ... ok
[INFO] [stdout] test fps_limit::test::synthetic_120hz ... ok
[INFO] [stdout] test transform::test::screen_to_frame_normal ... ok
[INFO] [stdout] test transform::test::transform_transposed ... ok
[INFO] [stdout] test transform::test::fit_inside_bounds ... ok
[INFO] [stdout] test fps_limit::test::large_skip ... ok
[INFO] [stdout] test transform::test::screen_to_frame_270 ... ok
[INFO] [stdout] test transform::test::screen_to_frame_90 ... ok
[INFO] [stdout] 
[INFO] [stdout] test result: ok. 8 passed; 0 failed; 0 ignored; 0 measured; 0 filtered out; finished in 0.01s
[INFO] [stdout] 
[INFO] [stderr]      Running tests/cmdline.rs (/opt/rustwide/target/release/build/wl-screenrec/30fdfbfd574244c9/out/cmdline-30fdfbfd574244c9)
[INFO] [stdout] 
[INFO] [stdout] running 3 tests
[INFO] [stdout] test basic ... FAILED
[INFO] [stdout] test history_clip_length ... FAILED
[INFO] [stderr] error: test failed, to rerun pass `--test cmdline`
[INFO] [stdout] test scale ... FAILED
[INFO] [stdout] 
[INFO] [stdout] failures:
[INFO] [stdout] 
[INFO] [stdout] ---- basic stdout ----
[INFO] [stdout] [tests/cmdline.rs:91:32] wl_screenrec() = "/opt/rustwide/target/release/build/wl-screenrec/30fdfbfd574244c9/wl-screenrec"
[INFO] [stdout] 
[INFO] [stdout] thread 'basic' (2546) panicked at tests/cmdline.rs:97:10:
[INFO] [stdout] called `Result::unwrap()` on an `Err` value: Os { code: 2, kind: NotFound, message: "No such file or directory" }
[INFO] [stdout] stack backtrace:
[INFO] [stdout]    0:     0x57d146843fa6 - <<std[617be2ca0a6fd877]::sys::backtrace::BacktraceLock>::print::DisplayBacktrace as core[a373ad73a504971]::fmt::Display>::fmt
[INFO] [stdout]    1:     0x57d1467f2dda - core[a373ad73a504971]::fmt::write
[INFO] [stdout]    2:     0x57d1468494ac - <alloc[2e1b2a31b91974c5]::vec::Vec<u8> as core[a373ad73a504971]::io::write::Write>::write_fmt
[INFO] [stdout]    3:     0x57d146821152 - std[617be2ca0a6fd877]::panicking::default_hook::{closure#0}
[INFO] [stdout]    4:     0x57d14683c8b1 - std[617be2ca0a6fd877]::panicking::default_hook
[INFO] [stdout]    5:     0x57d14683ca92 - std[617be2ca0a6fd877]::panicking::panic_with_hook
[INFO] [stdout]    6:     0x57d146821202 - std[617be2ca0a6fd877]::panicking::panic_handler::{closure#0}
[INFO] [stdout]    7:     0x57d146819ff9 - std[617be2ca0a6fd877]::sys::backtrace::__rust_end_short_backtrace::<std[617be2ca0a6fd877]::panicking::panic_handler::{closure#0}, !>
[INFO] [stdout]    8:     0x57d146821e1d - __rustc[ea4f61d10b84890b]::rust_begin_unwind
[INFO] [stdout]    9:     0x57d1467f34cc - core[a373ad73a504971]::panicking::panic_fmt
[INFO] [stdout]   10:     0x57d1467f32a2 - core[a373ad73a504971]::result::unwrap_failed
[INFO] [stdout]   11:     0x57d1467ebf72 - <cmdline[6b24a4be03fd0a86]::basic::{closure#0} as core[a373ad73a504971]::ops::function::FnOnce<()>>::call_once
[INFO] [stdout]   12:     0x57d14684b12b - test[aada8e7e76ba119b]::__rust_begin_short_backtrace::<core[a373ad73a504971]::result::Result<(), alloc[2e1b2a31b91974c5]::string::String>, fn() -> core[a373ad73a504971]::result::Result<(), alloc[2e1b2a31b91974c5]::string::String>>
[INFO] [stdout]   13:     0x57d146858fd4 - test[aada8e7e76ba119b]::run_test::{closure#0}
[INFO] [stdout]   14:     0x57d146852704 - std[617be2ca0a6fd877]::sys::backtrace::__rust_begin_short_backtrace::<test[aada8e7e76ba119b]::run_test::{closure#1}, ()>
[INFO] [stdout]   15:     0x57d14685cd92 - <std[617be2ca0a6fd877]::thread::lifecycle::spawn_unchecked<test[aada8e7e76ba119b]::run_test::{closure#1}, ()>::{closure#1} as core[a373ad73a504971]::ops::function::FnOnce<()>>::call_once::{shim:vtable#0}
[INFO] [stdout]   16:     0x57d146843824 - <std[617be2ca0a6fd877]::sys::thread::unix::Thread>::new::thread_start
[INFO] [stdout]   17:     0x7caa764f7dfa - <unknown>
[INFO] [stdout]   18:     0x7caa7658b3d4 - clone
[INFO] [stdout]   19:                0x0 - <unknown>
[INFO] [stdout] 
[INFO] [stdout] ---- history_clip_length stdout ----
[INFO] [stdout] [tests/cmdline.rs:30:32] wl_screenrec() = "/opt/rustwide/target/release/build/wl-screenrec/30fdfbfd574244c9/wl-screenrec"
[INFO] [stdout] 
[INFO] [stdout] thread 'history_clip_length' (2547) panicked at tests/cmdline.rs:39:10:
[INFO] [stdout] called `Result::unwrap()` on an `Err` value: Os { code: 2, kind: NotFound, message: "No such file or directory" }
[INFO] [stdout] stack backtrace:
[INFO] [stdout]    0:     0x57d146843fa6 - <<std[617be2ca0a6fd877]::sys::backtrace::BacktraceLock>::print::DisplayBacktrace as core[a373ad73a504971]::fmt::Display>::fmt
[INFO] [stdout]    1:     0x57d1467f2dda - core[a373ad73a504971]::fmt::write
[INFO] [stdout]    2:     0x57d1468494ac - <alloc[2e1b2a31b91974c5]::vec::Vec<u8> as core[a373ad73a504971]::io::write::Write>::write_fmt
[INFO] [stdout]    3:     0x57d146821152 - std[617be2ca0a6fd877]::panicking::default_hook::{closure#0}
[INFO] [stdout]    4:     0x57d14683c8b1 - std[617be2ca0a6fd877]::panicking::default_hook
[INFO] [stdout]    5:     0x57d14683ca92 - std[617be2ca0a6fd877]::panicking::panic_with_hook
[INFO] [stdout]    6:     0x57d146821202 - std[617be2ca0a6fd877]::panicking::panic_handler::{closure#0}
[INFO] [stdout]    7:     0x57d146819ff9 - std[617be2ca0a6fd877]::sys::backtrace::__rust_end_short_backtrace::<std[617be2ca0a6fd877]::panicking::panic_handler::{closure#0}, !>
[INFO] [stdout]    8:     0x57d146821e1d - __rustc[ea4f61d10b84890b]::rust_begin_unwind
[INFO] [stdout]    9:     0x57d1467f34cc - core[a373ad73a504971]::panicking::panic_fmt
[INFO] [stdout]   10:     0x57d1467f32a2 - core[a373ad73a504971]::result::unwrap_failed
[INFO] [stdout]   11:     0x57d1467eb983 - <cmdline[6b24a4be03fd0a86]::history_clip_length::{closure#0} as core[a373ad73a504971]::ops::function::FnOnce<()>>::call_once
[INFO] [stdout]   12:     0x57d14684b12b - test[aada8e7e76ba119b]::__rust_begin_short_backtrace::<core[a373ad73a504971]::result::Result<(), alloc[2e1b2a31b91974c5]::string::String>, fn() -> core[a373ad73a504971]::result::Result<(), alloc[2e1b2a31b91974c5]::string::String>>
[INFO] [stdout]   13:     0x57d146858fd4 - test[aada8e7e76ba119b]::run_test::{closure#0}
[INFO] [stdout]   14:     0x57d146852704 - std[617be2ca0a6fd877]::sys::backtrace::__rust_begin_short_backtrace::<test[aada8e7e76ba119b]::run_test::{closure#1}, ()>
[INFO] [stdout]   15:     0x57d14685cd92 - <std[617be2ca0a6fd877]::thread::lifecycle::spawn_unchecked<test[aada8e7e76ba119b]::run_test::{closure#1}, ()>::{closure#1} as core[a373ad73a504971]::ops::function::FnOnce<()>>::call_once::{shim:vtable#0}
[INFO] [stdout]   16:     0x57d146843824 - <std[617be2ca0a6fd877]::sys::thread::unix::Thread>::new::thread_start
[INFO] [stdout]   17:     0x7caa764f7dfa - <unknown>
[INFO] [stdout]   18:     0x7caa7658b3d4 - clone
[INFO] [stdout]   19:                0x0 - <unknown>
[INFO] [stdout] 
[INFO] [stdout] ---- scale stdout ----
[INFO] [stdout] [tests/cmdline.rs:66:32] wl_screenrec() = "/opt/rustwide/target/release/build/wl-screenrec/30fdfbfd574244c9/wl-screenrec"
[INFO] [stdout] 
[INFO] [stdout] thread 'scale' (2550) panicked at tests/cmdline.rs:74:10:
[INFO] [stdout] called `Result::unwrap()` on an `Err` value: Os { code: 2, kind: NotFound, message: "No such file or directory" }
[INFO] [stdout] stack backtrace:
[INFO] [stdout]    0:     0x57d146843fa6 - <<std[617be2ca0a6fd877]::sys::backtrace::BacktraceLock>::print::DisplayBacktrace as core[a373ad73a504971]::fmt::Display>::fmt
[INFO] [stdout]    1:     0x57d1467f2dda - core[a373ad73a504971]::fmt::write
[INFO] [stdout]    2:     0x57d1468494ac - <alloc[2e1b2a31b91974c5]::vec::Vec<u8> as core[a373ad73a504971]::io::write::Write>::write_fmt
[INFO] [stdout]    3:     0x57d146821152 - std[617be2ca0a6fd877]::panicking::default_hook::{closure#0}
[INFO] [stdout]    4:     0x57d14683c8b1 - std[617be2ca0a6fd877]::panicking::default_hook
[INFO] [stdout]    5:     0x57d14683ca92 - std[617be2ca0a6fd877]::panicking::panic_with_hook
[INFO] [stdout]    6:     0x57d146821202 - std[617be2ca0a6fd877]::panicking::panic_handler::{closure#0}
[INFO] [stdout]    7:     0x57d146819ff9 - std[617be2ca0a6fd877]::sys::backtrace::__rust_end_short_backtrace::<std[617be2ca0a6fd877]::panicking::panic_handler::{closure#0}, !>
[INFO] [stdout]    8:     0x57d146821e1d - __rustc[ea4f61d10b84890b]::rust_begin_unwind
[INFO] [stdout]    9:     0x57d1467f34cc - core[a373ad73a504971]::panicking::panic_fmt
[INFO] [stdout]   10:     0x57d1467f32a2 - core[a373ad73a504971]::result::unwrap_failed
[INFO] [stdout]   11:     0x57d1467ec667 - <cmdline[6b24a4be03fd0a86]::scale::{closure#0} as core[a373ad73a504971]::ops::function::FnOnce<()>>::call_once
[INFO] [stdout]   12:     0x57d14684b12b - test[aada8e7e76ba119b]::__rust_begin_short_backtrace::<core[a373ad73a504971]::result::Result<(), alloc[2e1b2a31b91974c5]::string::String>, fn() -> core[a373ad73a504971]::result::Result<(), alloc[2e1b2a31b91974c5]::string::String>>
[INFO] [stdout]   13:     0x57d146858fd4 - test[aada8e7e76ba119b]::run_test::{closure#0}
[INFO] [stdout]   14:     0x57d146852704 - std[617be2ca0a6fd877]::sys::backtrace::__rust_begin_short_backtrace::<test[aada8e7e76ba119b]::run_test::{closure#1}, ()>
[INFO] [stdout]   15:     0x57d14685cd92 - <std[617be2ca0a6fd877]::thread::lifecycle::spawn_unchecked<test[aada8e7e76ba119b]::run_test::{closure#1}, ()>::{closure#1} as core[a373ad73a504971]::ops::function::FnOnce<()>>::call_once::{shim:vtable#0}
[INFO] [stdout]   16:     0x57d146843824 - <std[617be2ca0a6fd877]::sys::thread::unix::Thread>::new::thread_start
[INFO] [stdout]   17:     0x7caa764f7dfa - <unknown>
[INFO] [stdout]   18:     0x7caa7658b3d4 - clone
[INFO] [stdout]   19:                0x0 - <unknown>
[INFO] [stdout] 
[INFO] [stdout] 
[INFO] [stdout] failures:
[INFO] [stdout]     basic
[INFO] [stdout]     history_clip_length
[INFO] [stdout]     scale
[INFO] [stdout] 
[INFO] [stdout] test result: FAILED. 0 passed; 3 failed; 0 ignored; 0 measured; 0 filtered out; finished in 0.00s
[INFO] [stdout] 
[INFO] running `Command { std: "docker" "inspect" "2cf77215904ac97122d89679080c818b74f82582aa6d965c117d84bc89d4b40a", kill_on_drop: false }`
[INFO] running `Command { std: "docker" "rm" "-f" "2cf77215904ac97122d89679080c818b74f82582aa6d965c117d84bc89d4b40a", kill_on_drop: false }`
[INFO] [stdout] 2cf77215904ac97122d89679080c818b74f82582aa6d965c117d84bc89d4b40a
