[INFO] fetching crate wizrpc 0.1.7...
[INFO] testing wizrpc-0.1.7 against 1.99.0-beta.8+cargoflags=--release for beta-release-1.100-2
[INFO] extracting crate wizrpc 0.1.7 into /workspace/builds/worker-7-tc1/source
[INFO] started tweaking crates.io crate wizrpc 0.1.7
[INFO] finished tweaking crates.io crate wizrpc 0.1.7
[INFO] tweaked toml for crates.io crate wizrpc 0.1.7 written to /workspace/builds/worker-7-tc1/source/Cargo.toml
[INFO] validating manifest of crates.io crate wizrpc 0.1.7 on toolchain 1.99.0-beta.8
[INFO] running `Command { std: CARGO_HOME="/workspace/cargo-home" RUSTUP_HOME="/workspace/rustup-home" "/workspace/cargo-home/bin/cargo" "+1.99.0-beta.8" "metadata" "--manifest-path" "Cargo.toml" "--no-deps", kill_on_drop: false }`
[INFO] running `Command { std: CARGO_HOME="/workspace/cargo-home" RUSTUP_HOME="/workspace/rustup-home" "/workspace/cargo-home/bin/cargo" "+1.99.0-beta.8" "generate-lockfile" "--manifest-path" "Cargo.toml", kill_on_drop: false }`
[INFO] [stderr]     Updating crates.io index
[INFO] [stderr]      Locking 121 packages to highest compatible versions
[INFO] [stderr]       Adding local-ip-address v0.5.7 (available: v0.6.13)
[INFO] [stderr]       Adding optional_struct v0.3.2 (available: v0.5.2)
[INFO] [stderr]       Adding rand v0.8.8 (available: v0.10.3)
[INFO] [stderr]       Adding serial_test v2.0.0 (available: v4.0.1)
[INFO] [stderr]       Adding strum v0.25.0 (available: v0.28.0)
[INFO] [stderr]       Adding strum_macros v0.25.3 (available: v0.28.0)
[INFO] [stderr]       Adding surge-ping v0.8.4 (available: v0.9.1)
[INFO] [stderr]       Adding thiserror v1.0.69 (available: v2.0.21)
[INFO] running `Command { std: CARGO_HOME="/workspace/cargo-home" RUSTUP_HOME="/workspace/rustup-home" "/workspace/cargo-home/bin/cargo" "+1.99.0-beta.8" "fetch" "--manifest-path" "Cargo.toml", kill_on_drop: false }`
[INFO] [stderr]  Downloading crates ...
[INFO] [stderr]   Downloaded optional_struct_export v0.3.2
[INFO] [stderr]   Downloaded retry v2.2.0
[INFO] [stderr]   Downloaded serial_test v2.0.0
[INFO] [stderr]   Downloaded optional_struct_macro_impl v0.3.2
[INFO] [stderr]   Downloaded optional_struct v0.3.2
[INFO] [stderr]   Downloaded serial_test_derive v2.0.0
[INFO] [stderr]   Downloaded neli-proc-macros v0.1.4
[INFO] [stderr]   Downloaded local-ip-address v0.5.7
[INFO] [stderr]   Downloaded neli v0.6.5
[INFO] [stderr]   Downloaded macaddr v1.0.1
[INFO] [stderr]   Downloaded field_types v1.1.0
[INFO] running `Command { std: "docker" "create" "-v" "/var/lib/crater-agent-workspace/builds/worker-7-tc1/source:/opt/rustwide/workdir:ro,Z" "-v" "/var/lib/crater-agent-workspace/builds/worker-7-tc1/target:/opt/rustwide/target:rw,Z" "-v" "/var/lib/crater-agent-workspace/cargo-home:/opt/rustwide/cargo-home:ro,Z" "-v" "/var/lib/crater-agent-workspace/rustup-home:/opt/rustwide/rustup-home:ro,Z" "-m" "1610612736" "--network" "none" "ghcr.io/rust-lang/crates-build-env/linux@sha256:77db811e55d90add9212f6832c23229e3de5f1c1f9905e8cb07319ea15df73ac" "sleep" "infinity", kill_on_drop: false }`
[INFO] [stdout] dddc4c75ecb9b3cb557e181437be5dcf3594c20423b9190c957e2abc48a9b68c
[INFO] running `Command { std: "docker" "start" "dddc4c75ecb9b3cb557e181437be5dcf3594c20423b9190c957e2abc48a9b68c", kill_on_drop: false }`
[INFO] running `Command { std: "docker" "inspect" "dddc4c75ecb9b3cb557e181437be5dcf3594c20423b9190c957e2abc48a9b68c", kill_on_drop: false }`
[INFO] running `Command { std: "docker" "exec" "-e" "SOURCE_DIR=/opt/rustwide/workdir" "-e" "CARGO_HOME=/opt/rustwide/cargo-home" "-e" "RUSTUP_HOME=/opt/rustwide/rustup-home" "-e" "CARGO_TARGET_DIR=/opt/rustwide/target" "-w" "/opt/rustwide/workdir" "--user" "0:0" "dddc4c75ecb9b3cb557e181437be5dcf3594c20423b9190c957e2abc48a9b68c" "/opt/rustwide/cargo-home/bin/cargo" "+1.99.0-beta.8" "metadata" "--no-deps" "--format-version=1", kill_on_drop: false }`
[INFO] running `Command { std: "docker" "inspect" "dddc4c75ecb9b3cb557e181437be5dcf3594c20423b9190c957e2abc48a9b68c", kill_on_drop: false }`
[INFO] running `Command { std: "docker" "exec" "-e" "SOURCE_DIR=/opt/rustwide/workdir" "-e" "CARGO_HOME=/opt/rustwide/cargo-home" "-e" "RUSTUP_HOME=/opt/rustwide/rustup-home" "-e" "CARGO_TARGET_DIR=/opt/rustwide/target" "-e" "CARGO_INCREMENTAL=0" "-e" "RUST_BACKTRACE=full" "-e" "RUSTFLAGS=--cap-lints=warn" "-e" "RUSTDOCFLAGS=--cap-lints=warn" "-w" "/opt/rustwide/workdir" "--user" "0:0" "dddc4c75ecb9b3cb557e181437be5dcf3594c20423b9190c957e2abc48a9b68c" "/opt/rustwide/cargo-home/bin/cargo" "+1.99.0-beta.8" "build" "--frozen" "--message-format=json" "--release", kill_on_drop: false }`
[INFO] [stderr]    Compiling syn v2.0.119
[INFO] [stderr]    Compiling syn v3.0.9
[INFO] [stderr]    Compiling proc-macro2 v0.4.30
[INFO] [stderr]    Compiling smallvec v1.16.3
[INFO] [stderr]    Compiling futures-sink v0.3.34
[INFO] [stderr]    Compiling syn v1.0.109
[INFO] [stderr]    Compiling getrandom v0.3.4
[INFO] [stderr]    Compiling no-std-net v0.6.0
[INFO] [stderr]    Compiling unicode-xid v0.1.0
[INFO] [stderr]    Compiling ppv-lite86 v0.2.21
[INFO] [stderr]    Compiling getrandom v0.2.17
[INFO] [stderr]    Compiling syn v0.15.44
[INFO] [stderr]    Compiling either v1.19.0
[INFO] [stderr]    Compiling hashbrown v0.14.5
[INFO] [stderr]    Compiling heck v0.3.3
[INFO] [stderr]    Compiling atomic v0.6.1
[INFO] [stderr]    Compiling futures-channel v0.3.34
[INFO] [stderr]    Compiling getrandom v0.4.3
[INFO] [stderr]    Compiling pnet_base v0.34.0
[INFO] [stderr]    Compiling serde_json v1.0.154
[INFO] [stderr]    Compiling rand_core v0.9.5
[INFO] [stderr]    Compiling uuid v1.28.0
[INFO] [stderr]    Compiling futures-util v0.3.34
[INFO] [stderr]    Compiling pnet_macros_support v0.34.0
[INFO] [stderr]    Compiling rand_core v0.6.4
[INFO] [stderr]    Compiling debug-helper v0.3.14
[INFO] [stderr]    Compiling strum v0.25.0
[INFO] [stderr]    Compiling parking_lot_core v0.9.12
[INFO] [stderr]    Compiling rand_chacha v0.9.0
[INFO] [stderr]    Compiling rand_chacha v0.3.1
[INFO] [stderr]    Compiling parking_lot v0.12.5
[INFO] [stderr]    Compiling rand v0.9.5
[INFO] [stderr]    Compiling rand v0.8.8
[INFO] [stderr]    Compiling quote v0.6.13
[INFO] [stderr]    Compiling dashmap v5.5.3
[INFO] [stderr]    Compiling retry v2.2.0
[INFO] [stderr]    Compiling field_types v1.1.0
[INFO] [stderr]    Compiling serde_derive v1.0.229
[INFO] [stderr]    Compiling tokio-macros v2.7.2
[INFO] [stderr]    Compiling futures-executor v0.3.34
[INFO] [stderr]    Compiling tokio v1.53.3
[INFO] [stderr]    Compiling futures v0.3.34
[INFO] [stderr]    Compiling optional_struct_macro_impl v0.3.2
[INFO] [stderr]    Compiling thiserror-impl v1.0.69
[INFO] [stderr]    Compiling tracing-attributes v0.1.31
[INFO] [stderr]    Compiling pnet_macros v0.34.0
[INFO] [stderr]    Compiling optional_struct_export v0.3.2
[INFO] [stderr]    Compiling serial_test_derive v2.0.0
[INFO] [stderr]    Compiling strum_macros v0.25.3
[INFO] [stderr]    Compiling optional_struct v0.3.2
[INFO] [stderr]    Compiling serial_test v2.0.0
[INFO] [stderr]    Compiling tracing v0.1.44
[INFO] [stderr]    Compiling pnet_packet v0.34.0
[INFO] [stderr]    Compiling thiserror v1.0.69
[INFO] [stderr]    Compiling serde v1.0.229
[INFO] [stderr]    Compiling macaddr v1.0.1
[INFO] [stderr]    Compiling neli-proc-macros v0.1.4
[INFO] [stderr]    Compiling neli v0.6.5
[INFO] [stderr]    Compiling tokio-stream v0.1.19
[INFO] [stderr]    Compiling tokio-test v0.4.6
[INFO] [stderr]    Compiling local-ip-address v0.5.7
[INFO] [stderr]    Compiling surge-ping v0.8.4
[INFO] [stderr]    Compiling wizrpc v0.1.7 (/opt/rustwide/workdir)
[INFO] [stdout] warning: field `env` is never read
[INFO] [stdout]    --> src/model.rs:304:9
[INFO] [stdout]     |
[INFO] [stdout] 302 | pub struct RPCResult {
[INFO] [stdout]     |            --------- field in this struct
[INFO] [stdout] 303 |     pub method: String,
[INFO] [stdout] 304 |     pub env: String,
[INFO] [stdout]     |         ^^^
[INFO] [stdout]     |
[INFO] [stdout]     = note: `RPCResult` has derived impls for the traits `Debug` and `Clone`, but these are intentionally ignored during dead code analysis
[INFO] [stdout]     = note: `#[warn(dead_code)]` (part of `#[warn(unused)]`) on by default
[INFO] [stdout] 
[INFO] [stdout] 
[INFO] [stderr]     Finished `release` profile [optimized] target(s) in 39.31s
[INFO] running `Command { std: "docker" "inspect" "dddc4c75ecb9b3cb557e181437be5dcf3594c20423b9190c957e2abc48a9b68c", kill_on_drop: false }`
[INFO] running `Command { std: "docker" "exec" "-e" "SOURCE_DIR=/opt/rustwide/workdir" "-e" "CARGO_HOME=/opt/rustwide/cargo-home" "-e" "RUSTUP_HOME=/opt/rustwide/rustup-home" "-e" "CARGO_TARGET_DIR=/opt/rustwide/target" "-e" "CARGO_INCREMENTAL=0" "-e" "RUST_BACKTRACE=full" "-e" "RUSTFLAGS=--cap-lints=warn" "-e" "RUSTDOCFLAGS=--cap-lints=warn" "-w" "/opt/rustwide/workdir" "--user" "0:0" "dddc4c75ecb9b3cb557e181437be5dcf3594c20423b9190c957e2abc48a9b68c" "/opt/rustwide/cargo-home/bin/cargo" "+1.99.0-beta.8" "test" "--frozen" "--no-run" "--message-format=json" "--release", kill_on_drop: false }`
[INFO] [stderr]    Compiling wizrpc v0.1.7 (/opt/rustwide/workdir)
[INFO] [stdout] warning: field `env` is never read
[INFO] [stdout]    --> src/model.rs:304:9
[INFO] [stdout]     |
[INFO] [stdout] 302 | pub struct RPCResult {
[INFO] [stdout]     |            --------- field in this struct
[INFO] [stdout] 303 |     pub method: String,
[INFO] [stdout] 304 |     pub env: String,
[INFO] [stdout]     |         ^^^
[INFO] [stdout]     |
[INFO] [stdout]     = note: `RPCResult` has derived impls for the traits `Debug` and `Clone`, but these are intentionally ignored during dead code analysis
[INFO] [stdout]     = note: `#[warn(dead_code)]` (part of `#[warn(unused)]`) on by default
[INFO] [stdout] 
[INFO] [stdout] 
[INFO] [stdout] warning: field `env` is never read
[INFO] [stdout]    --> src/model.rs:304:9
[INFO] [stdout]     |
[INFO] [stdout] 302 | pub struct RPCResult {
[INFO] [stdout]     |            --------- field in this struct
[INFO] [stdout] 303 |     pub method: String,
[INFO] [stdout] 304 |     pub env: String,
[INFO] [stdout]     |         ^^^
[INFO] [stdout]     |
[INFO] [stdout]     = note: `RPCResult` has derived impls for the traits `Debug` and `Clone`, but these are intentionally ignored during dead code analysis
[INFO] [stdout]     = note: `#[warn(dead_code)]` (part of `#[warn(unused)]`) on by default
[INFO] [stdout] 
[INFO] [stdout] 
[INFO] [stderr]     Finished `release` profile [optimized] target(s) in 3.62s
[INFO] running `Command { std: "docker" "inspect" "dddc4c75ecb9b3cb557e181437be5dcf3594c20423b9190c957e2abc48a9b68c", kill_on_drop: false }`
[INFO] running `Command { std: "docker" "exec" "-e" "SOURCE_DIR=/opt/rustwide/workdir" "-e" "CARGO_HOME=/opt/rustwide/cargo-home" "-e" "RUSTUP_HOME=/opt/rustwide/rustup-home" "-e" "CARGO_TARGET_DIR=/opt/rustwide/target" "-e" "CARGO_INCREMENTAL=0" "-e" "RUST_BACKTRACE=full" "-e" "RUSTFLAGS=--cap-lints=warn" "-e" "RUSTDOCFLAGS=--cap-lints=warn" "-w" "/opt/rustwide/workdir" "--user" "0:0" "dddc4c75ecb9b3cb557e181437be5dcf3594c20423b9190c957e2abc48a9b68c" "/opt/rustwide/cargo-home/bin/cargo" "+1.99.0-beta.8" "test" "--frozen" "--release", kill_on_drop: false }`
[INFO] [stderr] warning: field `env` is never read
[INFO] [stderr]    --> src/model.rs:304:9
[INFO] [stderr]     |
[INFO] [stderr] 302 | pub struct RPCResult {
[INFO] [stderr]     |            --------- field in this struct
[INFO] [stderr] 303 |     pub method: String,
[INFO] [stderr] 304 |     pub env: String,
[INFO] [stderr]     |         ^^^
[INFO] [stderr]     |
[INFO] [stderr]     = note: `RPCResult` has derived impls for the traits `Debug` and `Clone`, but these are intentionally ignored during dead code analysis
[INFO] [stderr]     = note: `#[warn(dead_code)]` (part of `#[warn(unused)]`) on by default
[INFO] [stderr] 
[INFO] [stderr] warning: `wizrpc` (lib) generated 1 warning
[INFO] [stderr] warning: `wizrpc` (lib test) generated 1 warning (1 duplicate)
[INFO] [stderr]     Finished `release` profile [optimized] target(s) in 0.13s
[INFO] [stderr]      Running unittests src/lib.rs (/opt/rustwide/target/release/deps/wizrpc-18593fefa06ea2ee)
[INFO] [stdout] 
[INFO] [stdout] running 5 tests
[INFO] [stdout] test tests::test_ping ... FAILED
[INFO] [stdout] test tests::test_ping_5 ... FAILED
[INFO] [stdout] test tests::test_ping_25 ... FAILED
[INFO] [stdout] test tests::test_discovery ... FAILED
[INFO] [stdout] test tests::test_send_no_params_non_modyfing ... FAILED
[INFO] [stdout] 
[INFO] [stdout] failures:
[INFO] [stdout] 
[INFO] [stdout] ---- tests::test_ping stdout ----
[INFO] [stdout] 
[INFO] [stdout] thread 'tests::test_ping' (1213) panicked at src/networking.rs:27:62:
[INFO] [stdout] called `Result::unwrap()` on an `Err` value: LocalIpAddressNotFound
[INFO] [stdout] stack backtrace:
[INFO] [stdout]    0:     0x64b38721f181 - <<std[70759c8f55707aa4]::sys::backtrace::BacktraceLock>::print::DisplayBacktrace as core[df12db4294e9bfd3]::fmt::Display>::fmt
[INFO] [stdout]    1:     0x64b38723465a - core[df12db4294e9bfd3]::fmt::write
[INFO] [stdout]    2:     0x64b38722372c - <alloc[2182bb758b4b3781]::vec::Vec<u8> as core[df12db4294e9bfd3]::io::write::Write>::write_fmt
[INFO] [stdout]    3:     0x64b3871fab26 - std[70759c8f55707aa4]::panicking::default_hook::{closure#0}
[INFO] [stdout]    4:     0x64b387217519 - std[70759c8f55707aa4]::panicking::default_hook
[INFO] [stdout]    5:     0x64b38716c800 - test[9d35eded1c95d3be]::test_main_inner::<test[9d35eded1c95d3be]::test_main_static::{closure#0}>::{closure#0}
[INFO] [stdout]    6:     0x64b387217842 - std[70759c8f55707aa4]::panicking::panic_with_hook
[INFO] [stdout]    7:     0x64b3871fabd2 - std[70759c8f55707aa4]::panicking::panic_handler::{closure#0}
[INFO] [stdout]    8:     0x64b3871f3959 - std[70759c8f55707aa4]::sys::backtrace::__rust_end_short_backtrace::<std[70759c8f55707aa4]::panicking::panic_handler::{closure#0}, !>
[INFO] [stdout]    9:     0x64b3871fb7cd - __rustc[8fa7c3cbc660c2b3]::rust_begin_unwind
[INFO] [stdout]   10:     0x64b387234dbc - core[df12db4294e9bfd3]::panicking::panic_fmt
[INFO] [stdout]   11:     0x64b387234b92 - core[df12db4294e9bfd3]::result::unwrap_failed
[INFO] [stdout]   12:     0x64b387156d5e - <std[70759c8f55707aa4]::sync::once::Once>::call_once::<<lazy_static[d708de45b64ffd20]::lazy::Lazy<core[df12db4294e9bfd3]::net::ip_addr::IpAddr>>::get<<wizrpc[87a9fc07b5de0544]::networking::DEFAULT_BIND_ADDRESS as core[df12db4294e9bfd3]::ops::deref::Deref>::deref::__static_ref_initialize>::{closure#0}>::{closure#0}
[INFO] [stdout]   13:     0x64b387200b99 - <std[70759c8f55707aa4]::sys::sync::once::futex::Once>::call
[INFO] [stdout]   14:     0x64b387144a44 - <wizrpc[87a9fc07b5de0544]::networking::Client>::default::{closure#0}
[INFO] [stdout]   15:     0x64b38714219c - wizrpc[87a9fc07b5de0544]::tests::test_ping::{closure#0}::{closure#0}
[INFO] [stdout]   16:     0x64b387155f63 - <tokio[b29bbea8afe1d58]::runtime::scheduler::current_thread::Context>::enter::<core[df12db4294e9bfd3]::task::poll::Poll<()>, <tokio[b29bbea8afe1d58]::runtime::scheduler::current_thread::CoreGuard>::block_on<core[df12db4294e9bfd3]::pin::Pin<&mut core[df12db4294e9bfd3]::pin::Pin<&mut dyn core[df12db4294e9bfd3]::future::future::Future<Output = ()>>>>::{closure#0}::{closure#0}>
[INFO] [stdout]   17:     0x64b38715b73c - <tokio[b29bbea8afe1d58]::runtime::context::scoped::Scoped<tokio[b29bbea8afe1d58]::runtime::scheduler::Context>>::set::<<tokio[b29bbea8afe1d58]::runtime::scheduler::current_thread::CoreGuard>::enter<<tokio[b29bbea8afe1d58]::runtime::scheduler::current_thread::CoreGuard>::block_on<core[df12db4294e9bfd3]::pin::Pin<&mut core[df12db4294e9bfd3]::pin::Pin<&mut dyn core[df12db4294e9bfd3]::future::future::Future<Output = ()>>>>::{closure#0}, core[df12db4294e9bfd3]::option::Option<()>>::{closure#0}, (alloc[2182bb758b4b3781]::boxed::Box<tokio[b29bbea8afe1d58]::runtime::scheduler::current_thread::Core>, core[df12db4294e9bfd3]::option::Option<()>)>
[INFO] [stdout]   18:     0x64b387156275 - <tokio[b29bbea8afe1d58]::runtime::scheduler::current_thread::CoreGuard>::block_on::<core[df12db4294e9bfd3]::pin::Pin<&mut core[df12db4294e9bfd3]::pin::Pin<&mut dyn core[df12db4294e9bfd3]::future::future::Future<Output = ()>>>>
[INFO] [stdout]   19:     0x64b38715c383 - tokio[b29bbea8afe1d58]::runtime::context::runtime::enter_runtime::<<tokio[b29bbea8afe1d58]::runtime::scheduler::current_thread::CurrentThread>::block_on<core[df12db4294e9bfd3]::pin::Pin<&mut dyn core[df12db4294e9bfd3]::future::future::Future<Output = ()>>>::{closure#0}, ()>
[INFO] [stdout]   20:     0x64b387157a0b - <tokio[b29bbea8afe1d58]::runtime::runtime::Runtime>::block_on::<core[df12db4294e9bfd3]::pin::Pin<&mut dyn core[df12db4294e9bfd3]::future::future::Future<Output = ()>>>
[INFO] [stdout]   21:     0x64b3871479a8 - <wizrpc[87a9fc07b5de0544]::tests::test_ping::{closure#0} as core[df12db4294e9bfd3]::ops::function::FnOnce<()>>::call_once
[INFO] [stdout]   22:     0x64b3871a0c1b - serial_test[f78ce9378e4a70d1]::serial_code_lock::local_serial_core
[INFO] [stdout]   23:     0x64b38715b658 - <wizrpc[87a9fc07b5de0544]::tests::test_ping::{closure#0} as core[df12db4294e9bfd3]::ops::function::FnOnce<()>>::call_once
[INFO] [stdout]   24:     0x64b38715faeb - test[9d35eded1c95d3be]::__rust_begin_short_backtrace::<core[df12db4294e9bfd3]::result::Result<(), alloc[2182bb758b4b3781]::string::String>, fn() -> core[df12db4294e9bfd3]::result::Result<(), alloc[2182bb758b4b3781]::string::String>>
[INFO] [stdout]   25:     0x64b38716d155 - test[9d35eded1c95d3be]::run_test::{closure#0}
[INFO] [stdout]   26:     0x64b387166a14 - std[70759c8f55707aa4]::sys::backtrace::__rust_begin_short_backtrace::<test[9d35eded1c95d3be]::run_test::{closure#1}, ()>
[INFO] [stdout]   27:     0x64b3871702b2 - <std[70759c8f55707aa4]::thread::lifecycle::spawn_unchecked<test[9d35eded1c95d3be]::run_test::{closure#1}, ()>::{closure#1} as core[df12db4294e9bfd3]::ops::function::FnOnce<()>>::call_once::{shim:vtable#0}
[INFO] [stdout]   28:     0x64b38721ea19 - <std[70759c8f55707aa4]::sys::thread::unix::Thread>::new::thread_start
[INFO] [stdout]   29:     0x79995643adfa - <unknown>
[INFO] [stdout]   30:     0x7999564ce3d4 - clone
[INFO] [stdout]   31:                0x0 - <unknown>
[INFO] [stdout] 
[INFO] [stdout] ---- tests::test_ping_5 stdout ----
[INFO] [stdout] 
[INFO] [stdout] thread 'tests::test_ping_5' (1215) panicked at /opt/rustwide/cargo-home/registry/src/index.crates.io-1949cf8c6b5b557f/lazy_static-1.5.1/src/inline_lazy.rs:30:16:
[INFO] [stdout] Once instance has previously been poisoned
[INFO] [stdout] stack backtrace:
[INFO] [stdout]    0:     0x64b38721f181 - <<std[70759c8f55707aa4]::sys::backtrace::BacktraceLock>::print::DisplayBacktrace as core[df12db4294e9bfd3]::fmt::Display>::fmt
[INFO] [stdout]    1:     0x64b38723465a - core[df12db4294e9bfd3]::fmt::write
[INFO] [stdout]    2:     0x64b38722372c - <alloc[2182bb758b4b3781]::vec::Vec<u8> as core[df12db4294e9bfd3]::io::write::Write>::write_fmt
[INFO] [stdout]    3:     0x64b3871fab26 - std[70759c8f55707aa4]::panicking::default_hook::{closure#0}
[INFO] [stdout]    4:     0x64b387217519 - std[70759c8f55707aa4]::panicking::default_hook
[INFO] [stdout]    5:     0x64b38716c800 - test[9d35eded1c95d3be]::test_main_inner::<test[9d35eded1c95d3be]::test_main_static::{closure#0}>::{closure#0}
[INFO] [stdout]    6:     0x64b387217842 - std[70759c8f55707aa4]::panicking::panic_with_hook
[INFO] [stdout]    7:     0x64b3871fac04 - std[70759c8f55707aa4]::panicking::panic_handler::{closure#0}
[INFO] [stdout]    8:     0x64b3871f3959 - std[70759c8f55707aa4]::sys::backtrace::__rust_end_short_backtrace::<std[70759c8f55707aa4]::panicking::panic_handler::{closure#0}, !>
[INFO] [stdout]    9:     0x64b3871fb7cd - __rustc[8fa7c3cbc660c2b3]::rust_begin_unwind
[INFO] [stdout]   10:     0x64b387234dbc - core[df12db4294e9bfd3]::panicking::panic_fmt
[INFO] [stdout]   11:     0x64b387200cd1 - <std[70759c8f55707aa4]::sys::sync::once::futex::Once>::call
[INFO] [stdout]   12:     0x64b387144a44 - <wizrpc[87a9fc07b5de0544]::networking::Client>::default::{closure#0}
[INFO] [stdout]   13:     0x64b38713e5cc - wizrpc[87a9fc07b5de0544]::tests::test_ping_5::{closure#0}::{closure#0}
[INFO] [stdout]   14:     0x64b387155f63 - <tokio[b29bbea8afe1d58]::runtime::scheduler::current_thread::Context>::enter::<core[df12db4294e9bfd3]::task::poll::Poll<()>, <tokio[b29bbea8afe1d58]::runtime::scheduler::current_thread::CoreGuard>::block_on<core[df12db4294e9bfd3]::pin::Pin<&mut core[df12db4294e9bfd3]::pin::Pin<&mut dyn core[df12db4294e9bfd3]::future::future::Future<Output = ()>>>>::{closure#0}::{closure#0}>
[INFO] [stdout]   15:     0x64b38715b73c - <tokio[b29bbea8afe1d58]::runtime::context::scoped::Scoped<tokio[b29bbea8afe1d58]::runtime::scheduler::Context>>::set::<<tokio[b29bbea8afe1d58]::runtime::scheduler::current_thread::CoreGuard>::enter<<tokio[b29bbea8afe1d58]::runtime::scheduler::current_thread::CoreGuard>::block_on<core[df12db4294e9bfd3]::pin::Pin<&mut core[df12db4294e9bfd3]::pin::Pin<&mut dyn core[df12db4294e9bfd3]::future::future::Future<Output = ()>>>>::{closure#0}, core[df12db4294e9bfd3]::option::Option<()>>::{closure#0}, (alloc[2182bb758b4b3781]::boxed::Box<tokio[b29bbea8afe1d58]::runtime::scheduler::current_thread::Core>, core[df12db4294e9bfd3]::option::Option<()>)>
[INFO] [stdout]   16:     0x64b387156275 - <tokio[b29bbea8afe1d58]::runtime::scheduler::current_thread::CoreGuard>::block_on::<core[df12db4294e9bfd3]::pin::Pin<&mut core[df12db4294e9bfd3]::pin::Pin<&mut dyn core[df12db4294e9bfd3]::future::future::Future<Output = ()>>>>
[INFO] [stdout]   17:     0x64b38715c383 - tokio[b29bbea8afe1d58]::runtime::context::runtime::enter_runtime::<<tokio[b29bbea8afe1d58]::runtime::scheduler::current_thread::CurrentThread>::block_on<core[df12db4294e9bfd3]::pin::Pin<&mut dyn core[df12db4294e9bfd3]::future::future::Future<Output = ()>>>::{closure#0}, ()>
[INFO] [stdout]   18:     0x64b387157a0b - <tokio[b29bbea8afe1d58]::runtime::runtime::Runtime>::block_on::<core[df12db4294e9bfd3]::pin::Pin<&mut dyn core[df12db4294e9bfd3]::future::future::Future<Output = ()>>>
[INFO] [stdout]   19:     0x64b3871474a8 - <wizrpc[87a9fc07b5de0544]::tests::test_ping_5::{closure#0} as core[df12db4294e9bfd3]::ops::function::FnOnce<()>>::call_once
[INFO] [stdout]   20:     0x64b3871a0c1b - serial_test[f78ce9378e4a70d1]::serial_code_lock::local_serial_core
[INFO] [stdout]   21:     0x64b38715b598 - <wizrpc[87a9fc07b5de0544]::tests::test_ping_5::{closure#0} as core[df12db4294e9bfd3]::ops::function::FnOnce<()>>::call_once
[INFO] [stdout]   22:     0x64b38715faeb - test[9d35eded1c95d3be]::__rust_begin_short_backtrace::<core[df12db4294e9bfd3]::result::Result<(), alloc[2182bb758b4b3781]::string::String>, fn() -> core[df12db4294e9bfd3]::result::Result<(), alloc[2182bb758b4b3781]::string::String>>
[INFO] [stdout]   23:     0x64b38716d155 - test[9d35eded1c95d3be]::run_test::{closure#0}
[INFO] [stdout]   24:     0x64b387166a14 - std[70759c8f55707aa4]::sys::backtrace::__rust_begin_short_backtrace::<test[9d35eded1c95d3be]::run_test::{closure#1}, ()>
[INFO] [stdout]   25:     0x64b3871702b2 - <std[70759c8f55707aa4]::thread::lifecycle::spawn_unchecked<test[9d35eded1c95d3be]::run_test::{closure#1}, ()>::{closure#1} as core[df12db4294e9bfd3]::ops::function::FnOnce<()>>::call_once::{shim:vtable#0}
[INFO] [stdout]   26:     0x64b38721ea19 - <std[70759c8f55707aa4]::sys::thread::unix::Thread>::new::thread_start
[INFO] [stdout]   27:     0x79995643adfa - <unknown>
[INFO] [stdout]   28:     0x7999564ce3d4 - clone
[INFO] [stdout]   29:                0x0 - <unknown>
[INFO] [stdout] 
[INFO] [stdout] ---- tests::test_ping_25 stdout ----
[INFO] [stdout] 
[INFO] [stdout] thread 'tests::test_ping_25' (1214) panicked at /opt/rustwide/cargo-home/registry/src/index.crates.io-1949cf8c6b5b557f/lazy_static-1.5.1/src/inline_lazy.rs:30:16:
[INFO] [stdout] Once instance has previously been poisoned
[INFO] [stdout] stack backtrace:
[INFO] [stdout]    0:     0x64b38721f181 - <<std[70759c8f55707aa4]::sys::backtrace::BacktraceLock>::print::DisplayBacktrace as core[df12db4294e9bfd3]::fmt::Display>::fmt
[INFO] [stdout]    1:     0x64b38723465a - core[df12db4294e9bfd3]::fmt::write
[INFO] [stdout]    2:     0x64b38722372c - <alloc[2182bb758b4b3781]::vec::Vec<u8> as core[df12db4294e9bfd3]::io::write::Write>::write_fmt
[INFO] [stdout]    3:     0x64b3871fab26 - std[70759c8f55707aa4]::panicking::default_hook::{closure#0}
[INFO] [stdout]    4:     0x64b387217519 - std[70759c8f55707aa4]::panicking::default_hook
[INFO] [stdout]    5:     0x64b38716c800 - test[9d35eded1c95d3be]::test_main_inner::<test[9d35eded1c95d3be]::test_main_static::{closure#0}>::{closure#0}
[INFO] [stdout]    6:     0x64b387217842 - std[70759c8f55707aa4]::panicking::panic_with_hook
[INFO] [stdout]    7:     0x64b3871fac04 - std[70759c8f55707aa4]::panicking::panic_handler::{closure#0}
[INFO] [stdout]    8:     0x64b3871f3959 - std[70759c8f55707aa4]::sys::backtrace::__rust_end_short_backtrace::<std[70759c8f55707aa4]::panicking::panic_handler::{closure#0}, !>
[INFO] [stdout]    9:     0x64b3871fb7cd - __rustc[8fa7c3cbc660c2b3]::rust_begin_unwind
[INFO] [stdout]   10:     0x64b387234dbc - core[df12db4294e9bfd3]::panicking::panic_fmt
[INFO] [stdout]   11:     0x64b387200cd1 - <std[70759c8f55707aa4]::sys::sync::once::futex::Once>::call
[INFO] [stdout]   12:     0x64b387144a44 - <wizrpc[87a9fc07b5de0544]::networking::Client>::default::{closure#0}
[INFO] [stdout]   13:     0x64b38713eacc - wizrpc[87a9fc07b5de0544]::tests::test_ping_25::{closure#0}::{closure#0}
[INFO] [stdout]   14:     0x64b387155f63 - <tokio[b29bbea8afe1d58]::runtime::scheduler::current_thread::Context>::enter::<core[df12db4294e9bfd3]::task::poll::Poll<()>, <tokio[b29bbea8afe1d58]::runtime::scheduler::current_thread::CoreGuard>::block_on<core[df12db4294e9bfd3]::pin::Pin<&mut core[df12db4294e9bfd3]::pin::Pin<&mut dyn core[df12db4294e9bfd3]::future::future::Future<Output = ()>>>>::{closure#0}::{closure#0}>
[INFO] [stdout]   15:     0x64b38715b73c - <tokio[b29bbea8afe1d58]::runtime::context::scoped::Scoped<tokio[b29bbea8afe1d58]::runtime::scheduler::Context>>::set::<<tokio[b29bbea8afe1d58]::runtime::scheduler::current_thread::CoreGuard>::enter<<tokio[b29bbea8afe1d58]::runtime::scheduler::current_thread::CoreGuard>::block_on<core[df12db4294e9bfd3]::pin::Pin<&mut core[df12db4294e9bfd3]::pin::Pin<&mut dyn core[df12db4294e9bfd3]::future::future::Future<Output = ()>>>>::{closure#0}, core[df12db4294e9bfd3]::option::Option<()>>::{closure#0}, (alloc[2182bb758b4b3781]::boxed::Box<tokio[b29bbea8afe1d58]::runtime::scheduler::current_thread::Core>, core[df12db4294e9bfd3]::option::Option<()>)>
[INFO] [stdout]   16:     0x64b387156275 - <tokio[b29bbea8afe1d58]::runtime::scheduler::current_thread::CoreGuard>::block_on::<core[df12db4294e9bfd3]::pin::Pin<&mut core[df12db4294e9bfd3]::pin::Pin<&mut dyn core[df12db4294e9bfd3]::future::future::Future<Output = ()>>>>
[INFO] [stdout]   17:     0x64b38715c383 - tokio[b29bbea8afe1d58]::runtime::context::runtime::enter_runtime::<<tokio[b29bbea8afe1d58]::runtime::scheduler::current_thread::CurrentThread>::block_on<core[df12db4294e9bfd3]::pin::Pin<&mut dyn core[df12db4294e9bfd3]::future::future::Future<Output = ()>>>::{closure#0}, ()>
[INFO] [stdout]   18:     0x64b387157a0b - <tokio[b29bbea8afe1d58]::runtime::runtime::Runtime>::block_on::<core[df12db4294e9bfd3]::pin::Pin<&mut dyn core[df12db4294e9bfd3]::future::future::Future<Output = ()>>>
[INFO] [stdout]   19:     0x64b3871475e8 - <wizrpc[87a9fc07b5de0544]::tests::test_ping_25::{closure#0} as core[df12db4294e9bfd3]::ops::function::FnOnce<()>>::call_once
[INFO] [stdout]   20:     0x64b3871a0c1b - serial_test[f78ce9378e4a70d1]::serial_code_lock::local_serial_core
[INFO] [stdout]   21:     0x64b38715b5c8 - <wizrpc[87a9fc07b5de0544]::tests::test_ping_25::{closure#0} as core[df12db4294e9bfd3]::ops::function::FnOnce<()>>::call_once
[INFO] [stdout]   22:     0x64b38715faeb - test[9d35eded1c95d3be]::__rust_begin_short_backtrace::<core[df12db4294e9bfd3]::result::Result<(), alloc[2182bb758b4b3781]::string::String>, fn() -> core[df12db4294e9bfd3]::result::Result<(), alloc[2182bb758b4b3781]::string::String>>
[INFO] [stdout]   23:     0x64b38716d155 - test[9d35eded1c95d3be]::run_test::{closure#0}
[INFO] [stdout]   24:     0x64b387166a14 - std[70759c8f55707aa4]::sys::backtrace::__rust_begin_short_backtrace::<test[9d35eded1c95d3be]::run_test::{closure#1}, ()>
[INFO] [stdout]   25:     0x64b3871702b2 - <std[70759c8f55707aa4]::thread::lifecycle::spawn_unchecked<test[9d35eded1c95d3be]::run_test::{closure#1}, ()>::{closure#1} as core[df12db4294e9bfd3]::ops::function::FnOnce<()>>::call_once::{shim:vtable#0}
[INFO] [stdout]   26:     0x64b38721ea19 - <std[70759c8f55707aa4]::sys::thread::unix::Thread>::new::thread_start
[INFO] [stdout]   27:     0x79995643adfa - <unknown>
[INFO] [stdout]   28:     0x7999564ce3d4 - clone
[INFO] [stdout]   29:                0x0 - <unknown>
[INFO] [stdout] 
[INFO] [stdout] ---- tests::test_discovery stdout ----
[INFO] [stdout] 
[INFO] [stdout] thread 'tests::test_discovery' (1212) panicked at /opt/rustwide/cargo-home/registry/src/index.crates.io-1949cf8c6b5b557f/lazy_static-1.5.1/src/inline_lazy.rs:30:16:
[INFO] [stdout] Once instance has previously been poisoned
[INFO] [stdout] stack backtrace:
[INFO] [stdout]    0:     0x64b38721f181 - <<std[70759c8f55707aa4]::sys::backtrace::BacktraceLock>::print::DisplayBacktrace as core[df12db4294e9bfd3]::fmt::Display>::fmt
[INFO] [stdout]    1:     0x64b38723465a - core[df12db4294e9bfd3]::fmt::write
[INFO] [stdout]    2:     0x64b38722372c - <alloc[2182bb758b4b3781]::vec::Vec<u8> as core[df12db4294e9bfd3]::io::write::Write>::write_fmt
[INFO] [stdout]    3:     0x64b3871fab26 - std[70759c8f55707aa4]::panicking::default_hook::{closure#0}
[INFO] [stdout]    4:     0x64b387217519 - std[70759c8f55707aa4]::panicking::default_hook
[INFO] [stdout]    5:     0x64b38716c800 - test[9d35eded1c95d3be]::test_main_inner::<test[9d35eded1c95d3be]::test_main_static::{closure#0}>::{closure#0}
[INFO] [stdout]    6:     0x64b387217842 - std[70759c8f55707aa4]::panicking::panic_with_hook
[INFO] [stdout]    7:     0x64b3871fac04 - std[70759c8f55707aa4]::panicking::panic_handler::{closure#0}
[INFO] [stdout]    8:     0x64b3871f3959 - std[70759c8f55707aa4]::sys::backtrace::__rust_end_short_backtrace::<std[70759c8f55707aa4]::panicking::panic_handler::{closure#0}, !>
[INFO] [stdout]    9:     0x64b3871fb7cd - __rustc[8fa7c3cbc660c2b3]::rust_begin_unwind
[INFO] [stdout]   10:     0x64b387234dbc - core[df12db4294e9bfd3]::panicking::panic_fmt
[INFO] [stdout]   11:     0x64b387200cd1 - <std[70759c8f55707aa4]::sys::sync::once::futex::Once>::call
[INFO] [stdout]   12:     0x64b387144a44 - <wizrpc[87a9fc07b5de0544]::networking::Client>::default::{closure#0}
[INFO] [stdout]   13:     0x64b38713efd4 - wizrpc[87a9fc07b5de0544]::tests::test_discovery::{closure#0}::{closure#0}
[INFO] [stdout]   14:     0x64b387155f63 - <tokio[b29bbea8afe1d58]::runtime::scheduler::current_thread::Context>::enter::<core[df12db4294e9bfd3]::task::poll::Poll<()>, <tokio[b29bbea8afe1d58]::runtime::scheduler::current_thread::CoreGuard>::block_on<core[df12db4294e9bfd3]::pin::Pin<&mut core[df12db4294e9bfd3]::pin::Pin<&mut dyn core[df12db4294e9bfd3]::future::future::Future<Output = ()>>>>::{closure#0}::{closure#0}>
[INFO] [stdout]   15:     0x64b38715b73c - <tokio[b29bbea8afe1d58]::runtime::context::scoped::Scoped<tokio[b29bbea8afe1d58]::runtime::scheduler::Context>>::set::<<tokio[b29bbea8afe1d58]::runtime::scheduler::current_thread::CoreGuard>::enter<<tokio[b29bbea8afe1d58]::runtime::scheduler::current_thread::CoreGuard>::block_on<core[df12db4294e9bfd3]::pin::Pin<&mut core[df12db4294e9bfd3]::pin::Pin<&mut dyn core[df12db4294e9bfd3]::future::future::Future<Output = ()>>>>::{closure#0}, core[df12db4294e9bfd3]::option::Option<()>>::{closure#0}, (alloc[2182bb758b4b3781]::boxed::Box<tokio[b29bbea8afe1d58]::runtime::scheduler::current_thread::Core>, core[df12db4294e9bfd3]::option::Option<()>)>
[INFO] [stdout]   16:     0x64b387156275 - <tokio[b29bbea8afe1d58]::runtime::scheduler::current_thread::CoreGuard>::block_on::<core[df12db4294e9bfd3]::pin::Pin<&mut core[df12db4294e9bfd3]::pin::Pin<&mut dyn core[df12db4294e9bfd3]::future::future::Future<Output = ()>>>>
[INFO] [stdout]   17:     0x64b38715c383 - tokio[b29bbea8afe1d58]::runtime::context::runtime::enter_runtime::<<tokio[b29bbea8afe1d58]::runtime::scheduler::current_thread::CurrentThread>::block_on<core[df12db4294e9bfd3]::pin::Pin<&mut dyn core[df12db4294e9bfd3]::future::future::Future<Output = ()>>>::{closure#0}, ()>
[INFO] [stdout]   18:     0x64b387157a0b - <tokio[b29bbea8afe1d58]::runtime::runtime::Runtime>::block_on::<core[df12db4294e9bfd3]::pin::Pin<&mut dyn core[df12db4294e9bfd3]::future::future::Future<Output = ()>>>
[INFO] [stdout]   19:     0x64b387147728 - <wizrpc[87a9fc07b5de0544]::tests::test_discovery::{closure#0} as core[df12db4294e9bfd3]::ops::function::FnOnce<()>>::call_once
[INFO] [stdout]   20:     0x64b3871a0c1b - serial_test[f78ce9378e4a70d1]::serial_code_lock::local_serial_core
[INFO] [stdout]   21:     0x64b38715b5f8 - <wizrpc[87a9fc07b5de0544]::tests::test_discovery::{closure#0} as core[df12db4294e9bfd3]::ops::function::FnOnce<()>>::call_once
[INFO] [stdout]   22:     0x64b38715faeb - test[9d35eded1c95d3be]::__rust_begin_short_backtrace::<core[df12db4294e9bfd3]::result::Result<(), alloc[2182bb758b4b3781]::string::String>, fn() -> core[df12db4294e9bfd3]::result::Result<(), alloc[2182bb758b4b3781]::string::String>>
[INFO] [stdout]   23:     0x64b38716d155 - test[9d35eded1c95d3be]::run_test::{closure#0}
[INFO] [stdout]   24:     0x64b387166a14 - std[70759c8f55707aa4]::sys::backtrace::__rust_begin_short_backtrace::<test[9d35eded1c95d3be]::run_test::{closure#1}, ()>
[INFO] [stdout]   25:     0x64b3871702b2 - <std[70759c8f55707aa4]::thread::lifecycle::spawn_unchecked<test[9d35eded1c95d3be]::run_test::{closure#1}, ()>::{closure#1} as core[df12db4294e9bfd3]::ops::function::FnOnce<()>>::call_once::{shim:vtable#0}
[INFO] [stdout]   26:     0x64b38721ea19 - <std[70759c8f55707aa4]::sys::thread::unix::Thread>::new::thread_start
[INFO] [stdout]   27:     0x79995643adfa - <unknown>
[INFO] [stdout]   28:     0x7999564ce3d4 - clone
[INFO] [stdout]   29:                0x0 - <unknown>
[INFO] [stdout] 
[INFO] [stdout] ---- tests::test_send_no_params_non_modyfing stdout ----
[INFO] [stdout] 
[INFO] [stdout] thread 'tests::test_send_no_params_non_modyfing' (1216) panicked at /opt/rustwide/cargo-home/registry/src/index.crates.io-1949cf8c6b5b557f/lazy_static-1.5.1/src/inline_lazy.rs:30:16:
[INFO] [stdout] Once instance has previously been poisoned
[INFO] [stdout] stack backtrace:
[INFO] [stdout]    0:     0x64b38721f181 - <<std[70759c8f55707aa4]::sys::backtrace::BacktraceLock>::print::DisplayBacktrace as core[df12db4294e9bfd3]::fmt::Display>::fmt
[INFO] [stdout]    1:     0x64b38723465a - core[df12db4294e9bfd3]::fmt::write
[INFO] [stdout]    2:     0x64b38722372c - <alloc[2182bb758b4b3781]::vec::Vec<u8> as core[df12db4294e9bfd3]::io::write::Write>::write_fmt
[INFO] [stdout]    3:     0x64b3871fab26 - std[70759c8f55707aa4]::panicking::default_hook::{closure#0}
[INFO] [stdout]    4:     0x64b387217519 - std[70759c8f55707aa4]::panicking::default_hook
[INFO] [stdout]    5:     0x64b38716c800 - test[9d35eded1c95d3be]::test_main_inner::<test[9d35eded1c95d3be]::test_main_static::{closure#0}>::{closure#0}
[INFO] [stdout]    6:     0x64b387217842 - std[70759c8f55707aa4]::panicking::panic_with_hook
[INFO] [stdout]    7:     0x64b3871fac04 - std[70759c8f55707aa4]::panicking::panic_handler::{closure#0}
[INFO] [stdout]    8:     0x64b3871f3959 - std[70759c8f55707aa4]::sys::backtrace::__rust_end_short_backtrace::<std[70759c8f55707aa4]::panicking::panic_handler::{closure#0}, !>
[INFO] [stdout]    9:     0x64b3871fb7cd - __rustc[8fa7c3cbc660c2b3]::rust_begin_unwind
[INFO] [stdout]   10:     0x64b387234dbc - core[df12db4294e9bfd3]::panicking::panic_fmt
[INFO] [stdout]   11:     0x64b387200cd1 - <std[70759c8f55707aa4]::sys::sync::once::futex::Once>::call
[INFO] [stderr] error: test failed, to rerun pass `--lib`
[INFO] [stdout]   12:     0x64b387144a44 - <wizrpc[87a9fc07b5de0544]::networking::Client>::default::{closure#0}
[INFO] [stdout]   13:     0x64b387140373 - wizrpc[87a9fc07b5de0544]::tests::test_send_no_params_non_modyfing::{closure#0}::{closure#0}
[INFO] [stdout]   14:     0x64b387155f63 - <tokio[b29bbea8afe1d58]::runtime::scheduler::current_thread::Context>::enter::<core[df12db4294e9bfd3]::task::poll::Poll<()>, <tokio[b29bbea8afe1d58]::runtime::scheduler::current_thread::CoreGuard>::block_on<core[df12db4294e9bfd3]::pin::Pin<&mut core[df12db4294e9bfd3]::pin::Pin<&mut dyn core[df12db4294e9bfd3]::future::future::Future<Output = ()>>>>::{closure#0}::{closure#0}>
[INFO] [stdout]   15:     0x64b38715b73c - <tokio[b29bbea8afe1d58]::runtime::context::scoped::Scoped<tokio[b29bbea8afe1d58]::runtime::scheduler::Context>>::set::<<tokio[b29bbea8afe1d58]::runtime::scheduler::current_thread::CoreGuard>::enter<<tokio[b29bbea8afe1d58]::runtime::scheduler::current_thread::CoreGuard>::block_on<core[df12db4294e9bfd3]::pin::Pin<&mut core[df12db4294e9bfd3]::pin::Pin<&mut dyn core[df12db4294e9bfd3]::future::future::Future<Output = ()>>>>::{closure#0}, core[df12db4294e9bfd3]::option::Option<()>>::{closure#0}, (alloc[2182bb758b4b3781]::boxed::Box<tokio[b29bbea8afe1d58]::runtime::scheduler::current_thread::Core>, core[df12db4294e9bfd3]::option::Option<()>)>
[INFO] [stdout]   16:     0x64b387156275 - <tokio[b29bbea8afe1d58]::runtime::scheduler::current_thread::CoreGuard>::block_on::<core[df12db4294e9bfd3]::pin::Pin<&mut core[df12db4294e9bfd3]::pin::Pin<&mut dyn core[df12db4294e9bfd3]::future::future::Future<Output = ()>>>>
[INFO] [stdout]   17:     0x64b38715c383 - tokio[b29bbea8afe1d58]::runtime::context::runtime::enter_runtime::<<tokio[b29bbea8afe1d58]::runtime::scheduler::current_thread::CurrentThread>::block_on<core[df12db4294e9bfd3]::pin::Pin<&mut dyn core[df12db4294e9bfd3]::future::future::Future<Output = ()>>>::{closure#0}, ()>
[INFO] [stdout]   18:     0x64b387157a0b - <tokio[b29bbea8afe1d58]::runtime::runtime::Runtime>::block_on::<core[df12db4294e9bfd3]::pin::Pin<&mut dyn core[df12db4294e9bfd3]::future::future::Future<Output = ()>>>
[INFO] [stdout]   19:     0x64b387147868 - <wizrpc[87a9fc07b5de0544]::tests::test_send_no_params_non_modyfing::{closure#0} as core[df12db4294e9bfd3]::ops::function::FnOnce<()>>::call_once
[INFO] [stdout]   20:     0x64b3871a0c1b - serial_test[f78ce9378e4a70d1]::serial_code_lock::local_serial_core
[INFO] [stdout]   21:     0x64b38715b628 - <wizrpc[87a9fc07b5de0544]::tests::test_send_no_params_non_modyfing::{closure#0} as core[df12db4294e9bfd3]::ops::function::FnOnce<()>>::call_once
[INFO] [stdout]   22:     0x64b38715faeb - test[9d35eded1c95d3be]::__rust_begin_short_backtrace::<core[df12db4294e9bfd3]::result::Result<(), alloc[2182bb758b4b3781]::string::String>, fn() -> core[df12db4294e9bfd3]::result::Result<(), alloc[2182bb758b4b3781]::string::String>>
[INFO] [stdout]   23:     0x64b38716d155 - test[9d35eded1c95d3be]::run_test::{closure#0}
[INFO] [stdout]   24:     0x64b387166a14 - std[70759c8f55707aa4]::sys::backtrace::__rust_begin_short_backtrace::<test[9d35eded1c95d3be]::run_test::{closure#1}, ()>
[INFO] [stdout]   25:     0x64b3871702b2 - <std[70759c8f55707aa4]::thread::lifecycle::spawn_unchecked<test[9d35eded1c95d3be]::run_test::{closure#1}, ()>::{closure#1} as core[df12db4294e9bfd3]::ops::function::FnOnce<()>>::call_once::{shim:vtable#0}
[INFO] [stdout]   26:     0x64b38721ea19 - <std[70759c8f55707aa4]::sys::thread::unix::Thread>::new::thread_start
[INFO] [stdout]   27:     0x79995643adfa - <unknown>
[INFO] [stdout]   28:     0x7999564ce3d4 - clone
[INFO] [stdout]   29:                0x0 - <unknown>
[INFO] [stdout] 
[INFO] [stdout] 
[INFO] [stdout] failures:
[INFO] [stdout]     tests::test_discovery
[INFO] [stdout]     tests::test_ping
[INFO] [stdout]     tests::test_ping_25
[INFO] [stdout]     tests::test_ping_5
[INFO] [stdout]     tests::test_send_no_params_non_modyfing
[INFO] [stdout] 
[INFO] [stdout] test result: FAILED. 0 passed; 5 failed; 0 ignored; 0 measured; 0 filtered out; finished in 0.01s
[INFO] [stdout] 
[INFO] running `Command { std: "docker" "inspect" "dddc4c75ecb9b3cb557e181437be5dcf3594c20423b9190c957e2abc48a9b68c", kill_on_drop: false }`
[INFO] running `Command { std: "docker" "rm" "-f" "dddc4c75ecb9b3cb557e181437be5dcf3594c20423b9190c957e2abc48a9b68c", kill_on_drop: false }`
[INFO] [stdout] dddc4c75ecb9b3cb557e181437be5dcf3594c20423b9190c957e2abc48a9b68c
