[INFO] fetching crate wizrd-vail 0.2.6...
[INFO] testing wizrd-vail-0.2.6 against 1.100.0-beta.1+cargoflags=--release for beta-release-1.100-2
[INFO] extracting crate wizrd-vail 0.2.6 into /workspace/builds/worker-4-tc2/source
[INFO] started tweaking crates.io crate wizrd-vail 0.2.6
[INFO] removed 0 missing tests
[INFO] finished tweaking crates.io crate wizrd-vail 0.2.6
[INFO] tweaked toml for crates.io crate wizrd-vail 0.2.6 written to /workspace/builds/worker-4-tc2/source/Cargo.toml
[INFO] validating manifest of crates.io crate wizrd-vail 0.2.6 on toolchain 1.100.0-beta.1
[INFO] running `Command { std: CARGO_HOME="/workspace/cargo-home" RUSTUP_HOME="/workspace/rustup-home" "/workspace/cargo-home/bin/cargo" "+1.100.0-beta.1" "metadata" "--manifest-path" "Cargo.toml" "--no-deps", kill_on_drop: false }`
[INFO] crate crates.io crate wizrd-vail 0.2.6 already has a lockfile, it will not be regenerated
[INFO] running `Command { std: CARGO_HOME="/workspace/cargo-home" RUSTUP_HOME="/workspace/rustup-home" "/workspace/cargo-home/bin/cargo" "+1.100.0-beta.1" "fetch" "--manifest-path" "Cargo.toml", kill_on_drop: false }`
[INFO] running `Command { std: "docker" "create" "-v" "/var/lib/crater-agent-workspace/builds/worker-4-tc2/source:/opt/rustwide/workdir:ro,Z" "-v" "/var/lib/crater-agent-workspace/builds/worker-4-tc2/target:/opt/rustwide/target:rw,Z" "-v" "/var/lib/crater-agent-workspace/cargo-home:/opt/rustwide/cargo-home:ro,Z" "-v" "/var/lib/crater-agent-workspace/rustup-home:/opt/rustwide/rustup-home:ro,Z" "-m" "1610612736" "--network" "none" "ghcr.io/rust-lang/crates-build-env/linux@sha256:77db811e55d90add9212f6832c23229e3de5f1c1f9905e8cb07319ea15df73ac" "sleep" "infinity", kill_on_drop: false }`
[INFO] [stdout] facf2f019e19b19eb16a1e38b5bcdf8ecd1d1319be374a0497bcdbb9ff387ca9
[INFO] running `Command { std: "docker" "start" "facf2f019e19b19eb16a1e38b5bcdf8ecd1d1319be374a0497bcdbb9ff387ca9", kill_on_drop: false }`
[INFO] running `Command { std: "docker" "inspect" "facf2f019e19b19eb16a1e38b5bcdf8ecd1d1319be374a0497bcdbb9ff387ca9", kill_on_drop: false }`
[INFO] running `Command { std: "docker" "exec" "-e" "SOURCE_DIR=/opt/rustwide/workdir" "-e" "CARGO_HOME=/opt/rustwide/cargo-home" "-e" "RUSTUP_HOME=/opt/rustwide/rustup-home" "-e" "CARGO_TARGET_DIR=/opt/rustwide/target" "-w" "/opt/rustwide/workdir" "--user" "0:0" "facf2f019e19b19eb16a1e38b5bcdf8ecd1d1319be374a0497bcdbb9ff387ca9" "/opt/rustwide/cargo-home/bin/cargo" "+1.100.0-beta.1" "metadata" "--no-deps" "--format-version=1", kill_on_drop: false }`
[INFO] running `Command { std: "docker" "inspect" "facf2f019e19b19eb16a1e38b5bcdf8ecd1d1319be374a0497bcdbb9ff387ca9", kill_on_drop: false }`
[INFO] running `Command { std: "docker" "exec" "-e" "SOURCE_DIR=/opt/rustwide/workdir" "-e" "CARGO_HOME=/opt/rustwide/cargo-home" "-e" "RUSTUP_HOME=/opt/rustwide/rustup-home" "-e" "CARGO_TARGET_DIR=/opt/rustwide/target" "-e" "CARGO_INCREMENTAL=0" "-e" "RUST_BACKTRACE=full" "-e" "RUSTFLAGS=--cap-lints=warn" "-e" "RUSTDOCFLAGS=--cap-lints=warn" "-w" "/opt/rustwide/workdir" "--user" "0:0" "facf2f019e19b19eb16a1e38b5bcdf8ecd1d1319be374a0497bcdbb9ff387ca9" "/opt/rustwide/cargo-home/bin/cargo" "+1.100.0-beta.1" "build" "--frozen" "--message-format=json" "--release", kill_on_drop: false }`
[INFO] [stderr]    Compiling serde v1.0.228
[INFO] [stderr]    Compiling chrono v0.4.45
[INFO] [stderr]    Compiling serde_json v1.0.150
[INFO] [stderr]    Compiling wizrd-vail v0.2.6 (/opt/rustwide/workdir)
[INFO] [stderr]     Finished `release` profile [optimized] target(s) in 5.99s
[INFO] running `Command { std: "docker" "inspect" "facf2f019e19b19eb16a1e38b5bcdf8ecd1d1319be374a0497bcdbb9ff387ca9", kill_on_drop: false }`
[INFO] running `Command { std: "docker" "exec" "-e" "SOURCE_DIR=/opt/rustwide/workdir" "-e" "CARGO_HOME=/opt/rustwide/cargo-home" "-e" "RUSTUP_HOME=/opt/rustwide/rustup-home" "-e" "CARGO_TARGET_DIR=/opt/rustwide/target" "-e" "CARGO_INCREMENTAL=0" "-e" "RUST_BACKTRACE=full" "-e" "RUSTFLAGS=--cap-lints=warn" "-e" "RUSTDOCFLAGS=--cap-lints=warn" "-w" "/opt/rustwide/workdir" "--user" "0:0" "facf2f019e19b19eb16a1e38b5bcdf8ecd1d1319be374a0497bcdbb9ff387ca9" "/opt/rustwide/cargo-home/bin/cargo" "+1.100.0-beta.1" "test" "--frozen" "--no-run" "--message-format=json" "--release", kill_on_drop: false }`
[INFO] [stderr]    Compiling wizrd-vail v0.2.6 (/opt/rustwide/workdir)
[INFO] [stderr]     Finished `release` profile [optimized] target(s) in 1.56s
[INFO] running `Command { std: "docker" "inspect" "facf2f019e19b19eb16a1e38b5bcdf8ecd1d1319be374a0497bcdbb9ff387ca9", kill_on_drop: false }`
[INFO] running `Command { std: "docker" "exec" "-e" "SOURCE_DIR=/opt/rustwide/workdir" "-e" "CARGO_HOME=/opt/rustwide/cargo-home" "-e" "RUSTUP_HOME=/opt/rustwide/rustup-home" "-e" "CARGO_TARGET_DIR=/opt/rustwide/target" "-e" "CARGO_INCREMENTAL=0" "-e" "RUST_BACKTRACE=full" "-e" "RUSTFLAGS=--cap-lints=warn" "-e" "RUSTDOCFLAGS=--cap-lints=warn" "-w" "/opt/rustwide/workdir" "--user" "0:0" "facf2f019e19b19eb16a1e38b5bcdf8ecd1d1319be374a0497bcdbb9ff387ca9" "/opt/rustwide/cargo-home/bin/cargo" "+1.100.0-beta.1" "test" "--frozen" "--release", kill_on_drop: false }`
[INFO] [stderr]     Finished `release` profile [optimized] target(s) in 0.04s
[INFO] [stderr]      Running unittests src/lib.rs (/opt/rustwide/target/release/build/wizrd-vail/4cda6b21fa4e983d/out/wizrd_vail-4cda6b21fa4e983d)
[INFO] [stderr]      Running tests/integration.rs (/opt/rustwide/target/release/build/wizrd-vail/9d95355fd5544dd8/out/integration-9d95355fd5544dd8)
[INFO] [stdout] 
[INFO] [stdout] running 0 tests
[INFO] [stdout] 
[INFO] [stdout] test result: ok. 0 passed; 0 failed; 0 ignored; 0 measured; 0 filtered out; finished in 0.00s
[INFO] [stdout] 
[INFO] [stdout] 
[INFO] [stdout] running 29 tests
[INFO] [stdout] test test_avail_handle_into_inner ... ok
[INFO] [stdout] test test_json_build_no_fields_when_empty ... ok
[INFO] [stdout] test test_json_build_with_overwrites ... ok
[INFO] [stdout] test test_json_build_with_error ... ok
[INFO] [stdout] test test_builder_debug_is_noop_in_debug_build ... FAILED
[INFO] [stdout] test test_builder_overwrite_log ... ok
[INFO] [stdout] test test_overwrite_log_stores_old ... ok
[INFO] [stdout] test test_dvail_with_info ... ok
[INFO] [stdout] test test_overwrite_silent_no_log ... ok
[INFO] [stdout] test test_collect_depth ... ok
[INFO] [stdout] test test_builder_error_mode ... ok
[INFO] [stdout] test test_path_exists_detection ... ok
[INFO] [stdout] test test_builder_overwrite_silent ... ok
[INFO] [stdout] test test_insert_into_on_result ... ok
[INFO] [stdout] test test_set_value_at_overwrites_previous ... ok
[INFO] [stdout] test test_vail_result_to_json_with_error ... ok
[INFO] [stdout] test test_json_build_no_error ... ok
[INFO] [stdout] test test_insert_json_struct ... ok
[INFO] [stdout] test test_builder_info_mode ... ok
[INFO] [stdout] test test_insert_json_basic ... ok
[INFO] [stdout] test test_no_duplicate_warning_on_first_write ... ok
[INFO] [stdout] test test_set_value_at ... ok
[INFO] [stdout] test test_vail_result_from_scope ... ok
[INFO] [stdout] test test_dvail_macro ... FAILED
[INFO] [stdout] test test_multiple_values_array ... ok
[INFO] [stdout] test test_tree_set_get ... ok
[INFO] [stdout] test test_vail_result_to_json ... ok
[INFO] [stdout] test test_avail_handle_into_json ... ok
[INFO] [stdout] test test_codes_stored ... ok
[INFO] [stdout] 
[INFO] [stdout] failures:
[INFO] [stdout] 
[INFO] [stdout] ---- test_builder_debug_is_noop_in_debug_build stdout ----
[INFO] [stdout] 
[INFO] [stdout] thread 'test_builder_debug_is_noop_in_debug_build' (261) panicked at tests/integration.rs:409:5:
[INFO] [stdout] assertion failed: !builder.no_display
[INFO] [stdout] stack backtrace:
[INFO] [stdout]    0:     0x58947e04b7e1 - <<std[617be2ca0a6fd877]::sys::backtrace::BacktraceLock>::print::DisplayBacktrace as core[a373ad73a504971]::fmt::Display>::fmt
[INFO] [stdout]    1:     0x58947e05f9da - core[a373ad73a504971]::fmt::write
[INFO] [stdout]    2:     0x58947e04f9fc - <alloc[2e1b2a31b91974c5]::vec::Vec<u8> as core[a373ad73a504971]::io::write::Write>::write_fmt
[INFO] [stdout]    3:     0x58947e027c46 - std[617be2ca0a6fd877]::panicking::default_hook::{closure#0}
[INFO] [stdout]    4:     0x58947e043e79 - std[617be2ca0a6fd877]::panicking::default_hook
[INFO] [stdout]    5:     0x58947dfc8550 - test[aada8e7e76ba119b]::test_main_inner::{closure#0}
[INFO] [stdout]    6:     0x58947e044032 - std[617be2ca0a6fd877]::panicking::panic_with_hook
[INFO] [stdout]    7:     0x58947e027d24 - std[617be2ca0a6fd877]::panicking::panic_handler::{closure#0}
[INFO] [stdout]    8:     0x58947e020a09 - std[617be2ca0a6fd877]::sys::backtrace::__rust_end_short_backtrace::<std[617be2ca0a6fd877]::panicking::panic_handler::{closure#0}, !>
[INFO] [stdout]    9:     0x58947e0288fd - __rustc[ea4f61d10b84890b]::rust_begin_unwind
[INFO] [stdout]   10:     0x58947e06010c - core[a373ad73a504971]::panicking::panic_fmt
[INFO] [stdout]   11:     0x58947e0600d2 - core[a373ad73a504971]::panicking::panic
[INFO] [stdout]   12:     0x58947dfafb57 - integration[22cd9631b6fba7a9]::test_builder_debug_is_noop_in_debug_build
[INFO] [stdout]   13:     0x58947dfb50ce - <integration[22cd9631b6fba7a9]::test_builder_debug_is_noop_in_debug_build::{closure#0} as core[a373ad73a504971]::ops::function::FnOnce<()>>::call_once
[INFO] [stdout]   14:     0x58947dfbb99b - test[aada8e7e76ba119b]::__rust_begin_short_backtrace::<core[a373ad73a504971]::result::Result<(), alloc[2e1b2a31b91974c5]::string::String>, fn() -> core[a373ad73a504971]::result::Result<(), alloc[2e1b2a31b91974c5]::string::String>>
[INFO] [stdout]   15:     0x58947dfc8b75 - test[aada8e7e76ba119b]::run_test::{closure#0}
[INFO] [stdout]   16:     0x58947dfc2464 - std[617be2ca0a6fd877]::sys::backtrace::__rust_begin_short_backtrace::<test[aada8e7e76ba119b]::run_test::{closure#1}, ()>
[INFO] [stdout]   17:     0x58947dfcbc02 - <std[617be2ca0a6fd877]::thread::lifecycle::spawn_unchecked<test[aada8e7e76ba119b]::run_test::{closure#1}, ()>::{closure#1} as core[a373ad73a504971]::ops::function::FnOnce<()>>::call_once::{shim:vtable#0}
[INFO] [stdout]   18:     0x58947e04b03f - <std[617be2ca0a6fd877]::sys::thread::unix::Thread>::new::thread_start
[INFO] [stdout]   19:     0x7e168867bdfa - <unknown>
[INFO] [stdout]   20:     0x7e168870f3d4 - clone
[INFO] [stdout]   21:                0x0 - <unknown>
[INFO] [stdout] 
[INFO] [stdout] ---- test_dvail_macro stdout ----
[INFO] [stdout] 
[INFO] [stdout] thread 'test_dvail_macro' (268) panicked at tests/integration.rs:418:5:
[INFO] [stdout] assertion `left == right` failed
[INFO] [stdout]   left: None
[INFO] [stdout]  right: Some(String("val"))
[INFO] [stdout] stack backtrace:
[INFO] [stdout]    0:     0x58947e04b7e1 - <<std[617be2ca0a6fd877]::sys::backtrace::BacktraceLock>::print::DisplayBacktrace as core[a373ad73a504971]::fmt::Display>::fmt
[INFO] [stdout]    1:     0x58947e05f9da - core[a373ad73a504971]::fmt::write
[INFO] [stdout]    2:     0x58947e04f9fc - <alloc[2e1b2a31b91974c5]::vec::Vec<u8> as core[a373ad73a504971]::io::write::Write>::write_fmt
[INFO] [stdout]    3:     0x58947e027c46 - std[617be2ca0a6fd877]::panicking::default_hook::{closure#0}
[INFO] [stdout]    4:     0x58947e043e79 - std[617be2ca0a6fd877]::panicking::default_hook
[INFO] [stdout]    5:     0x58947dfc8550 - test[aada8e7e76ba119b]::test_main_inner::{closure#0}
[INFO] [stdout]    6:     0x58947e044032 - std[617be2ca0a6fd877]::panicking::panic_with_hook
[INFO] [stdout]    7:     0x58947e027cf2 - std[617be2ca0a6fd877]::panicking::panic_handler::{closure#0}
[INFO] [stdout]    8:     0x58947e020a09 - std[617be2ca0a6fd877]::sys::backtrace::__rust_end_short_backtrace::<std[617be2ca0a6fd877]::panicking::panic_handler::{closure#0}, !>
[INFO] [stdout]    9:     0x58947e0288fd - __rustc[ea4f61d10b84890b]::rust_begin_unwind
[INFO] [stdout]   10:     0x58947e06010c - core[a373ad73a504971]::panicking::panic_fmt
[INFO] [stdout]   11:     0x58947e060023 - core[a373ad73a504971]::panicking::assert_failed_inner
[INFO] [stdout]   12:     0x58947dfb5cf2 - core[a373ad73a504971]::panicking::assert_failed::<core[a373ad73a504971]::option::Option<serde_json[288aa751a067bb6f]::value::Value>, core[a373ad73a504971]::option::Option<serde_json[288aa751a067bb6f]::value::Value>>
[INFO] [stdout]   13:     0x58947dfaff8d - <integration[22cd9631b6fba7a9]::test_dvail_macro::{closure#0} as core[a373ad73a504971]::ops::function::FnOnce<()>>::call_once
[INFO] [stdout]   14:     0x58947dfbb99b - test[aada8e7e76ba119b]::__rust_begin_short_backtrace::<core[a373ad73a504971]::result::Result<(), alloc[2e1b2a31b91974c5]::string::String>, fn() -> core[a373ad73a504971]::result::Result<(), alloc[2e1b2a31b91974c5]::string::String>>
[INFO] [stdout]   15:     0x58947dfc8b75 - test[aada8e7e76ba119b]::run_test::{closure#0}
[INFO] [stdout]   16:     0x58947dfc2464 - std[617be2ca0a6fd877]::sys::backtrace::__rust_begin_short_backtrace::<test[aada8e7e76ba119b]::run_test::{closure#1}, ()>
[INFO] [stdout]   17:     0x58947dfcbc02 - <std[617be2ca0a6fd877]::thread::lifecycle::spawn_unchecked<test[aada8e7e76ba119b]::run_test::{closure#1}, ()>::{closure#1} as core[a373ad73a504971]::ops::function::FnOnce<()>>::call_once::{shim:vtable#0}
[INFO] [stdout]   18:     0x58947e04b03f - <std[617be2ca0a6fd877]::sys::thread::unix::Thread>::new::thread_start
[INFO] [stdout]   19:     0x7e168867bdfa - <unknown>
[INFO] [stdout]   20:     0x7e168870f3d4 - clone
[INFO] [stdout]   21:                0x0 - <unknown>
[INFO] [stdout] 
[INFO] [stdout] 
[INFO] [stdout] failures:
[INFO] [stdout]     test_builder_debug_is_noop_in_debug_build
[INFO] [stdout]     test_dvail_macro
[INFO] [stdout] 
[INFO] [stdout] test result: FAILED. 27 passed; 2 failed; 0 ignored; 0 measured; 0 filtered out; finished in 0.02s
[INFO] [stdout] 
[INFO] [stderr] error: test failed, to rerun pass `--test integration`
[INFO] running `Command { std: "docker" "inspect" "facf2f019e19b19eb16a1e38b5bcdf8ecd1d1319be374a0497bcdbb9ff387ca9", kill_on_drop: false }`
[INFO] running `Command { std: "docker" "rm" "-f" "facf2f019e19b19eb16a1e38b5bcdf8ecd1d1319be374a0497bcdbb9ff387ca9", kill_on_drop: false }`
[INFO] [stdout] facf2f019e19b19eb16a1e38b5bcdf8ecd1d1319be374a0497bcdbb9ff387ca9
