[INFO] fetching crate wispers-connect 0.17.0...
[INFO] testing wispers-connect-0.17.0 against 1.100.0-beta.1+cargoflags=--release for beta-release-1.100-2
[INFO] extracting crate wispers-connect 0.17.0 into /workspace/builds/worker-7-tc2/source
[INFO] started tweaking crates.io crate wispers-connect 0.17.0
[INFO] removed 0 missing tests
[INFO] finished tweaking crates.io crate wispers-connect 0.17.0
[INFO] tweaked toml for crates.io crate wispers-connect 0.17.0 written to /workspace/builds/worker-7-tc2/source/Cargo.toml
[INFO] validating manifest of crates.io crate wispers-connect 0.17.0 on toolchain 1.100.0-beta.1
[INFO] running `Command { std: CARGO_HOME="/workspace/cargo-home" RUSTUP_HOME="/workspace/rustup-home" "/workspace/cargo-home/bin/cargo" "+1.100.0-beta.1" "metadata" "--manifest-path" "Cargo.toml" "--no-deps", kill_on_drop: false }`
[INFO] crate crates.io crate wispers-connect 0.17.0 already has a lockfile, it will not be regenerated
[INFO] running `Command { std: CARGO_HOME="/workspace/cargo-home" RUSTUP_HOME="/workspace/rustup-home" "/workspace/cargo-home/bin/cargo" "+1.100.0-beta.1" "fetch" "--manifest-path" "Cargo.toml", kill_on_drop: false }`
[INFO] running `Command { std: "docker" "create" "-v" "/var/lib/crater-agent-workspace/builds/worker-7-tc2/source:/opt/rustwide/workdir:ro,Z" "-v" "/var/lib/crater-agent-workspace/builds/worker-7-tc2/target:/opt/rustwide/target:rw,Z" "-v" "/var/lib/crater-agent-workspace/cargo-home:/opt/rustwide/cargo-home:ro,Z" "-v" "/var/lib/crater-agent-workspace/rustup-home:/opt/rustwide/rustup-home:ro,Z" "-m" "1610612736" "--network" "none" "ghcr.io/rust-lang/crates-build-env/linux@sha256:77db811e55d90add9212f6832c23229e3de5f1c1f9905e8cb07319ea15df73ac" "sleep" "infinity", kill_on_drop: false }`
[INFO] [stdout] 9950515c67a1bd66e5a7c27a4eeb40381336b90a23d569f1f5f4523f87d96734
[INFO] running `Command { std: "docker" "start" "9950515c67a1bd66e5a7c27a4eeb40381336b90a23d569f1f5f4523f87d96734", kill_on_drop: false }`
[INFO] running `Command { std: "docker" "inspect" "9950515c67a1bd66e5a7c27a4eeb40381336b90a23d569f1f5f4523f87d96734", kill_on_drop: false }`
[INFO] running `Command { std: "docker" "exec" "-e" "SOURCE_DIR=/opt/rustwide/workdir" "-e" "CARGO_HOME=/opt/rustwide/cargo-home" "-e" "RUSTUP_HOME=/opt/rustwide/rustup-home" "-e" "CARGO_TARGET_DIR=/opt/rustwide/target" "-w" "/opt/rustwide/workdir" "--user" "0:0" "9950515c67a1bd66e5a7c27a4eeb40381336b90a23d569f1f5f4523f87d96734" "/opt/rustwide/cargo-home/bin/cargo" "+1.100.0-beta.1" "metadata" "--no-deps" "--format-version=1", kill_on_drop: false }`
[INFO] running `Command { std: "docker" "inspect" "9950515c67a1bd66e5a7c27a4eeb40381336b90a23d569f1f5f4523f87d96734", kill_on_drop: false }`
[INFO] running `Command { std: "docker" "exec" "-e" "SOURCE_DIR=/opt/rustwide/workdir" "-e" "CARGO_HOME=/opt/rustwide/cargo-home" "-e" "RUSTUP_HOME=/opt/rustwide/rustup-home" "-e" "CARGO_TARGET_DIR=/opt/rustwide/target" "-e" "CARGO_INCREMENTAL=0" "-e" "RUST_BACKTRACE=full" "-e" "RUSTFLAGS=--cap-lints=warn" "-e" "RUSTDOCFLAGS=--cap-lints=warn" "-w" "/opt/rustwide/workdir" "--user" "0:0" "9950515c67a1bd66e5a7c27a4eeb40381336b90a23d569f1f5f4523f87d96734" "/opt/rustwide/cargo-home/bin/cargo" "+1.100.0-beta.1" "build" "--frozen" "--message-format=json" "--release", kill_on_drop: false }`
[INFO] [stderr]    Compiling proc-macro2 v1.0.103
[INFO] [stderr]    Compiling quote v1.0.42
[INFO] [stderr]    Compiling unicode-ident v1.0.22
[INFO] [stderr]    Compiling libc v0.2.178
[INFO] [stderr]    Compiling typenum v1.19.0
[INFO] [stderr]    Compiling find-msvc-tools v0.1.7
[INFO] [stderr]    Compiling either v1.15.0
[INFO] [stderr]    Compiling glob v0.3.3
[INFO] [stderr]    Compiling bitflags v2.10.0
[INFO] [stderr]    Compiling regex-syntax v0.8.8
[INFO] [stderr]    Compiling memchr v2.7.6
[INFO] [stderr]    Compiling anyhow v1.0.100
[INFO] [stderr]    Compiling libloading v0.8.9
[INFO] [stderr]    Compiling itoa v1.0.17
[INFO] [stderr]    Compiling rustc-hash v2.1.1
[INFO] [stderr]    Compiling prettyplease v0.2.37
[INFO] [stderr]    Compiling tracing-core v0.1.36
[INFO] [stderr]    Compiling once_cell v1.21.3
[INFO] [stderr]    Compiling cc v1.2.52
[INFO] [stderr]    Compiling rustix v1.1.3
[INFO] [stderr]    Compiling bindgen v0.72.1
[INFO] [stderr]    Compiling http v1.4.0
[INFO] [stderr]    Compiling zerocopy v0.8.31
[INFO] [stderr]    Compiling itertools v0.13.0
[INFO] [stderr]    Compiling clang-sys v1.8.1
[INFO] [stderr]    Compiling itertools v0.14.0
[INFO] [stderr]    Compiling getrandom v0.3.4
[INFO] [stderr]    Compiling hashbrown v0.16.1
[INFO] [stderr]    Compiling nom v7.1.3
[INFO] [stderr]    Compiling linux-raw-sys v0.11.0
[INFO] [stderr]    Compiling bytes v1.12.1
[INFO] [stderr]    Compiling semver v1.0.27
[INFO] [stderr]    Compiling indexmap v2.13.0
[INFO] [stderr]    Compiling rustc_version v0.4.1
[INFO] [stderr]    Compiling syn v2.0.111
[INFO] [stderr]    Compiling generic-array v0.14.7
[INFO] [stderr]    Compiling fslock v0.2.1
[INFO] [stderr]    Compiling smallvec v1.15.1
[INFO] [stderr]    Compiling getrandom v0.2.16
[INFO] [stderr]    Compiling mio v1.1.1
[INFO] [stderr]    Compiling socket2 v0.6.1
[INFO] [stderr]    Compiling rand_core v0.6.4
[INFO] [stderr]    Compiling cmake v0.1.57
[INFO] [stderr]    Compiling http-body v1.0.1
[INFO] [stderr]    Compiling log v0.4.29
[INFO] [stderr]    Compiling crypto-common v0.1.7
[INFO] [stderr]    Compiling block-buffer v0.10.4
[INFO] [stderr]    Compiling fixedbitset v0.5.7
[INFO] [stderr]    Compiling const-oid v0.9.6
[INFO] [stderr]    Compiling digest v0.10.7
[INFO] [stderr]    Compiling regex-automata v0.4.13
[INFO] [stderr]    Compiling ring v0.17.14
[INFO] [stderr]    Compiling fastrand v2.3.0
[INFO] [stderr]    Compiling petgraph v0.7.1
[INFO] [stderr]    Compiling inout v0.1.4
[INFO] [stderr]    Compiling curve25519-dalek v4.1.3
[INFO] [stderr]    Compiling indexmap v1.9.3
[INFO] [stderr]    Compiling num-traits v0.2.19
[INFO] [stderr]    Compiling memoffset v0.9.1
[INFO] [stderr]    Compiling serde v1.0.228
[INFO] [stderr]    Compiling multimap v0.10.1
[INFO] [stderr]    Compiling rustls v0.23.36
[INFO] [stderr]    Compiling sync_wrapper v1.0.2
[INFO] [stderr]    Compiling bindgen v0.71.1
[INFO] [stderr]    Compiling cexpr v0.6.0
[INFO] [stderr]    Compiling cipher v0.4.4
[INFO] [stderr]    Compiling universal-hash v0.5.1
[INFO] [stderr]    Compiling http-body-util v0.1.3
[INFO] [stderr]    Compiling foreign-types-shared v0.3.1
[INFO] [stderr]    Compiling polyval v0.6.2
[INFO] [stderr]    Compiling tower v0.5.3
[INFO] [stderr]    Compiling quiche v0.24.8
[INFO] [stderr]    Compiling matchit v0.7.3
[INFO] [stderr]    Compiling signature v2.2.0
[INFO] [stderr]    Compiling dirs-sys v0.4.1
[INFO] [stderr]    Compiling intrusive-collections v0.9.7
[INFO] [stderr]    Compiling ghash v0.5.1
[INFO] [stderr]    Compiling ctr v0.9.2
[INFO] [stderr]    Compiling aes v0.8.4
[INFO] [stderr]    Compiling sha2 v0.10.9
[INFO] [stderr]    Compiling hmac v0.12.1
[INFO] [stderr]    Compiling aead v0.5.2
[INFO] [stderr]    Compiling socket2 v0.5.10
[INFO] [stderr]    Compiling octets v0.3.4
[INFO] [stderr]    Compiling hkdf v0.12.4
[INFO] [stderr]    Compiling ppv-lite86 v0.2.21
[INFO] [stderr]    Compiling tempfile v3.24.0
[INFO] [stderr]    Compiling aes-gcm v0.10.3
[INFO] [stderr]    Compiling dirs v5.0.1
[INFO] [stderr]    Compiling urlencoding v2.1.3
[INFO] [stderr]    Compiling num-integer v0.1.46
[INFO] [stderr]    Compiling rand_chacha v0.3.1
[INFO] [stderr]    Compiling num-bigint v0.4.6
[INFO] [stderr]    Compiling regex v1.12.2
[INFO] [stderr]    Compiling rand v0.8.7
[INFO] [stderr]    Compiling zeroize_derive v1.4.3
[INFO] [stderr]    Compiling tokio-macros v2.6.0
[INFO] [stderr]    Compiling prost-derive v0.13.5
[INFO] [stderr]    Compiling tracing-attributes v0.1.31
[INFO] [stderr]    Compiling curve25519-dalek-derive v0.1.1
[INFO] [stderr]    Compiling foreign-types-macros v0.2.3
[INFO] [stderr]    Compiling async-trait v0.1.89
[INFO] [stderr]    Compiling pin-project-internal v1.1.10
[INFO] [stderr]    Compiling async-stream-impl v0.3.6
[INFO] [stderr]    Compiling openssl-macros v0.1.1
[INFO] [stderr]    Compiling thiserror-impl v1.0.69
[INFO] [stderr]    Compiling enum_dispatch v0.3.13
[INFO] [stderr]    Compiling async-stream v0.3.6
[INFO] [stderr]    Compiling zeroize v1.8.2
[INFO] [stderr]    Compiling foreign-types v0.5.0
[INFO] [stderr]    Compiling tokio v1.49.0
[INFO] [stderr]    Compiling rustls-pki-types v1.13.2
[INFO] [stderr]    Compiling der v0.7.10
[INFO] [stderr]    Compiling axum-core v0.4.5
[INFO] [stderr]    Compiling thiserror v1.0.69
[INFO] [stderr]    Compiling tracing v0.1.44
[INFO] [stderr]    Compiling pin-project v1.1.10
[INFO] [stderr]    Compiling webpki-roots v1.0.6
[INFO] [stderr]    Compiling rustls-pemfile v2.2.0
[INFO] [stderr]    Compiling rustls-native-certs v0.8.2
[INFO] [stderr]    Compiling webpki-roots v0.26.11
[INFO] [stderr]    Compiling prost v0.13.5
[INFO] [stderr]    Compiling x25519-dalek v2.0.1
[INFO] [stderr]    Compiling prost-types v0.13.5
[INFO] [stderr]    Compiling spki v0.7.3
[INFO] [stderr]    Compiling pkcs8 v0.10.2
[INFO] [stderr]    Compiling ed25519 v2.2.3
[INFO] [stderr]    Compiling ed25519-dalek v2.2.0
[INFO] [stderr]    Compiling axum v0.7.9
[INFO] [stderr]    Compiling prost-build v0.13.5
[INFO] [stderr]    Compiling tonic-build v0.12.3
[INFO] [stderr]    Compiling boring-sys v4.21.1
[INFO] [stderr]    Compiling tokio-util v0.7.18
[INFO] [stderr]    Compiling tokio-stream v0.1.18
[INFO] [stderr]    Compiling wispers-connect v0.17.0 (/opt/rustwide/workdir)
[INFO] [stderr]    Compiling h2 v0.4.13
[INFO] [stderr]    Compiling tower v0.4.13
[INFO] [stderr]    Compiling rustls-webpki v0.103.13
[INFO] [stderr]    Compiling hyper v1.8.1
[INFO] [stderr]    Compiling hyper-util v0.1.19
[INFO] [stderr]    Compiling hyper-timeout v0.5.2
[INFO] [stderr]    Compiling tokio-rustls v0.26.4
[INFO] [stderr]    Compiling tonic v0.12.3
[INFO] [stderr]    Compiling boring v4.21.1
[INFO] [stderr] warning: unused dependency `dirs`
[INFO] [stderr]   --> Cargo.toml:16:15
[INFO] [stderr]    |
[INFO] [stderr] 16 | [dependencies.dirs]
[INFO] [stderr]    |               ^^^^^
[INFO] [stderr]    |
[INFO] [stderr]    = note: `cargo::unused_dependencies` is set to `warn` by default
[INFO] [stderr] help: consider removing the dependency on `dirs`
[INFO] [stderr] warning: unused dependency `urlencoding`
[INFO] [stderr]   --> Cargo.toml:66:15
[INFO] [stderr]    |
[INFO] [stderr] 66 | [dependencies.urlencoding]
[INFO] [stderr]    |               ^^^^^^^^^^^^
[INFO] [stderr]    |
[INFO] [stderr] help: consider removing the dependency on `urlencoding`
[INFO] [stderr] warning: `wispers-connect` (manifest) generated 2 warnings
[INFO] [stderr]     Finished `release` profile [optimized] target(s) in 3m 15s
[INFO] running `Command { std: "docker" "inspect" "9950515c67a1bd66e5a7c27a4eeb40381336b90a23d569f1f5f4523f87d96734", kill_on_drop: false }`
[INFO] running `Command { std: "docker" "exec" "-e" "SOURCE_DIR=/opt/rustwide/workdir" "-e" "CARGO_HOME=/opt/rustwide/cargo-home" "-e" "RUSTUP_HOME=/opt/rustwide/rustup-home" "-e" "CARGO_TARGET_DIR=/opt/rustwide/target" "-e" "CARGO_INCREMENTAL=0" "-e" "RUST_BACKTRACE=full" "-e" "RUSTFLAGS=--cap-lints=warn" "-e" "RUSTDOCFLAGS=--cap-lints=warn" "-w" "/opt/rustwide/workdir" "--user" "0:0" "9950515c67a1bd66e5a7c27a4eeb40381336b90a23d569f1f5f4523f87d96734" "/opt/rustwide/cargo-home/bin/cargo" "+1.100.0-beta.1" "test" "--frozen" "--no-run" "--message-format=json" "--release", kill_on_drop: false }`
[INFO] [stderr]    Compiling wispers-connect v0.17.0 (/opt/rustwide/workdir)
[INFO] [stderr] warning: unused dependency `dirs`
[INFO] [stderr]   --> Cargo.toml:16:15
[INFO] [stderr]    |
[INFO] [stderr] 16 | [dependencies.dirs]
[INFO] [stderr]    |               ^^^^^
[INFO] [stderr]    |
[INFO] [stderr]    = note: `cargo::unused_dependencies` is set to `warn` by default
[INFO] [stderr] help: consider removing the dependency on `dirs`
[INFO] [stderr] warning: unused dependency `urlencoding`
[INFO] [stderr]   --> Cargo.toml:66:15
[INFO] [stderr]    |
[INFO] [stderr] 66 | [dependencies.urlencoding]
[INFO] [stderr]    |               ^^^^^^^^^^^^
[INFO] [stderr]    |
[INFO] [stderr] help: consider removing the dependency on `urlencoding`
[INFO] [stderr] warning: `wispers-connect` (manifest) generated 2 warnings
[INFO] [stderr]     Finished `release` profile [optimized] target(s) in 48.72s
[INFO] running `Command { std: "docker" "inspect" "9950515c67a1bd66e5a7c27a4eeb40381336b90a23d569f1f5f4523f87d96734", kill_on_drop: false }`
[INFO] running `Command { std: "docker" "exec" "-e" "SOURCE_DIR=/opt/rustwide/workdir" "-e" "CARGO_HOME=/opt/rustwide/cargo-home" "-e" "RUSTUP_HOME=/opt/rustwide/rustup-home" "-e" "CARGO_TARGET_DIR=/opt/rustwide/target" "-e" "CARGO_INCREMENTAL=0" "-e" "RUST_BACKTRACE=full" "-e" "RUSTFLAGS=--cap-lints=warn" "-e" "RUSTDOCFLAGS=--cap-lints=warn" "-w" "/opt/rustwide/workdir" "--user" "0:0" "9950515c67a1bd66e5a7c27a4eeb40381336b90a23d569f1f5f4523f87d96734" "/opt/rustwide/cargo-home/bin/cargo" "+1.100.0-beta.1" "test" "--frozen" "--release", kill_on_drop: false }`
[INFO] [stderr] warning: unused dependency `dirs`
[INFO] [stdout] 
[INFO] [stderr]   --> Cargo.toml:16:15
[INFO] [stdout] running 127 tests
[INFO] [stderr]    |
[INFO] [stdout] test crypto::tests::test_base36_roundtrip ... ok
[INFO] [stderr] 16 | [dependencies.dirs]
[INFO] [stdout] test crypto::tests::test_base36_rejects_out_of_range ... ok
[INFO] [stderr]    |               ^^^^^
[INFO] [stdout] test crypto::tests::test_base36_rejects_invalid_characters ... ok
[INFO] [stderr]    |
[INFO] [stdout] test crypto::tests::test_base36_roundtrip_max_value ... ok
[INFO] [stderr]    = note: `cargo::unused_dependencies` is set to `warn` by default
[INFO] [stdout] test crypto::tests::ttl_profile_all_covers_every_variant ... ok
[INFO] [stderr] help: consider removing the dependency on `dirs`
[INFO] [stdout] test crypto::tests::test_base36_roundtrip_asynchronous ... ok
[INFO] [stderr] warning: unused dependency `urlencoding`
[INFO] [stdout] test crypto::tests::test_base36_roundtrip_zero_value ... ok
[INFO] [stderr]   --> Cargo.toml:66:15
[INFO] [stdout] test crypto::tests::test_mac_verification ... ok
[INFO] [stderr]    |
[INFO] [stdout] test crypto::tests::test_base36_rejects_wrong_length ... ok
[INFO] [stderr] 66 | [dependencies.urlencoding]
[INFO] [stdout] test encryption::tests::packet_too_short_fails ... ok
[INFO] [stderr]    |               ^^^^^^^^^^^^
[INFO] [stdout] test encryption::tests::roundtrip_answerer_to_caller ... ok
[INFO] [stderr]    |
[INFO] [stdout] test encryption::tests::roundtrip_caller_to_answerer ... ok
[INFO] [stderr] help: consider removing the dependency on `urlencoding`
[INFO] [stdout] test encryption::tests::tampered_ciphertext_fails ... ok
[INFO] [stderr] warning: `wispers-connect` (manifest) generated 2 warnings
[INFO] [stdout] test encryption::tests::wrong_shared_secret_fails ... ok
[INFO] [stderr]     Finished `release` profile [optimized] target(s) in 0.21s
[INFO] [stdout] test ice::split_tests::candidates_and_end_marker_are_held_back ... ok
[INFO] [stderr]      Running unittests src/lib.rs (/opt/rustwide/target/release/build/wispers-connect/b1539c31ef6b4bf2/out/wispers_connect-b1539c31ef6b4bf2)
[INFO] [stdout] test ice::split_tests::tolerates_bare_newlines ... ok
[INFO] [stdout] test crypto::tests::no_profile_is_weaker_than_interactive ... ok
[INFO] [stdout] test encryption::tests::accepts_out_of_order ... ok
[INFO] [stdout] test node::tests::completing_registration_persists_and_transitions ... ok
[INFO] [stdout] test node::tests::group_analysis_can_endorse ... ok
[INFO] [stdout] test node::tests::group_analysis_last_active_node_is_alone ... ok
[INFO] [stdout] test node::tests::group_analysis_active_and_registered_among_revoked ... ok
[INFO] [stdout] test encryption::tests::different_connections_have_different_keys ... ok
[INFO] [stdout] test crypto::tests::test_pairing_code_roundtrip ... ok
[INFO] [stdout] test crypto::tests::test_signing_key_derivation ... ok
[INFO] [stdout] test crypto::tests::test_x25519_dh_shared_secret ... ok
[INFO] [stdout] test crypto::tests::test_x25519_ephemeral_keys_differ ... ok
[INFO] [stdout] test node::tests::group_analysis_alone ... ok
[INFO] [stdout] test encryption::tests::bidirectional_conversation ... ok
[INFO] [stdout] test node::tests::group_analysis_bootstrap_dead_roster ... ok
[INFO] [stdout] test node::tests::group_analysis_bootstrap_empty_roster ... ok
[INFO] [stdout] test node::tests::group_analysis_all_activated ... ok
[INFO] [stdout] test node::tests::revoke_node_from_revoked_state_is_typed ... ok
[INFO] [stdout] test node::tests::revoke_node_rejects_already_revoked_target ... ok
[INFO] [stdout] test node::tests::revoked_node_reports_revoked_state ... ok
[INFO] [stdout] test node::tests::group_analysis_passes_through_node_fields ... ok
[INFO] [stdout] test encryption::tests::handles_packet_loss ... ok
[INFO] [stdout] test node::tests::group_analysis_need_activation_reports_endorsers ... ok
[INFO] [stdout] test node::tests::revoke_node_rejects_self ... ok
[INFO] [stdout] test node::tests::group_analysis_revoked_alongside_registered ... ok
[INFO] [stdout] test node::tests::revoke_node_requires_activated ... ok
[INFO] [stdout] test p2p_signing::tests::tampered_payload_fails_verification ... ok
[INFO] [stdout] test node::tests::start_serving_rejects_revoked ... ok
[INFO] [stdout] test p2p_signing::tests::caller_signature_does_not_verify_as_answerer ... ok
[INFO] [stdout] test p2p_signing::tests::caller_signing_input_golden_hash ... ok
[INFO] [stdout] test p2p_signing::tests::tampered_signature_fails_verification ... ok
[INFO] [stdout] test p2p_signing::tests::round_trip_response ... ok
[INFO] [stdout] test node::tests::storage_initializes_and_reuses_state ... ok
[INFO] [stdout] test node::tests::node_state_revoked_displays ... ok
[INFO] [stdout] test node::tests::group_analysis_revoked_peer_is_terminal ... ok
[INFO] [stdout] test node::tests::state_detection_works ... ok
[INFO] [stdout] test quic::tests::test_finish_before_read ... ok
[INFO] [stdout] test quic::tests::test_create_config_client ... ok
[INFO] [stdout] test quic::tests::test_accept_stream_errors_when_driver_exits ... ok
[INFO] [stdout] test node::tests::revoke_node_rejects_inactive_target ... ok
[INFO] [stdout] test quic::tests::test_create_config_server ... ok
[INFO] [stdout] test quic::tests::test_loopback_poll_io ... ok
[INFO] [stdout] test p2p_signing::tests::round_trip_request ... ok
[INFO] [stdout] test quic::tests::test_psk_derivation_deterministic ... ok
[INFO] [stdout] test quic::tests::test_close_long_reason_is_truncated ... ok
[INFO] [stdout] test p2p_signing::tests::answerer_signing_input_golden_hash ... ok
[INFO] [stdout] test quic::tests::test_close_error_reaches_peer ... ok
[INFO] [stdout] test quic::tests::test_close_rejects_oversized_error_code ... ok
[INFO] [stdout] test quic::tests::test_psk_not_all_zeros ... ok
[INFO] [stdout] test quic::tests::test_loopback_stream_basic ... ok
[INFO] [stdout] test quic::tests::test_psk_derivation_different_secrets ... ok
[INFO] [stdout] test quic::tests::test_finish_before_read_concurrent ... ok
[INFO] [stdout] test quic::tests::test_psk_length ... ok
[INFO] [stdout] test roster::tests::golden_signing_hash ... ok
[INFO] [stdout] test roster::tests::test_active_nodes_filters_revoked ... ok
[INFO] [stdout] test roster::tests::test_bootstrap_roster_verifies ... ok
[INFO] [stdout] test roster::tests::test_c1_hub_cannot_forge_new_node_signature_for_swap ... ok
[INFO] [stdout] test roster::tests::test_add_activation_to_roster_verifies ... ok
[INFO] [stdout] test roster::tests::test_add_revocation_to_roster_verifies ... ok
[INFO] [stdout] test roster::tests::test_c1_legitimate_bootstrap_still_verifies ... ok
[INFO] [stdout] test roster::tests::test_c1_fully_faked_bootstrap_caught_by_verifier_anchor ... ok
[INFO] [stdout] test roster::tests::test_addenda_count_mismatch ... ok
[INFO] [stdout] test roster::tests::test_c1_swapped_endorser_in_nodes_list_rejected ... ok
[INFO] [stdout] test roster::tests::test_duplicate_node_numbers ... ok
[INFO] [stdout] test roster::tests::test_create_bootstrap_roster_verifies ... ok
[INFO] [stdout] test quic::tests::test_open_stream_errors_when_driver_exits ... ok
[INFO] [stdout] test roster::tests::test_corrupted_new_version_hash_rejected ... ok
[INFO] [stdout] test roster::tests::test_forward_walk_rejects_phantom_node_in_input ... ok
[INFO] [stdout] test roster::tests::test_forward_walk_rejects_revoked_flag_tampering ... ok
[INFO] [stdout] test roster::tests::test_flipped_signatures ... ok
[INFO] [stdout] test roster::tests::test_invalid_endorser_signature ... ok
[INFO] [stdout] test roster::tests::test_invalid_version_zero ... ok
[INFO] [stdout] test roster::tests::test_invalid_new_node_signature ... ok
[INFO] [stdout] test quic::tests::test_read_errors_when_driver_exits ... ok
[INFO] [stdout] test roster::tests::test_invalid_revoker_signature ... ok
[INFO] [stdout] test roster::tests::test_revocation_verifies ... ok
[INFO] [stdout] test roster::tests::test_multi_node_roster_verifies ... ok
[INFO] [stdout] test quic::tests::test_poll_read_errors_when_driver_exits ... ok
[INFO] [stdout] test quic::tests::test_handshake_errors_when_driver_exits ... ok
[INFO] [stdout] test roster::tests::test_verifier_key_mismatch ... ok
[INFO] [stdout] test quic::tests::test_ping_live_peer ... ok
[INFO] [stdout] test roster::tests::test_self_revocation_verifies ... ok
[INFO] [stdout] test quic::tests::test_dropped_streams_reclaim_credit ... ok
[INFO] [stdout] test roster::tests::test_verifier_revoked ... ok
[INFO] [stdout] test rtt::tests::estimate_is_window_minimum ... ok
[INFO] [stdout] test roster::tests::test_revoked_node_cannot_endorse ... ok
[INFO] [stdout] test rtt::tests::none_before_first_sample ... ok
[INFO] [stdout] test roster::tests::test_revoked_node_cannot_revoke ... ok
[INFO] [stdout] test roster::tests::test_self_endorsement_rejected ... ok
[INFO] [stdout] test quic::tests::test_ping_after_peer_close_fails ... ok
[INFO] [stdout] test serving::tests::generate_multiple_codes ... ok
[INFO] [stdout] test serving::tests::cap_enforced ... ok
[INFO] [stdout] test serving::tests::no_codes_rejects_pair ... ok
[INFO] [stdout] test serving::tests::expired_code_rejected ... ok
[INFO] [stdout] test serving::tests::expired_codes_dont_count_toward_cap ... ok
[INFO] [stdout] test rtt::tests::old_samples_fall_out_of_the_window ... ok
[INFO] [stdout] test serving::tests::pair_reply_has_correct_fields ... ok
[INFO] [stdout] test serving::tests::same_code_cannot_be_used_twice ... ok
[INFO] [stdout] test serving::tests::expired_codes_not_counted_in_status ... ok
[INFO] [stdout] test serving::tests::pair_with_one_code_others_remain_valid ... ok
[INFO] [stdout] test serving::tests::status_reflects_state ... ok
[INFO] [stdout] test roster::tests::test_complex_roster_lifecycle ... ok
[INFO] [stdout] test roster::tests::test_verifier_not_in_roster ... ok
[INFO] [stdout] test serving::tests::cap_counts_both_secrets_and_pending ... ok
[INFO] [stdout] test types::tests::set_registration_marks_state ... ok
[INFO] [stdout] test serving::tests::wrong_secret_rejected ... ok
[INFO] [stdout] test types::tests::new_generates_random_root_key ... ok
[INFO] [stdout] test roster::tests::test_verification_during_roster_growth ... ok
[INFO] [stdout] test roster::tests::test_endorser_not_in_roster ... ok
[INFO] [stdout] test quic::tests::test_loopback_streams_beyond_initial_limit ... ok
[INFO] [stdout] test quic::tests::test_loopback_concurrent_streams ... ok
[INFO] [stdout] test quic::tests::test_ping_unanswered_does_not_succeed ... ok
[INFO] [stdout] 
[INFO] [stdout] test result: ok. 127 passed; 0 failed; 0 ignored; 0 measured; 0 filtered out; finished in 0.64s
[INFO] [stdout] 
[INFO] [stderr]      Running tests/p2p_integration.rs (/opt/rustwide/target/release/build/wispers-connect/256b8c42df1427b7/out/p2p_integration-256b8c42df1427b7)
[INFO] [stdout] 
[INFO] [stdout] running 4 tests
[INFO] [stdout] test test_serving_reconnects_after_hub_blip ... ok
[INFO] [stdout] 20:19:03 WARN    No local host candidates gathered
[INFO] [stdout] 20:19:03 WARN    No local host candidates gathered
[INFO] [stdout] 20:19:03 WARN    No local host candidates gathered
[INFO] [stdout] 20:19:03 WARN    Address resolution failed for stun:192.0.2.1:3478
[INFO] [stdout] 20:19:03 WARN    Address resolution failed for stun:192.0.2.1:3478
[INFO] [stdout] 20:19:03 ERROR   STUN server address resolution failed
[INFO] [stdout] 20:19:03 ERROR   STUN server address resolution failed
[INFO] [stdout] 20:19:03 WARN    Address resolution failed for stun:192.0.2.1:3478
[INFO] [stdout] 20:19:03 ERROR   STUN server address resolution failed
[INFO] [stdout] test test_revoked_caller_rejected_by_answerer ... ok
[INFO] [stdout] 20:19:03 WARN    No local host candidates gathered
[INFO] [stdout] 20:19:03 WARN    No local host candidates gathered
[INFO] [stdout] 20:19:03 WARN    Address resolution failed for stun:192.0.2.1:3478
[INFO] [stdout] 20:19:03 ERROR   STUN server address resolution failed
[INFO] [stdout] 20:19:03 WARN    Address resolution failed for stun:192.0.2.1:3478
[INFO] [stdout] 20:19:03 ERROR   STUN server address resolution failed
[INFO] [stdout] test test_p2p_connection_via_hub ... FAILED
[INFO] [stdout] test test_p2p_multiple_messages ... FAILED
[INFO] [stdout] 
[INFO] [stdout] failures:
[INFO] [stdout] 
[INFO] [stdout] ---- test_p2p_connection_via_hub stdout ----
[INFO] [stdout] 
[INFO] [stdout] thread 'test_p2p_connection_via_hub' (5870) panicked at tests/p2p_integration.rs:96:50:
[INFO] [stdout] node1 connects to node2: Ice(ConnectionFailed)
[INFO] [stdout] stack backtrace:
[INFO] [stdout]    0:     0x624df8f15f71 - <<std[617be2ca0a6fd877]::sys::backtrace::BacktraceLock>::print::DisplayBacktrace as core[a373ad73a504971]::fmt::Display>::fmt
[INFO] [stdout]    1:     0x624df8f2df4a - core[a373ad73a504971]::fmt::write
[INFO] [stdout]    2:     0x624df8f1af3c - <alloc[2e1b2a31b91974c5]::vec::Vec<u8> as core[a373ad73a504971]::io::write::Write>::write_fmt
[INFO] [stdout]    3:     0x624df8ef0d96 - std[617be2ca0a6fd877]::panicking::default_hook::{closure#0}
[INFO] [stdout]    4:     0x624df8f0dd59 - std[617be2ca0a6fd877]::panicking::default_hook
[INFO] [stdout]    5:     0x624df8b55210 - test[aada8e7e76ba119b]::test_main_inner::{closure#0}
[INFO] [stdout]    6:     0x624df8f0e082 - std[617be2ca0a6fd877]::panicking::panic_with_hook
[INFO] [stdout]    7:     0x624df8ef0e42 - std[617be2ca0a6fd877]::panicking::panic_handler::{closure#0}
[INFO] [stdout]    8:     0x624df8ee99d9 - std[617be2ca0a6fd877]::sys::backtrace::__rust_end_short_backtrace::<std[617be2ca0a6fd877]::panicking::panic_handler::{closure#0}, !>
[INFO] [stdout]    9:     0x624df8ef1c3d - __rustc[ea4f61d10b84890b]::rust_begin_unwind
[INFO] [stdout]   10:     0x624df8f2e6ac - core[a373ad73a504971]::panicking::panic_fmt
[INFO] [stdout]   11:     0x624df8f2e482 - core[a373ad73a504971]::result::unwrap_failed
[INFO] [stdout]   12:     0x624df8a32c63 - p2p_integration[fc8586e44850d2b6]::test_p2p_connection_via_hub::{closure#0}
[INFO] [stdout]   13:     0x624df8aab78b - <tokio[94fbe13c6ddd5744]::runtime::scheduler::current_thread::CurrentThread>::block_on::<core[a373ad73a504971]::pin::Pin<&mut dyn core[a373ad73a504971]::future::future::Future<Output = ()>>>
[INFO] [stdout]   14:     0x624df8ad0af2 - <tokio[94fbe13c6ddd5744]::runtime::runtime::Runtime>::block_on::<core[a373ad73a504971]::pin::Pin<&mut dyn core[a373ad73a504971]::future::future::Future<Output = ()>>>
[INFO] [stdout]   15:     0x624df8a4bf6c - <p2p_integration[fc8586e44850d2b6]::test_p2p_connection_via_hub::{closure#0} as core[a373ad73a504971]::ops::function::FnOnce<()>>::call_once
[INFO] [stdout]   16:     0x624df8b4865b - test[aada8e7e76ba119b]::__rust_begin_short_backtrace::<core[a373ad73a504971]::result::Result<(), alloc[2e1b2a31b91974c5]::string::String>, fn() -> core[a373ad73a504971]::result::Result<(), alloc[2e1b2a31b91974c5]::string::String>>
[INFO] [stdout]   17:     0x624df8b55835 - test[aada8e7e76ba119b]::run_test::{closure#0}
[INFO] [stdout]   18:     0x624df8b4f124 - std[617be2ca0a6fd877]::sys::backtrace::__rust_begin_short_backtrace::<test[aada8e7e76ba119b]::run_test::{closure#1}, ()>
[INFO] [stdout]   19:     0x624df8b588c2 - <std[617be2ca0a6fd877]::thread::lifecycle::spawn_unchecked<test[aada8e7e76ba119b]::run_test::{closure#1}, ()>::{closure#1} as core[a373ad73a504971]::ops::function::FnOnce<()>>::call_once::{shim:vtable#0}
[INFO] [stdout]   20:     0x624df8f1541f - <std[617be2ca0a6fd877]::sys::thread::unix::Thread>::new::thread_start
[INFO] [stdout]   21:     0x7f585fd91dfa - <unknown>
[INFO] [stdout]   22:     0x7f585fe253d4 - clone
[INFO] [stdout]   23:                0x0 - <unknown>
[INFO] [stdout] 
[INFO] [stdout] ---- test_p2p_multiple_messages stdout ----
[INFO] [stdout] 
[INFO] [stdout] thread 'test_p2p_multiple_messages' (5871) panicked at tests/p2p_integration.rs:294:45:
[INFO] [stdout] connects: Ice(ConnectionFailed)
[INFO] [stderr] error: test failed, to rerun pass `--test p2p_integration`
[INFO] [stdout] stack backtrace:
[INFO] [stdout]    0:     0x624df8f15f71 - <<std[617be2ca0a6fd877]::sys::backtrace::BacktraceLock>::print::DisplayBacktrace as core[a373ad73a504971]::fmt::Display>::fmt
[INFO] [stdout]    1:     0x624df8f2df4a - core[a373ad73a504971]::fmt::write
[INFO] [stdout]    2:     0x624df8f1af3c - <alloc[2e1b2a31b91974c5]::vec::Vec<u8> as core[a373ad73a504971]::io::write::Write>::write_fmt
[INFO] [stdout]    3:     0x624df8ef0d96 - std[617be2ca0a6fd877]::panicking::default_hook::{closure#0}
[INFO] [stdout]    4:     0x624df8f0dd59 - std[617be2ca0a6fd877]::panicking::default_hook
[INFO] [stdout]    5:     0x624df8b55210 - test[aada8e7e76ba119b]::test_main_inner::{closure#0}
[INFO] [stdout]    6:     0x624df8f0e082 - std[617be2ca0a6fd877]::panicking::panic_with_hook
[INFO] [stdout]    7:     0x624df8ef0e42 - std[617be2ca0a6fd877]::panicking::panic_handler::{closure#0}
[INFO] [stdout]    8:     0x624df8ee99d9 - std[617be2ca0a6fd877]::sys::backtrace::__rust_end_short_backtrace::<std[617be2ca0a6fd877]::panicking::panic_handler::{closure#0}, !>
[INFO] [stdout]    9:     0x624df8ef1c3d - __rustc[ea4f61d10b84890b]::rust_begin_unwind
[INFO] [stdout]   10:     0x624df8f2e6ac - core[a373ad73a504971]::panicking::panic_fmt
[INFO] [stdout]   11:     0x624df8f2e482 - core[a373ad73a504971]::result::unwrap_failed
[INFO] [stdout]   12:     0x624df8a31142 - p2p_integration[fc8586e44850d2b6]::test_p2p_multiple_messages::{closure#0}
[INFO] [stdout]   13:     0x624df8aab78b - <tokio[94fbe13c6ddd5744]::runtime::scheduler::current_thread::CurrentThread>::block_on::<core[a373ad73a504971]::pin::Pin<&mut dyn core[a373ad73a504971]::future::future::Future<Output = ()>>>
[INFO] [stdout]   14:     0x624df8ad0af2 - <tokio[94fbe13c6ddd5744]::runtime::runtime::Runtime>::block_on::<core[a373ad73a504971]::pin::Pin<&mut dyn core[a373ad73a504971]::future::future::Future<Output = ()>>>
[INFO] [stdout]   15:     0x624df8a4bdfc - <p2p_integration[fc8586e44850d2b6]::test_p2p_multiple_messages::{closure#0} as core[a373ad73a504971]::ops::function::FnOnce<()>>::call_once
[INFO] [stdout]   16:     0x624df8b4865b - test[aada8e7e76ba119b]::__rust_begin_short_backtrace::<core[a373ad73a504971]::result::Result<(), alloc[2e1b2a31b91974c5]::string::String>, fn() -> core[a373ad73a504971]::result::Result<(), alloc[2e1b2a31b91974c5]::string::String>>
[INFO] [stdout]   17:     0x624df8b55835 - test[aada8e7e76ba119b]::run_test::{closure#0}
[INFO] [stdout]   18:     0x624df8b4f124 - std[617be2ca0a6fd877]::sys::backtrace::__rust_begin_short_backtrace::<test[aada8e7e76ba119b]::run_test::{closure#1}, ()>
[INFO] [stdout]   19:     0x624df8b588c2 - <std[617be2ca0a6fd877]::thread::lifecycle::spawn_unchecked<test[aada8e7e76ba119b]::run_test::{closure#1}, ()>::{closure#1} as core[a373ad73a504971]::ops::function::FnOnce<()>>::call_once::{shim:vtable#0}
[INFO] [stdout]   20:     0x624df8f1541f - <std[617be2ca0a6fd877]::sys::thread::unix::Thread>::new::thread_start
[INFO] [stdout]   21:     0x7f585fd91dfa - <unknown>
[INFO] [stdout]   22:     0x7f585fe253d4 - clone
[INFO] [stdout]   23:                0x0 - <unknown>
[INFO] [stdout] 
[INFO] [stdout] 
[INFO] [stdout] failures:
[INFO] [stdout]     test_p2p_connection_via_hub
[INFO] [stdout]     test_p2p_multiple_messages
[INFO] [stdout] 
[INFO] [stdout] test result: FAILED. 2 passed; 2 failed; 0 ignored; 0 measured; 0 filtered out; finished in 39.67s
[INFO] [stdout] 
[INFO] running `Command { std: "docker" "inspect" "9950515c67a1bd66e5a7c27a4eeb40381336b90a23d569f1f5f4523f87d96734", kill_on_drop: false }`
[INFO] running `Command { std: "docker" "rm" "-f" "9950515c67a1bd66e5a7c27a4eeb40381336b90a23d569f1f5f4523f87d96734", kill_on_drop: false }`
[INFO] [stdout] 9950515c67a1bd66e5a7c27a4eeb40381336b90a23d569f1f5f4523f87d96734
