[INFO] fetching crate wisegate 0.12.0...
[INFO] testing wisegate-0.12.0 against 1.99.0-beta.8+cargoflags=--release for beta-release-1.100-2
[INFO] extracting crate wisegate 0.12.0 into /workspace/builds/worker-5-tc1/source
[INFO] started tweaking crates.io crate wisegate 0.12.0
[INFO] removed 0 missing tests
[INFO] finished tweaking crates.io crate wisegate 0.12.0
[INFO] tweaked toml for crates.io crate wisegate 0.12.0 written to /workspace/builds/worker-5-tc1/source/Cargo.toml
[INFO] validating manifest of crates.io crate wisegate 0.12.0 on toolchain 1.99.0-beta.8
[INFO] running `Command { std: CARGO_HOME="/workspace/cargo-home" RUSTUP_HOME="/workspace/rustup-home" "/workspace/cargo-home/bin/cargo" "+1.99.0-beta.8" "metadata" "--manifest-path" "Cargo.toml" "--no-deps", kill_on_drop: false }`
[INFO] crate crates.io crate wisegate 0.12.0 already has a lockfile, it will not be regenerated
[INFO] running `Command { std: CARGO_HOME="/workspace/cargo-home" RUSTUP_HOME="/workspace/rustup-home" "/workspace/cargo-home/bin/cargo" "+1.99.0-beta.8" "fetch" "--manifest-path" "Cargo.toml", kill_on_drop: false }`
[INFO] [stderr]     Updating crates.io index
[INFO] [stderr]  Downloading crates ...
[INFO] [stderr]   Downloaded wisegate-core v0.12.0
[INFO] [stderr]   Downloaded zmij v1.0.14
[INFO] [stderr]   Downloaded bcrypt v0.17.1
[INFO] [stderr]   Downloaded clap_builder v4.5.54
[INFO] [stderr]   Downloaded clap v4.5.54
[INFO] [stderr]   Downloaded clap_lex v0.7.7
[INFO] running `Command { std: "docker" "create" "-v" "/var/lib/crater-agent-workspace/builds/worker-5-tc1/source:/opt/rustwide/workdir:ro,Z" "-v" "/var/lib/crater-agent-workspace/builds/worker-5-tc1/target:/opt/rustwide/target:rw,Z" "-v" "/var/lib/crater-agent-workspace/cargo-home:/opt/rustwide/cargo-home:ro,Z" "-v" "/var/lib/crater-agent-workspace/rustup-home:/opt/rustwide/rustup-home:ro,Z" "-m" "1610612736" "--network" "none" "ghcr.io/rust-lang/crates-build-env/linux@sha256:77db811e55d90add9212f6832c23229e3de5f1c1f9905e8cb07319ea15df73ac" "sleep" "infinity", kill_on_drop: false }`
[INFO] [stdout] d4f2fbbb6343438fc9ffa18aa7f6567b7625410f1d4dba659d19e7d2b29c2cbe
[INFO] running `Command { std: "docker" "start" "d4f2fbbb6343438fc9ffa18aa7f6567b7625410f1d4dba659d19e7d2b29c2cbe", kill_on_drop: false }`
[INFO] running `Command { std: "docker" "inspect" "d4f2fbbb6343438fc9ffa18aa7f6567b7625410f1d4dba659d19e7d2b29c2cbe", kill_on_drop: false }`
[INFO] running `Command { std: "docker" "exec" "-e" "SOURCE_DIR=/opt/rustwide/workdir" "-e" "CARGO_HOME=/opt/rustwide/cargo-home" "-e" "RUSTUP_HOME=/opt/rustwide/rustup-home" "-e" "CARGO_TARGET_DIR=/opt/rustwide/target" "-w" "/opt/rustwide/workdir" "--user" "0:0" "d4f2fbbb6343438fc9ffa18aa7f6567b7625410f1d4dba659d19e7d2b29c2cbe" "/opt/rustwide/cargo-home/bin/cargo" "+1.99.0-beta.8" "metadata" "--no-deps" "--format-version=1", kill_on_drop: false }`
[INFO] running `Command { std: "docker" "inspect" "d4f2fbbb6343438fc9ffa18aa7f6567b7625410f1d4dba659d19e7d2b29c2cbe", kill_on_drop: false }`
[INFO] running `Command { std: "docker" "exec" "-e" "SOURCE_DIR=/opt/rustwide/workdir" "-e" "CARGO_HOME=/opt/rustwide/cargo-home" "-e" "RUSTUP_HOME=/opt/rustwide/rustup-home" "-e" "CARGO_TARGET_DIR=/opt/rustwide/target" "-e" "CARGO_INCREMENTAL=0" "-e" "RUST_BACKTRACE=full" "-e" "RUSTFLAGS=--cap-lints=warn" "-e" "RUSTDOCFLAGS=--cap-lints=warn" "-w" "/opt/rustwide/workdir" "--user" "0:0" "d4f2fbbb6343438fc9ffa18aa7f6567b7625410f1d4dba659d19e7d2b29c2cbe" "/opt/rustwide/cargo-home/bin/cargo" "+1.99.0-beta.8" "build" "--frozen" "--message-format=json" "--release", kill_on_drop: false }`
[INFO] [stderr]    Compiling proc-macro2 v1.0.105
[INFO] [stderr]    Compiling quote v1.0.43
[INFO] [stderr]    Compiling unicode-ident v1.0.22
[INFO] [stderr]    Compiling stable_deref_trait v1.2.1
[INFO] [stderr]    Compiling libc v0.2.180
[INFO] [stderr]    Compiling version_check v0.9.5
[INFO] [stderr]    Compiling typenum v1.19.0
[INFO] [stderr]    Compiling pin-project-lite v0.2.16
[INFO] [stderr]    Compiling itoa v1.0.17
[INFO] [stderr]    Compiling futures-core v0.3.31
[INFO] [stderr]    Compiling writeable v0.6.2
[INFO] [stderr]    Compiling litemap v0.8.1
[INFO] [stderr]    Compiling smallvec v1.15.1
[INFO] [stderr]    Compiling bytes v1.11.0
[INFO] [stderr]    Compiling once_cell v1.21.3
[INFO] [stderr]    Compiling icu_normalizer_data v2.1.1
[INFO] [stderr]    Compiling serde_core v1.0.228
[INFO] [stderr]    Compiling icu_properties_data v2.1.2
[INFO] [stderr]    Compiling pin-utils v0.1.0
[INFO] [stderr]    Compiling cfg-if v1.0.4
[INFO] [stderr]    Compiling futures-task v0.3.31
[INFO] [stderr]    Compiling httparse v1.10.1
[INFO] [stderr]    Compiling serde v1.0.228
[INFO] [stderr]    Compiling zmij v1.0.14
[INFO] [stderr]    Compiling try-lock v0.2.5
[INFO] [stderr]    Compiling tower-service v0.3.3
[INFO] [stderr]    Compiling tracing-core v0.1.36
[INFO] [stderr]    Compiling generic-array v0.14.7
[INFO] [stderr]    Compiling serde_json v1.0.149
[INFO] [stderr]    Compiling percent-encoding v2.3.2
[INFO] [stderr]    Compiling want v0.3.1
[INFO] [stderr]    Compiling futures-channel v0.3.31
[INFO] [stderr]    Compiling futures-util v0.3.31
[INFO] [stderr]    Compiling sync_wrapper v1.0.2
[INFO] [stderr]    Compiling tower-layer v0.3.3
[INFO] [stderr]    Compiling log v0.4.29
[INFO] [stderr]    Compiling getrandom v0.3.4
[INFO] [stderr]    Compiling utf8_iter v1.0.4
[INFO] [stderr]    Compiling httpdate v1.0.3
[INFO] [stderr]    Compiling base64 v0.22.1
[INFO] [stderr]    Compiling atomic-waker v1.1.2
[INFO] [stderr]    Compiling memchr v2.7.6
[INFO] [stderr]    Compiling utf8parse v0.2.2
[INFO] [stderr]    Compiling form_urlencoded v1.2.2
[INFO] [stderr]    Compiling anstyle-parse v0.2.7
[INFO] [stderr]    Compiling colorchoice v1.0.4
[INFO] [stderr]    Compiling iri-string v0.7.10
[INFO] [stderr]    Compiling ipnet v2.11.0
[INFO] [stderr]    Compiling anstyle v1.0.13
[INFO] [stderr]    Compiling http v1.4.0
[INFO] [stderr]    Compiling thiserror v2.0.17
[INFO] [stderr]    Compiling bitflags v2.10.0
[INFO] [stderr]    Compiling byteorder v1.5.0
[INFO] [stderr]    Compiling regex-syntax v0.8.8
[INFO] [stderr]    Compiling is_terminal_polyfill v1.70.2
[INFO] [stderr]    Compiling anstyle-query v1.1.5
[INFO] [stderr]    Compiling strsim v0.11.1
[INFO] [stderr]    Compiling subtle v2.6.1
[INFO] [stderr]    Compiling clap_lex v0.7.7
[INFO] [stderr]    Compiling anstream v0.6.21
[INFO] [stderr]    Compiling zeroize v1.8.2
[INFO] [stderr]    Compiling lazy_static v1.5.0
[INFO] [stderr]    Compiling heck v0.5.0
[INFO] [stderr]    Compiling cpufeatures v0.2.17
[INFO] [stderr]    Compiling syn v2.0.114
[INFO] [stderr]    Compiling clap_builder v4.5.54
[INFO] [stderr]    Compiling sharded-slab v0.1.7
[INFO] [stderr]    Compiling tracing-log v0.2.0
[INFO] [stderr]    Compiling thread_local v1.1.9
[INFO] [stderr]    Compiling nu-ansi-term v0.50.3
[INFO] [stderr]    Compiling crypto-common v0.1.7
[INFO] [stderr]    Compiling inout v0.1.4
[INFO] [stderr]    Compiling block-buffer v0.10.4
[INFO] [stderr]    Compiling errno v0.3.14
[INFO] [stderr]    Compiling socket2 v0.6.1
[INFO] [stderr]    Compiling mio v1.1.1
[INFO] [stderr]    Compiling cipher v0.4.4
[INFO] [stderr]    Compiling digest v0.10.7
[INFO] [stderr]    Compiling signal-hook-registry v1.4.8
[INFO] [stderr]    Compiling http-body v1.0.1
[INFO] [stderr]    Compiling md-5 v0.10.6
[INFO] [stderr]    Compiling sha1 v0.10.6
[INFO] [stderr]    Compiling http-body-util v0.1.3
[INFO] [stderr]    Compiling blowfish v0.9.1
[INFO] [stderr]    Compiling bcrypt v0.17.1
[INFO] [stderr]    Compiling regex-automata v0.4.13
[INFO] [stderr]    Compiling tracing-serde v0.2.0
[INFO] [stderr]    Compiling synstructure v0.13.2
[INFO] [stderr]    Compiling zerovec-derive v0.11.2
[INFO] [stderr]    Compiling displaydoc v0.2.5
[INFO] [stderr]    Compiling tokio-macros v2.6.0
[INFO] [stderr]    Compiling tracing-attributes v0.1.31
[INFO] [stderr]    Compiling thiserror-impl v2.0.17
[INFO] [stderr]    Compiling clap_derive v4.5.49
[INFO] [stderr]    Compiling zerofrom-derive v0.1.6
[INFO] [stderr]    Compiling yoke-derive v0.8.1
[INFO] [stderr]    Compiling matchers v0.2.0
[INFO] [stderr]    Compiling tokio v1.49.0
[INFO] [stderr]    Compiling zerofrom v0.1.6
[INFO] [stderr]    Compiling yoke v0.8.1
[INFO] [stderr]    Compiling zerotrie v0.2.3
[INFO] [stderr]    Compiling tracing v0.1.44
[INFO] [stderr]    Compiling tracing-subscriber v0.3.22
[INFO] [stderr]    Compiling zerovec v0.11.5
[INFO] [stderr]    Compiling clap v4.5.54
[INFO] [stderr]    Compiling tinystr v0.8.2
[INFO] [stderr]    Compiling potential_utf v0.1.4
[INFO] [stderr]    Compiling icu_collections v2.1.1
[INFO] [stderr]    Compiling icu_locale_core v2.1.1
[INFO] [stderr]    Compiling icu_provider v2.1.1
[INFO] [stderr]    Compiling icu_normalizer v2.1.1
[INFO] [stderr]    Compiling icu_properties v2.1.2
[INFO] [stderr]    Compiling hyper v1.8.1
[INFO] [stderr]    Compiling tower v0.5.3
[INFO] [stderr]    Compiling tower-http v0.6.8
[INFO] [stderr]    Compiling hyper-util v0.1.19
[INFO] [stderr]    Compiling idna_adapter v1.2.1
[INFO] [stderr]    Compiling idna v1.1.0
[INFO] [stderr]    Compiling url v2.5.8
[INFO] [stderr]    Compiling reqwest v0.13.1
[INFO] [stderr]    Compiling wisegate-core v0.12.0
[INFO] [stderr]    Compiling wisegate v0.12.0 (/opt/rustwide/workdir)
[INFO] [stdout] warning: use of deprecated method `std::sync::atomic::Atomic::<usize>::fetch_update`: renamed to `try_update` for consistency
[INFO] [stdout]   --> src/connection.rs:85:14
[INFO] [stdout]    |
[INFO] [stdout] 85 |             .fetch_update(Ordering::AcqRel, Ordering::Acquire, |val| {
[INFO] [stdout]    |              ^^^^^^^^^^^^
[INFO] [stdout]    |
[INFO] [stdout]    = note: `#[warn(deprecated)]` on by default
[INFO] [stdout] help: replace the use of the deprecated method
[INFO] [stdout]    |
[INFO] [stdout] 85 -             .fetch_update(Ordering::AcqRel, Ordering::Acquire, |val| {
[INFO] [stdout] 85 +             .try_update(Ordering::AcqRel, Ordering::Acquire, |val| {
[INFO] [stdout]    |
[INFO] [stdout] 
[INFO] [stdout] 
[INFO] [stderr]     Finished `release` profile [optimized] target(s) in 1m 24s
[INFO] running `Command { std: "docker" "inspect" "d4f2fbbb6343438fc9ffa18aa7f6567b7625410f1d4dba659d19e7d2b29c2cbe", kill_on_drop: false }`
[INFO] running `Command { std: "docker" "exec" "-e" "SOURCE_DIR=/opt/rustwide/workdir" "-e" "CARGO_HOME=/opt/rustwide/cargo-home" "-e" "RUSTUP_HOME=/opt/rustwide/rustup-home" "-e" "CARGO_TARGET_DIR=/opt/rustwide/target" "-e" "CARGO_INCREMENTAL=0" "-e" "RUST_BACKTRACE=full" "-e" "RUSTFLAGS=--cap-lints=warn" "-e" "RUSTDOCFLAGS=--cap-lints=warn" "-w" "/opt/rustwide/workdir" "--user" "0:0" "d4f2fbbb6343438fc9ffa18aa7f6567b7625410f1d4dba659d19e7d2b29c2cbe" "/opt/rustwide/cargo-home/bin/cargo" "+1.99.0-beta.8" "test" "--frozen" "--no-run" "--message-format=json" "--release", kill_on_drop: false }`
[INFO] [stderr]    Compiling stable_deref_trait v1.2.1
[INFO] [stderr]    Compiling pin-project-lite v0.2.16
[INFO] [stderr]    Compiling futures-core v0.3.31
[INFO] [stderr]    Compiling itoa v1.0.17
[INFO] [stderr]    Compiling libc v0.2.180
[INFO] [stderr]    Compiling typenum v1.19.0
[INFO] [stderr]    Compiling smallvec v1.15.1
[INFO] [stderr]    Compiling writeable v0.6.2
[INFO] [stderr]    Compiling litemap v0.8.1
[INFO] [stderr]    Compiling once_cell v1.21.3
[INFO] [stderr]    Compiling bytes v1.11.0
[INFO] [stderr]    Compiling zerofrom v0.1.6
[INFO] [stderr]    Compiling pin-utils v0.1.0
[INFO] [stderr]    Compiling cfg-if v1.0.4
[INFO] [stderr]    Compiling icu_normalizer_data v2.1.1
[INFO] [stderr]    Compiling icu_properties_data v2.1.2
[INFO] [stderr]    Compiling serde_core v1.0.228
[INFO] [stderr]    Compiling futures-task v0.3.31
[INFO] [stderr]    Compiling tower-service v0.3.3
[INFO] [stderr]    Compiling try-lock v0.2.5
[INFO] [stderr]    Compiling percent-encoding v2.3.2
[INFO] [stderr]    Compiling zmij v1.0.14
[INFO] [stderr]    Compiling want v0.3.1
[INFO] [stderr]    Compiling futures-channel v0.3.31
[INFO] [stderr]    Compiling yoke v0.8.1
[INFO] [stderr]    Compiling futures-util v0.3.31
[INFO] [stderr]    Compiling sync_wrapper v1.0.2
[INFO] [stderr]    Compiling httparse v1.10.1
[INFO] [stderr]    Compiling atomic-waker v1.1.2
[INFO] [stderr]    Compiling tower-layer v0.3.3
[INFO] [stderr]    Compiling base64 v0.22.1
[INFO] [stderr]    Compiling httpdate v1.0.3
[INFO] [stderr]    Compiling log v0.4.29
[INFO] [stderr]    Compiling utf8_iter v1.0.4
[INFO] [stderr]    Compiling memchr v2.7.6
[INFO] [stderr]    Compiling tracing-core v0.1.36
[INFO] [stderr]    Compiling utf8parse v0.2.2
[INFO] [stderr]    Compiling form_urlencoded v1.2.2
[INFO] [stderr]    Compiling zerovec v0.11.5
[INFO] [stderr]    Compiling zerotrie v0.2.3
[INFO] [stderr]    Compiling anstyle-parse v0.2.7
[INFO] [stderr]    Compiling colorchoice v1.0.4
[INFO] [stderr]    Compiling generic-array v0.14.7
[INFO] [stderr]    Compiling anstyle v1.0.13
[INFO] [stderr]    Compiling byteorder v1.5.0
[INFO] [stderr]    Compiling iri-string v0.7.10
[INFO] [stderr]    Compiling anstyle-query v1.1.5
[INFO] [stderr]    Compiling ipnet v2.11.0
[INFO] [stderr]    Compiling regex-syntax v0.8.8
[INFO] [stderr]    Compiling is_terminal_polyfill v1.70.2
[INFO] [stderr]    Compiling bitflags v2.10.0
[INFO] [stderr]    Compiling strsim v0.11.1
[INFO] [stderr]    Compiling anstream v0.6.21
[INFO] [stderr]    Compiling http v1.4.0
[INFO] [stderr]    Compiling subtle v2.6.1
[INFO] [stderr]    Compiling lazy_static v1.5.0
[INFO] [stderr]    Compiling cpufeatures v0.2.17
[INFO] [stderr]    Compiling clap_lex v0.7.7
[INFO] [stderr]    Compiling zeroize v1.8.2
[INFO] [stderr]    Compiling tracing v0.1.44
[INFO] [stderr]    Compiling tracing-log v0.2.0
[INFO] [stderr]    Compiling sharded-slab v0.1.7
[INFO] [stderr]    Compiling tinystr v0.8.2
[INFO] [stderr]    Compiling icu_locale_core v2.1.1
[INFO] [stderr]    Compiling errno v0.3.14
[INFO] [stderr]    Compiling potential_utf v0.1.4
[INFO] [stderr]    Compiling mio v1.1.1
[INFO] [stderr]    Compiling socket2 v0.6.1
[INFO] [stderr]    Compiling getrandom v0.3.4
[INFO] [stderr]    Compiling clap_builder v4.5.54
[INFO] [stderr]    Compiling icu_collections v2.1.1
[INFO] [stderr]    Compiling signal-hook-registry v1.4.8
[INFO] [stderr]    Compiling crypto-common v0.1.7
[INFO] [stderr]    Compiling block-buffer v0.10.4
[INFO] [stderr]    Compiling inout v0.1.4
[INFO] [stderr]    Compiling thread_local v1.1.9
[INFO] [stderr]    Compiling thiserror v2.0.17
[INFO] [stderr]    Compiling digest v0.10.7
[INFO] [stderr]    Compiling cipher v0.4.4
[INFO] [stderr]    Compiling nu-ansi-term v0.50.3
[INFO] [stdout] warning: use of deprecated method `std::sync::atomic::Atomic::<usize>::fetch_update`: renamed to `try_update` for consistency
[INFO] [stdout]   --> src/connection.rs:85:14
[INFO] [stdout]    |
[INFO] [stdout] 85 |             .fetch_update(Ordering::AcqRel, Ordering::Acquire, |val| {
[INFO] [stdout]    |              ^^^^^^^^^^^^
[INFO] [stdout]    |
[INFO] [stdout]    = note: `#[warn(deprecated)]` on by default
[INFO] [stdout] help: replace the use of the deprecated method
[INFO] [stdout]    |
[INFO] [stdout] 85 -             .fetch_update(Ordering::AcqRel, Ordering::Acquire, |val| {
[INFO] [stdout] 85 +             .try_update(Ordering::AcqRel, Ordering::Acquire, |val| {
[INFO] [stdout]    |
[INFO] [stdout] 
[INFO] [stdout] 
[INFO] [stderr]    Compiling tokio v1.49.0
[INFO] [stderr]    Compiling blowfish v0.9.1
[INFO] [stderr]    Compiling md-5 v0.10.6
[INFO] [stderr]    Compiling sha1 v0.10.6
[INFO] [stderr]    Compiling bcrypt v0.17.1
[INFO] [stderr]    Compiling http-body v1.0.1
[INFO] [stderr]    Compiling http-body-util v0.1.3
[INFO] [stderr]    Compiling icu_provider v2.1.1
[INFO] [stderr]    Compiling regex-automata v0.4.13
[INFO] [stderr]    Compiling icu_normalizer v2.1.1
[INFO] [stderr]    Compiling icu_properties v2.1.2
[INFO] [stderr]    Compiling serde v1.0.228
[INFO] [stderr]    Compiling serde_json v1.0.149
[INFO] [stderr]    Compiling idna_adapter v1.2.1
[INFO] [stderr]    Compiling idna v1.1.0
[INFO] [stderr]    Compiling clap v4.5.54
[INFO] [stderr]    Compiling tracing-serde v0.2.0
[INFO] [stderr]    Compiling url v2.5.8
[INFO] [stderr]    Compiling matchers v0.2.0
[INFO] [stderr]    Compiling tracing-subscriber v0.3.22
[INFO] [stderr]    Compiling hyper v1.8.1
[INFO] [stderr]    Compiling tower v0.5.3
[INFO] [stderr]    Compiling tower-http v0.6.8
[INFO] [stderr]    Compiling hyper-util v0.1.19
[INFO] [stderr]    Compiling reqwest v0.13.1
[INFO] [stderr]    Compiling wisegate-core v0.12.0
[INFO] [stderr]    Compiling wisegate v0.12.0 (/opt/rustwide/workdir)
[INFO] [stdout] warning: use of deprecated method `std::sync::atomic::Atomic::<usize>::fetch_update`: renamed to `try_update` for consistency
[INFO] [stdout]   --> src/connection.rs:85:14
[INFO] [stdout]    |
[INFO] [stdout] 85 |             .fetch_update(Ordering::AcqRel, Ordering::Acquire, |val| {
[INFO] [stdout]    |              ^^^^^^^^^^^^
[INFO] [stdout]    |
[INFO] [stdout]    = note: `#[warn(deprecated)]` on by default
[INFO] [stdout] help: replace the use of the deprecated method
[INFO] [stdout]    |
[INFO] [stdout] 85 -             .fetch_update(Ordering::AcqRel, Ordering::Acquire, |val| {
[INFO] [stdout] 85 +             .try_update(Ordering::AcqRel, Ordering::Acquire, |val| {
[INFO] [stdout]    |
[INFO] [stdout] 
[INFO] [stdout] 
[INFO] [stdout] warning: use of deprecated method `std::sync::atomic::Atomic::<usize>::fetch_update`: renamed to `try_update` for consistency
[INFO] [stdout]   --> src/connection.rs:85:14
[INFO] [stdout]    |
[INFO] [stdout] 85 |             .fetch_update(Ordering::AcqRel, Ordering::Acquire, |val| {
[INFO] [stdout]    |              ^^^^^^^^^^^^
[INFO] [stdout]    |
[INFO] [stdout]    = note: `#[warn(deprecated)]` on by default
[INFO] [stdout] help: replace the use of the deprecated method
[INFO] [stdout]    |
[INFO] [stdout] 85 -             .fetch_update(Ordering::AcqRel, Ordering::Acquire, |val| {
[INFO] [stdout] 85 +             .try_update(Ordering::AcqRel, Ordering::Acquire, |val| {
[INFO] [stdout]    |
[INFO] [stdout] 
[INFO] [stdout] 
[INFO] [stderr]     Finished `release` profile [optimized] target(s) in 1m 12s
[INFO] running `Command { std: "docker" "inspect" "d4f2fbbb6343438fc9ffa18aa7f6567b7625410f1d4dba659d19e7d2b29c2cbe", kill_on_drop: false }`
[INFO] running `Command { std: "docker" "exec" "-e" "SOURCE_DIR=/opt/rustwide/workdir" "-e" "CARGO_HOME=/opt/rustwide/cargo-home" "-e" "RUSTUP_HOME=/opt/rustwide/rustup-home" "-e" "CARGO_TARGET_DIR=/opt/rustwide/target" "-e" "CARGO_INCREMENTAL=0" "-e" "RUST_BACKTRACE=full" "-e" "RUSTFLAGS=--cap-lints=warn" "-e" "RUSTDOCFLAGS=--cap-lints=warn" "-w" "/opt/rustwide/workdir" "--user" "0:0" "d4f2fbbb6343438fc9ffa18aa7f6567b7625410f1d4dba659d19e7d2b29c2cbe" "/opt/rustwide/cargo-home/bin/cargo" "+1.99.0-beta.8" "test" "--frozen" "--release", kill_on_drop: false }`
[INFO] [stderr] warning: use of deprecated method `std::sync::atomic::Atomic::<usize>::fetch_update`: renamed to `try_update` for consistency
[INFO] [stderr]   --> src/connection.rs:85:14
[INFO] [stderr]    |
[INFO] [stderr] 85 |             .fetch_update(Ordering::AcqRel, Ordering::Acquire, |val| {
[INFO] [stderr]    |              ^^^^^^^^^^^^
[INFO] [stderr]    |
[INFO] [stderr]    = note: `#[warn(deprecated)]` on by default
[INFO] [stderr] help: replace the use of the deprecated method
[INFO] [stderr]    |
[INFO] [stderr] 85 -             .fetch_update(Ordering::AcqRel, Ordering::Acquire, |val| {
[INFO] [stderr] 85 +             .try_update(Ordering::AcqRel, Ordering::Acquire, |val| {
[INFO] [stderr]    |
[INFO] [stderr] 
[INFO] [stderr] warning: `wisegate` (lib) generated 1 warning (run `cargo fix --lib -p wisegate` to apply 1 suggestion)
[INFO] [stderr] warning: `wisegate` (lib test) generated 1 warning (1 duplicate)
[INFO] [stderr] warning: `wisegate` (lib) generated 1 warning (1 duplicate)
[INFO] [stderr]     Finished `release` profile [optimized] target(s) in 0.26s
[INFO] [stderr]      Running unittests src/lib.rs (/opt/rustwide/target/release/deps/wisegate-35faa58be280e4db)
[INFO] [stdout] 
[INFO] [stdout] running 60 tests
[INFO] [stdout] test args::tests::test_json_logs_flag ... ok
[INFO] [stdout] test args::tests::test_default_values ... ok
[INFO] [stdout] test args::tests::test_quiet_flag ... ok
[INFO] [stdout] test args::tests::test_short_flags ... ok
[INFO] [stdout] test args::tests::test_validate_both_ports_zero_error ... ok
[INFO] [stdout] test args::tests::test_validate_forward_port_zero_error ... ok
[INFO] [stdout] test args::tests::test_validate_invalid_bind_address ... ok
[INFO] [stdout] test args::tests::test_validate_listen_port_zero_error ... ok
[INFO] [stdout] test args::tests::test_validate_valid_configuration ... ok
[INFO] [stdout] test args::tests::test_validate_valid_ipv6_bind ... ok
[INFO] [stdout] test args::tests::test_validate_same_ports_error ... ok
[INFO] [stdout] test args::tests::test_verbose_and_quiet_conflict ... ok
[INFO] [stdout] test args::tests::test_port_1 ... ok
[INFO] [stdout] test args::tests::test_max_port_value ... ok
[INFO] [stdout] test args::tests::test_validate_valid_ipv4_bind ... ok
[INFO] [stdout] test config::tests::test_env_var_config_default_values ... ok
[INFO] [stdout] test config::tests::test_forward_auth_header_default_false_when_unset ... ok
[INFO] [stdout] test args::tests::test_verbose_flag ... ok
[INFO] [stdout] test config::tests::test_parse_comma_separated_basic ... ok
[INFO] [stdout] test config::tests::test_get_allowed_proxy_ips_rejects_non_whitelisted_var ... ok
[INFO] [stdout] test config::tests::test_forward_auth_header_truthy_values ... ok
[INFO] [stdout] test config::tests::test_get_allowed_proxy_ips_ignores_empty_alternative_var ... ok
[INFO] [stdout] test config::tests::test_get_allowed_proxy_ips_cc_takes_priority ... ok
[INFO] [stdout] test config::tests::test_get_allowed_proxy_ips_fallback_to_alternative ... ok
[INFO] [stdout] test config::tests::test_get_allowed_proxy_ips_with_alternative_var ... ok
[INFO] [stdout] test config::tests::test_get_allowed_proxy_ips_with_cc_reverse_proxy_ips ... ok
[INFO] [stdout] test config::tests::test_parse_comma_separated_only_commas ... ok
[INFO] [stdout] test config::tests::test_parse_comma_separated_filters_empty_entries ... ok
[INFO] [stdout] test config::tests::test_parse_comma_separated_uppercase_basic ... ok
[INFO] [stdout] test config::tests::test_parse_comma_separated_uppercase_mixed_case ... ok
[INFO] [stdout] test config::tests::test_parse_comma_separated_empty_string ... ok
[INFO] [stdout] test config::tests::test_parse_comma_separated_whitespace_only ... ok
[INFO] [stdout] test config::tests::test_get_allowed_proxy_ips_handles_whitespace ... ok
[INFO] [stdout] test config::tests::test_strip_auth_off_when_no_auth_configured ... ok
[INFO] [stdout] test config::tests::test_strip_auth_on_when_bearer_enabled_and_forward_off ... ok
[INFO] [stdout] test config::tests::test_parse_comma_separated_uppercase_empty ... ok
[INFO] [stdout] test connection::tests::test_connection_limiter_permit_release ... ok
[INFO] [stdout] test config::tests::test_strip_auth_on_when_basic_auth_enabled_and_forward_off ... ok
[INFO] [stdout] test connection::tests::test_connection_limiter_unlimited ... ok
[INFO] [stdout] test config::tests::test_parse_comma_separated_uppercase_with_whitespace ... ok
[INFO] [stdout] test connection::tests::test_connection_limiter_try_acquire_with_limit ... ok
[INFO] [stdout] test connection::tests::test_connection_limiter_with_limit ... ok
[INFO] [stdout] test connection::tests::test_connection_tracker_wait_for_shutdown_immediate ... ok
[INFO] [stdout] test config::tests::test_forward_auth_header_falsy_values ... ok
[INFO] [stdout] test config::tests::test_parse_comma_separated_single_item ... ok
[INFO] [stdout] test server::tests::test_mask_sensitive_value_with_proxy ... ok
[INFO] [stdout] test server::tests::test_mask_sensitive_value_non_sensitive ... ok
[INFO] [stdout] test connection::tests::test_connection_tracker_clone_shares_state ... ok
[INFO] [stdout] test connection::tests::test_connection_tracker_new ... ok
[INFO] [stdout] test config::tests::test_get_allowed_proxy_ips_none_when_no_vars ... ok
[INFO] [stdout] test server::tests::test_mask_sensitive_value_with_auth ... ok
[INFO] [stdout] test server::tests::test_mask_sensitive_value_with_ip ... ok
[INFO] [stdout] test server::tests::test_mask_sensitive_value_with_token ... ok
[INFO] [stdout] test config::tests::test_parse_comma_separated_with_whitespace ... ok
[INFO] [stdout] test config::tests::test_strip_auth_off_when_forward_opted_in ... ok
[INFO] [stdout] test connection::tests::test_connection_tracker_track_and_drop ... ok
[INFO] [stdout] test config::tests::test_parse_comma_separated_uppercase_filters_empty ... ok
[INFO] [stdout] test connection::tests::test_connection_limiter_try_acquire_unlimited ... ok
[INFO] [stdout] test connection::tests::test_connection_tracker_wait_for_shutdown_with_connections ... ok
[INFO] [stderr]      Running unittests src/main.rs (/opt/rustwide/target/release/deps/wisegate-13f4487619af1fb6)
[INFO] [stdout] test connection::tests::test_connection_tracker_wait_for_shutdown_timeout ... ok
[INFO] [stdout] 
[INFO] [stdout] test result: ok. 60 passed; 0 failed; 0 ignored; 0 measured; 0 filtered out; finished in 0.24s
[INFO] [stdout] 
[INFO] [stdout] 
[INFO] [stdout] running 0 tests
[INFO] [stdout] 
[INFO] [stdout] test result: ok. 0 passed; 0 failed; 0 ignored; 0 measured; 0 filtered out; finished in 0.00s
[INFO] [stdout] 
[INFO] [stderr]      Running tests/comprehensive_integration_tests.rs (/opt/rustwide/target/release/deps/comprehensive_integration_tests-8cdd2d955487074f)
[INFO] [stdout] 
[INFO] [stdout] running 25 tests
[INFO] [stdout] test test_basic_auth_invalid ... ignored
[INFO] [stdout] test test_basic_auth_required ... ignored
[INFO] [stdout] test test_basic_auth_valid ... ignored
[INFO] [stdout] test test_bearer_token_invalid ... ignored
[INFO] [stdout] test test_bearer_token_required ... ignored
[INFO] [stdout] test test_bearer_token_valid ... ignored
[INFO] [stdout] test test_combined_auth_basic_works ... ignored
[INFO] [stdout] test test_combined_auth_bearer_works ... ignored
[INFO] [stdout] test test_combined_auth_none_fails ... ignored
[INFO] [stdout] test test_blocked_url_patterns ... FAILED
[INFO] [stdout] test test_large_request_handling ... FAILED
[INFO] [stdout] test test_empty_body_post ... FAILED
[INFO] [stdout] test test_post_request_forwarding ... FAILED
[INFO] [stdout] test test_blocked_http_methods ... FAILED
[INFO] [stdout] test test_rate_limiting ... FAILED
[INFO] [stdout] test test_special_characters_in_path ... FAILED
[INFO] [stdout] test test_headers_forwarding ... FAILED
[INFO] [stdout] test test_basic_proxy_functionality ... FAILED
[INFO] [stdout] test test_put_request_allowed ... FAILED
[INFO] [stdout] test test_delete_request_allowed ... FAILED
[INFO] [stdout] test test_multiple_headers_forwarding ... FAILED
[INFO] [stdout] test test_query_string_forwarding ... FAILED
[INFO] [stdout] test test_real_ip_header_injection ... FAILED
[INFO] [stdout] test test_timeout_handling ... FAILED
[INFO] [stdout] test test_url_encoded_bypass_attempt ... FAILED
[INFO] [stdout] 
[INFO] [stdout] failures:
[INFO] [stdout] 
[INFO] [stdout] ---- test_blocked_url_patterns stdout ----
[INFO] [stdout] 
[INFO] [stdout] thread 'test_blocked_url_patterns' (2534) panicked at tests/comprehensive_integration_tests.rs:410:17:
[INFO] [stdout] Failed to setup test environment: Os { code: 2, kind: NotFound, message: "No such file or directory" }
[INFO] [stdout] stack backtrace:
[INFO] [stdout]    0:     0x582900616c57 - <unknown>
[INFO] [stdout]    1:     0x5829005fe89a - <unknown>
[INFO] [stdout]    2:     0x58290061620b - <unknown>
[INFO] [stdout]    3:     0x582900615cef - <unknown>
[INFO] [stdout]    4:     0x58290061591a - <unknown>
[INFO] [stdout]    5:     0x582900615452 - <unknown>
[INFO] [stdout]    6:     0x58290063c7b1 - <unknown>
[INFO] [stdout]    7:     0x58290063c769 - <unknown>
[INFO] [stdout]    8:     0x58290063cc7c - <unknown>
[INFO] [stdout]    9:     0x5829005fe72b - <unknown>
[INFO] [stdout]   10:     0x582900602141 - <unknown>
[INFO] [stdout]   11:     0x5829005f93cb - <unknown>
[INFO] [stdout]   12:     0x5829006551ab - <unknown>
[INFO] [stdout]   13:     0x582900651321 - <unknown>
[INFO] [stdout]   14:     0x582900650b0c - <unknown>
[INFO] [stdout]   15:     0x58290066d3fc - <unknown>
[INFO] [stdout]   16:     0x58290063e032 - <unknown>
[INFO] [stdout]   17:     0x76523042bdfa - <unknown>
[INFO] [stdout]   18:     0x7652304bf3d4 - clone
[INFO] [stdout]   19:                0x0 - <unknown>
[INFO] [stdout] 
[INFO] [stdout] ---- test_large_request_handling stdout ----
[INFO] [stdout] 
[INFO] [stdout] thread 'test_large_request_handling' (2538) panicked at tests/comprehensive_integration_tests.rs:458:17:
[INFO] [stdout] Failed to setup test environment: Os { code: 2, kind: NotFound, message: "No such file or directory" }
[INFO] [stdout] stack backtrace:
[INFO] [stdout]    0:     0x582900616c57 - <unknown>
[INFO] [stdout]    1:     0x5829005fe89a - <unknown>
[INFO] [stdout]    2:     0x58290061620b - <unknown>
[INFO] [stdout]    3:     0x582900615cef - <unknown>
[INFO] [stdout]    4:     0x58290061591a - <unknown>
[INFO] [stdout]    5:     0x582900615452 - <unknown>
[INFO] [stdout]    6:     0x58290063c7b1 - <unknown>
[INFO] [stdout]    7:     0x58290063c769 - <unknown>
[INFO] [stdout]    8:     0x58290063cc7c - <unknown>
[INFO] [stdout]    9:     0x5829005fe72b - <unknown>
[INFO] [stdout]   10:     0x582900602141 - <unknown>
[INFO] [stdout]   11:     0x5829005f9dfc - <unknown>
[INFO] [stdout]   12:     0x5829006551ab - <unknown>
[INFO] [stdout]   13:     0x582900651321 - <unknown>
[INFO] [stdout]   14:     0x582900650b0c - <unknown>
[INFO] [stdout]   15:     0x58290066d3fc - <unknown>
[INFO] [stdout]   16:     0x58290063e032 - <unknown>
[INFO] [stdout]   17:     0x76523042bdfa - <unknown>
[INFO] [stdout]   18:     0x7652304bf3d4 - clone
[INFO] [stdout]   19:                0x0 - <unknown>
[INFO] [stdout] 
[INFO] [stdout] ---- test_empty_body_post stdout ----
[INFO] [stdout] 
[INFO] [stdout] thread 'test_empty_body_post' (2536) panicked at tests/comprehensive_integration_tests.rs:614:17:
[INFO] [stdout] Failed to setup test environment: Os { code: 2, kind: NotFound, message: "No such file or directory" }
[INFO] [stdout] stack backtrace:
[INFO] [stdout]    0:     0x582900616c57 - <unknown>
[INFO] [stdout]    1:     0x5829005fe89a - <unknown>
[INFO] [stdout]    2:     0x58290061620b - <unknown>
[INFO] [stdout]    3:     0x582900615cef - <unknown>
[INFO] [stdout]    4:     0x58290061591a - <unknown>
[INFO] [stdout]    5:     0x582900615452 - <unknown>
[INFO] [stdout]    6:     0x58290063c7b1 - <unknown>
[INFO] [stdout]    7:     0x58290063c769 - <unknown>
[INFO] [stdout]    8:     0x58290063cc7c - <unknown>
[INFO] [stdout]    9:     0x5829005fe72b - <unknown>
[INFO] [stdout]   10:     0x582900602141 - <unknown>
[INFO] [stdout]   11:     0x5829005f7132 - <unknown>
[INFO] [stdout]   12:     0x5829006551ab - <unknown>
[INFO] [stdout]   13:     0x582900651321 - <unknown>
[INFO] [stdout]   14:     0x582900650b0c - <unknown>
[INFO] [stdout]   15:     0x58290066d3fc - <unknown>
[INFO] [stdout]   16:     0x58290063e032 - <unknown>
[INFO] [stdout]   17:     0x76523042bdfa - <unknown>
[INFO] [stdout]   18:     0x7652304bf3d4 - clone
[INFO] [stdout]   19:                0x0 - <unknown>
[INFO] [stdout] 
[INFO] [stdout] ---- test_post_request_forwarding stdout ----
[INFO] [stdout] 
[INFO] [stdout] thread 'test_post_request_forwarding' (2541) panicked at tests/comprehensive_integration_tests.rs:339:17:
[INFO] [stdout] Failed to setup test environment: Os { code: 2, kind: NotFound, message: "No such file or directory" }
[INFO] [stdout] stack backtrace:
[INFO] [stdout]    0:     0x582900616c57 - <unknown>
[INFO] [stdout]    1:     0x5829005fe89a - <unknown>
[INFO] [stdout]    2:     0x58290061620b - <unknown>
[INFO] [stdout]    3:     0x582900615cef - <unknown>
[INFO] [stdout]    4:     0x58290061591a - <unknown>
[INFO] [stdout]    5:     0x582900615452 - <unknown>
[INFO] [stdout]    6:     0x58290063c7b1 - <unknown>
[INFO] [stdout]    7:     0x58290063c769 - <unknown>
[INFO] [stdout]    8:     0x58290063cc7c - <unknown>
[INFO] [stdout]    9:     0x5829005fe72b - <unknown>
[INFO] [stdout]   10:     0x582900602141 - <unknown>
[INFO] [stdout]   11:     0x5829005fa1d3 - <unknown>
[INFO] [stdout]   12:     0x5829006551ab - <unknown>
[INFO] [stdout]   13:     0x582900651321 - <unknown>
[INFO] [stdout]   14:     0x582900650b0c - <unknown>
[INFO] [stdout]   15:     0x58290066d3fc - <unknown>
[INFO] [stdout]   16:     0x58290063e032 - <unknown>
[INFO] [stdout]   17:     0x76523042bdfa - <unknown>
[INFO] [stdout]   18:     0x7652304bf3d4 - clone
[INFO] [stdout]   19:                0x0 - <unknown>
[INFO] [stdout] 
[INFO] [stdout] ---- test_blocked_http_methods stdout ----
[INFO] [stdout] 
[INFO] [stdout] thread 'test_blocked_http_methods' (2533) panicked at tests/comprehensive_integration_tests.rs:389:17:
[INFO] [stdout] Failed to setup test environment: Os { code: 2, kind: NotFound, message: "No such file or directory" }
[INFO] [stdout] stack backtrace:
[INFO] [stdout]    0:     0x582900616c57 - <unknown>
[INFO] [stdout]    1:     0x5829005fe89a - <unknown>
[INFO] [stdout]    2:     0x58290061620b - <unknown>
[INFO] [stdout]    3:     0x582900615cef - <unknown>
[INFO] [stdout]    4:     0x58290061591a - <unknown>
[INFO] [stdout]    5:     0x582900615452 - <unknown>
[INFO] [stdout]    6:     0x58290063c7b1 - <unknown>
[INFO] [stdout]    7:     0x58290063c769 - <unknown>
[INFO] [stdout]    8:     0x58290063cc7c - <unknown>
[INFO] [stdout]    9:     0x5829005fe72b - <unknown>
[INFO] [stdout]   10:     0x582900602141 - <unknown>
[INFO] [stdout]   11:     0x5829005f8f93 - <unknown>
[INFO] [stdout]   12:     0x5829006551ab - <unknown>
[INFO] [stdout]   13:     0x582900651321 - <unknown>
[INFO] [stdout]   14:     0x582900650b0c - <unknown>
[INFO] [stdout]   15:     0x58290066d3fc - <unknown>
[INFO] [stdout]   16:     0x58290063e032 - <unknown>
[INFO] [stdout]   17:     0x76523042bdfa - <unknown>
[INFO] [stdout]   18:     0x7652304bf3d4 - clone
[INFO] [stdout]   19:                0x0 - <unknown>
[INFO] [stdout] 
[INFO] [stdout] ---- test_rate_limiting stdout ----
[INFO] [stdout] 
[INFO] [stdout] thread 'test_rate_limiting' (2544) panicked at tests/comprehensive_integration_tests.rs:428:17:
[INFO] [stdout] Failed to setup test environment: Os { code: 2, kind: NotFound, message: "No such file or directory" }
[INFO] [stdout] stack backtrace:
[INFO] [stdout]    0:     0x582900616c57 - <unknown>
[INFO] [stdout]    1:     0x5829005fe89a - <unknown>
[INFO] [stdout]    2:     0x58290061620b - <unknown>
[INFO] [stdout]    3:     0x582900615cef - <unknown>
[INFO] [stdout]    4:     0x58290061591a - <unknown>
[INFO] [stdout]    5:     0x582900615452 - <unknown>
[INFO] [stdout]    6:     0x58290063c7b1 - <unknown>
[INFO] [stdout]    7:     0x58290063c769 - <unknown>
[INFO] [stdout]    8:     0x58290063cc7c - <unknown>
[INFO] [stdout]    9:     0x5829005fe72b - <unknown>
[INFO] [stdout]   10:     0x582900602141 - <unknown>
[INFO] [stdout]   11:     0x5829005f6e8f - <unknown>
[INFO] [stdout]   12:     0x5829006551ab - <unknown>
[INFO] [stdout]   13:     0x582900651321 - <unknown>
[INFO] [stdout]   14:     0x582900650b0c - <unknown>
[INFO] [stdout]   15:     0x58290066d3fc - <unknown>
[INFO] [stdout]   16:     0x58290063e032 - <unknown>
[INFO] [stdout]   17:     0x76523042bdfa - <unknown>
[INFO] [stdout]   18:     0x7652304bf3d4 - clone
[INFO] [stdout]   19:                0x0 - <unknown>
[INFO] [stdout] 
[INFO] [stdout] ---- test_special_characters_in_path stdout ----
[INFO] [stdout] 
[INFO] [stdout] thread 'test_special_characters_in_path' (2546) panicked at tests/comprehensive_integration_tests.rs:633:17:
[INFO] [stdout] Failed to setup test environment: Os { code: 2, kind: NotFound, message: "No such file or directory" }
[INFO] [stdout] stack backtrace:
[INFO] [stdout]    0:     0x582900616c57 - <unknown>
[INFO] [stdout]    1:     0x5829005fe89a - <unknown>
[INFO] [stdout]    2:     0x58290061620b - <unknown>
[INFO] [stdout]    3:     0x582900615cef - <unknown>
[INFO] [stdout]    4:     0x58290061591a - <unknown>
[INFO] [stdout]    5:     0x582900615452 - <unknown>
[INFO] [stdout]    6:     0x58290063c7b1 - <unknown>
[INFO] [stdout]    7:     0x58290063c769 - <unknown>
[INFO] [stdout]    8:     0x58290063cc7c - <unknown>
[INFO] [stdout]    9:     0x5829005fe72b - <unknown>
[INFO] [stdout]   10:     0x582900602141 - <unknown>
[INFO] [stdout]   11:     0x5829005fbc33 - <unknown>
[INFO] [stdout]   12:     0x5829006551ab - <unknown>
[INFO] [stdout]   13:     0x582900651321 - <unknown>
[INFO] [stdout]   14:     0x582900650b0c - <unknown>
[INFO] [stdout]   15:     0x58290066d3fc - <unknown>
[INFO] [stdout]   16:     0x58290063e032 - <unknown>
[INFO] [stdout]   17:     0x76523042bdfa - <unknown>
[INFO] [stdout]   18:     0x7652304bf3d4 - clone
[INFO] [stdout]   19:                0x0 - <unknown>
[INFO] [stdout] 
[INFO] [stdout] ---- test_headers_forwarding stdout ----
[INFO] [stdout] 
[INFO] [stdout] thread 'test_headers_forwarding' (2537) panicked at tests/comprehensive_integration_tests.rs:362:17:
[INFO] [stdout] Failed to setup test environment: Os { code: 2, kind: NotFound, message: "No such file or directory" }
[INFO] [stdout] stack backtrace:
[INFO] [stdout]    0:     0x582900616c57 - <unknown>
[INFO] [stdout]    1:     0x5829005fe89a - <unknown>
[INFO] [stdout]    2:     0x58290061620b - <unknown>
[INFO] [stdout]    3:     0x582900615cef - <unknown>
[INFO] [stdout]    4:     0x58290061591a - <unknown>
[INFO] [stdout]    5:     0x582900615452 - <unknown>
[INFO] [stdout]    6:     0x58290063c7b1 - <unknown>
[INFO] [stdout]    7:     0x58290063c769 - <unknown>
[INFO] [stdout]    8:     0x58290063cc7c - <unknown>
[INFO] [stdout]    9:     0x5829005fe72b - <unknown>
[INFO] [stdout]   10:     0x582900602141 - <unknown>
[INFO] [stdout]   11:     0x5829005f8315 - <unknown>
[INFO] [stdout]   12:     0x5829006551ab - <unknown>
[INFO] [stdout]   13:     0x582900651321 - <unknown>
[INFO] [stdout]   14:     0x582900650b0c - <unknown>
[INFO] [stdout]   15:     0x58290066d3fc - <unknown>
[INFO] [stdout]   16:     0x58290063e032 - <unknown>
[INFO] [stdout]   17:     0x76523042bdfa - <unknown>
[INFO] [stdout]   18:     0x7652304bf3d4 - clone
[INFO] [stdout]   19:                0x0 - <unknown>
[INFO] [stdout] 
[INFO] [stdout] ---- test_basic_proxy_functionality stdout ----
[INFO] [stdout] 
[INFO] [stdout] thread 'test_basic_proxy_functionality' (2532) panicked at tests/comprehensive_integration_tests.rs:314:17:
[INFO] [stdout] Failed to setup test environment: Os { code: 2, kind: NotFound, message: "No such file or directory" }
[INFO] [stdout] stack backtrace:
[INFO] [stdout]    0:     0x582900616c57 - <unknown>
[INFO] [stdout]    1:     0x5829005fe89a - <unknown>
[INFO] [stdout]    2:     0x58290061620b - <unknown>
[INFO] [stdout]    3:     0x582900615cef - <unknown>
[INFO] [stdout]    4:     0x58290061591a - <unknown>
[INFO] [stdout]    5:     0x582900615452 - <unknown>
[INFO] [stdout]    6:     0x58290063c7b1 - <unknown>
[INFO] [stdout]    7:     0x58290063c769 - <unknown>
[INFO] [stdout]    8:     0x58290063cc7c - <unknown>
[INFO] [stdout]    9:     0x5829005fe72b - <unknown>
[INFO] [stdout]   10:     0x582900602141 - <unknown>
[INFO] [stdout]   11:     0x5829005faeb9 - <unknown>
[INFO] [stdout]   12:     0x5829006551ab - <unknown>
[INFO] [stdout]   13:     0x582900651321 - <unknown>
[INFO] [stdout]   14:     0x582900650b0c - <unknown>
[INFO] [stdout]   15:     0x58290066d3fc - <unknown>
[INFO] [stdout]   16:     0x58290063e032 - <unknown>
[INFO] [stdout]   17:     0x76523042bdfa - <unknown>
[INFO] [stdout]   18:     0x7652304bf3d4 - clone
[INFO] [stdout]   19:                0x0 - <unknown>
[INFO] [stdout] 
[INFO] [stdout] ---- test_put_request_allowed stdout ----
[INFO] [stdout] 
[INFO] [stdout] thread 'test_put_request_allowed' (2542) panicked at tests/comprehensive_integration_tests.rs:521:17:
[INFO] [stdout] Failed to setup test environment: Os { code: 2, kind: NotFound, message: "No such file or directory" }
[INFO] [stdout] stack backtrace:
[INFO] [stdout]    0:     0x582900616c57 - <unknown>
[INFO] [stdout]    1:     0x5829005fe89a - <unknown>
[INFO] [stdout]    2:     0x58290061620b - <unknown>
[INFO] [stdout]    3:     0x582900615cef - <unknown>
[INFO] [stdout]    4:     0x58290061591a - <unknown>
[INFO] [stdout]    5:     0x582900615452 - <unknown>
[INFO] [stdout]    6:     0x58290063c7b1 - <unknown>
[INFO] [stdout]    7:     0x58290063c769 - <unknown>
[INFO] [stdout]    8:     0x58290063cc7c - <unknown>
[INFO] [stdout]    9:     0x5829005fe72b - <unknown>
[INFO] [stdout]   10:     0x582900602141 - <unknown>
[INFO] [stdout]   11:     0x5829005f88f1 - <unknown>
[INFO] [stdout]   12:     0x5829006551ab - <unknown>
[INFO] [stdout]   13:     0x582900651321 - <unknown>
[INFO] [stdout]   14:     0x582900650b0c - <unknown>
[INFO] [stdout]   15:     0x58290066d3fc - <unknown>
[INFO] [stdout]   16:     0x58290063e032 - <unknown>
[INFO] [stdout]   17:     0x76523042bdfa - <unknown>
[INFO] [stdout]   18:     0x7652304bf3d4 - clone
[INFO] [stdout]   19:                0x0 - <unknown>
[INFO] [stdout] 
[INFO] [stdout] ---- test_delete_request_allowed stdout ----
[INFO] [stdout] 
[INFO] [stdout] thread 'test_delete_request_allowed' (2535) panicked at tests/comprehensive_integration_tests.rs:537:17:
[INFO] [stdout] Failed to setup test environment: Os { code: 2, kind: NotFound, message: "No such file or directory" }
[INFO] [stdout] stack backtrace:
[INFO] [stdout]    0:     0x582900616c57 - <unknown>
[INFO] [stdout]    1:     0x5829005fe89a - <unknown>
[INFO] [stdout]    2:     0x58290061620b - <unknown>
[INFO] [stdout]    3:     0x582900615cef - <unknown>
[INFO] [stdout]    4:     0x58290061591a - <unknown>
[INFO] [stdout]    5:     0x582900615452 - <unknown>
[INFO] [stdout]    6:     0x58290063c7b1 - <unknown>
[INFO] [stdout]    7:     0x58290063c769 - <unknown>
[INFO] [stdout]    8:     0x58290063cc7c - <unknown>
[INFO] [stdout]    9:     0x5829005fe72b - <unknown>
[INFO] [stdout]   10:     0x582900602141 - <unknown>
[INFO] [stdout]   11:     0x5829005f997a - <unknown>
[INFO] [stdout]   12:     0x5829006551ab - <unknown>
[INFO] [stdout]   13:     0x582900651321 - <unknown>
[INFO] [stdout]   14:     0x582900650b0c - <unknown>
[INFO] [stdout]   15:     0x58290066d3fc - <unknown>
[INFO] [stdout]   16:     0x58290063e032 - <unknown>
[INFO] [stdout]   17:     0x76523042bdfa - <unknown>
[INFO] [stdout]   18:     0x7652304bf3d4 - clone
[INFO] [stdout]   19:                0x0 - <unknown>
[INFO] [stdout] 
[INFO] [stdout] ---- test_multiple_headers_forwarding stdout ----
[INFO] [stdout] 
[INFO] [stdout] thread 'test_multiple_headers_forwarding' (2539) panicked at tests/comprehensive_integration_tests.rs:586:17:
[INFO] [stdout] Failed to setup test environment: Os { code: 2, kind: NotFound, message: "No such file or directory" }
[INFO] [stdout] stack backtrace:
[INFO] [stdout]    0:     0x582900616c57 - <unknown>
[INFO] [stdout]    1:     0x5829005fe89a - <unknown>
[INFO] [stdout]    2:     0x58290061620b - <unknown>
[INFO] [stdout]    3:     0x582900615cef - <unknown>
[INFO] [stdout]    4:     0x58290061591a - <unknown>
[INFO] [stdout]    5:     0x582900615452 - <unknown>
[INFO] [stdout]    6:     0x58290063c7b1 - <unknown>
[INFO] [stdout]    7:     0x58290063c769 - <unknown>
[INFO] [stdout]    8:     0x58290063cc7c - <unknown>
[INFO] [stdout]    9:     0x5829005fe72b - <unknown>
[INFO] [stdout]   10:     0x582900602141 - <unknown>
[INFO] [stdout]   11:     0x5829005fc2fb - <unknown>
[INFO] [stdout]   12:     0x5829006551ab - <unknown>
[INFO] [stdout]   13:     0x582900651321 - <unknown>
[INFO] [stdout]   14:     0x582900650b0c - <unknown>
[INFO] [stdout]   15:     0x58290066d3fc - <unknown>
[INFO] [stdout]   16:     0x58290063e032 - <unknown>
[INFO] [stdout]   17:     0x76523042bdfa - <unknown>
[INFO] [stdout]   18:     0x7652304bf3d4 - clone
[INFO] [stdout]   19:                0x0 - <unknown>
[INFO] [stdout] 
[INFO] [stdout] ---- test_query_string_forwarding stdout ----
[INFO] [stdout] 
[INFO] [stdout] thread 'test_query_string_forwarding' (2543) panicked at tests/comprehensive_integration_tests.rs:658:17:
[INFO] [stdout] Failed to setup test environment: Os { code: 2, kind: NotFound, message: "No such file or directory" }
[INFO] [stdout] stack backtrace:
[INFO] [stdout]    0:     0x582900616c57 - <unknown>
[INFO] [stdout]    1:     0x5829005fe89a - <unknown>
[INFO] [stdout]    2:     0x58290061620b - <unknown>
[INFO] [stdout]    3:     0x582900615cef - <unknown>
[INFO] [stdout]    4:     0x58290061591a - <unknown>
[INFO] [stdout]    5:     0x582900615452 - <unknown>
[INFO] [stdout]    6:     0x58290063c7b1 - <unknown>
[INFO] [stdout]    7:     0x58290063c769 - <unknown>
[INFO] [stdout]    8:     0x58290063cc7c - <unknown>
[INFO] [stdout]    9:     0x5829005fe72b - <unknown>
[INFO] [stdout]   10:     0x582900602141 - <unknown>
[INFO] [stdout]   11:     0x5829005fa535 - <unknown>
[INFO] [stdout]   12:     0x5829006551ab - <unknown>
[INFO] [stdout]   13:     0x582900651321 - <unknown>
[INFO] [stdout]   14:     0x582900650b0c - <unknown>
[INFO] [stdout]   15:     0x58290066d3fc - <unknown>
[INFO] [stdout]   16:     0x58290063e032 - <unknown>
[INFO] [stdout]   17:     0x76523042bdfa - <unknown>
[INFO] [stdout]   18:     0x7652304bf3d4 - clone
[INFO] [stdout]   19:                0x0 - <unknown>
[INFO] [stdout] 
[INFO] [stdout] ---- test_real_ip_header_injection stdout ----
[INFO] [stdout] 
[INFO] [stdout] thread 'test_real_ip_header_injection' (2545) panicked at tests/comprehensive_integration_tests.rs:479:17:
[INFO] [stdout] Failed to setup test environment: Os { code: 2, kind: NotFound, message: "No such file or directory" }
[INFO] [stdout] stack backtrace:
[INFO] [stdout]    0:     0x582900616c57 - <unknown>
[INFO] [stdout]    1:     0x5829005fe89a - <unknown>
[INFO] [stdout]    2:     0x58290061620b - <unknown>
[INFO] [stdout]    3:     0x582900615cef - <unknown>
[INFO] [stdout]    4:     0x58290061591a - <unknown>
[INFO] [stdout]    5:     0x582900615452 - <unknown>
[INFO] [stdout]    6:     0x58290063c7b1 - <unknown>
[INFO] [stdout]    7:     0x58290063c769 - <unknown>
[INFO] [stdout]    8:     0x58290063cc7c - <unknown>
[INFO] [stdout]    9:     0x5829005fe72b - <unknown>
[INFO] [stdout]   10:     0x582900602141 - <unknown>
[INFO] [stdout]   11:     0x5829005faba3 - <unknown>
[INFO] [stdout]   12:     0x5829006551ab - <unknown>
[INFO] [stdout]   13:     0x582900651321 - <unknown>
[INFO] [stdout]   14:     0x582900650b0c - <unknown>
[INFO] [stdout]   15:     0x58290066d3fc - <unknown>
[INFO] [stdout]   16:     0x58290063e032 - <unknown>
[INFO] [stdout]   17:     0x76523042bdfa - <unknown>
[INFO] [stdout]   18:     0x7652304bf3d4 - clone
[INFO] [stdout]   19:                0x0 - <unknown>
[INFO] [stdout] 
[INFO] [stdout] ---- test_timeout_handling stdout ----
[INFO] [stdout] 
[INFO] [stdout] thread 'test_timeout_handling' (2547) panicked at tests/comprehensive_integration_tests.rs:500:17:
[INFO] [stdout] Failed to setup test environment: Os { code: 2, kind: NotFound, message: "No such file or directory" }
[INFO] [stdout] stack backtrace:
[INFO] [stdout]    0:     0x582900616c57 - <unknown>
[INFO] [stdout]    1:     0x5829005fe89a - <unknown>
[INFO] [stdout]    2:     0x58290061620b - <unknown>
[INFO] [stdout]    3:     0x582900615cef - <unknown>
[INFO] [stdout]    4:     0x58290061591a - <unknown>
[INFO] [stdout]    5:     0x582900615452 - <unknown>
[INFO] [stdout]    6:     0x58290063c7b1 - <unknown>
[INFO] [stdout]    7:     0x58290063c769 - <unknown>
[INFO] [stdout]    8:     0x58290063cc7c - <unknown>
[INFO] [stdout]    9:     0x5829005fe72b - <unknown>
[INFO] [stdout]   10:     0x582900602141 - <unknown>
[INFO] [stdout]   11:     0x5829005f784a - <unknown>
[INFO] [stdout]   12:     0x5829006551ab - <unknown>
[INFO] [stdout]   13:     0x582900651321 - <unknown>
[INFO] [stdout]   14:     0x582900650b0c - <unknown>
[INFO] [stdout]   15:     0x58290066d3fc - <unknown>
[INFO] [stdout]   16:     0x58290063e032 - <unknown>
[INFO] [stdout]   17:     0x76523042bdfa - <unknown>
[INFO] [stdout]   18:     0x7652304bf3d4 - clone
[INFO] [stdout]   19:                0x0 - <unknown>
[INFO] [stdout] 
[INFO] [stdout] ---- test_url_encoded_bypass_attempt stdout ----
[INFO] [stdout] 
[INFO] [stdout] thread 'test_url_encoded_bypass_attempt' (2548) panicked at tests/comprehensive_integration_tests.rs:558:17:
[INFO] [stdout] Failed to setup test environment: Os { code: 2, kind: NotFound, message: "No such file or directory" }
[INFO] [stdout] stack backtrace:
[INFO] [stdout]    0:     0x582900616c57 - <unknown>
[INFO] [stdout]    1:     0x5829005fe89a - <unknown>
[INFO] [stdout]    2:     0x58290061620b - <unknown>
[INFO] [stdout]    3:     0x582900615cef - <unknown>
[INFO] [stdout]    4:     0x58290061591a - <unknown>
[INFO] [stdout]    5:     0x582900615452 - <unknown>
[INFO] [stdout]    6:     0x58290063c7b1 - <unknown>
[INFO] [stdout]    7:     0x58290063c769 - <unknown>
[INFO] [stdout]    8:     0x58290063cc7c - <unknown>
[INFO] [stdout]    9:     0x5829005fe72b - <unknown>
[INFO] [stdout]   10:     0x582900602141 - <unknown>
[INFO] [stdout]   11:     0x5829005fc037 - <unknown>
[INFO] [stdout]   12:     0x5829006551ab - <unknown>
[INFO] [stdout]   13:     0x582900651321 - <unknown>
[INFO] [stdout]   14:     0x582900650b0c - <unknown>
[INFO] [stdout]   15:     0x58290066d3fc - <unknown>
[INFO] [stdout]   16:     0x58290063e032 - <unknown>
[INFO] [stdout]   17:     0x76523042bdfa - <unknown>
[INFO] [stdout]   18:     0x7652304bf3d4 - clone
[INFO] [stdout]   19:                0x0 - <unknown>
[INFO] [stdout] 
[INFO] [stdout] 
[INFO] [stdout] failures:
[INFO] [stdout]     test_basic_proxy_functionality
[INFO] [stdout]     test_blocked_http_methods
[INFO] [stdout]     test_blocked_url_patterns
[INFO] [stdout]     test_delete_request_allowed
[INFO] [stdout]     test_empty_body_post
[INFO] [stdout]     test_headers_forwarding
[INFO] [stdout]     test_large_request_handling
[INFO] [stdout]     test_multiple_headers_forwarding
[INFO] [stdout]     test_post_request_forwarding
[INFO] [stdout]     test_put_request_allowed
[INFO] [stdout]     test_query_string_forwarding
[INFO] [stdout]     test_rate_limiting
[INFO] [stdout]     test_real_ip_header_injection
[INFO] [stdout]     test_special_characters_in_path
[INFO] [stdout]     test_timeout_handling
[INFO] [stdout]     test_url_encoded_bypass_attempt
[INFO] [stdout] 
[INFO] [stdout] test result: FAILED. 0 passed; 16 failed; 9 ignored; 0 measured; 0 filtered out; finished in 13.61s
[INFO] [stdout] 
[INFO] [stderr] error: test failed, to rerun pass `--test comprehensive_integration_tests`
[INFO] running `Command { std: "docker" "inspect" "d4f2fbbb6343438fc9ffa18aa7f6567b7625410f1d4dba659d19e7d2b29c2cbe", kill_on_drop: false }`
[INFO] running `Command { std: "docker" "rm" "-f" "d4f2fbbb6343438fc9ffa18aa7f6567b7625410f1d4dba659d19e7d2b29c2cbe", kill_on_drop: false }`
[INFO] [stdout] d4f2fbbb6343438fc9ffa18aa7f6567b7625410f1d4dba659d19e7d2b29c2cbe
