[INFO] fetching crate wirespec-sema 0.4.2...
[INFO] testing wirespec-sema-0.4.2 against 1.100.0-beta.1+cargoflags=--release for beta-release-1.100-2
[INFO] extracting crate wirespec-sema 0.4.2 into /workspace/builds/worker-5-tc2/source
[INFO] started tweaking crates.io crate wirespec-sema 0.4.2
[INFO] removed 0 missing tests
[INFO] finished tweaking crates.io crate wirespec-sema 0.4.2
[INFO] tweaked toml for crates.io crate wirespec-sema 0.4.2 written to /workspace/builds/worker-5-tc2/source/Cargo.toml
[INFO] validating manifest of crates.io crate wirespec-sema 0.4.2 on toolchain 1.100.0-beta.1
[INFO] running `Command { std: CARGO_HOME="/workspace/cargo-home" RUSTUP_HOME="/workspace/rustup-home" "/workspace/cargo-home/bin/cargo" "+1.100.0-beta.1" "metadata" "--manifest-path" "Cargo.toml" "--no-deps", kill_on_drop: false }`
[INFO] crate crates.io crate wirespec-sema 0.4.2 already has a lockfile, it will not be regenerated
[INFO] running `Command { std: CARGO_HOME="/workspace/cargo-home" RUSTUP_HOME="/workspace/rustup-home" "/workspace/cargo-home/bin/cargo" "+1.100.0-beta.1" "fetch" "--manifest-path" "Cargo.toml", kill_on_drop: false }`
[INFO] running `Command { std: "docker" "create" "-v" "/var/lib/crater-agent-workspace/builds/worker-5-tc2/source:/opt/rustwide/workdir:ro,Z" "-v" "/var/lib/crater-agent-workspace/builds/worker-5-tc2/target:/opt/rustwide/target:rw,Z" "-v" "/var/lib/crater-agent-workspace/cargo-home:/opt/rustwide/cargo-home:ro,Z" "-v" "/var/lib/crater-agent-workspace/rustup-home:/opt/rustwide/rustup-home:ro,Z" "-m" "1610612736" "--network" "none" "ghcr.io/rust-lang/crates-build-env/linux@sha256:77db811e55d90add9212f6832c23229e3de5f1c1f9905e8cb07319ea15df73ac" "sleep" "infinity", kill_on_drop: false }`
[INFO] [stdout] ecfe37cbff39dccf279d43cf7644dbda44a9b9fef8ded5989139a4d361a36ff0
[INFO] running `Command { std: "docker" "start" "ecfe37cbff39dccf279d43cf7644dbda44a9b9fef8ded5989139a4d361a36ff0", kill_on_drop: false }`
[INFO] running `Command { std: "docker" "inspect" "ecfe37cbff39dccf279d43cf7644dbda44a9b9fef8ded5989139a4d361a36ff0", kill_on_drop: false }`
[INFO] running `Command { std: "docker" "exec" "-e" "SOURCE_DIR=/opt/rustwide/workdir" "-e" "CARGO_HOME=/opt/rustwide/cargo-home" "-e" "RUSTUP_HOME=/opt/rustwide/rustup-home" "-e" "CARGO_TARGET_DIR=/opt/rustwide/target" "-w" "/opt/rustwide/workdir" "--user" "0:0" "ecfe37cbff39dccf279d43cf7644dbda44a9b9fef8ded5989139a4d361a36ff0" "/opt/rustwide/cargo-home/bin/cargo" "+1.100.0-beta.1" "metadata" "--no-deps" "--format-version=1", kill_on_drop: false }`
[INFO] running `Command { std: "docker" "inspect" "ecfe37cbff39dccf279d43cf7644dbda44a9b9fef8ded5989139a4d361a36ff0", kill_on_drop: false }`
[INFO] running `Command { std: "docker" "exec" "-e" "SOURCE_DIR=/opt/rustwide/workdir" "-e" "CARGO_HOME=/opt/rustwide/cargo-home" "-e" "RUSTUP_HOME=/opt/rustwide/rustup-home" "-e" "CARGO_TARGET_DIR=/opt/rustwide/target" "-e" "CARGO_INCREMENTAL=0" "-e" "RUST_BACKTRACE=full" "-e" "RUSTFLAGS=--cap-lints=warn" "-e" "RUSTDOCFLAGS=--cap-lints=warn" "-w" "/opt/rustwide/workdir" "--user" "0:0" "ecfe37cbff39dccf279d43cf7644dbda44a9b9fef8ded5989139a4d361a36ff0" "/opt/rustwide/cargo-home/bin/cargo" "+1.100.0-beta.1" "build" "--frozen" "--message-format=json" "--release", kill_on_drop: false }`
[INFO] [stderr]    Compiling wirespec-syntax v0.4.2
[INFO] [stderr]    Compiling wirespec-sema v0.4.2 (/opt/rustwide/workdir)
[INFO] [stderr]     Finished `release` profile [optimized] target(s) in 9.06s
[INFO] running `Command { std: "docker" "inspect" "ecfe37cbff39dccf279d43cf7644dbda44a9b9fef8ded5989139a4d361a36ff0", kill_on_drop: false }`
[INFO] running `Command { std: "docker" "exec" "-e" "SOURCE_DIR=/opt/rustwide/workdir" "-e" "CARGO_HOME=/opt/rustwide/cargo-home" "-e" "RUSTUP_HOME=/opt/rustwide/rustup-home" "-e" "CARGO_TARGET_DIR=/opt/rustwide/target" "-e" "CARGO_INCREMENTAL=0" "-e" "RUST_BACKTRACE=full" "-e" "RUSTFLAGS=--cap-lints=warn" "-e" "RUSTDOCFLAGS=--cap-lints=warn" "-w" "/opt/rustwide/workdir" "--user" "0:0" "ecfe37cbff39dccf279d43cf7644dbda44a9b9fef8ded5989139a4d361a36ff0" "/opt/rustwide/cargo-home/bin/cargo" "+1.100.0-beta.1" "test" "--frozen" "--no-run" "--message-format=json" "--release", kill_on_drop: false }`
[INFO] [stderr]    Compiling wirespec-sema v0.4.2 (/opt/rustwide/workdir)
[INFO] [stderr]     Finished `release` profile [optimized] target(s) in 16.71s
[INFO] running `Command { std: "docker" "inspect" "ecfe37cbff39dccf279d43cf7644dbda44a9b9fef8ded5989139a4d361a36ff0", kill_on_drop: false }`
[INFO] running `Command { std: "docker" "exec" "-e" "SOURCE_DIR=/opt/rustwide/workdir" "-e" "CARGO_HOME=/opt/rustwide/cargo-home" "-e" "RUSTUP_HOME=/opt/rustwide/rustup-home" "-e" "CARGO_TARGET_DIR=/opt/rustwide/target" "-e" "CARGO_INCREMENTAL=0" "-e" "RUST_BACKTRACE=full" "-e" "RUSTFLAGS=--cap-lints=warn" "-e" "RUSTDOCFLAGS=--cap-lints=warn" "-w" "/opt/rustwide/workdir" "--user" "0:0" "ecfe37cbff39dccf279d43cf7644dbda44a9b9fef8ded5989139a4d361a36ff0" "/opt/rustwide/cargo-home/bin/cargo" "+1.100.0-beta.1" "test" "--frozen" "--release", kill_on_drop: false }`
[INFO] [stderr]     Finished `release` profile [optimized] target(s) in 0.03s
[INFO] [stderr]      Running unittests src/lib.rs (/opt/rustwide/target/release/build/wirespec-sema/21abfaccb4d01ced/out/wirespec_sema-21abfaccb4d01ced)
[INFO] [stdout] 
[INFO] [stdout] running 0 tests
[INFO] [stdout] 
[INFO] [stdout] test result: ok. 0 passed; 0 failed; 0 ignored; 0 measured; 0 filtered out; finished in 0.00s
[INFO] [stdout] 
[INFO] [stderr]      Running tests/analyze_tests.rs (/opt/rustwide/target/release/build/wirespec-sema/29a5df1bfae204e7/out/analyze_tests-29a5df1bfae204e7)
[INFO] [stdout] 
[INFO] [stdout] running 25 tests
[INFO] [stdout] test analyze_capsule ... ok
[INFO] [stdout] test analyze_empty_module ... ok
[INFO] [stdout] test analyze_enum ... ok
[INFO] [stdout] test analyze_endianness_from_annotation ... ok
[INFO] [stdout] test analyze_flags ... ok
[INFO] [stdout] test analyze_forward_reference_error ... ok
[INFO] [stdout] test analyze_packet_bytes_remaining ... ok
[INFO] [stdout] test analyze_packet_with_derived ... ok
[INFO] [stdout] test analyze_packet_with_bits ... ok
[INFO] [stdout] test analyze_packet_with_array ... ok
[INFO] [stdout] test analyze_frame ... ok
[INFO] [stdout] test analyze_packet_bytes_fixed ... ok
[INFO] [stdout] test analyze_const ... ok
[INFO] [stdout] test analyze_continuation_varint ... ok
[INFO] [stdout] test analyze_state_machine_basic ... ok
[INFO] [stdout] test analyze_static_assert ... ok
[INFO] [stdout] test analyze_packet_with_optional ... ok
[INFO] [stdout] test analyze_type_alias ... ok
[INFO] [stdout] test analyze_sm_undefined_state_error ... ok
[INFO] [stdout] test analyze_packet_with_require ... ok
[INFO] [stdout] test analyze_sm_wildcard_transition ... ok
[INFO] [stdout] test analyze_simple_packet ... ok
[INFO] [stdout] test analyze_sm_with_guard_and_action ... ok
[INFO] [stdout] test analyze_undefined_type_error ... ok
[INFO] [stdout] test analyze_varint_prefix_match ... ok
[INFO] [stdout] 
[INFO] [stdout] test result: ok. 25 passed; 0 failed; 0 ignored; 0 measured; 0 filtered out; finished in 0.02s
[INFO] [stdout] 
[INFO] [stderr]      Running tests/asn1_sema_tests.rs (/opt/rustwide/target/release/build/wirespec-sema/b6549b30e32153d3/out/asn1_sema_tests-b6549b30e32153d3)
[INFO] [stdout] 
[INFO] [stdout] running 11 tests
[INFO] [stdout] test error_asn1_type_not_declared ... ok
[INFO] [stdout] test ok_encoding_der ... ok
[INFO] [stdout] test ok_encoding_coer ... ok
[INFO] [stdout] test ok_asn1_remaining ... ok
[INFO] [stdout] test ok_encoding_ber ... ok
[INFO] [stdout] test ok_encoding_aper ... ok
[INFO] [stdout] test error_unsupported_encoding ... ok
[INFO] [stdout] test ok_encoding_oer ... ok
[INFO] [stdout] test ok_extern_asn1_with_asn1_field ... ok
[INFO] [stdout] test ok_asn1_field_has_hint_in_sema ... ok
[INFO] [stdout] test ok_asn1_field_has_rust_module_in_hint ... ok
[INFO] [stdout] 
[INFO] [stdout] test result: ok. 11 passed; 0 failed; 0 ignored; 0 measured; 0 filtered out; finished in 0.01s
[INFO] [stdout] 
[INFO] [stderr]      Running tests/bugfix_tests.rs (/opt/rustwide/target/release/build/wirespec-sema/9cd4b8b9ed64e726/out/bugfix_tests-9cd4b8b9ed64e726)
[INFO] [stdout] 
[INFO] [stdout] running 10 tests
[INFO] [stdout] test derive_traits_extracted ... ok
[INFO] [stdout] test cyclic_alias_rejected ... ok
[INFO] [stdout] test checksum_correct_type_ok ... ok
[INFO] [stdout] test endianness_explicit_override ... ok
[INFO] [stdout] test remaining_last_ok ... ok
[INFO] [stdout] test checksum_wrong_type_rejected ... ok
[INFO] [stdout] test duplicate_checksum_rejected ... ok
[INFO] [stderr]      Running tests/checksum_catalog_tests.rs (/opt/rustwide/target/release/build/wirespec-sema/28b80567d3411c63/out/checksum_catalog_tests-28b80567d3411c63)
[INFO] [stdout] test duplicate_definition_rejected ... ok
[INFO] [stdout] test remaining_not_last_rejected ... ok
[INFO] [stdout] test reserved_identifier_rejected ... ok
[INFO] [stdout] 
[INFO] [stdout] test result: ok. 10 passed; 0 failed; 0 ignored; 0 measured; 0 filtered out; finished in 0.01s
[INFO] [stdout] 
[INFO] [stdout] 
[INFO] [stdout] running 6 tests
[INFO] [stdout] test catalog_extended_profile ... ok
[INFO] [stdout] test catalog_field_metadata ... ok
[INFO] [stdout] test catalog_strict_profile ... ok
[INFO] [stdout] test catalog_known_algorithms ... ok
[INFO] [stdout] test catalog_unknown_algorithm ... ok
[INFO] [stdout] test catalog_verify_modes ... ok
[INFO] [stdout] 
[INFO] [stdout] test result: ok. 6 passed; 0 failed; 0 ignored; 0 measured; 0 filtered out; finished in 0.01s
[INFO] [stdout] 
[INFO] [stderr]      Running tests/checksum_tests.rs (/opt/rustwide/target/release/build/wirespec-sema/b678048aef95274d/out/checksum_tests-b678048aef95274d)
[INFO] [stdout] 
[INFO] [stdout] running 5 tests
[INFO] [stdout] test checksum_fletcher16_rejected_under_strict ... ok
[INFO] [stdout] test duplicate_checksum_error ... ok
[INFO] [stdout] test checksum_internet_accepted ... ok
[INFO] [stdout] test checksum_fletcher16_accepted_under_extended ... ok
[INFO] [stdout] test checksum_wrong_field_type_error ... ok
[INFO] [stdout] 
[INFO] [stdout] test result: ok. 5 passed; 0 failed; 0 ignored; 0 measured; 0 filtered out; finished in 0.01s
[INFO] [stdout] 
[INFO] [stderr]      Running tests/corpus_sema_tests.rs (/opt/rustwide/target/release/build/wirespec-sema/ec2e2ef6c290d323/out/corpus_sema_tests-ec2e2ef6c290d323)
[INFO] [stdout] 
[INFO] [stdout] running 9 tests
[INFO] [stdout] test corpus_mqtt ... FAILED
[INFO] [stdout] test corpus_mpquic_path ... FAILED
[INFO] [stdout] test corpus_net_tcp ... FAILED
[INFO] [stdout] test corpus_quic_varint ... FAILED
[INFO] [stdout] test corpus_net_udp ... FAILED
[INFO] [stdout] test corpus_quic_frames ... FAILED
[INFO] [stdout] test corpus_test_bits_groups ... FAILED
[INFO] [stdout] test corpus_ble_att ... FAILED
[INFO] [stdout] test corpus_net_ethernet ... FAILED
[INFO] [stdout] 
[INFO] [stdout] failures:
[INFO] [stdout] 
[INFO] [stdout] ---- corpus_mqtt stdout ----
[INFO] [stdout] 
[INFO] [stdout] thread 'corpus_mqtt' (582) panicked at tests/corpus_sema_tests.rs:89:10:
[INFO] [stdout] mqtt/mqtt.wire should analyze successfully: "failed to read ../../examples/mqtt/mqtt.wspec: No such file or directory (os error 2)"
[INFO] [stdout] stack backtrace:
[INFO] [stdout]    0:     0x5df750014e81 - <<std[617be2ca0a6fd877]::sys::backtrace::BacktraceLock>::print::DisplayBacktrace as core[a373ad73a504971]::fmt::Display>::fmt
[INFO] [stdout]    1:     0x5df750028eea - core[a373ad73a504971]::fmt::write
[INFO] [stdout]    2:     0x5df75001909c - <alloc[2e1b2a31b91974c5]::vec::Vec<u8> as core[a373ad73a504971]::io::write::Write>::write_fmt
[INFO] [stdout]    3:     0x5df74fff0f86 - std[617be2ca0a6fd877]::panicking::default_hook::{closure#0}
[INFO] [stdout]    4:     0x5df75000d1b9 - std[617be2ca0a6fd877]::panicking::default_hook
[INFO] [stdout]    5:     0x5df74ff51ad0 - test[aada8e7e76ba119b]::test_main_inner::{closure#0}
[INFO] [stdout]    6:     0x5df75000d372 - std[617be2ca0a6fd877]::panicking::panic_with_hook
[INFO] [stdout]    7:     0x5df74fff1032 - std[617be2ca0a6fd877]::panicking::panic_handler::{closure#0}
[INFO] [stdout]    8:     0x5df74ffe9bb9 - std[617be2ca0a6fd877]::sys::backtrace::__rust_end_short_backtrace::<std[617be2ca0a6fd877]::panicking::panic_handler::{closure#0}, !>
[INFO] [stdout]    9:     0x5df74fff1c3d - __rustc[ea4f61d10b84890b]::rust_begin_unwind
[INFO] [stdout]   10:     0x5df75002961c - core[a373ad73a504971]::panicking::panic_fmt
[INFO] [stdout]   11:     0x5df7500293f2 - core[a373ad73a504971]::result::unwrap_failed
[INFO] [stdout]   12:     0x5df74ff3eaf6 - <corpus_sema_tests[5d64db05d53605ee]::corpus_mqtt::{closure#0} as core[a373ad73a504971]::ops::function::FnOnce<()>>::call_once
[INFO] [stdout]   13:     0x5df74ff44f1b - test[aada8e7e76ba119b]::__rust_begin_short_backtrace::<core[a373ad73a504971]::result::Result<(), alloc[2e1b2a31b91974c5]::string::String>, fn() -> core[a373ad73a504971]::result::Result<(), alloc[2e1b2a31b91974c5]::string::String>>
[INFO] [stdout]   14:     0x5df74ff520f5 - test[aada8e7e76ba119b]::run_test::{closure#0}
[INFO] [stdout]   15:     0x5df74ff4b9e4 - std[617be2ca0a6fd877]::sys::backtrace::__rust_begin_short_backtrace::<test[aada8e7e76ba119b]::run_test::{closure#1}, ()>
[INFO] [stdout]   16:     0x5df74ff55182 - <std[617be2ca0a6fd877]::thread::lifecycle::spawn_unchecked<test[aada8e7e76ba119b]::run_test::{closure#1}, ()>::{closure#1} as core[a373ad73a504971]::ops::function::FnOnce<()>>::call_once::{shim:vtable#0}
[INFO] [stdout]   17:     0x5df75001437f - <std[617be2ca0a6fd877]::sys::thread::unix::Thread>::new::thread_start
[INFO] [stdout]   18:     0x79fe741a8dfa - <unknown>
[INFO] [stdout]   19:     0x79fe7423c3d4 - clone
[INFO] [stdout]   20:                0x0 - <unknown>
[INFO] [stdout] 
[INFO] [stdout] ---- corpus_mpquic_path stdout ----
[INFO] [stdout] 
[INFO] [stdout] thread 'corpus_mpquic_path' (581) panicked at tests/corpus_sema_tests.rs:102:10:
[INFO] [stdout] mpquic/path.wire should analyze successfully: "failed to read ../../examples/mpquic/path.wspec: No such file or directory (os error 2)"
[INFO] [stdout] stack backtrace:
[INFO] [stdout]    0:     0x5df750014e81 - <<std[617be2ca0a6fd877]::sys::backtrace::BacktraceLock>::print::DisplayBacktrace as core[a373ad73a504971]::fmt::Display>::fmt
[INFO] [stdout]    1:     0x5df750028eea - core[a373ad73a504971]::fmt::write
[INFO] [stdout]    2:     0x5df75001909c - <alloc[2e1b2a31b91974c5]::vec::Vec<u8> as core[a373ad73a504971]::io::write::Write>::write_fmt
[INFO] [stdout]    3:     0x5df74fff0f86 - std[617be2ca0a6fd877]::panicking::default_hook::{closure#0}
[INFO] [stdout]    4:     0x5df75000d1b9 - std[617be2ca0a6fd877]::panicking::default_hook
[INFO] [stdout]    5:     0x5df74ff51ad0 - test[aada8e7e76ba119b]::test_main_inner::{closure#0}
[INFO] [stdout]    6:     0x5df75000d372 - std[617be2ca0a6fd877]::panicking::panic_with_hook
[INFO] [stdout]    7:     0x5df74fff1032 - std[617be2ca0a6fd877]::panicking::panic_handler::{closure#0}
[INFO] [stdout]    8:     0x5df74ffe9bb9 - std[617be2ca0a6fd877]::sys::backtrace::__rust_end_short_backtrace::<std[617be2ca0a6fd877]::panicking::panic_handler::{closure#0}, !>
[INFO] [stdout]    9:     0x5df74fff1c3d - __rustc[ea4f61d10b84890b]::rust_begin_unwind
[INFO] [stdout]   10:     0x5df75002961c - core[a373ad73a504971]::panicking::panic_fmt
[INFO] [stdout]   11:     0x5df7500293f2 - core[a373ad73a504971]::result::unwrap_failed
[INFO] [stdout]   12:     0x5df74ff3f087 - <corpus_sema_tests[5d64db05d53605ee]::corpus_mpquic_path::{closure#0} as core[a373ad73a504971]::ops::function::FnOnce<()>>::call_once
[INFO] [stdout]   13:     0x5df74ff44f1b - test[aada8e7e76ba119b]::__rust_begin_short_backtrace::<core[a373ad73a504971]::result::Result<(), alloc[2e1b2a31b91974c5]::string::String>, fn() -> core[a373ad73a504971]::result::Result<(), alloc[2e1b2a31b91974c5]::string::String>>
[INFO] [stdout]   14:     0x5df74ff520f5 - test[aada8e7e76ba119b]::run_test::{closure#0}
[INFO] [stdout]   15:     0x5df74ff4b9e4 - std[617be2ca0a6fd877]::sys::backtrace::__rust_begin_short_backtrace::<test[aada8e7e76ba119b]::run_test::{closure#1}, ()>
[INFO] [stdout]   16:     0x5df74ff55182 - <std[617be2ca0a6fd877]::thread::lifecycle::spawn_unchecked<test[aada8e7e76ba119b]::run_test::{closure#1}, ()>::{closure#1} as core[a373ad73a504971]::ops::function::FnOnce<()>>::call_once::{shim:vtable#0}
[INFO] [stdout]   17:     0x5df75001437f - <std[617be2ca0a6fd877]::sys::thread::unix::Thread>::new::thread_start
[INFO] [stdout]   18:     0x79fe741a8dfa - <unknown>
[INFO] [stdout]   19:     0x79fe7423c3d4 - clone
[INFO] [stdout]   20:                0x0 - <unknown>
[INFO] [stdout] 
[INFO] [stdout] ---- corpus_net_tcp stdout ----
[INFO] [stdout] 
[INFO] [stdout] thread 'corpus_net_tcp' (584) panicked at tests/corpus_sema_tests.rs:47:10:
[INFO] [stdout] net/tcp.wire should analyze successfully: "failed to read ../../examples/net/tcp.wspec: No such file or directory (os error 2)"
[INFO] [stdout] stack backtrace:
[INFO] [stdout]    0:     0x5df750014e81 - <<std[617be2ca0a6fd877]::sys::backtrace::BacktraceLock>::print::DisplayBacktrace as core[a373ad73a504971]::fmt::Display>::fmt
[INFO] [stdout]    1:     0x5df750028eea - core[a373ad73a504971]::fmt::write
[INFO] [stdout]    2:     0x5df75001909c - <alloc[2e1b2a31b91974c5]::vec::Vec<u8> as core[a373ad73a504971]::io::write::Write>::write_fmt
[INFO] [stdout]    3:     0x5df74fff0f86 - std[617be2ca0a6fd877]::panicking::default_hook::{closure#0}
[INFO] [stdout]    4:     0x5df75000d1b9 - std[617be2ca0a6fd877]::panicking::default_hook
[INFO] [stdout]    5:     0x5df74ff51ad0 - test[aada8e7e76ba119b]::test_main_inner::{closure#0}
[INFO] [stdout]    6:     0x5df75000d372 - std[617be2ca0a6fd877]::panicking::panic_with_hook
[INFO] [stdout]    7:     0x5df74fff1032 - std[617be2ca0a6fd877]::panicking::panic_handler::{closure#0}
[INFO] [stdout]    8:     0x5df74ffe9bb9 - std[617be2ca0a6fd877]::sys::backtrace::__rust_end_short_backtrace::<std[617be2ca0a6fd877]::panicking::panic_handler::{closure#0}, !>
[INFO] [stdout]    9:     0x5df74fff1c3d - __rustc[ea4f61d10b84890b]::rust_begin_unwind
[INFO] [stdout]   10:     0x5df75002961c - core[a373ad73a504971]::panicking::panic_fmt
[INFO] [stdout]   11:     0x5df7500293f2 - core[a373ad73a504971]::result::unwrap_failed
[INFO] [stdout]   12:     0x5df74ff3edcc - <corpus_sema_tests[5d64db05d53605ee]::corpus_net_tcp::{closure#0} as core[a373ad73a504971]::ops::function::FnOnce<()>>::call_once
[INFO] [stdout]   13:     0x5df74ff44f1b - test[aada8e7e76ba119b]::__rust_begin_short_backtrace::<core[a373ad73a504971]::result::Result<(), alloc[2e1b2a31b91974c5]::string::String>, fn() -> core[a373ad73a504971]::result::Result<(), alloc[2e1b2a31b91974c5]::string::String>>
[INFO] [stdout]   14:     0x5df74ff520f5 - test[aada8e7e76ba119b]::run_test::{closure#0}
[INFO] [stdout]   15:     0x5df74ff4b9e4 - std[617be2ca0a6fd877]::sys::backtrace::__rust_begin_short_backtrace::<test[aada8e7e76ba119b]::run_test::{closure#1}, ()>
[INFO] [stdout]   16:     0x5df74ff55182 - <std[617be2ca0a6fd877]::thread::lifecycle::spawn_unchecked<test[aada8e7e76ba119b]::run_test::{closure#1}, ()>::{closure#1} as core[a373ad73a504971]::ops::function::FnOnce<()>>::call_once::{shim:vtable#0}
[INFO] [stdout]   17:     0x5df75001437f - <std[617be2ca0a6fd877]::sys::thread::unix::Thread>::new::thread_start
[INFO] [stdout]   18:     0x79fe741a8dfa - <unknown>
[INFO] [stdout]   19:     0x79fe7423c3d4 - clone
[INFO] [stdout]   20:                0x0 - <unknown>
[INFO] [stdout] 
[INFO] [stdout] ---- corpus_quic_varint stdout ----
[INFO] [stdout] 
[INFO] [stdout] thread 'corpus_quic_varint' (587) panicked at tests/corpus_sema_tests.rs:27:10:
[INFO] [stdout] quic/varint.wire should analyze successfully: "failed to read ../../examples/quic/varint.wspec: No such file or directory (os error 2)"
[INFO] [stdout] stack backtrace:
[INFO] [stdout]    0:     0x5df750014e81 - <<std[617be2ca0a6fd877]::sys::backtrace::BacktraceLock>::print::DisplayBacktrace as core[a373ad73a504971]::fmt::Display>::fmt
[INFO] [stdout]    1:     0x5df750028eea - core[a373ad73a504971]::fmt::write
[INFO] [stdout]    2:     0x5df75001909c - <alloc[2e1b2a31b91974c5]::vec::Vec<u8> as core[a373ad73a504971]::io::write::Write>::write_fmt
[INFO] [stdout]    3:     0x5df74fff0f86 - std[617be2ca0a6fd877]::panicking::default_hook::{closure#0}
[INFO] [stdout]    4:     0x5df75000d1b9 - std[617be2ca0a6fd877]::panicking::default_hook
[INFO] [stdout]    5:     0x5df74ff51ad0 - test[aada8e7e76ba119b]::test_main_inner::{closure#0}
[INFO] [stdout]    6:     0x5df75000d372 - std[617be2ca0a6fd877]::panicking::panic_with_hook
[INFO] [stdout]    7:     0x5df74fff1032 - std[617be2ca0a6fd877]::panicking::panic_handler::{closure#0}
[INFO] [stdout]    8:     0x5df74ffe9bb9 - std[617be2ca0a6fd877]::sys::backtrace::__rust_end_short_backtrace::<std[617be2ca0a6fd877]::panicking::panic_handler::{closure#0}, !>
[INFO] [stdout]    9:     0x5df74fff1c3d - __rustc[ea4f61d10b84890b]::rust_begin_unwind
[INFO] [stdout]   10:     0x5df75002961c - core[a373ad73a504971]::panicking::panic_fmt
[INFO] [stdout]   11:     0x5df7500293f2 - core[a373ad73a504971]::result::unwrap_failed
[INFO] [stdout]   12:     0x5df74ff3f31f - <corpus_sema_tests[5d64db05d53605ee]::corpus_quic_varint::{closure#0} as core[a373ad73a504971]::ops::function::FnOnce<()>>::call_once
[INFO] [stdout]   13:     0x5df74ff44f1b - test[aada8e7e76ba119b]::__rust_begin_short_backtrace::<core[a373ad73a504971]::result::Result<(), alloc[2e1b2a31b91974c5]::string::String>, fn() -> core[a373ad73a504971]::result::Result<(), alloc[2e1b2a31b91974c5]::string::String>>
[INFO] [stdout]   14:     0x5df74ff520f5 - test[aada8e7e76ba119b]::run_test::{closure#0}
[INFO] [stdout]   15:     0x5df74ff4b9e4 - std[617be2ca0a6fd877]::sys::backtrace::__rust_begin_short_backtrace::<test[aada8e7e76ba119b]::run_test::{closure#1}, ()>
[INFO] [stdout]   16:     0x5df74ff55182 - <std[617be2ca0a6fd877]::thread::lifecycle::spawn_unchecked<test[aada8e7e76ba119b]::run_test::{closure#1}, ()>::{closure#1} as core[a373ad73a504971]::ops::function::FnOnce<()>>::call_once::{shim:vtable#0}
[INFO] [stdout]   17:     0x5df75001437f - <std[617be2ca0a6fd877]::sys::thread::unix::Thread>::new::thread_start
[INFO] [stdout]   18:     0x79fe741a8dfa - <unknown>
[INFO] [stdout]   19:     0x79fe7423c3d4 - clone
[INFO] [stdout]   20:                0x0 - <unknown>
[INFO] [stdout] 
[INFO] [stdout] ---- corpus_net_udp stdout ----
[INFO] [stdout] 
[INFO] [stdout] thread 'corpus_net_udp' (585) panicked at tests/corpus_sema_tests.rs:38:10:
[INFO] [stdout] net/udp.wire should analyze successfully: "failed to read ../../examples/net/udp.wspec: No such file or directory (os error 2)"
[INFO] [stdout] stack backtrace:
[INFO] [stdout]    0:     0x5df750014e81 - <<std[617be2ca0a6fd877]::sys::backtrace::BacktraceLock>::print::DisplayBacktrace as core[a373ad73a504971]::fmt::Display>::fmt
[INFO] [stdout]    1:     0x5df750028eea - core[a373ad73a504971]::fmt::write
[INFO] [stdout]    2:     0x5df75001909c - <alloc[2e1b2a31b91974c5]::vec::Vec<u8> as core[a373ad73a504971]::io::write::Write>::write_fmt
[INFO] [stdout]    3:     0x5df74fff0f86 - std[617be2ca0a6fd877]::panicking::default_hook::{closure#0}
[INFO] [stdout]    4:     0x5df75000d1b9 - std[617be2ca0a6fd877]::panicking::default_hook
[INFO] [stdout]    5:     0x5df74ff51ad0 - test[aada8e7e76ba119b]::test_main_inner::{closure#0}
[INFO] [stdout]    6:     0x5df75000d372 - std[617be2ca0a6fd877]::panicking::panic_with_hook
[INFO] [stdout]    7:     0x5df74fff1032 - std[617be2ca0a6fd877]::panicking::panic_handler::{closure#0}
[INFO] [stdout]    8:     0x5df74ffe9bb9 - std[617be2ca0a6fd877]::sys::backtrace::__rust_end_short_backtrace::<std[617be2ca0a6fd877]::panicking::panic_handler::{closure#0}, !>
[INFO] [stdout]    9:     0x5df74fff1c3d - __rustc[ea4f61d10b84890b]::rust_begin_unwind
[INFO] [stdout]   10:     0x5df75002961c - core[a373ad73a504971]::panicking::panic_fmt
[INFO] [stdout]   11:     0x5df7500293f2 - core[a373ad73a504971]::result::unwrap_failed
[INFO] [stdout]   12:     0x5df74ff3ef70 - <corpus_sema_tests[5d64db05d53605ee]::corpus_net_udp::{closure#0} as core[a373ad73a504971]::ops::function::FnOnce<()>>::call_once
[INFO] [stdout]   13:     0x5df74ff44f1b - test[aada8e7e76ba119b]::__rust_begin_short_backtrace::<core[a373ad73a504971]::result::Result<(), alloc[2e1b2a31b91974c5]::string::String>, fn() -> core[a373ad73a504971]::result::Result<(), alloc[2e1b2a31b91974c5]::string::String>>
[INFO] [stdout]   14:     0x5df74ff520f5 - test[aada8e7e76ba119b]::run_test::{closure#0}
[INFO] [stdout]   15:     0x5df74ff4b9e4 - std[617be2ca0a6fd877]::sys::backtrace::__rust_begin_short_backtrace::<test[aada8e7e76ba119b]::run_test::{closure#1}, ()>
[INFO] [stdout]   16:     0x5df74ff55182 - <std[617be2ca0a6fd877]::thread::lifecycle::spawn_unchecked<test[aada8e7e76ba119b]::run_test::{closure#1}, ()>::{closure#1} as core[a373ad73a504971]::ops::function::FnOnce<()>>::call_once::{shim:vtable#0}
[INFO] [stdout]   17:     0x5df75001437f - <std[617be2ca0a6fd877]::sys::thread::unix::Thread>::new::thread_start
[INFO] [stdout]   18:     0x79fe741a8dfa - <unknown>
[INFO] [stdout]   19:     0x79fe7423c3d4 - clone
[INFO] [stdout]   20:                0x0 - <unknown>
[INFO] [stdout] 
[INFO] [stdout] ---- corpus_quic_frames stdout ----
[INFO] [stdout] 
[INFO] [stdout] thread 'corpus_quic_frames' (586) panicked at tests/corpus_sema_tests.rs:73:10:
[INFO] [stdout] quic/frames.wire should analyze successfully: "failed to read ../../examples/quic/frames.wspec: No such file or directory (os error 2)"
[INFO] [stdout] stack backtrace:
[INFO] [stdout]    0:     0x5df750014e81 - <<std[617be2ca0a6fd877]::sys::backtrace::BacktraceLock>::print::DisplayBacktrace as core[a373ad73a504971]::fmt::Display>::fmt
[INFO] [stdout]    1:     0x5df750028eea - core[a373ad73a504971]::fmt::write
[INFO] [stdout]    2:     0x5df75001909c - <alloc[2e1b2a31b91974c5]::vec::Vec<u8> as core[a373ad73a504971]::io::write::Write>::write_fmt
[INFO] [stdout]    3:     0x5df74fff0f86 - std[617be2ca0a6fd877]::panicking::default_hook::{closure#0}
[INFO] [stdout]    4:     0x5df75000d1b9 - std[617be2ca0a6fd877]::panicking::default_hook
[INFO] [stdout]    5:     0x5df74ff51ad0 - test[aada8e7e76ba119b]::test_main_inner::{closure#0}
[INFO] [stdout]    6:     0x5df75000d372 - std[617be2ca0a6fd877]::panicking::panic_with_hook
[INFO] [stdout]    7:     0x5df74fff1032 - std[617be2ca0a6fd877]::panicking::panic_handler::{closure#0}
[INFO] [stdout]    8:     0x5df74ffe9bb9 - std[617be2ca0a6fd877]::sys::backtrace::__rust_end_short_backtrace::<std[617be2ca0a6fd877]::panicking::panic_handler::{closure#0}, !>
[INFO] [stdout]    9:     0x5df74fff1c3d - __rustc[ea4f61d10b84890b]::rust_begin_unwind
[INFO] [stdout]   10:     0x5df75002961c - core[a373ad73a504971]::panicking::panic_fmt
[INFO] [stdout]   11:     0x5df7500293f2 - core[a373ad73a504971]::result::unwrap_failed
[INFO] [stdout]   12:     0x5df74ff3f1d2 - <corpus_sema_tests[5d64db05d53605ee]::corpus_quic_frames::{closure#0} as core[a373ad73a504971]::ops::function::FnOnce<()>>::call_once
[INFO] [stdout]   13:     0x5df74ff44f1b - test[aada8e7e76ba119b]::__rust_begin_short_backtrace::<core[a373ad73a504971]::result::Result<(), alloc[2e1b2a31b91974c5]::string::String>, fn() -> core[a373ad73a504971]::result::Result<(), alloc[2e1b2a31b91974c5]::string::String>>
[INFO] [stdout]   14:     0x5df74ff520f5 - test[aada8e7e76ba119b]::run_test::{closure#0}
[INFO] [stdout]   15:     0x5df74ff4b9e4 - std[617be2ca0a6fd877]::sys::backtrace::__rust_begin_short_backtrace::<test[aada8e7e76ba119b]::run_test::{closure#1}, ()>
[INFO] [stdout]   16:     0x5df74ff55182 - <std[617be2ca0a6fd877]::thread::lifecycle::spawn_unchecked<test[aada8e7e76ba119b]::run_test::{closure#1}, ()>::{closure#1} as core[a373ad73a504971]::ops::function::FnOnce<()>>::call_once::{shim:vtable#0}
[INFO] [stdout]   17:     0x5df75001437f - <std[617be2ca0a6fd877]::sys::thread::unix::Thread>::new::thread_start
[INFO] [stdout]   18:     0x79fe741a8dfa - <unknown>
[INFO] [stdout]   19:     0x79fe7423c3d4 - clone
[INFO] [stdout]   20:                0x0 - <unknown>
[INFO] [stdout] 
[INFO] [stdout] ---- corpus_test_bits_groups stdout ----
[INFO] [stdout] 
[INFO] [stdout] thread 'corpus_test_bits_groups' (588) panicked at tests/corpus_sema_tests.rs:65:10:
[INFO] [stdout] test/bits_groups.wire should analyze successfully: "failed to read ../../examples/test/bits_groups.wspec: No such file or directory (os error 2)"
[INFO] [stdout] stack backtrace:
[INFO] [stdout]    0:     0x5df750014e81 - <<std[617be2ca0a6fd877]::sys::backtrace::BacktraceLock>::print::DisplayBacktrace as core[a373ad73a504971]::fmt::Display>::fmt
[INFO] [stdout]    1:     0x5df750028eea - core[a373ad73a504971]::fmt::write
[INFO] [stdout]    2:     0x5df75001909c - <alloc[2e1b2a31b91974c5]::vec::Vec<u8> as core[a373ad73a504971]::io::write::Write>::write_fmt
[INFO] [stdout]    3:     0x5df74fff0f86 - std[617be2ca0a6fd877]::panicking::default_hook::{closure#0}
[INFO] [stdout]    4:     0x5df75000d1b9 - std[617be2ca0a6fd877]::panicking::default_hook
[INFO] [stdout]    5:     0x5df74ff51ad0 - test[aada8e7e76ba119b]::test_main_inner::{closure#0}
[INFO] [stdout]    6:     0x5df75000d372 - std[617be2ca0a6fd877]::panicking::panic_with_hook
[INFO] [stdout]    7:     0x5df74fff1032 - std[617be2ca0a6fd877]::panicking::panic_handler::{closure#0}
[INFO] [stdout]    8:     0x5df74ffe9bb9 - std[617be2ca0a6fd877]::sys::backtrace::__rust_end_short_backtrace::<std[617be2ca0a6fd877]::panicking::panic_handler::{closure#0}, !>
[INFO] [stdout]    9:     0x5df74fff1c3d - __rustc[ea4f61d10b84890b]::rust_begin_unwind
[INFO] [stdout]   10:     0x5df75002961c - core[a373ad73a504971]::panicking::panic_fmt
[INFO] [stdout]   11:     0x5df7500293f2 - core[a373ad73a504971]::result::unwrap_failed
[INFO] [stdout]   12:     0x5df74ff3f626 - <corpus_sema_tests[5d64db05d53605ee]::corpus_test_bits_groups::{closure#0} as core[a373ad73a504971]::ops::function::FnOnce<()>>::call_once
[INFO] [stdout]   13:     0x5df74ff44f1b - test[aada8e7e76ba119b]::__rust_begin_short_backtrace::<core[a373ad73a504971]::result::Result<(), alloc[2e1b2a31b91974c5]::string::String>, fn() -> core[a373ad73a504971]::result::Result<(), alloc[2e1b2a31b91974c5]::string::String>>
[INFO] [stdout]   14:     0x5df74ff520f5 - test[aada8e7e76ba119b]::run_test::{closure#0}
[INFO] [stdout]   15:     0x5df74ff4b9e4 - std[617be2ca0a6fd877]::sys::backtrace::__rust_begin_short_backtrace::<test[aada8e7e76ba119b]::run_test::{closure#1}, ()>
[INFO] [stdout]   16:     0x5df74ff55182 - <std[617be2ca0a6fd877]::thread::lifecycle::spawn_unchecked<test[aada8e7e76ba119b]::run_test::{closure#1}, ()>::{closure#1} as core[a373ad73a504971]::ops::function::FnOnce<()>>::call_once::{shim:vtable#0}
[INFO] [stdout]   17:     0x5df75001437f - <std[617be2ca0a6fd877]::sys::thread::unix::Thread>::new::thread_start
[INFO] [stdout]   18:     0x79fe741a8dfa - <unknown>
[INFO] [stdout]   19:     0x79fe7423c3d4 - clone
[INFO] [stdout]   20:                0x0 - <unknown>
[INFO] [stdout] 
[INFO] [stdout] ---- corpus_ble_att stdout ----
[INFO] [stdout] 
[INFO] [stdout] thread 'corpus_ble_att' (580) panicked at tests/corpus_sema_tests.rs:81:10:
[INFO] [stdout] ble/att.wire should analyze successfully: "failed to read ../../examples/ble/att.wspec: No such file or directory (os error 2)"
[INFO] [stdout] stack backtrace:
[INFO] [stdout]    0:     0x5df750014e81 - <<std[617be2ca0a6fd877]::sys::backtrace::BacktraceLock>::print::DisplayBacktrace as core[a373ad73a504971]::fmt::Display>::fmt
[INFO] [stdout]    1:     0x5df750028eea - core[a373ad73a504971]::fmt::write
[INFO] [stdout]    2:     0x5df75001909c - <alloc[2e1b2a31b91974c5]::vec::Vec<u8> as core[a373ad73a504971]::io::write::Write>::write_fmt
[INFO] [stdout]    3:     0x5df74fff0f86 - std[617be2ca0a6fd877]::panicking::default_hook::{closure#0}
[INFO] [stdout]    4:     0x5df75000d1b9 - std[617be2ca0a6fd877]::panicking::default_hook
[INFO] [stdout]    5:     0x5df74ff51ad0 - test[aada8e7e76ba119b]::test_main_inner::{closure#0}
[INFO] [stdout]    6:     0x5df75000d372 - std[617be2ca0a6fd877]::panicking::panic_with_hook
[INFO] [stdout]    7:     0x5df74fff1032 - std[617be2ca0a6fd877]::panicking::panic_handler::{closure#0}
[INFO] [stdout]    8:     0x5df74ffe9bb9 - std[617be2ca0a6fd877]::sys::backtrace::__rust_end_short_backtrace::<std[617be2ca0a6fd877]::panicking::panic_handler::{closure#0}, !>
[INFO] [stdout]    9:     0x5df74fff1c3d - __rustc[ea4f61d10b84890b]::rust_begin_unwind
[INFO] [stdout]   10:     0x5df75002961c - core[a373ad73a504971]::panicking::panic_fmt
[INFO] [stdout]   11:     0x5df7500293f2 - core[a373ad73a504971]::result::unwrap_failed
[INFO] [stdout]   12:     0x5df74ff3ec31 - <corpus_sema_tests[5d64db05d53605ee]::corpus_ble_att::{closure#0} as core[a373ad73a504971]::ops::function::FnOnce<()>>::call_once
[INFO] [stdout]   13:     0x5df74ff44f1b - test[aada8e7e76ba119b]::__rust_begin_short_backtrace::<core[a373ad73a504971]::result::Result<(), alloc[2e1b2a31b91974c5]::string::String>, fn() -> core[a373ad73a504971]::result::Result<(), alloc[2e1b2a31b91974c5]::string::String>>
[INFO] [stdout]   14:     0x5df74ff520f5 - test[aada8e7e76ba119b]::run_test::{closure#0}
[INFO] [stdout]   15:     0x5df74ff4b9e4 - std[617be2ca0a6fd877]::sys::backtrace::__rust_begin_short_backtrace::<test[aada8e7e76ba119b]::run_test::{closure#1}, ()>
[INFO] [stdout]   16:     0x5df74ff55182 - <std[617be2ca0a6fd877]::thread::lifecycle::spawn_unchecked<test[aada8e7e76ba119b]::run_test::{closure#1}, ()>::{closure#1} as core[a373ad73a504971]::ops::function::FnOnce<()>>::call_once::{shim:vtable#0}
[INFO] [stdout]   17:     0x5df75001437f - <std[617be2ca0a6fd877]::sys::thread::unix::Thread>::new::thread_start
[INFO] [stdout]   18:     0x79fe741a8dfa - <unknown>
[INFO] [stdout]   19:     0x79fe7423c3d4 - clone
[INFO] [stdout]   20:                0x0 - <unknown>
[INFO] [stdout] 
[INFO] [stdout] ---- corpus_net_ethernet stdout ----
[INFO] [stdout] 
[INFO] [stdout] thread 'corpus_net_ethernet' (583) panicked at tests/corpus_sema_tests.rs:56:10:
[INFO] [stdout] net/ethernet.wire should analyze successfully: "failed to read ../../examples/net/ethernet.wspec: No such file or directory (os error 2)"
[INFO] [stdout] stack backtrace:
[INFO] [stdout]    0:     0x5df750014e81 - <<std[617be2ca0a6fd877]::sys::backtrace::BacktraceLock>::print::DisplayBacktrace as core[a373ad73a504971]::fmt::Display>::fmt
[INFO] [stdout]    1:     0x5df750028eea - core[a373ad73a504971]::fmt::write
[INFO] [stdout]    2:     0x5df75001909c - <alloc[2e1b2a31b91974c5]::vec::Vec<u8> as core[a373ad73a504971]::io::write::Write>::write_fmt
[INFO] [stdout]    3:     0x5df74fff0f86 - std[617be2ca0a6fd877]::panicking::default_hook::{closure#0}
[INFO] [stdout]    4:     0x5df75000d1b9 - std[617be2ca0a6fd877]::panicking::default_hook
[INFO] [stdout]    5:     0x5df74ff51ad0 - test[aada8e7e76ba119b]::test_main_inner::{closure#0}
[INFO] [stdout]    6:     0x5df75000d372 - std[617be2ca0a6fd877]::panicking::panic_with_hook
[INFO] [stdout]    7:     0x5df74fff1032 - std[617be2ca0a6fd877]::panicking::panic_handler::{closure#0}
[INFO] [stdout]    8:     0x5df74ffe9bb9 - std[617be2ca0a6fd877]::sys::backtrace::__rust_end_short_backtrace::<std[617be2ca0a6fd877]::panicking::panic_handler::{closure#0}, !>
[INFO] [stdout]    9:     0x5df74fff1c3d - __rustc[ea4f61d10b84890b]::rust_begin_unwind
[INFO] [stdout]   10:     0x5df75002961c - core[a373ad73a504971]::panicking::panic_fmt
[INFO] [stdout]   11:     0x5df7500293f2 - core[a373ad73a504971]::result::unwrap_failed
[INFO] [stdout]   12:     0x5df74ff3f4c5 - <corpus_sema_tests[5d64db05d53605ee]::corpus_net_ethernet::{closure#0} as core[a373ad73a504971]::ops::function::FnOnce<()>>::call_once
[INFO] [stdout]   13:     0x5df74ff44f1b - test[aada8e7e76ba119b]::__rust_begin_short_backtrace::<core[a373ad73a504971]::result::Result<(), alloc[2e1b2a31b91974c5]::string::String>, fn() -> core[a373ad73a504971]::result::Result<(), alloc[2e1b2a31b91974c5]::string::String>>
[INFO] [stdout]   14:     0x5df74ff520f5 - test[aada8e7e76ba119b]::run_test::{closure#0}
[INFO] [stdout]   15:     0x5df74ff4b9e4 - std[617be2ca0a6fd877]::sys::backtrace::__rust_begin_short_backtrace::<test[aada8e7e76ba119b]::run_test::{closure#1}, ()>
[INFO] [stdout]   16:     0x5df74ff55182 - <std[617be2ca0a6fd877]::thread::lifecycle::spawn_unchecked<test[aada8e7e76ba119b]::run_test::{closure#1}, ()>::{closure#1} as core[a373ad73a504971]::ops::function::FnOnce<()>>::call_once::{shim:vtable#0}
[INFO] [stdout]   17:     0x5df75001437f - <std[617be2ca0a6fd877]::sys::thread::unix::Thread>::new::thread_start
[INFO] [stdout]   18:     0x79fe741a8dfa - <unknown>
[INFO] [stdout]   19:     0x79fe7423c3d4 - clone
[INFO] [stdout]   20:                0x0 - <unknown>
[INFO] [stdout] 
[INFO] [stdout] 
[INFO] [stdout] failures:
[INFO] [stdout]     corpus_ble_att
[INFO] [stdout]     corpus_mpquic_path
[INFO] [stdout]     corpus_mqtt
[INFO] [stdout]     corpus_net_ethernet
[INFO] [stdout]     corpus_net_tcp
[INFO] [stdout]     corpus_net_udp
[INFO] [stdout]     corpus_quic_frames
[INFO] [stdout]     corpus_quic_varint
[INFO] [stdout]     corpus_test_bits_groups
[INFO] [stdout] 
[INFO] [stdout] test result: FAILED. 0 passed; 9 failed; 0 ignored; 0 measured; 0 filtered out; finished in 0.00s
[INFO] [stdout] 
[INFO] [stderr] error: test failed, to rerun pass `--test corpus_sema_tests`
[INFO] running `Command { std: "docker" "inspect" "ecfe37cbff39dccf279d43cf7644dbda44a9b9fef8ded5989139a4d361a36ff0", kill_on_drop: false }`
[INFO] running `Command { std: "docker" "rm" "-f" "ecfe37cbff39dccf279d43cf7644dbda44a9b9fef8ded5989139a4d361a36ff0", kill_on_drop: false }`
[INFO] [stdout] ecfe37cbff39dccf279d43cf7644dbda44a9b9fef8ded5989139a4d361a36ff0
