[INFO] fetching crate wirespec-codec 0.4.2...
[INFO] testing wirespec-codec-0.4.2 against 1.99.0-beta.8+cargoflags=--release for beta-release-1.100-2
[INFO] extracting crate wirespec-codec 0.4.2 into /workspace/builds/worker-7-tc1/source
[INFO] started tweaking crates.io crate wirespec-codec 0.4.2
[INFO] removed 0 missing tests
[INFO] finished tweaking crates.io crate wirespec-codec 0.4.2
[INFO] tweaked toml for crates.io crate wirespec-codec 0.4.2 written to /workspace/builds/worker-7-tc1/source/Cargo.toml
[INFO] validating manifest of crates.io crate wirespec-codec 0.4.2 on toolchain 1.99.0-beta.8
[INFO] running `Command { std: CARGO_HOME="/workspace/cargo-home" RUSTUP_HOME="/workspace/rustup-home" "/workspace/cargo-home/bin/cargo" "+1.99.0-beta.8" "metadata" "--manifest-path" "Cargo.toml" "--no-deps", kill_on_drop: false }`
[INFO] crate crates.io crate wirespec-codec 0.4.2 already has a lockfile, it will not be regenerated
[INFO] running `Command { std: CARGO_HOME="/workspace/cargo-home" RUSTUP_HOME="/workspace/rustup-home" "/workspace/cargo-home/bin/cargo" "+1.99.0-beta.8" "fetch" "--manifest-path" "Cargo.toml", kill_on_drop: false }`
[INFO] [stderr]     Updating crates.io index
[INFO] [stderr]  Downloading crates ...
[INFO] [stderr]   Downloaded wirespec-layout v0.4.2
[INFO] [stderr]   Downloaded wirespec-sema v0.4.2
[INFO] [stderr]   Downloaded wirespec-syntax v0.4.2
[INFO] running `Command { std: "docker" "create" "-v" "/var/lib/crater-agent-workspace/builds/worker-7-tc1/source:/opt/rustwide/workdir:ro,Z" "-v" "/var/lib/crater-agent-workspace/builds/worker-7-tc1/target:/opt/rustwide/target:rw,Z" "-v" "/var/lib/crater-agent-workspace/cargo-home:/opt/rustwide/cargo-home:ro,Z" "-v" "/var/lib/crater-agent-workspace/rustup-home:/opt/rustwide/rustup-home:ro,Z" "-m" "1610612736" "--network" "none" "ghcr.io/rust-lang/crates-build-env/linux@sha256:77db811e55d90add9212f6832c23229e3de5f1c1f9905e8cb07319ea15df73ac" "sleep" "infinity", kill_on_drop: false }`
[INFO] [stdout] 377d23feb6cbdd1f7ae73436be64db2e58df3897313335bba2daa25449e2e15a
[INFO] running `Command { std: "docker" "start" "377d23feb6cbdd1f7ae73436be64db2e58df3897313335bba2daa25449e2e15a", kill_on_drop: false }`
[INFO] running `Command { std: "docker" "inspect" "377d23feb6cbdd1f7ae73436be64db2e58df3897313335bba2daa25449e2e15a", kill_on_drop: false }`
[INFO] running `Command { std: "docker" "exec" "-e" "SOURCE_DIR=/opt/rustwide/workdir" "-e" "CARGO_HOME=/opt/rustwide/cargo-home" "-e" "RUSTUP_HOME=/opt/rustwide/rustup-home" "-e" "CARGO_TARGET_DIR=/opt/rustwide/target" "-w" "/opt/rustwide/workdir" "--user" "0:0" "377d23feb6cbdd1f7ae73436be64db2e58df3897313335bba2daa25449e2e15a" "/opt/rustwide/cargo-home/bin/cargo" "+1.99.0-beta.8" "metadata" "--no-deps" "--format-version=1", kill_on_drop: false }`
[INFO] running `Command { std: "docker" "inspect" "377d23feb6cbdd1f7ae73436be64db2e58df3897313335bba2daa25449e2e15a", kill_on_drop: false }`
[INFO] running `Command { std: "docker" "exec" "-e" "SOURCE_DIR=/opt/rustwide/workdir" "-e" "CARGO_HOME=/opt/rustwide/cargo-home" "-e" "RUSTUP_HOME=/opt/rustwide/rustup-home" "-e" "CARGO_TARGET_DIR=/opt/rustwide/target" "-e" "CARGO_INCREMENTAL=0" "-e" "RUST_BACKTRACE=full" "-e" "RUSTFLAGS=--cap-lints=warn" "-e" "RUSTDOCFLAGS=--cap-lints=warn" "-w" "/opt/rustwide/workdir" "--user" "0:0" "377d23feb6cbdd1f7ae73436be64db2e58df3897313335bba2daa25449e2e15a" "/opt/rustwide/cargo-home/bin/cargo" "+1.99.0-beta.8" "build" "--frozen" "--message-format=json" "--release", kill_on_drop: false }`
[INFO] [stderr]    Compiling wirespec-syntax v0.4.2
[INFO] [stderr]    Compiling wirespec-sema v0.4.2
[INFO] [stderr]    Compiling wirespec-layout v0.4.2
[INFO] [stderr]    Compiling wirespec-codec v0.4.2 (/opt/rustwide/workdir)
[INFO] [stderr]     Finished `release` profile [optimized] target(s) in 7.77s
[INFO] running `Command { std: "docker" "inspect" "377d23feb6cbdd1f7ae73436be64db2e58df3897313335bba2daa25449e2e15a", kill_on_drop: false }`
[INFO] running `Command { std: "docker" "exec" "-e" "SOURCE_DIR=/opt/rustwide/workdir" "-e" "CARGO_HOME=/opt/rustwide/cargo-home" "-e" "RUSTUP_HOME=/opt/rustwide/rustup-home" "-e" "CARGO_TARGET_DIR=/opt/rustwide/target" "-e" "CARGO_INCREMENTAL=0" "-e" "RUST_BACKTRACE=full" "-e" "RUSTFLAGS=--cap-lints=warn" "-e" "RUSTDOCFLAGS=--cap-lints=warn" "-w" "/opt/rustwide/workdir" "--user" "0:0" "377d23feb6cbdd1f7ae73436be64db2e58df3897313335bba2daa25449e2e15a" "/opt/rustwide/cargo-home/bin/cargo" "+1.99.0-beta.8" "test" "--frozen" "--no-run" "--message-format=json" "--release", kill_on_drop: false }`
[INFO] [stderr]    Compiling wirespec-codec v0.4.2 (/opt/rustwide/workdir)
[INFO] [stderr]     Finished `release` profile [optimized] target(s) in 3.12s
[INFO] running `Command { std: "docker" "inspect" "377d23feb6cbdd1f7ae73436be64db2e58df3897313335bba2daa25449e2e15a", kill_on_drop: false }`
[INFO] running `Command { std: "docker" "exec" "-e" "SOURCE_DIR=/opt/rustwide/workdir" "-e" "CARGO_HOME=/opt/rustwide/cargo-home" "-e" "RUSTUP_HOME=/opt/rustwide/rustup-home" "-e" "CARGO_TARGET_DIR=/opt/rustwide/target" "-e" "CARGO_INCREMENTAL=0" "-e" "RUST_BACKTRACE=full" "-e" "RUSTFLAGS=--cap-lints=warn" "-e" "RUSTDOCFLAGS=--cap-lints=warn" "-w" "/opt/rustwide/workdir" "--user" "0:0" "377d23feb6cbdd1f7ae73436be64db2e58df3897313335bba2daa25449e2e15a" "/opt/rustwide/cargo-home/bin/cargo" "+1.99.0-beta.8" "test" "--frozen" "--release", kill_on_drop: false }`
[INFO] [stderr]     Finished `release` profile [optimized] target(s) in 0.01s
[INFO] [stderr]      Running unittests src/lib.rs (/opt/rustwide/target/release/deps/wirespec_codec-9d9168b4c57fc539)
[INFO] [stdout] 
[INFO] [stdout] running 0 tests
[INFO] [stdout] 
[INFO] [stdout] test result: ok. 0 passed; 0 failed; 0 ignored; 0 measured; 0 filtered out; finished in 0.00s
[INFO] [stdout] 
[INFO] [stderr]      Running tests/codec_tests.rs (/opt/rustwide/target/release/deps/codec_tests-6d38256f8499b179)
[INFO] [stdout] 
[INFO] [stdout] running 28 tests
[INFO] [stdout] test codec_bitgroup_strategy ... ok
[INFO] [stdout] test codec_array_with_composite_element_tier_c ... ok
[INFO] [stdout] test codec_capsule ... ok
[INFO] [stdout] test codec_array_strategy ... ok
[INFO] [stdout] test codec_conditional_strategy ... ok
[INFO] [stdout] test codec_capsule_tag_expr ... ok
[INFO] [stdout] test codec_consts_enums_pass_through ... ok
[INFO] [stdout] test codec_bytes_length_strategy ... ok
[INFO] [stdout] test codec_checksum_crc32 ... ok
[INFO] [stdout] test codec_optional_has_condition ... ok
[INFO] [stdout] test codec_no_checksum_plan_without_annotation ... ok
[INFO] [stdout] test codec_array_with_scalar_element_tier_b ... ok
[INFO] [stdout] test codec_frame ... ok
[INFO] [stderr]      Running tests/corpus_codec_tests.rs (/opt/rustwide/target/release/deps/corpus_codec_tests-b9aa425af4809c94)
[INFO] [stdout] test codec_empty_module ... ok
[INFO] [stdout] test codec_derived_in_items ... ok
[INFO] [stdout] test codec_enum_ref_strategy ... ok
[INFO] [stdout] test codec_bytes_lor_strategy ... ok
[INFO] [stdout] test codec_items_order ... ok
[INFO] [stdout] test codec_max_elements_on_array ... ok
[INFO] [stdout] test codec_varint ... ok
[INFO] [stdout] test codec_frame_variant_patterns ... ok
[INFO] [stdout] test codec_simple_packet ... ok
[INFO] [stdout] test codec_field_ids_stable ... ok
[INFO] [stdout] test codec_bytes_strategies ... ok
[INFO] [stdout] test codec_struct_ref_strategy ... ok
[INFO] [stdout] test codec_require_in_items ... ok
[INFO] [stdout] test codec_checksum_plan ... ok
[INFO] [stdout] test codec_state_machine_pass_through ... ok
[INFO] [stdout] 
[INFO] [stdout] test result: ok. 28 passed; 0 failed; 0 ignored; 0 measured; 0 filtered out; finished in 0.01s
[INFO] [stdout] 
[INFO] [stdout] 
[INFO] [stdout] running 7 tests
[INFO] [stdout] test corpus_tcp ... FAILED
[INFO] [stderr] error: test failed, to rerun pass `--test corpus_codec_tests`
[INFO] [stdout] test corpus_mqtt ... FAILED
[INFO] [stdout] test corpus_udp ... FAILED
[INFO] [stdout] test corpus_quic_varint ... FAILED
[INFO] [stdout] test corpus_ble_att ... FAILED
[INFO] [stdout] test corpus_bits_groups ... FAILED
[INFO] [stdout] test corpus_ethernet ... FAILED
[INFO] [stdout] 
[INFO] [stdout] failures:
[INFO] [stdout] 
[INFO] [stdout] ---- corpus_tcp stdout ----
[INFO] [stdout] 
[INFO] [stdout] thread 'corpus_tcp' (354) panicked at tests/corpus_codec_tests.rs:13:58:
[INFO] [stdout] Failed to read ../../examples/net/tcp.wspec: No such file or directory (os error 2)
[INFO] [stdout] stack backtrace:
[INFO] [stdout]    0:     0x62ed438d5451 - <<std[70759c8f55707aa4]::sys::backtrace::BacktraceLock>::print::DisplayBacktrace as core[df12db4294e9bfd3]::fmt::Display>::fmt
[INFO] [stdout]    1:     0x62ed438e979a - core[df12db4294e9bfd3]::fmt::write
[INFO] [stdout]    2:     0x62ed438d98ec - <alloc[2182bb758b4b3781]::vec::Vec<u8> as core[df12db4294e9bfd3]::io::write::Write>::write_fmt
[INFO] [stdout]    3:     0x62ed438b16d6 - std[70759c8f55707aa4]::panicking::default_hook::{closure#0}
[INFO] [stdout]    4:     0x62ed438cd849 - std[70759c8f55707aa4]::panicking::default_hook
[INFO] [stdout]    5:     0x62ed437ed210 - test[9d35eded1c95d3be]::test_main_inner::<test[9d35eded1c95d3be]::test_main_static::{closure#0}>::{closure#0}
[INFO] [stdout]    6:     0x62ed438cda02 - std[70759c8f55707aa4]::panicking::panic_with_hook
[INFO] [stdout]    7:     0x62ed438b1782 - std[70759c8f55707aa4]::panicking::panic_handler::{closure#0}
[INFO] [stdout]    8:     0x62ed438aa379 - std[70759c8f55707aa4]::sys::backtrace::__rust_end_short_backtrace::<std[70759c8f55707aa4]::panicking::panic_handler::{closure#0}, !>
[INFO] [stdout]    9:     0x62ed438b237d - __rustc[8fa7c3cbc660c2b3]::rust_begin_unwind
[INFO] [stdout]   10:     0x62ed438e9ecc - core[df12db4294e9bfd3]::panicking::panic_fmt
[INFO] [stdout]   11:     0x62ed437df9ca - corpus_codec_tests[1726d7f6a4a409f3]::codec_file::{closure#0}
[INFO] [stdout]   12:     0x62ed437dfea7 - corpus_codec_tests[1726d7f6a4a409f3]::codec_file
[INFO] [stdout]   13:     0x62ed437e0071 - <corpus_codec_tests[1726d7f6a4a409f3]::corpus_tcp::{closure#0} as core[df12db4294e9bfd3]::ops::function::FnOnce<()>>::call_once
[INFO] [stdout]   14:     0x62ed437e04fb - test[9d35eded1c95d3be]::__rust_begin_short_backtrace::<core[df12db4294e9bfd3]::result::Result<(), alloc[2182bb758b4b3781]::string::String>, fn() -> core[df12db4294e9bfd3]::result::Result<(), alloc[2182bb758b4b3781]::string::String>>
[INFO] [stdout]   15:     0x62ed437edb65 - test[9d35eded1c95d3be]::run_test::{closure#0}
[INFO] [stdout]   16:     0x62ed437e7424 - std[70759c8f55707aa4]::sys::backtrace::__rust_begin_short_backtrace::<test[9d35eded1c95d3be]::run_test::{closure#1}, ()>
[INFO] [stdout]   17:     0x62ed437f0cc2 - <std[70759c8f55707aa4]::thread::lifecycle::spawn_unchecked<test[9d35eded1c95d3be]::run_test::{closure#1}, ()>::{closure#1} as core[df12db4294e9bfd3]::ops::function::FnOnce<()>>::call_once::{shim:vtable#0}
[INFO] [stdout]   18:     0x62ed438d49b9 - <std[70759c8f55707aa4]::sys::thread::unix::Thread>::new::thread_start
[INFO] [stdout]   19:     0x7e6900803dfa - <unknown>
[INFO] [stdout]   20:     0x7e69008973d4 - clone
[INFO] [stdout]   21:                0x0 - <unknown>
[INFO] [stdout] 
[INFO] [stdout] ---- corpus_mqtt stdout ----
[INFO] [stdout] 
[INFO] [stdout] thread 'corpus_mqtt' (352) panicked at tests/corpus_codec_tests.rs:13:58:
[INFO] [stdout] Failed to read ../../examples/mqtt/mqtt.wspec: No such file or directory (os error 2)
[INFO] [stdout] stack backtrace:
[INFO] [stdout]    0:     0x62ed438d5451 - <<std[70759c8f55707aa4]::sys::backtrace::BacktraceLock>::print::DisplayBacktrace as core[df12db4294e9bfd3]::fmt::Display>::fmt
[INFO] [stdout]    1:     0x62ed438e979a - core[df12db4294e9bfd3]::fmt::write
[INFO] [stdout]    2:     0x62ed438d98ec - <alloc[2182bb758b4b3781]::vec::Vec<u8> as core[df12db4294e9bfd3]::io::write::Write>::write_fmt
[INFO] [stdout]    3:     0x62ed438b16d6 - std[70759c8f55707aa4]::panicking::default_hook::{closure#0}
[INFO] [stdout]    4:     0x62ed438cd849 - std[70759c8f55707aa4]::panicking::default_hook
[INFO] [stdout]    5:     0x62ed437ed210 - test[9d35eded1c95d3be]::test_main_inner::<test[9d35eded1c95d3be]::test_main_static::{closure#0}>::{closure#0}
[INFO] [stdout]    6:     0x62ed438cda02 - std[70759c8f55707aa4]::panicking::panic_with_hook
[INFO] [stdout]    7:     0x62ed438b1782 - std[70759c8f55707aa4]::panicking::panic_handler::{closure#0}
[INFO] [stdout]    8:     0x62ed438aa379 - std[70759c8f55707aa4]::sys::backtrace::__rust_end_short_backtrace::<std[70759c8f55707aa4]::panicking::panic_handler::{closure#0}, !>
[INFO] [stdout]    9:     0x62ed438b237d - __rustc[8fa7c3cbc660c2b3]::rust_begin_unwind
[INFO] [stdout]   10:     0x62ed438e9ecc - core[df12db4294e9bfd3]::panicking::panic_fmt
[INFO] [stdout]   11:     0x62ed437df9ca - corpus_codec_tests[1726d7f6a4a409f3]::codec_file::{closure#0}
[INFO] [stdout]   12:     0x62ed437dfea7 - corpus_codec_tests[1726d7f6a4a409f3]::codec_file
[INFO] [stdout]   13:     0x62ed437e021f - <corpus_codec_tests[1726d7f6a4a409f3]::corpus_mqtt::{closure#0} as core[df12db4294e9bfd3]::ops::function::FnOnce<()>>::call_once
[INFO] [stdout]   14:     0x62ed437e04fb - test[9d35eded1c95d3be]::__rust_begin_short_backtrace::<core[df12db4294e9bfd3]::result::Result<(), alloc[2182bb758b4b3781]::string::String>, fn() -> core[df12db4294e9bfd3]::result::Result<(), alloc[2182bb758b4b3781]::string::String>>
[INFO] [stdout]   15:     0x62ed437edb65 - test[9d35eded1c95d3be]::run_test::{closure#0}
[INFO] [stdout]   16:     0x62ed437e7424 - std[70759c8f55707aa4]::sys::backtrace::__rust_begin_short_backtrace::<test[9d35eded1c95d3be]::run_test::{closure#1}, ()>
[INFO] [stdout]   17:     0x62ed437f0cc2 - <std[70759c8f55707aa4]::thread::lifecycle::spawn_unchecked<test[9d35eded1c95d3be]::run_test::{closure#1}, ()>::{closure#1} as core[df12db4294e9bfd3]::ops::function::FnOnce<()>>::call_once::{shim:vtable#0}
[INFO] [stdout]   18:     0x62ed438d49b9 - <std[70759c8f55707aa4]::sys::thread::unix::Thread>::new::thread_start
[INFO] [stdout]   19:     0x7e6900803dfa - <unknown>
[INFO] [stdout]   20:     0x7e69008973d4 - clone
[INFO] [stdout]   21:                0x0 - <unknown>
[INFO] [stdout] 
[INFO] [stdout] ---- corpus_udp stdout ----
[INFO] [stdout] 
[INFO] [stdout] thread 'corpus_udp' (355) panicked at tests/corpus_codec_tests.rs:13:58:
[INFO] [stdout] Failed to read ../../examples/net/udp.wspec: No such file or directory (os error 2)
[INFO] [stdout] stack backtrace:
[INFO] [stdout]    0:     0x62ed438d5451 - <<std[70759c8f55707aa4]::sys::backtrace::BacktraceLock>::print::DisplayBacktrace as core[df12db4294e9bfd3]::fmt::Display>::fmt
[INFO] [stdout]    1:     0x62ed438e979a - core[df12db4294e9bfd3]::fmt::write
[INFO] [stdout]    2:     0x62ed438d98ec - <alloc[2182bb758b4b3781]::vec::Vec<u8> as core[df12db4294e9bfd3]::io::write::Write>::write_fmt
[INFO] [stdout]    3:     0x62ed438b16d6 - std[70759c8f55707aa4]::panicking::default_hook::{closure#0}
[INFO] [stdout]    4:     0x62ed438cd849 - std[70759c8f55707aa4]::panicking::default_hook
[INFO] [stdout]    5:     0x62ed437ed210 - test[9d35eded1c95d3be]::test_main_inner::<test[9d35eded1c95d3be]::test_main_static::{closure#0}>::{closure#0}
[INFO] [stdout]    6:     0x62ed438cda02 - std[70759c8f55707aa4]::panicking::panic_with_hook
[INFO] [stdout]    7:     0x62ed438b1782 - std[70759c8f55707aa4]::panicking::panic_handler::{closure#0}
[INFO] [stdout]    8:     0x62ed438aa379 - std[70759c8f55707aa4]::sys::backtrace::__rust_end_short_backtrace::<std[70759c8f55707aa4]::panicking::panic_handler::{closure#0}, !>
[INFO] [stdout]    9:     0x62ed438b237d - __rustc[8fa7c3cbc660c2b3]::rust_begin_unwind
[INFO] [stdout]   10:     0x62ed438e9ecc - core[df12db4294e9bfd3]::panicking::panic_fmt
[INFO] [stdout]   11:     0x62ed437df9ca - corpus_codec_tests[1726d7f6a4a409f3]::codec_file::{closure#0}
[INFO] [stdout]   12:     0x62ed437dfea7 - corpus_codec_tests[1726d7f6a4a409f3]::codec_file
[INFO] [stdout]   13:     0x62ed437e0161 - <corpus_codec_tests[1726d7f6a4a409f3]::corpus_udp::{closure#0} as core[df12db4294e9bfd3]::ops::function::FnOnce<()>>::call_once
[INFO] [stdout]   14:     0x62ed437e04fb - test[9d35eded1c95d3be]::__rust_begin_short_backtrace::<core[df12db4294e9bfd3]::result::Result<(), alloc[2182bb758b4b3781]::string::String>, fn() -> core[df12db4294e9bfd3]::result::Result<(), alloc[2182bb758b4b3781]::string::String>>
[INFO] [stdout]   15:     0x62ed437edb65 - test[9d35eded1c95d3be]::run_test::{closure#0}
[INFO] [stdout]   16:     0x62ed437e7424 - std[70759c8f55707aa4]::sys::backtrace::__rust_begin_short_backtrace::<test[9d35eded1c95d3be]::run_test::{closure#1}, ()>
[INFO] [stdout]   17:     0x62ed437f0cc2 - <std[70759c8f55707aa4]::thread::lifecycle::spawn_unchecked<test[9d35eded1c95d3be]::run_test::{closure#1}, ()>::{closure#1} as core[df12db4294e9bfd3]::ops::function::FnOnce<()>>::call_once::{shim:vtable#0}
[INFO] [stdout]   18:     0x62ed438d49b9 - <std[70759c8f55707aa4]::sys::thread::unix::Thread>::new::thread_start
[INFO] [stdout]   19:     0x7e6900803dfa - <unknown>
[INFO] [stdout]   20:     0x7e69008973d4 - clone
[INFO] [stdout]   21:                0x0 - <unknown>
[INFO] [stdout] 
[INFO] [stdout] ---- corpus_quic_varint stdout ----
[INFO] [stdout] 
[INFO] [stdout] thread 'corpus_quic_varint' (353) panicked at tests/corpus_codec_tests.rs:13:58:
[INFO] [stdout] Failed to read ../../examples/quic/varint.wspec: No such file or directory (os error 2)
[INFO] [stdout] stack backtrace:
[INFO] [stdout]    0:     0x62ed438d5451 - <<std[70759c8f55707aa4]::sys::backtrace::BacktraceLock>::print::DisplayBacktrace as core[df12db4294e9bfd3]::fmt::Display>::fmt
[INFO] [stdout]    1:     0x62ed438e979a - core[df12db4294e9bfd3]::fmt::write
[INFO] [stdout]    2:     0x62ed438d98ec - <alloc[2182bb758b4b3781]::vec::Vec<u8> as core[df12db4294e9bfd3]::io::write::Write>::write_fmt
[INFO] [stdout]    3:     0x62ed438b16d6 - std[70759c8f55707aa4]::panicking::default_hook::{closure#0}
[INFO] [stdout]    4:     0x62ed438cd849 - std[70759c8f55707aa4]::panicking::default_hook
[INFO] [stdout]    5:     0x62ed437ed210 - test[9d35eded1c95d3be]::test_main_inner::<test[9d35eded1c95d3be]::test_main_static::{closure#0}>::{closure#0}
[INFO] [stdout]    6:     0x62ed438cda02 - std[70759c8f55707aa4]::panicking::panic_with_hook
[INFO] [stdout]    7:     0x62ed438b1782 - std[70759c8f55707aa4]::panicking::panic_handler::{closure#0}
[INFO] [stdout]    8:     0x62ed438aa379 - std[70759c8f55707aa4]::sys::backtrace::__rust_end_short_backtrace::<std[70759c8f55707aa4]::panicking::panic_handler::{closure#0}, !>
[INFO] [stdout]    9:     0x62ed438b237d - __rustc[8fa7c3cbc660c2b3]::rust_begin_unwind
[INFO] [stdout]   10:     0x62ed438e9ecc - core[df12db4294e9bfd3]::panicking::panic_fmt
[INFO] [stdout]   11:     0x62ed437df9ca - corpus_codec_tests[1726d7f6a4a409f3]::codec_file::{closure#0}
[INFO] [stdout]   12:     0x62ed437dfea7 - corpus_codec_tests[1726d7f6a4a409f3]::codec_file
[INFO] [stdout]   13:     0x62ed437e043f - <corpus_codec_tests[1726d7f6a4a409f3]::corpus_quic_varint::{closure#0} as core[df12db4294e9bfd3]::ops::function::FnOnce<()>>::call_once
[INFO] [stdout]   14:     0x62ed437e04fb - test[9d35eded1c95d3be]::__rust_begin_short_backtrace::<core[df12db4294e9bfd3]::result::Result<(), alloc[2182bb758b4b3781]::string::String>, fn() -> core[df12db4294e9bfd3]::result::Result<(), alloc[2182bb758b4b3781]::string::String>>
[INFO] [stdout]   15:     0x62ed437edb65 - test[9d35eded1c95d3be]::run_test::{closure#0}
[INFO] [stdout]   16:     0x62ed437e7424 - std[70759c8f55707aa4]::sys::backtrace::__rust_begin_short_backtrace::<test[9d35eded1c95d3be]::run_test::{closure#1}, ()>
[INFO] [stdout]   17:     0x62ed437f0cc2 - <std[70759c8f55707aa4]::thread::lifecycle::spawn_unchecked<test[9d35eded1c95d3be]::run_test::{closure#1}, ()>::{closure#1} as core[df12db4294e9bfd3]::ops::function::FnOnce<()>>::call_once::{shim:vtable#0}
[INFO] [stdout]   18:     0x62ed438d49b9 - <std[70759c8f55707aa4]::sys::thread::unix::Thread>::new::thread_start
[INFO] [stdout]   19:     0x7e6900803dfa - <unknown>
[INFO] [stdout]   20:     0x7e69008973d4 - clone
[INFO] [stdout]   21:                0x0 - <unknown>
[INFO] [stdout] 
[INFO] [stdout] ---- corpus_ble_att stdout ----
[INFO] [stdout] 
[INFO] [stdout] thread 'corpus_ble_att' (350) panicked at tests/corpus_codec_tests.rs:13:58:
[INFO] [stdout] Failed to read ../../examples/ble/att.wspec: No such file or directory (os error 2)
[INFO] [stdout] stack backtrace:
[INFO] [stdout]    0:     0x62ed438d5451 - <<std[70759c8f55707aa4]::sys::backtrace::BacktraceLock>::print::DisplayBacktrace as core[df12db4294e9bfd3]::fmt::Display>::fmt
[INFO] [stdout]    1:     0x62ed438e979a - core[df12db4294e9bfd3]::fmt::write
[INFO] [stdout]    2:     0x62ed438d98ec - <alloc[2182bb758b4b3781]::vec::Vec<u8> as core[df12db4294e9bfd3]::io::write::Write>::write_fmt
[INFO] [stdout]    3:     0x62ed438b16d6 - std[70759c8f55707aa4]::panicking::default_hook::{closure#0}
[INFO] [stdout]    4:     0x62ed438cd849 - std[70759c8f55707aa4]::panicking::default_hook
[INFO] [stdout]    5:     0x62ed437ed210 - test[9d35eded1c95d3be]::test_main_inner::<test[9d35eded1c95d3be]::test_main_static::{closure#0}>::{closure#0}
[INFO] [stdout]    6:     0x62ed438cda02 - std[70759c8f55707aa4]::panicking::panic_with_hook
[INFO] [stdout]    7:     0x62ed438b1782 - std[70759c8f55707aa4]::panicking::panic_handler::{closure#0}
[INFO] [stdout]    8:     0x62ed438aa379 - std[70759c8f55707aa4]::sys::backtrace::__rust_end_short_backtrace::<std[70759c8f55707aa4]::panicking::panic_handler::{closure#0}, !>
[INFO] [stdout]    9:     0x62ed438b237d - __rustc[8fa7c3cbc660c2b3]::rust_begin_unwind
[INFO] [stdout]   10:     0x62ed438e9ecc - core[df12db4294e9bfd3]::panicking::panic_fmt
[INFO] [stdout]   11:     0x62ed437df9ca - corpus_codec_tests[1726d7f6a4a409f3]::codec_file::{closure#0}
[INFO] [stdout]   12:     0x62ed437dfea7 - corpus_codec_tests[1726d7f6a4a409f3]::codec_file
[INFO] [stdout]   13:     0x62ed437e029f - <corpus_codec_tests[1726d7f6a4a409f3]::corpus_ble_att::{closure#0} as core[df12db4294e9bfd3]::ops::function::FnOnce<()>>::call_once
[INFO] [stdout]   14:     0x62ed437e04fb - test[9d35eded1c95d3be]::__rust_begin_short_backtrace::<core[df12db4294e9bfd3]::result::Result<(), alloc[2182bb758b4b3781]::string::String>, fn() -> core[df12db4294e9bfd3]::result::Result<(), alloc[2182bb758b4b3781]::string::String>>
[INFO] [stdout]   15:     0x62ed437edb65 - test[9d35eded1c95d3be]::run_test::{closure#0}
[INFO] [stdout]   16:     0x62ed437e7424 - std[70759c8f55707aa4]::sys::backtrace::__rust_begin_short_backtrace::<test[9d35eded1c95d3be]::run_test::{closure#1}, ()>
[INFO] [stdout]   17:     0x62ed437f0cc2 - <std[70759c8f55707aa4]::thread::lifecycle::spawn_unchecked<test[9d35eded1c95d3be]::run_test::{closure#1}, ()>::{closure#1} as core[df12db4294e9bfd3]::ops::function::FnOnce<()>>::call_once::{shim:vtable#0}
[INFO] [stdout]   18:     0x62ed438d49b9 - <std[70759c8f55707aa4]::sys::thread::unix::Thread>::new::thread_start
[INFO] [stdout]   19:     0x7e6900803dfa - <unknown>
[INFO] [stdout]   20:     0x7e69008973d4 - clone
[INFO] [stdout]   21:                0x0 - <unknown>
[INFO] [stdout] 
[INFO] [stdout] ---- corpus_bits_groups stdout ----
[INFO] [stdout] 
[INFO] [stdout] thread 'corpus_bits_groups' (349) panicked at tests/corpus_codec_tests.rs:13:58:
[INFO] [stdout] Failed to read ../../examples/test/bits_groups.wspec: No such file or directory (os error 2)
[INFO] [stdout] stack backtrace:
[INFO] [stdout]    0:     0x62ed438d5451 - <<std[70759c8f55707aa4]::sys::backtrace::BacktraceLock>::print::DisplayBacktrace as core[df12db4294e9bfd3]::fmt::Display>::fmt
[INFO] [stdout]    1:     0x62ed438e979a - core[df12db4294e9bfd3]::fmt::write
[INFO] [stdout]    2:     0x62ed438d98ec - <alloc[2182bb758b4b3781]::vec::Vec<u8> as core[df12db4294e9bfd3]::io::write::Write>::write_fmt
[INFO] [stdout]    3:     0x62ed438b16d6 - std[70759c8f55707aa4]::panicking::default_hook::{closure#0}
[INFO] [stdout]    4:     0x62ed438cd849 - std[70759c8f55707aa4]::panicking::default_hook
[INFO] [stdout]    5:     0x62ed437ed210 - test[9d35eded1c95d3be]::test_main_inner::<test[9d35eded1c95d3be]::test_main_static::{closure#0}>::{closure#0}
[INFO] [stdout]    6:     0x62ed438cda02 - std[70759c8f55707aa4]::panicking::panic_with_hook
[INFO] [stdout]    7:     0x62ed438b1782 - std[70759c8f55707aa4]::panicking::panic_handler::{closure#0}
[INFO] [stdout]    8:     0x62ed438aa379 - std[70759c8f55707aa4]::sys::backtrace::__rust_end_short_backtrace::<std[70759c8f55707aa4]::panicking::panic_handler::{closure#0}, !>
[INFO] [stdout]    9:     0x62ed438b237d - __rustc[8fa7c3cbc660c2b3]::rust_begin_unwind
[INFO] [stdout]   10:     0x62ed438e9ecc - core[df12db4294e9bfd3]::panicking::panic_fmt
[INFO] [stdout]   11:     0x62ed437df9ca - corpus_codec_tests[1726d7f6a4a409f3]::codec_file::{closure#0}
[INFO] [stdout]   12:     0x62ed437dfea7 - corpus_codec_tests[1726d7f6a4a409f3]::codec_file
[INFO] [stdout]   13:     0x62ed437e03b1 - <corpus_codec_tests[1726d7f6a4a409f3]::corpus_bits_groups::{closure#0} as core[df12db4294e9bfd3]::ops::function::FnOnce<()>>::call_once
[INFO] [stdout]   14:     0x62ed437e04fb - test[9d35eded1c95d3be]::__rust_begin_short_backtrace::<core[df12db4294e9bfd3]::result::Result<(), alloc[2182bb758b4b3781]::string::String>, fn() -> core[df12db4294e9bfd3]::result::Result<(), alloc[2182bb758b4b3781]::string::String>>
[INFO] [stdout]   15:     0x62ed437edb65 - test[9d35eded1c95d3be]::run_test::{closure#0}
[INFO] [stdout]   16:     0x62ed437e7424 - std[70759c8f55707aa4]::sys::backtrace::__rust_begin_short_backtrace::<test[9d35eded1c95d3be]::run_test::{closure#1}, ()>
[INFO] [stdout]   17:     0x62ed437f0cc2 - <std[70759c8f55707aa4]::thread::lifecycle::spawn_unchecked<test[9d35eded1c95d3be]::run_test::{closure#1}, ()>::{closure#1} as core[df12db4294e9bfd3]::ops::function::FnOnce<()>>::call_once::{shim:vtable#0}
[INFO] [stdout]   18:     0x62ed438d49b9 - <std[70759c8f55707aa4]::sys::thread::unix::Thread>::new::thread_start
[INFO] [stdout]   19:     0x7e6900803dfa - <unknown>
[INFO] [stdout]   20:     0x7e69008973d4 - clone
[INFO] [stdout]   21:                0x0 - <unknown>
[INFO] [stdout] 
[INFO] [stdout] ---- corpus_ethernet stdout ----
[INFO] [stdout] 
[INFO] [stdout] thread 'corpus_ethernet' (351) panicked at tests/corpus_codec_tests.rs:13:58:
[INFO] [stdout] Failed to read ../../examples/net/ethernet.wspec: No such file or directory (os error 2)
[INFO] [stdout] stack backtrace:
[INFO] [stdout]    0:     0x62ed438d5451 - <<std[70759c8f55707aa4]::sys::backtrace::BacktraceLock>::print::DisplayBacktrace as core[df12db4294e9bfd3]::fmt::Display>::fmt
[INFO] [stdout]    1:     0x62ed438e979a - core[df12db4294e9bfd3]::fmt::write
[INFO] [stdout]    2:     0x62ed438d98ec - <alloc[2182bb758b4b3781]::vec::Vec<u8> as core[df12db4294e9bfd3]::io::write::Write>::write_fmt
[INFO] [stdout]    3:     0x62ed438b16d6 - std[70759c8f55707aa4]::panicking::default_hook::{closure#0}
[INFO] [stdout]    4:     0x62ed438cd849 - std[70759c8f55707aa4]::panicking::default_hook
[INFO] [stdout]    5:     0x62ed437ed210 - test[9d35eded1c95d3be]::test_main_inner::<test[9d35eded1c95d3be]::test_main_static::{closure#0}>::{closure#0}
[INFO] [stdout]    6:     0x62ed438cda02 - std[70759c8f55707aa4]::panicking::panic_with_hook
[INFO] [stdout]    7:     0x62ed438b1782 - std[70759c8f55707aa4]::panicking::panic_handler::{closure#0}
[INFO] [stdout]    8:     0x62ed438aa379 - std[70759c8f55707aa4]::sys::backtrace::__rust_end_short_backtrace::<std[70759c8f55707aa4]::panicking::panic_handler::{closure#0}, !>
[INFO] [stdout]    9:     0x62ed438b237d - __rustc[8fa7c3cbc660c2b3]::rust_begin_unwind
[INFO] [stdout]   10:     0x62ed438e9ecc - core[df12db4294e9bfd3]::panicking::panic_fmt
[INFO] [stdout]   11:     0x62ed437df9ca - corpus_codec_tests[1726d7f6a4a409f3]::codec_file::{closure#0}
[INFO] [stdout]   12:     0x62ed437dfea7 - corpus_codec_tests[1726d7f6a4a409f3]::codec_file
[INFO] [stdout]   13:     0x62ed437e0321 - <corpus_codec_tests[1726d7f6a4a409f3]::corpus_ethernet::{closure#0} as core[df12db4294e9bfd3]::ops::function::FnOnce<()>>::call_once
[INFO] [stdout]   14:     0x62ed437e04fb - test[9d35eded1c95d3be]::__rust_begin_short_backtrace::<core[df12db4294e9bfd3]::result::Result<(), alloc[2182bb758b4b3781]::string::String>, fn() -> core[df12db4294e9bfd3]::result::Result<(), alloc[2182bb758b4b3781]::string::String>>
[INFO] [stdout]   15:     0x62ed437edb65 - test[9d35eded1c95d3be]::run_test::{closure#0}
[INFO] [stdout]   16:     0x62ed437e7424 - std[70759c8f55707aa4]::sys::backtrace::__rust_begin_short_backtrace::<test[9d35eded1c95d3be]::run_test::{closure#1}, ()>
[INFO] [stdout]   17:     0x62ed437f0cc2 - <std[70759c8f55707aa4]::thread::lifecycle::spawn_unchecked<test[9d35eded1c95d3be]::run_test::{closure#1}, ()>::{closure#1} as core[df12db4294e9bfd3]::ops::function::FnOnce<()>>::call_once::{shim:vtable#0}
[INFO] [stdout]   18:     0x62ed438d49b9 - <std[70759c8f55707aa4]::sys::thread::unix::Thread>::new::thread_start
[INFO] [stdout]   19:     0x7e6900803dfa - <unknown>
[INFO] [stdout]   20:     0x7e69008973d4 - clone
[INFO] [stdout]   21:                0x0 - <unknown>
[INFO] [stdout] 
[INFO] [stdout] 
[INFO] [stdout] failures:
[INFO] [stdout]     corpus_bits_groups
[INFO] [stdout]     corpus_ble_att
[INFO] [stdout]     corpus_ethernet
[INFO] [stdout]     corpus_mqtt
[INFO] [stdout]     corpus_quic_varint
[INFO] [stdout]     corpus_tcp
[INFO] [stdout]     corpus_udp
[INFO] [stdout] 
[INFO] [stdout] test result: FAILED. 0 passed; 7 failed; 0 ignored; 0 measured; 0 filtered out; finished in 0.01s
[INFO] [stdout] 
[INFO] running `Command { std: "docker" "inspect" "377d23feb6cbdd1f7ae73436be64db2e58df3897313335bba2daa25449e2e15a", kill_on_drop: false }`
[INFO] running `Command { std: "docker" "rm" "-f" "377d23feb6cbdd1f7ae73436be64db2e58df3897313335bba2daa25449e2e15a", kill_on_drop: false }`
[INFO] [stdout] 377d23feb6cbdd1f7ae73436be64db2e58df3897313335bba2daa25449e2e15a
