[INFO] fetching crate wipctl 0.6.3...
[INFO] testing wipctl-0.6.3 against 1.99.0-beta.8+cargoflags=--release for beta-release-1.100-2
[INFO] extracting crate wipctl 0.6.3 into /workspace/builds/worker-4-tc1/source
[INFO] started tweaking crates.io crate wipctl 0.6.3
[INFO] removed 0 missing tests
[INFO] finished tweaking crates.io crate wipctl 0.6.3
[INFO] tweaked toml for crates.io crate wipctl 0.6.3 written to /workspace/builds/worker-4-tc1/source/Cargo.toml
[INFO] validating manifest of crates.io crate wipctl 0.6.3 on toolchain 1.99.0-beta.8
[INFO] running `Command { std: CARGO_HOME="/workspace/cargo-home" RUSTUP_HOME="/workspace/rustup-home" "/workspace/cargo-home/bin/cargo" "+1.99.0-beta.8" "metadata" "--manifest-path" "Cargo.toml" "--no-deps", kill_on_drop: false }`
[INFO] crate crates.io crate wipctl 0.6.3 already has a lockfile, it will not be regenerated
[INFO] running `Command { std: CARGO_HOME="/workspace/cargo-home" RUSTUP_HOME="/workspace/rustup-home" "/workspace/cargo-home/bin/cargo" "+1.99.0-beta.8" "fetch" "--manifest-path" "Cargo.toml", kill_on_drop: false }`
[INFO] running `Command { std: "docker" "create" "-v" "/var/lib/crater-agent-workspace/builds/worker-4-tc1/source:/opt/rustwide/workdir:ro,Z" "-v" "/var/lib/crater-agent-workspace/builds/worker-4-tc1/target:/opt/rustwide/target:rw,Z" "-v" "/var/lib/crater-agent-workspace/cargo-home:/opt/rustwide/cargo-home:ro,Z" "-v" "/var/lib/crater-agent-workspace/rustup-home:/opt/rustwide/rustup-home:ro,Z" "-m" "1610612736" "--network" "none" "ghcr.io/rust-lang/crates-build-env/linux@sha256:77db811e55d90add9212f6832c23229e3de5f1c1f9905e8cb07319ea15df73ac" "sleep" "infinity", kill_on_drop: false }`
[INFO] [stdout] 44b3a1be9183595ba81453975c18daead5f8983e5edf503e06b47918f5964d6b
[INFO] running `Command { std: "docker" "start" "44b3a1be9183595ba81453975c18daead5f8983e5edf503e06b47918f5964d6b", kill_on_drop: false }`
[INFO] running `Command { std: "docker" "inspect" "44b3a1be9183595ba81453975c18daead5f8983e5edf503e06b47918f5964d6b", kill_on_drop: false }`
[INFO] running `Command { std: "docker" "exec" "-e" "SOURCE_DIR=/opt/rustwide/workdir" "-e" "CARGO_HOME=/opt/rustwide/cargo-home" "-e" "RUSTUP_HOME=/opt/rustwide/rustup-home" "-e" "CARGO_TARGET_DIR=/opt/rustwide/target" "-w" "/opt/rustwide/workdir" "--user" "0:0" "44b3a1be9183595ba81453975c18daead5f8983e5edf503e06b47918f5964d6b" "/opt/rustwide/cargo-home/bin/cargo" "+1.99.0-beta.8" "metadata" "--no-deps" "--format-version=1", kill_on_drop: false }`
[INFO] running `Command { std: "docker" "inspect" "44b3a1be9183595ba81453975c18daead5f8983e5edf503e06b47918f5964d6b", kill_on_drop: false }`
[INFO] running `Command { std: "docker" "exec" "-e" "SOURCE_DIR=/opt/rustwide/workdir" "-e" "CARGO_HOME=/opt/rustwide/cargo-home" "-e" "RUSTUP_HOME=/opt/rustwide/rustup-home" "-e" "CARGO_TARGET_DIR=/opt/rustwide/target" "-e" "CARGO_INCREMENTAL=0" "-e" "RUST_BACKTRACE=full" "-e" "RUSTFLAGS=--cap-lints=warn" "-e" "RUSTDOCFLAGS=--cap-lints=warn" "-w" "/opt/rustwide/workdir" "--user" "0:0" "44b3a1be9183595ba81453975c18daead5f8983e5edf503e06b47918f5964d6b" "/opt/rustwide/cargo-home/bin/cargo" "+1.99.0-beta.8" "build" "--frozen" "--message-format=json" "--release", kill_on_drop: false }`
[INFO] [stderr]    Compiling wipctl v0.6.3 (/opt/rustwide/workdir)
[INFO] [stderr]     Finished `release` profile [optimized] target(s) in 3.90s
[INFO] running `Command { std: "docker" "inspect" "44b3a1be9183595ba81453975c18daead5f8983e5edf503e06b47918f5964d6b", kill_on_drop: false }`
[INFO] running `Command { std: "docker" "exec" "-e" "SOURCE_DIR=/opt/rustwide/workdir" "-e" "CARGO_HOME=/opt/rustwide/cargo-home" "-e" "RUSTUP_HOME=/opt/rustwide/rustup-home" "-e" "CARGO_TARGET_DIR=/opt/rustwide/target" "-e" "CARGO_INCREMENTAL=0" "-e" "RUST_BACKTRACE=full" "-e" "RUSTFLAGS=--cap-lints=warn" "-e" "RUSTDOCFLAGS=--cap-lints=warn" "-w" "/opt/rustwide/workdir" "--user" "0:0" "44b3a1be9183595ba81453975c18daead5f8983e5edf503e06b47918f5964d6b" "/opt/rustwide/cargo-home/bin/cargo" "+1.99.0-beta.8" "test" "--frozen" "--no-run" "--message-format=json" "--release", kill_on_drop: false }`
[INFO] [stderr]    Compiling wipctl v0.6.3 (/opt/rustwide/workdir)
[INFO] [stderr]     Finished `release` profile [optimized] target(s) in 34.12s
[INFO] running `Command { std: "docker" "inspect" "44b3a1be9183595ba81453975c18daead5f8983e5edf503e06b47918f5964d6b", kill_on_drop: false }`
[INFO] running `Command { std: "docker" "exec" "-e" "SOURCE_DIR=/opt/rustwide/workdir" "-e" "CARGO_HOME=/opt/rustwide/cargo-home" "-e" "RUSTUP_HOME=/opt/rustwide/rustup-home" "-e" "CARGO_TARGET_DIR=/opt/rustwide/target" "-e" "CARGO_INCREMENTAL=0" "-e" "RUST_BACKTRACE=full" "-e" "RUSTFLAGS=--cap-lints=warn" "-e" "RUSTDOCFLAGS=--cap-lints=warn" "-w" "/opt/rustwide/workdir" "--user" "0:0" "44b3a1be9183595ba81453975c18daead5f8983e5edf503e06b47918f5964d6b" "/opt/rustwide/cargo-home/bin/cargo" "+1.99.0-beta.8" "test" "--frozen" "--release", kill_on_drop: false }`
[INFO] [stderr]     Finished `release` profile [optimized] target(s) in 0.03s
[INFO] [stderr]      Running unittests src/main.rs (/opt/rustwide/target/release/deps/wipctl-352a4b437765593d)
[INFO] [stdout] 
[INFO] [stdout] running 1 test
[INFO] [stdout] test tests::run_succeeds ... ok
[INFO] [stderr]      Running tests/agnosticism.rs (/opt/rustwide/target/release/deps/agnosticism-0d1542db29a1e4a0)
[INFO] [stdout] 
[INFO] [stdout] test result: ok. 1 passed; 0 failed; 0 ignored; 0 measured; 0 filtered out; finished in 0.00s
[INFO] [stdout] 
[INFO] [stdout] 
[INFO] [stdout] running 2 tests
[INFO] [stdout] test the_payload_names_no_documentation_method ... ok
[INFO] [stdout] test the_scan_excludes_the_framework_and_nothing_more ... FAILED
[INFO] [stdout] 
[INFO] [stdout] failures:
[INFO] [stdout] 
[INFO] [stdout] ---- the_scan_excludes_the_framework_and_nothing_more stdout ----
[INFO] [stdout] 
[INFO] [stdout] thread 'the_scan_excludes_the_framework_and_nothing_more' (461) panicked at tests/agnosticism.rs:120:5:
[INFO] [stdout] the instance manifest must list the framework's own files
[INFO] [stdout] stack backtrace:
[INFO] [stdout]    0:     0x652bb904baa6 - <unknown>
[INFO] [stdout]    1:     0x652bb8fff26a - <unknown>
[INFO] [stdout]    2:     0x652bb905122c - <unknown>
[INFO] [stdout]    3:     0x652bb9028582 - <unknown>
[INFO] [stdout]    4:     0x652bb9043e51 - <unknown>
[INFO] [stdout]    5:     0x652bb9044032 - <unknown>
[INFO] [stdout]    6:     0x652bb9028664 - <unknown>
[INFO] [stdout]    7:     0x652bb9021319 - <unknown>
[INFO] [stdout]    8:     0x652bb90292dd - <unknown>
[INFO] [stdout]    9:     0x652bb8fff95c - <unknown>
[INFO] [stdout]   10:     0x652bb8ffac5f - <unknown>
[INFO] [stdout]   11:     0x652bb905289b - <unknown>
[INFO] [stdout]   12:     0x652bb90609f1 - <unknown>
[INFO] [stdout]   13:     0x652bb905a104 - <unknown>
[INFO] [stdout]   14:     0x652bb9064812 - <unknown>
[INFO] [stdout]   15:     0x652bb904ac7e - <unknown>
[INFO] [stdout]   16:     0x790df70c2dfa - <unknown>
[INFO] [stdout]   17:     0x790df71563d4 - clone
[INFO] [stdout]   18:                0x0 - <unknown>
[INFO] [stdout] 
[INFO] [stdout] 
[INFO] [stdout] failures:
[INFO] [stdout]     the_scan_excludes_the_framework_and_nothing_more
[INFO] [stdout] 
[INFO] [stdout] test result: FAILED. 1 passed; 1 failed; 0 ignored; 0 measured; 0 filtered out; finished in 0.00s
[INFO] [stdout] 
[INFO] [stderr] error: test failed, to rerun pass `--test agnosticism`
[INFO] running `Command { std: "docker" "inspect" "44b3a1be9183595ba81453975c18daead5f8983e5edf503e06b47918f5964d6b", kill_on_drop: false }`
[INFO] running `Command { std: "docker" "rm" "-f" "44b3a1be9183595ba81453975c18daead5f8983e5edf503e06b47918f5964d6b", kill_on_drop: false }`
[INFO] [stdout] 44b3a1be9183595ba81453975c18daead5f8983e5edf503e06b47918f5964d6b
